[INFO] fetching crate hal-sim 0.5.1...
[INFO] testing hal-sim-0.5.1 against nightly-2024-10-28+rustflags=-Zrandomize-layout for randomize-layout
[INFO] extracting crate hal-sim 0.5.1 into /workspace/builds/worker-3-tc2/source
[INFO] validating manifest of crates.io crate hal-sim 0.5.1 on toolchain nightly-2024-10-28
[INFO] running `Command { std: CARGO_HOME="/workspace/cargo-home" RUSTUP_HOME="/workspace/rustup-home" "/workspace/cargo-home/bin/cargo" "+nightly-2024-10-28" "metadata" "--manifest-path" "Cargo.toml" "--no-deps", kill_on_drop: false }`
[INFO] removed /workspace/builds/worker-3-tc2/source/.cargo/config.toml
[INFO] started tweaking crates.io crate hal-sim 0.5.1
[INFO] finished tweaking crates.io crate hal-sim 0.5.1
[INFO] tweaked toml for crates.io crate hal-sim 0.5.1 written to /workspace/builds/worker-3-tc2/source/Cargo.toml
[INFO] crate crates.io crate hal-sim 0.5.1 already has a lockfile, it will not be regenerated
[INFO] running `Command { std: CARGO_HOME="/workspace/cargo-home" RUSTUP_HOME="/workspace/rustup-home" "/workspace/cargo-home/bin/cargo" "+nightly-2024-10-28" "fetch" "--manifest-path" "Cargo.toml", kill_on_drop: false }`
[INFO] running `Command { std: "docker" "create" "-v" "/var/lib/crater-agent-workspace/builds/worker-3-tc2/target:/opt/rustwide/target:rw,Z" "-v" "/var/lib/crater-agent-workspace/builds/worker-3-tc2/source:/opt/rustwide/workdir:ro,Z" "-v" "/var/lib/crater-agent-workspace/cargo-home:/opt/rustwide/cargo-home:ro,Z" "-v" "/var/lib/crater-agent-workspace/rustup-home:/opt/rustwide/rustup-home:ro,Z" "-e" "SOURCE_DIR=/opt/rustwide/workdir" "-e" "CARGO_TARGET_DIR=/opt/rustwide/target" "-e" "CARGO_HOME=/opt/rustwide/cargo-home" "-e" "RUSTUP_HOME=/opt/rustwide/rustup-home" "-w" "/opt/rustwide/workdir" "-m" "1610612736" "--user" "0:0" "--network" "none" "ghcr.io/rust-lang/crates-build-env/linux@sha256:4a844ea9eb2546a2d2c7022eacef16ef2e8229c7fbb2c7d4d55a9ceca922f72d" "/opt/rustwide/cargo-home/bin/cargo" "+nightly-2024-10-28" "metadata" "--no-deps" "--format-version=1", kill_on_drop: false }`
[INFO] [stdout] 806a73a42194ce566566abae671f1083d45d4931a9dc365e671235e2a6802724
[INFO] running `Command { std: "docker" "start" "-a" "806a73a42194ce566566abae671f1083d45d4931a9dc365e671235e2a6802724", kill_on_drop: false }`
[INFO] running `Command { std: "docker" "inspect" "806a73a42194ce566566abae671f1083d45d4931a9dc365e671235e2a6802724", kill_on_drop: false }`
[INFO] running `Command { std: "docker" "rm" "-f" "806a73a42194ce566566abae671f1083d45d4931a9dc365e671235e2a6802724", kill_on_drop: false }`
[INFO] [stdout] 806a73a42194ce566566abae671f1083d45d4931a9dc365e671235e2a6802724
[INFO] running `Command { std: "docker" "create" "-v" "/var/lib/crater-agent-workspace/builds/worker-3-tc2/target:/opt/rustwide/target:rw,Z" "-v" "/var/lib/crater-agent-workspace/builds/worker-3-tc2/source:/opt/rustwide/workdir:ro,Z" "-v" "/var/lib/crater-agent-workspace/cargo-home:/opt/rustwide/cargo-home:ro,Z" "-v" "/var/lib/crater-agent-workspace/rustup-home:/opt/rustwide/rustup-home:ro,Z" "-e" "SOURCE_DIR=/opt/rustwide/workdir" "-e" "CARGO_TARGET_DIR=/opt/rustwide/target" "-e" "CARGO_INCREMENTAL=0" "-e" "RUST_BACKTRACE=full" "-e" "RUSTFLAGS=--cap-lints=forbid -Zrandomize-layout" "-e" "RUSTDOCFLAGS=--cap-lints=forbid" "-e" "CARGO_HOME=/opt/rustwide/cargo-home" "-e" "RUSTUP_HOME=/opt/rustwide/rustup-home" "-w" "/opt/rustwide/workdir" "-m" "1610612736" "--user" "0:0" "--network" "none" "ghcr.io/rust-lang/crates-build-env/linux@sha256:4a844ea9eb2546a2d2c7022eacef16ef2e8229c7fbb2c7d4d55a9ceca922f72d" "/opt/rustwide/cargo-home/bin/cargo" "+nightly-2024-10-28" "build" "--frozen" "--message-format=json", kill_on_drop: false }`
[INFO] [stdout] 27afacbd8c2e51d9c460897b5ade264446055d76d13fa6d240b01da0b8a268b3
[INFO] running `Command { std: "docker" "start" "-a" "27afacbd8c2e51d9c460897b5ade264446055d76d13fa6d240b01da0b8a268b3", kill_on_drop: false }`
[INFO] [stderr]    Compiling proc-macro2 v1.0.78
[INFO] [stderr]    Compiling wasm-bindgen-shared v0.2.90
[INFO] [stderr]    Compiling bumpalo v3.14.0
[INFO] [stderr]    Compiling log v0.4.20
[INFO] [stderr]    Compiling wasm-bindgen v0.2.90
[INFO] [stderr]    Compiling serde v1.0.196
[INFO] [stderr]    Compiling pin-project-lite v0.2.13
[INFO] [stderr]    Compiling itoa v1.0.10
[INFO] [stderr]    Compiling ryu v1.0.16
[INFO] [stderr]    Compiling thiserror v1.0.56
[INFO] [stderr]    Compiling slab v0.4.9
[INFO] [stderr]    Compiling serde_json v1.0.113
[INFO] [stderr]    Compiling memchr v2.7.1
[INFO] [stderr]    Compiling hashbrown v0.14.3
[INFO] [stderr]    Compiling rustversion v1.0.14
[INFO] [stderr]    Compiling proc-macro-error-attr v1.0.4
[INFO] [stderr]    Compiling syn v1.0.109
[INFO] [stderr]    Compiling winnow v0.5.36
[INFO] [stderr]    Compiling toml_datetime v0.6.5
[INFO] [stderr]    Compiling proc-macro-error v1.0.4
[INFO] [stderr]    Compiling bytes v1.5.0
[INFO] [stderr]    Compiling percent-encoding v2.3.1
[INFO] [stderr]    Compiling libc v0.2.153
[INFO] [stderr]    Compiling ident_case v1.0.1
[INFO] [stderr]    Compiling strsim v0.10.0
[INFO] [stderr]    Compiling form_urlencoded v1.2.1
[INFO] [stderr]    Compiling prettyplease v0.2.16
[INFO] [stderr]    Compiling tokio v1.35.1
[INFO] [stderr]    Compiling byteorder v1.5.0
[INFO] [stderr]    Compiling embedded-io-async v0.6.1
[INFO] [stderr]    Compiling boolinator v2.4.0
[INFO] [stderr]    Compiling heapless v0.8.0
[INFO] [stderr]    Compiling stable_deref_trait v1.2.0
[INFO] [stderr]    Compiling az v1.2.1
[INFO] [stderr]    Compiling embassy-sync v0.5.0
[INFO] [stderr]    Compiling embedded-io v0.6.1
[INFO] [stderr]    Compiling http v0.2.11
[INFO] [stderr]    Compiling hash32 v0.3.1
[INFO] [stderr]    Compiling anymap v1.0.0-beta.2
[INFO] [stderr]    Compiling cobs v0.2.3
[INFO] [stderr]    Compiling indexmap v2.2.2
[INFO] [stderr]    Compiling embedded-hal-async v1.0.0
[INFO] [stderr]    Compiling embedded-io v0.4.0
[INFO] [stderr]    Compiling critical-section v1.1.2
[INFO] [stderr]    Compiling nb v1.1.0
[INFO] [stderr]    Compiling void v1.0.2
[INFO] [stderr]    Compiling embedded-hal v1.0.0
[INFO] [stderr]    Compiling quote v1.0.35
[INFO] [stderr]    Compiling nb v0.1.3
[INFO] [stderr]    Compiling either v1.9.0
[INFO] [stderr]    Compiling atomic-waker v1.1.2
[INFO] [stderr]    Compiling embedded-hal v0.2.7
[INFO] [stderr]    Compiling embassy-futures v0.1.1
[INFO] [stderr]    Compiling syn v2.0.48
[INFO] [stderr]    Compiling itertools v0.11.0
[INFO] [stderr]    Compiling num_cpus v1.16.0
[INFO] [stderr]    Compiling embedded-graphics-core v0.4.0
[INFO] [stderr]    Compiling tokio-stream v0.1.14
[INFO] [stderr]    Compiling toml_edit v0.19.15
[INFO] [stderr]    Compiling proc-macro-crate v1.3.1
[INFO] [stderr]    Compiling wasm-bindgen-backend v0.2.90
[INFO] [stderr]    Compiling darling_core v0.20.5
[INFO] [stderr]    Compiling serde_derive v1.0.196
[INFO] [stderr]    Compiling futures-macro v0.3.30
[INFO] [stderr]    Compiling thiserror-impl v1.0.56
[INFO] [stderr]    Compiling pin-project-internal v1.1.4
[INFO] [stderr]    Compiling gloo-worker-macros v0.1.0
[INFO] [stderr]    Compiling implicit-clone-derive v0.1.1
[INFO] [stderr]    Compiling tracing-attributes v0.1.27
[INFO] [stderr]    Compiling yew-macro v0.21.0
[INFO] [stderr]    Compiling wasm-bindgen-macro-support v0.2.90
[INFO] [stderr]    Compiling implicit-clone v0.4.8
[INFO] [stderr]    Compiling futures-util v0.3.30
[INFO] [stderr]    Compiling pin-project v1.1.4
[INFO] [stderr]    Compiling tracing v0.1.40
[INFO] [stderr]    Compiling wasm-bindgen-macro v0.2.90
[INFO] [stderr]    Compiling darling_macro v0.20.5
[INFO] [stderr]    Compiling darling v0.20.5
[INFO] [stderr]    Compiling yewdux-macros v0.10.0
[INFO] [stderr]    Compiling js-sys v0.3.67
[INFO] [stderr]    Compiling console_error_panic_hook v0.1.7
[INFO] [stderr]    Compiling futures-executor v0.3.30
[INFO] [stderr]    Compiling futures v0.3.30
[INFO] [stderr]    Compiling pinned v0.1.0
[INFO] [stderr]    Compiling prokio v0.1.0
[INFO] [stderr]    Compiling web-sys v0.3.67
[INFO] [stderr]    Compiling wasm-bindgen-futures v0.4.40
[INFO] [stderr]    Compiling gloo-timers v0.3.0
[INFO] [stderr]    Compiling serde-wasm-bindgen v0.6.3
[INFO] [stderr]    Compiling serde_urlencoded v0.7.1
[INFO] [stderr]    Compiling bincode v1.3.3
[INFO] [stderr]    Compiling postcard v1.0.8
[INFO] [stderr]    Compiling gloo-utils v0.2.0
[INFO] [stderr]    Compiling gloo-events v0.2.0
[INFO] [stderr]    Compiling gloo-dialogs v0.2.0
[INFO] [stderr]    Compiling gloo-render v0.2.0
[INFO] [stderr]    Compiling wasm-logger v0.2.0
[INFO] [stderr]    Compiling gloo-net v0.4.0
[INFO] [stderr]    Compiling gloo-storage v0.3.0
[INFO] [stderr]    Compiling gloo-console v0.3.0
[INFO] [stderr]    Compiling gloo-worker v0.4.0
[INFO] [stderr]    Compiling gloo-history v0.2.2
[INFO] [stderr]    Compiling gloo-file v0.3.0
[INFO] [stderr]    Compiling gloo v0.10.0
[INFO] [stderr]    Compiling channel-bridge v0.8.0
[INFO] [stderr]    Compiling yew v0.21.0
[INFO] [stderr]    Compiling yewdux v0.10.0
[INFO] [stderr]    Compiling yewdux-middleware v0.3.0
[INFO] [stderr]    Compiling hal-sim v0.5.1 (/opt/rustwide/workdir)
[INFO] [stdout] warning: unexpected `cfg` condition value: `std`
[INFO] [stdout]   --> src/peripherals.rs:27:7
[INFO] [stdout]    |
[INFO] [stdout] 27 | #[cfg(feature = "std")]
[INFO] [stdout]    |       ^^^^^^^^^^^^^^^
[INFO] [stdout]    |
[INFO] [stdout]    = note: expected values for `feature` are: `channel-bridge`, `default`, `embassy-futures`, `embassy-sync`, `embedded-graphics-core`, `embedded-hal`, `embedded-hal-async`, `embedded-hal02`, `futures`, `gloo-net`, `gloo-timers`, `io`, `itertools`, `nb`, `sim`, `ui`, `wasm-bindgen`, `wasm-bindgen-futures`, `wasm-logger`, `web-sys`, `yew`, `yewdux`, and `yewdux-middleware`
[INFO] [stdout]    = help: consider adding `std` as a feature in `Cargo.toml`
[INFO] [stdout]    = note: see <https://doc.rust-lang.org/nightly/rustc/check-cfg/cargo-specifics.html> for more information about checking conditional configuration
[INFO] [stdout]    = note: `#[warn(unexpected_cfgs)]` on by default
[INFO] [stdout] 
[INFO] [stdout] 
[INFO] [stdout] error: linking with `cc` failed: exit status: 1
[INFO] [stdout]   |
[INFO] [stdout]   = note: LC_ALL="C" PATH="/opt/rustwide/rustup-home/toolchains/nightly-2024-10-28-x86_64-unknown-linux-gnu/lib/rustlib/x86_64-unknown-linux-gnu/bin:/opt/rustwide/rustup-home/toolchains/nightly-2024-10-28-x86_64-unknown-linux-gnu/lib/rustlib/x86_64-unknown-linux-gnu/bin/self-contained:/opt/rustwide/cargo-home/bin:/usr/local/sbin:/usr/local/bin:/usr/sbin:/usr/bin:/sbin:/bin" VSLANG="1033" "cc" "-m64" "/tmp/rustcavLFoc/symbols.o" "/opt/rustwide/target/debug/deps/hal_sim-f840445d56c3344a.hal_sim.66612a0ce33d47dc-cgu.0.rcgu.o" "/opt/rustwide/target/debug/deps/hal_sim-f840445d56c3344a.2wgfbecw7cu2n7ekbnyxrpw4t.rcgu.o" "-Wl,--as-needed" "-Wl,-Bstatic" "/opt/rustwide/target/debug/deps/libhal_sim-bbae19ba3d08dcc4.rlib" "/opt/rustwide/target/debug/deps/libembedded_hal_async-7252684b34ce5680.rlib" "/opt/rustwide/target/debug/deps/libitertools-3cd8fe302e5882e5.rlib" "/opt/rustwide/target/debug/deps/libeither-fd316293ee20faab.rlib" "/opt/rustwide/target/debug/deps/libyewdux_middleware-357af18eccf48840.rlib" "/opt/rustwide/target/debug/deps/libyewdux-62e4d09e1310480b.rlib" "/opt/rustwide/target/debug/deps/libanymap-a3efe366bb2701be.rlib" "/opt/rustwide/target/debug/deps/libembassy_futures-352814896d7c4e66.rlib" "/opt/rustwide/target/debug/deps/libembedded_hal-bffe77d998c1330a.rlib" "/opt/rustwide/target/debug/deps/libchannel_bridge-cbe14b6393849bb4.rlib" "/opt/rustwide/target/debug/deps/libpostcard-966c5c4dfdc93fc6.rlib" "/opt/rustwide/target/debug/deps/libembedded_io-c4a6bb6d1ba4bfc7.rlib" "/opt/rustwide/target/debug/deps/libcobs-f3d917d150f4a57b.rlib" "/opt/rustwide/target/debug/deps/libatomic_waker-139ffb07fa982694.rlib" "/opt/rustwide/target/debug/deps/libembassy_sync-1cb01184c885882e.rlib" "/opt/rustwide/target/debug/deps/libembedded_io_async-52a93bf5ede4c7b6.rlib" "/opt/rustwide/target/debug/deps/libembedded_io-c985afe815c99ae7.rlib" "/opt/rustwide/target/debug/deps/libcritical_section-46c21e9028838d8a.rlib" "/opt/rustwide/target/debug/deps/libheapless-5e82710b7eda660f.rlib" "/opt/rustwide/target/debug/deps/libhash32-68394fd7af9e4f13.rlib" "/opt/rustwide/target/debug/deps/libbyteorder-7817d47eb31dfb0c.rlib" "/opt/rustwide/target/debug/deps/libembedded_graphics_core-a303215f701e71c9.rlib" "/opt/rustwide/target/debug/deps/libaz-53994fbc1bf86405.rlib" "/opt/rustwide/target/debug/deps/libembedded_hal-3f2f425bf0d941af.rlib" "/opt/rustwide/target/debug/deps/libvoid-9e681b028a877516.rlib" "/opt/rustwide/target/debug/deps/libnb-ab8678e4b2ed3327.rlib" "/opt/rustwide/target/debug/deps/libnb-fd0c4fcaea1d2fa5.rlib" "/opt/rustwide/target/debug/deps/libyew-6a7b26c732ab2f4c.rlib" "/opt/rustwide/target/debug/deps/libconsole_error_panic_hook-79995438ccbfeb28.rlib" "/opt/rustwide/target/debug/deps/libtracing-ed0d4c488e78f220.rlib" "/opt/rustwide/target/debug/deps/libtracing_core-546a02a5507c5c18.rlib" "/opt/rustwide/target/debug/deps/libprokio-58e17a400c4d3f19.rlib" "/opt/rustwide/target/debug/deps/libnum_cpus-90c8c664a844620a.rlib" "/opt/rustwide/target/debug/deps/liblibc-6d8946442dcf11ac.rlib" "/opt/rustwide/target/debug/deps/libtokio_stream-eec9f924745b2ba5.rlib" "/opt/rustwide/target/debug/deps/libtokio-c606545db6a98f1c.rlib" "/opt/rustwide/target/debug/deps/libonce_cell-795d6939e3fe8636.rlib" "/opt/rustwide/target/debug/deps/libpinned-a5f7dd1dd207cb86.rlib" "/opt/rustwide/target/debug/deps/libfutures-6131eaff4161d1c1.rlib" "/opt/rustwide/target/debug/deps/libfutures_executor-37a865fea1573eff.rlib" "/opt/rustwide/target/debug/deps/libfutures_util-e7fbe473b1869afd.rlib" "/opt/rustwide/target/debug/deps/libmemchr-2cd9dc7152ebb008.rlib" "/opt/rustwide/target/debug/deps/libfutures_io-55c9f34a6fa97789.rlib" "/opt/rustwide/target/debug/deps/libpin_project_lite-1ee041da627866d5.rlib" "/opt/rustwide/target/debug/deps/libfutures_task-31d564b3124d8637.rlib" "/opt/rustwide/target/debug/deps/libpin_utils-76c2785263cdb1c1.rlib" "/opt/rustwide/target/debug/deps/libimplicit_clone-3e95ae7cf5ac3833.rlib" "/opt/rustwide/target/debug/deps/libindexmap-c7f47b4587912962.rlib" "/opt/rustwide/target/debug/deps/libequivalent-9e89cbd86631a94f.rlib" "/opt/rustwide/target/debug/deps/libhashbrown-96aac783b9ba47a7.rlib" "/opt/rustwide/target/debug/deps/libgloo-66c733d8b5e4b932.rlib" "/opt/rustwide/target/debug/deps/libgloo_worker-da8dcde55d80a6aa.rlib" "/opt/rustwide/target/debug/deps/libbincode-aca3c1326e0c348f.rlib" "/opt/rustwide/target/debug/deps/libgloo_timers-ec3a694bc8ce0d6f.rlib" "/opt/rustwide/target/debug/deps/libgloo_storage-7731dbb20677c1cc.rlib" "/opt/rustwide/target/debug/deps/libgloo_render-d801c16c84fc7133.rlib" "/opt/rustwide/target/debug/deps/libgloo_net-39fde31d037986b3.rlib" "/opt/rustwide/target/debug/deps/libwasm_bindgen_futures-28572eb7d78a6785.rlib" "/opt/rustwide/target/debug/deps/libhttp-a85b7003a18177b8.rlib" "/opt/rustwide/target/debug/deps/libbytes-9a0875bf2af5b73e.rlib" "/opt/rustwide/target/debug/deps/libfnv-574dedeaa4c89e1d.rlib" "/opt/rustwide/target/debug/deps/libpin_project-38f2311439492fe0.rlib" "/opt/rustwide/target/debug/deps/libfutures_channel-2be897bb93b482b7.rlib" "/opt/rustwide/target/debug/deps/libfutures_sink-2288d7d2e7cd0bb1.rlib" "/opt/rustwide/target/debug/deps/libfutures_core-bbe118dd79718c74.rlib" "/opt/rustwide/target/debug/deps/libgloo_history-2cd7301e273d25a2.rlib" "/opt/rustwide/target/debug/deps/libserde_urlencoded-1ad5d1a72a6a188c.rlib" "/opt/rustwide/target/debug/deps/libform_urlencoded-d3f2d373cdc77757.rlib" "/opt/rustwide/target/debug/deps/libpercent_encoding-be51369e946fb17f.rlib" "/opt/rustwide/target/debug/deps/libserde_wasm_bindgen-a82efcd3f2428f1d.rlib" "/opt/rustwide/target/debug/deps/libthiserror-fb912f8c26635c75.rlib" "/opt/rustwide/target/debug/deps/libgloo_file-a8976b56df4fa7f7.rlib" "/opt/rustwide/target/debug/deps/libgloo_events-48f754ffe86abf8c.rlib" "/opt/rustwide/target/debug/deps/libgloo_dialogs-f488f9644da5eb26.rlib" "/opt/rustwide/target/debug/deps/libgloo_console-1b0ff25c44cd78ea.rlib" "/opt/rustwide/target/debug/deps/libgloo_utils-92c053813faf7f30.rlib" "/opt/rustwide/target/debug/deps/libserde_json-f8577dc8fa28fbd7.rlib" "/opt/rustwide/target/debug/deps/libitoa-a7cade3bf815672a.rlib" "/opt/rustwide/target/debug/deps/libryu-1238de7ef2852977.rlib" "/opt/rustwide/target/debug/deps/libserde-69c024293d70d4cd.rlib" "/opt/rustwide/target/debug/deps/libslab-21558d3888ef8234.rlib" "/opt/rustwide/target/debug/deps/libwasm_logger-ea982f33a52f7998.rlib" "/opt/rustwide/target/debug/deps/libweb_sys-d11774b6e9589e6e.rlib" "/opt/rustwide/target/debug/deps/libjs_sys-852973d07981b30d.rlib" "/opt/rustwide/target/debug/deps/libwasm_bindgen-885ed6d8816de362.rlib" "/opt/rustwide/target/debug/deps/libcfg_if-57bf25c23e31efdb.rlib" "/opt/rustwide/target/debug/deps/liblog-15b2ec84560d93d4.rlib" "/opt/rustwide/rustup-home/toolchains/nightly-2024-10-28-x86_64-unknown-linux-gnu/lib/rustlib/x86_64-unknown-linux-gnu/lib/libstd-fb8c387236db3c10.rlib" "/opt/rustwide/rustup-home/toolchains/nightly-2024-10-28-x86_64-unknown-linux-gnu/lib/rustlib/x86_64-unknown-linux-gnu/lib/libpanic_unwind-b251837809b2f64b.rlib" "/opt/rustwide/rustup-home/toolchains/nightly-2024-10-28-x86_64-unknown-linux-gnu/lib/rustlib/x86_64-unknown-linux-gnu/lib/libobject-cbef83eaa4e01f04.rlib" "/opt/rustwide/rustup-home/toolchains/nightly-2024-10-28-x86_64-unknown-linux-gnu/lib/rustlib/x86_64-unknown-linux-gnu/lib/libmemchr-12a772286de2fca7.rlib" "/opt/rustwide/rustup-home/toolchains/nightly-2024-10-28-x86_64-unknown-linux-gnu/lib/rustlib/x86_64-unknown-linux-gnu/lib/libaddr2line-023bbe5ada7abfc3.rlib" "/opt/rustwide/rustup-home/toolchains/nightly-2024-10-28-x86_64-unknown-linux-gnu/lib/rustlib/x86_64-unknown-linux-gnu/lib/libgimli-de2bcdf10ec69c2b.rlib" "/opt/rustwide/rustup-home/toolchains/nightly-2024-10-28-x86_64-unknown-linux-gnu/lib/rustlib/x86_64-unknown-linux-gnu/lib/librustc_demangle-8e1754df350800fd.rlib" "/opt/rustwide/rustup-home/toolchains/nightly-2024-10-28-x86_64-unknown-linux-gnu/lib/rustlib/x86_64-unknown-linux-gnu/lib/libstd_detect-06c2ab7b9c32e037.rlib" "/opt/rustwide/rustup-home/toolchains/nightly-2024-10-28-x86_64-unknown-linux-gnu/lib/rustlib/x86_64-unknown-linux-gnu/lib/libhashbrown-51d2621fc57a281b.rlib" "/opt/rustwide/rustup-home/toolchains/nightly-2024-10-28-x86_64-unknown-linux-gnu/lib/rustlib/x86_64-unknown-linux-gnu/lib/librustc_std_workspace_alloc-54a930408793772f.rlib" "/opt/rustwide/rustup-home/toolchains/nightly-2024-10-28-x86_64-unknown-linux-gnu/lib/rustlib/x86_64-unknown-linux-gnu/lib/libminiz_oxide-0c7d01cba400dcb2.rlib" "/opt/rustwide/rustup-home/toolchains/nightly-2024-10-28-x86_64-unknown-linux-gnu/lib/rustlib/x86_64-unknown-linux-gnu/lib/libadler-b9f84d69e331b75b.rlib" "/opt/rustwide/rustup-home/toolchains/nightly-2024-10-28-x86_64-unknown-linux-gnu/lib/rustlib/x86_64-unknown-linux-gnu/lib/libunwind-eec95493246aae39.rlib" "/opt/rustwide/rustup-home/toolchains/nightly-2024-10-28-x86_64-unknown-linux-gnu/lib/rustlib/x86_64-unknown-linux-gnu/lib/libcfg_if-6f6676c475e08ab0.rlib" "/opt/rustwide/rustup-home/toolchains/nightly-2024-10-28-x86_64-unknown-linux-gnu/lib/rustlib/x86_64-unknown-linux-gnu/lib/liblibc-799d520624f8b2e0.rlib" "/opt/rustwide/rustup-home/toolchains/nightly-2024-10-28-x86_64-unknown-linux-gnu/lib/rustlib/x86_64-unknown-linux-gnu/lib/liballoc-fcf93d4842acd9a9.rlib" "/opt/rustwide/rustup-home/toolchains/nightly-2024-10-28-x86_64-unknown-linux-gnu/lib/rustlib/x86_64-unknown-linux-gnu/lib/librustc_std_workspace_core-395a38b8e0851c9b.rlib" "/opt/rustwide/rustup-home/toolchains/nightly-2024-10-28-x86_64-unknown-linux-gnu/lib/rustlib/x86_64-unknown-linux-gnu/lib/libcore-d453bab70303062c.rlib" "/opt/rustwide/rustup-home/toolchains/nightly-2024-10-28-x86_64-unknown-linux-gnu/lib/rustlib/x86_64-unknown-linux-gnu/lib/libcompiler_builtins-0e6386368b0a24e8.rlib" "-Wl,-Bdynamic" "-lgcc_s" "-lutil" "-lrt" "-lpthread" "-lm" "-ldl" "-lc" "-B/opt/rustwide/rustup-home/toolchains/nightly-2024-10-28-x86_64-unknown-linux-gnu/lib/rustlib/x86_64-unknown-linux-gnu/bin/gcc-ld" "-fuse-ld=lld" "-Wl,--eh-frame-hdr" "-Wl,-z,noexecstack" "-L" "/opt/rustwide/rustup-home/toolchains/nightly-2024-10-28-x86_64-unknown-linux-gnu/lib/rustlib/x86_64-unknown-linux-gnu/lib" "-o" "/opt/rustwide/target/debug/deps/hal_sim-f840445d56c3344a" "-Wl,--gc-sections" "-pie" "-Wl,-z,relro,-z,now" "-nodefaultlibs"
[INFO] [stdout]   = note: rust-lld: error: undefined symbol: _critical_section_1_0_release
[INFO] [stdout]           >>> referenced by lib.rs:200 (/opt/rustwide/cargo-home/registry/src/index.crates.io-6f17d22bba15001f/critical-section-1.1.2/src/lib.rs:200)
[INFO] [stdout]           >>>               embassy_sync-1cb01184c885882e.embassy_sync.c010fd508fb27a75-cgu.0.rcgu.o:(core::ptr::drop_in_place$LT$critical_section..with..Guard$GT$::h36d0a2aef2fe3ad6) in archive /opt/rustwide/target/debug/deps/libembassy_sync-1cb01184c885882e.rlib
[INFO] [stdout]           
[INFO] [stdout]           rust-lld: error: undefined symbol: _critical_section_1_0_acquire
[INFO] [stdout]           >>> referenced by lib.rs:183 (/opt/rustwide/cargo-home/registry/src/index.crates.io-6f17d22bba15001f/critical-section-1.1.2/src/lib.rs:183)
[INFO] [stdout]           >>>               hal_sim-bbae19ba3d08dcc4.hal_sim.5e2f580fd9b86699-cgu.05.rcgu.o:(critical_section::with::h173890bc73da192c) in archive /opt/rustwide/target/debug/deps/libhal_sim-bbae19ba3d08dcc4.rlib
[INFO] [stdout]           >>> referenced by lib.rs:183 (/opt/rustwide/cargo-home/registry/src/index.crates.io-6f17d22bba15001f/critical-section-1.1.2/src/lib.rs:183)
[INFO] [stdout]           >>>               hal_sim-bbae19ba3d08dcc4.hal_sim.5e2f580fd9b86699-cgu.05.rcgu.o:(critical_section::with::h7c49b6c84adb6d79) in archive /opt/rustwide/target/debug/deps/libhal_sim-bbae19ba3d08dcc4.rlib
[INFO] [stdout]           >>> referenced by lib.rs:183 (/opt/rustwide/cargo-home/registry/src/index.crates.io-6f17d22bba15001f/critical-section-1.1.2/src/lib.rs:183)
[INFO] [stdout]           >>>               hal_sim-bbae19ba3d08dcc4.hal_sim.5e2f580fd9b86699-cgu.05.rcgu.o:(critical_section::with::h8b0b87a7400d99fa) in archive /opt/rustwide/target/debug/deps/libhal_sim-bbae19ba3d08dcc4.rlib
[INFO] [stdout]           >>> referenced 1 more times
[INFO] [stdout]           collect2: error: ld returned 1 exit status
[INFO] [stdout]           
[INFO] [stdout] 
[INFO] [stdout] 
[INFO] [stderr] error: could not compile `hal-sim` (bin "hal-sim") due to 1 previous error
[INFO] running `Command { std: "docker" "inspect" "27afacbd8c2e51d9c460897b5ade264446055d76d13fa6d240b01da0b8a268b3", kill_on_drop: false }`
[INFO] running `Command { std: "docker" "rm" "-f" "27afacbd8c2e51d9c460897b5ade264446055d76d13fa6d240b01da0b8a268b3", kill_on_drop: false }`
[INFO] [stdout] 27afacbd8c2e51d9c460897b5ade264446055d76d13fa6d240b01da0b8a268b3
