[INFO] fetching crate gvox-rs 1.3.0...
[INFO] testing gvox-rs-1.3.0 against nightly-2024-10-28+rustflags=-Zrandomize-layout for randomize-layout
[INFO] extracting crate gvox-rs 1.3.0 into /workspace/builds/worker-6-tc2/source
[INFO] validating manifest of crates.io crate gvox-rs 1.3.0 on toolchain nightly-2024-10-28
[INFO] running `Command { std: CARGO_HOME="/workspace/cargo-home" RUSTUP_HOME="/workspace/rustup-home" "/workspace/cargo-home/bin/cargo" "+nightly-2024-10-28" "metadata" "--manifest-path" "Cargo.toml" "--no-deps", kill_on_drop: false }`
[INFO] started tweaking crates.io crate gvox-rs 1.3.0
[INFO] finished tweaking crates.io crate gvox-rs 1.3.0
[INFO] tweaked toml for crates.io crate gvox-rs 1.3.0 written to /workspace/builds/worker-6-tc2/source/Cargo.toml
[INFO] running `Command { std: CARGO_HOME="/workspace/cargo-home" RUSTUP_HOME="/workspace/rustup-home" "/workspace/cargo-home/bin/cargo" "+nightly-2024-10-28" "generate-lockfile" "--manifest-path" "Cargo.toml", kill_on_drop: false }`
[INFO] [stderr]     Updating crates.io index
[INFO] [stderr]      Locking 7 packages to latest compatible versions
[INFO] [stderr]       Adding bitflags v1.3.2 (available: v2.6.0)
[INFO] running `Command { std: CARGO_HOME="/workspace/cargo-home" RUSTUP_HOME="/workspace/rustup-home" "/workspace/cargo-home/bin/cargo" "+nightly-2024-10-28" "fetch" "--manifest-path" "Cargo.toml", kill_on_drop: false }`
[INFO] running `Command { std: "docker" "create" "-v" "/var/lib/crater-agent-workspace/builds/worker-6-tc2/target:/opt/rustwide/target:rw,Z" "-v" "/var/lib/crater-agent-workspace/builds/worker-6-tc2/source:/opt/rustwide/workdir:ro,Z" "-v" "/var/lib/crater-agent-workspace/cargo-home:/opt/rustwide/cargo-home:ro,Z" "-v" "/var/lib/crater-agent-workspace/rustup-home:/opt/rustwide/rustup-home:ro,Z" "-e" "SOURCE_DIR=/opt/rustwide/workdir" "-e" "CARGO_TARGET_DIR=/opt/rustwide/target" "-e" "CARGO_HOME=/opt/rustwide/cargo-home" "-e" "RUSTUP_HOME=/opt/rustwide/rustup-home" "-w" "/opt/rustwide/workdir" "-m" "1610612736" "--user" "0:0" "--network" "none" "ghcr.io/rust-lang/crates-build-env/linux@sha256:4a844ea9eb2546a2d2c7022eacef16ef2e8229c7fbb2c7d4d55a9ceca922f72d" "/opt/rustwide/cargo-home/bin/cargo" "+nightly-2024-10-28" "metadata" "--no-deps" "--format-version=1", kill_on_drop: false }`
[INFO] [stdout] b7d4f08902d16da8def72a5e71af6841ec7d0dfc768a6d778f3c771c261f166e
[INFO] running `Command { std: "docker" "start" "-a" "b7d4f08902d16da8def72a5e71af6841ec7d0dfc768a6d778f3c771c261f166e", kill_on_drop: false }`
[INFO] running `Command { std: "docker" "inspect" "b7d4f08902d16da8def72a5e71af6841ec7d0dfc768a6d778f3c771c261f166e", kill_on_drop: false }`
[INFO] running `Command { std: "docker" "rm" "-f" "b7d4f08902d16da8def72a5e71af6841ec7d0dfc768a6d778f3c771c261f166e", kill_on_drop: false }`
[INFO] [stdout] b7d4f08902d16da8def72a5e71af6841ec7d0dfc768a6d778f3c771c261f166e
[INFO] running `Command { std: "docker" "create" "-v" "/var/lib/crater-agent-workspace/builds/worker-6-tc2/target:/opt/rustwide/target:rw,Z" "-v" "/var/lib/crater-agent-workspace/builds/worker-6-tc2/source:/opt/rustwide/workdir:ro,Z" "-v" "/var/lib/crater-agent-workspace/cargo-home:/opt/rustwide/cargo-home:ro,Z" "-v" "/var/lib/crater-agent-workspace/rustup-home:/opt/rustwide/rustup-home:ro,Z" "-e" "SOURCE_DIR=/opt/rustwide/workdir" "-e" "CARGO_TARGET_DIR=/opt/rustwide/target" "-e" "CARGO_INCREMENTAL=0" "-e" "RUST_BACKTRACE=full" "-e" "RUSTFLAGS=--cap-lints=forbid -Zrandomize-layout" "-e" "RUSTDOCFLAGS=--cap-lints=forbid" "-e" "CARGO_HOME=/opt/rustwide/cargo-home" "-e" "RUSTUP_HOME=/opt/rustwide/rustup-home" "-w" "/opt/rustwide/workdir" "-m" "1610612736" "--user" "0:0" "--network" "none" "ghcr.io/rust-lang/crates-build-env/linux@sha256:4a844ea9eb2546a2d2c7022eacef16ef2e8229c7fbb2c7d4d55a9ceca922f72d" "/opt/rustwide/cargo-home/bin/cargo" "+nightly-2024-10-28" "build" "--frozen" "--message-format=json", kill_on_drop: false }`
[INFO] [stdout] 4ae17dd118b63a50714db18ac880933406b80c71024813f90ca622b6037c3aa6
[INFO] running `Command { std: "docker" "start" "-a" "4ae17dd118b63a50714db18ac880933406b80c71024813f90ca622b6037c3aa6", kill_on_drop: false }`
[INFO] [stderr]    Compiling shlex v1.3.0
[INFO] [stderr]    Compiling bitflags v1.3.2
[INFO] [stderr]    Compiling fxhash v0.2.1
[INFO] [stderr]    Compiling cc v1.1.31
[INFO] [stderr]    Compiling cmake v0.1.51
[INFO] [stderr]    Compiling gvox-sys v1.3.0
[INFO] [stderr]    Compiling gvox-rs v1.3.0 (/opt/rustwide/workdir)
[INFO] [stderr]     Finished `dev` profile [unoptimized + debuginfo] target(s) in 7.08s
[INFO] running `Command { std: "docker" "inspect" "4ae17dd118b63a50714db18ac880933406b80c71024813f90ca622b6037c3aa6", kill_on_drop: false }`
[INFO] running `Command { std: "docker" "rm" "-f" "4ae17dd118b63a50714db18ac880933406b80c71024813f90ca622b6037c3aa6", kill_on_drop: false }`
[INFO] [stdout] 4ae17dd118b63a50714db18ac880933406b80c71024813f90ca622b6037c3aa6
[INFO] running `Command { std: "docker" "create" "-v" "/var/lib/crater-agent-workspace/builds/worker-6-tc2/target:/opt/rustwide/target:rw,Z" "-v" "/var/lib/crater-agent-workspace/builds/worker-6-tc2/source:/opt/rustwide/workdir:ro,Z" "-v" "/var/lib/crater-agent-workspace/cargo-home:/opt/rustwide/cargo-home:ro,Z" "-v" "/var/lib/crater-agent-workspace/rustup-home:/opt/rustwide/rustup-home:ro,Z" "-e" "SOURCE_DIR=/opt/rustwide/workdir" "-e" "CARGO_TARGET_DIR=/opt/rustwide/target" "-e" "CARGO_INCREMENTAL=0" "-e" "RUST_BACKTRACE=full" "-e" "RUSTFLAGS=--cap-lints=forbid -Zrandomize-layout" "-e" "RUSTDOCFLAGS=--cap-lints=forbid" "-e" "CARGO_HOME=/opt/rustwide/cargo-home" "-e" "RUSTUP_HOME=/opt/rustwide/rustup-home" "-w" "/opt/rustwide/workdir" "-m" "1610612736" "--user" "0:0" "--network" "none" "ghcr.io/rust-lang/crates-build-env/linux@sha256:4a844ea9eb2546a2d2c7022eacef16ef2e8229c7fbb2c7d4d55a9ceca922f72d" "/opt/rustwide/cargo-home/bin/cargo" "+nightly-2024-10-28" "test" "--frozen" "--no-run" "--message-format=json", kill_on_drop: false }`
[INFO] [stdout] b5e2efee161b617c7c4e4bfb0198b849b30cac9163b6e87411dd7e17c7293915
[INFO] running `Command { std: "docker" "start" "-a" "b5e2efee161b617c7c4e4bfb0198b849b30cac9163b6e87411dd7e17c7293915", kill_on_drop: false }`
[INFO] [stderr]    Compiling gvox-rs v1.3.0 (/opt/rustwide/workdir)
[INFO] [stdout] error: linking with `cc` failed: exit status: 1
[INFO] [stdout]   |
[INFO] [stdout]   = note: LC_ALL="C" PATH="/opt/rustwide/rustup-home/toolchains/nightly-2024-10-28-x86_64-unknown-linux-gnu/lib/rustlib/x86_64-unknown-linux-gnu/bin:/opt/rustwide/rustup-home/toolchains/nightly-2024-10-28-x86_64-unknown-linux-gnu/lib/rustlib/x86_64-unknown-linux-gnu/bin/self-contained:/opt/rustwide/cargo-home/bin:/usr/local/sbin:/usr/local/bin:/usr/sbin:/usr/bin:/sbin:/bin" VSLANG="1033" "cc" "-m64" "/tmp/rustcditIbc/symbols.o" "/opt/rustwide/target/debug/deps/gvox_rs-4ab88c6e69080358.gvox_rs.bb4e77e5c70f912f-cgu.0.rcgu.o" "/opt/rustwide/target/debug/deps/gvox_rs-4ab88c6e69080358.gvox_rs.bb4e77e5c70f912f-cgu.1.rcgu.o" "/opt/rustwide/target/debug/deps/gvox_rs-4ab88c6e69080358.gvox_rs.bb4e77e5c70f912f-cgu.2.rcgu.o" "/opt/rustwide/target/debug/deps/gvox_rs-4ab88c6e69080358.gvox_rs.bb4e77e5c70f912f-cgu.3.rcgu.o" "/opt/rustwide/target/debug/deps/gvox_rs-4ab88c6e69080358.gvox_rs.bb4e77e5c70f912f-cgu.4.rcgu.o" "/opt/rustwide/target/debug/deps/gvox_rs-4ab88c6e69080358.88at9g9rdz89ha069i95sbo1q.rcgu.o" "-Wl,--as-needed" "-Wl,-Bstatic" "/opt/rustwide/target/debug/deps/libgvox_sys-3841ede250fe4625.rlib" "/opt/rustwide/rustup-home/toolchains/nightly-2024-10-28-x86_64-unknown-linux-gnu/lib/rustlib/x86_64-unknown-linux-gnu/lib/libtest-a09fad3b5321e7d6.rlib" "/opt/rustwide/rustup-home/toolchains/nightly-2024-10-28-x86_64-unknown-linux-gnu/lib/rustlib/x86_64-unknown-linux-gnu/lib/libgetopts-f9c3dff41ad42661.rlib" "/opt/rustwide/rustup-home/toolchains/nightly-2024-10-28-x86_64-unknown-linux-gnu/lib/rustlib/x86_64-unknown-linux-gnu/lib/libunicode_width-ad2aef31af6addd3.rlib" "/opt/rustwide/rustup-home/toolchains/nightly-2024-10-28-x86_64-unknown-linux-gnu/lib/rustlib/x86_64-unknown-linux-gnu/lib/librustc_std_workspace_std-e3f907dc03deb913.rlib" "/opt/rustwide/target/debug/deps/libfxhash-e34bdadb6594be69.rlib" "/opt/rustwide/target/debug/deps/libbyteorder-921e9eb05e03d6ac.rlib" "/opt/rustwide/target/debug/deps/libbitflags-560efdb99b117eef.rlib" "/opt/rustwide/rustup-home/toolchains/nightly-2024-10-28-x86_64-unknown-linux-gnu/lib/rustlib/x86_64-unknown-linux-gnu/lib/libstd-fb8c387236db3c10.rlib" "/opt/rustwide/rustup-home/toolchains/nightly-2024-10-28-x86_64-unknown-linux-gnu/lib/rustlib/x86_64-unknown-linux-gnu/lib/libpanic_unwind-b251837809b2f64b.rlib" "/opt/rustwide/rustup-home/toolchains/nightly-2024-10-28-x86_64-unknown-linux-gnu/lib/rustlib/x86_64-unknown-linux-gnu/lib/libobject-cbef83eaa4e01f04.rlib" "/opt/rustwide/rustup-home/toolchains/nightly-2024-10-28-x86_64-unknown-linux-gnu/lib/rustlib/x86_64-unknown-linux-gnu/lib/libmemchr-12a772286de2fca7.rlib" "/opt/rustwide/rustup-home/toolchains/nightly-2024-10-28-x86_64-unknown-linux-gnu/lib/rustlib/x86_64-unknown-linux-gnu/lib/libaddr2line-023bbe5ada7abfc3.rlib" "/opt/rustwide/rustup-home/toolchains/nightly-2024-10-28-x86_64-unknown-linux-gnu/lib/rustlib/x86_64-unknown-linux-gnu/lib/libgimli-de2bcdf10ec69c2b.rlib" "/opt/rustwide/rustup-home/toolchains/nightly-2024-10-28-x86_64-unknown-linux-gnu/lib/rustlib/x86_64-unknown-linux-gnu/lib/librustc_demangle-8e1754df350800fd.rlib" "/opt/rustwide/rustup-home/toolchains/nightly-2024-10-28-x86_64-unknown-linux-gnu/lib/rustlib/x86_64-unknown-linux-gnu/lib/libstd_detect-06c2ab7b9c32e037.rlib" "/opt/rustwide/rustup-home/toolchains/nightly-2024-10-28-x86_64-unknown-linux-gnu/lib/rustlib/x86_64-unknown-linux-gnu/lib/libhashbrown-51d2621fc57a281b.rlib" "/opt/rustwide/rustup-home/toolchains/nightly-2024-10-28-x86_64-unknown-linux-gnu/lib/rustlib/x86_64-unknown-linux-gnu/lib/librustc_std_workspace_alloc-54a930408793772f.rlib" "/opt/rustwide/rustup-home/toolchains/nightly-2024-10-28-x86_64-unknown-linux-gnu/lib/rustlib/x86_64-unknown-linux-gnu/lib/libminiz_oxide-0c7d01cba400dcb2.rlib" "/opt/rustwide/rustup-home/toolchains/nightly-2024-10-28-x86_64-unknown-linux-gnu/lib/rustlib/x86_64-unknown-linux-gnu/lib/libadler-b9f84d69e331b75b.rlib" "/opt/rustwide/rustup-home/toolchains/nightly-2024-10-28-x86_64-unknown-linux-gnu/lib/rustlib/x86_64-unknown-linux-gnu/lib/libunwind-eec95493246aae39.rlib" "/opt/rustwide/rustup-home/toolchains/nightly-2024-10-28-x86_64-unknown-linux-gnu/lib/rustlib/x86_64-unknown-linux-gnu/lib/libcfg_if-6f6676c475e08ab0.rlib" "/opt/rustwide/rustup-home/toolchains/nightly-2024-10-28-x86_64-unknown-linux-gnu/lib/rustlib/x86_64-unknown-linux-gnu/lib/liblibc-799d520624f8b2e0.rlib" "/opt/rustwide/rustup-home/toolchains/nightly-2024-10-28-x86_64-unknown-linux-gnu/lib/rustlib/x86_64-unknown-linux-gnu/lib/liballoc-fcf93d4842acd9a9.rlib" "/opt/rustwide/rustup-home/toolchains/nightly-2024-10-28-x86_64-unknown-linux-gnu/lib/rustlib/x86_64-unknown-linux-gnu/lib/librustc_std_workspace_core-395a38b8e0851c9b.rlib" "/opt/rustwide/rustup-home/toolchains/nightly-2024-10-28-x86_64-unknown-linux-gnu/lib/rustlib/x86_64-unknown-linux-gnu/lib/libcore-d453bab70303062c.rlib" "/opt/rustwide/rustup-home/toolchains/nightly-2024-10-28-x86_64-unknown-linux-gnu/lib/rustlib/x86_64-unknown-linux-gnu/lib/libcompiler_builtins-0e6386368b0a24e8.rlib" "-Wl,-Bdynamic" "-lgcc_s" "-lutil" "-lrt" "-lpthread" "-lm" "-ldl" "-lc" "-B/opt/rustwide/rustup-home/toolchains/nightly-2024-10-28-x86_64-unknown-linux-gnu/lib/rustlib/x86_64-unknown-linux-gnu/bin/gcc-ld" "-fuse-ld=lld" "-Wl,--eh-frame-hdr" "-Wl,-z,noexecstack" "-L" "/opt/rustwide/target/debug/build/gvox-sys-32e1c9c07784d884/out/build" "-L" "/opt/rustwide/target/debug/build/gvox-sys-32e1c9c07784d884/out/build/Release" "-L" "/opt/rustwide/rustup-home/toolchains/nightly-2024-10-28-x86_64-unknown-linux-gnu/lib/rustlib/x86_64-unknown-linux-gnu/lib" "-o" "/opt/rustwide/target/debug/deps/gvox_rs-4ab88c6e69080358" "-Wl,--gc-sections" "-pie" "-Wl,-z,relro,-z,now" "-nodefaultlibs"
[INFO] [stdout]   = note: rust-lld: error: undefined symbol: operator delete(void*, unsigned long)
[INFO] [stdout]           >>> referenced by byte_buffer.cpp
[INFO] [stdout]           >>>               byte_buffer.cpp.o:(gvox_input_adapter_byte_buffer_destroy) in archive /opt/rustwide/target/debug/deps/libgvox_sys-3841ede250fe4625.rlib
[INFO] [stdout]           >>> referenced by byte_buffer.cpp
[INFO] [stdout]           >>>               byte_buffer.cpp.o:(std::vector<unsigned char, std::allocator<unsigned char>>::_M_default_append(unsigned long)) in archive /opt/rustwide/target/debug/deps/libgvox_sys-3841ede250fe4625.rlib
[INFO] [stdout]           >>> referenced by gvox_raw.cpp
[INFO] [stdout]           >>>               gvox_raw.cpp.o:(gvox_parse_adapter_gvox_raw_destroy) in archive /opt/rustwide/target/debug/deps/libgvox_sys-3841ede250fe4625.rlib
[INFO] [stdout]           >>> referenced 246 more times
[INFO] [stdout]           
[INFO] [stdout]           rust-lld: error: undefined symbol: operator new(unsigned long)
[INFO] [stdout]           >>> referenced by byte_buffer.cpp
[INFO] [stdout]           >>>               byte_buffer.cpp.o:(std::vector<unsigned char, std::allocator<unsigned char>>::_M_default_append(unsigned long)) in archive /opt/rustwide/target/debug/deps/libgvox_sys-3841ede250fe4625.rlib
[INFO] [stdout]           >>> referenced by gvox_raw.cpp
[INFO] [stdout]           >>>               gvox_raw.cpp.o:(std::vector<unsigned int, std::allocator<unsigned int>>::_M_default_append(unsigned long)) in archive /opt/rustwide/target/debug/deps/libgvox_sys-3841ede250fe4625.rlib
[INFO] [stdout]           >>> referenced by gvox_run_length_encoding.cpp
[INFO] [stdout]           >>>               gvox_run_length_encoding.cpp.o:(std::vector<std::vector<unsigned int, std::allocator<unsigned int>>, std::allocator<std::vector<unsigned int, std::allocator<unsigned int>>>>::_M_default_append(unsigned long)) in archive /opt/rustwide/target/debug/deps/libgvox_sys-3841ede250fe4625.rlib
[INFO] [stdout]           >>> referenced 99 more times
[INFO] [stdout]           
[INFO] [stdout]           rust-lld: error: undefined symbol: std::__throw_length_error(char const*)
[INFO] [stdout]           >>> referenced by byte_buffer.cpp
[INFO] [stdout]           >>>               byte_buffer.cpp.o:(std::vector<unsigned char, std::allocator<unsigned char>>::_M_default_append(unsigned long)) in archive /opt/rustwide/target/debug/deps/libgvox_sys-3841ede250fe4625.rlib
[INFO] [stdout]           >>> referenced by gvox_raw.cpp
[INFO] [stdout]           >>>               gvox_raw.cpp.o:(std::vector<unsigned int, std::allocator<unsigned int>>::_M_default_append(unsigned long)) in archive /opt/rustwide/target/debug/deps/libgvox_sys-3841ede250fe4625.rlib
[INFO] [stdout]           >>> referenced by gvox_run_length_encoding.cpp
[INFO] [stdout]           >>>               gvox_run_length_encoding.cpp.o:(std::vector<std::vector<unsigned int, std::allocator<unsigned int>>, std::allocator<std::vector<unsigned int, std::allocator<unsigned int>>>>::_M_default_append(unsigned long)) in archive /opt/rustwide/target/debug/deps/libgvox_sys-3841ede250fe4625.rlib
[INFO] [stdout]           >>> referenced 43 more times
[INFO] [stdout]           
[INFO] [stdout]           rust-lld: error: undefined symbol: std::__throw_logic_error(char const*)
[INFO] [stdout]           >>> referenced by gvox.cpp
[INFO] [stdout]           >>>               gvox.cpp.o:(gvox_get_result) in archive /opt/rustwide/target/debug/deps/libgvox_sys-3841ede250fe4625.rlib
[INFO] [stdout]           >>> referenced by gvox.cpp
[INFO] [stdout]           >>>               gvox.cpp.o:(gvox_get_result_message) in archive /opt/rustwide/target/debug/deps/libgvox_sys-3841ede250fe4625.rlib
[INFO] [stdout]           >>> referenced by gvox.cpp
[INFO] [stdout]           >>>               gvox.cpp.o:(gvox_get_input_adapter) in archive /opt/rustwide/target/debug/deps/libgvox_sys-3841ede250fe4625.rlib
[INFO] [stdout]           >>> referenced 10 more times
[INFO] [stdout]           
[INFO] [stdout]           rust-lld: error: undefined symbol: std::__throw_bad_alloc()
[INFO] [stdout]           >>> referenced by gvox.cpp
[INFO] [stdout]           >>>               gvox.cpp.o:(gvox_get_result) in archive /opt/rustwide/target/debug/deps/libgvox_sys-3841ede250fe4625.rlib
[INFO] [stdout]           >>> referenced by gvox.cpp
[INFO] [stdout]           >>>               gvox.cpp.o:(gvox_get_result_message) in archive /opt/rustwide/target/debug/deps/libgvox_sys-3841ede250fe4625.rlib
[INFO] [stdout]           >>> referenced by magicavoxel.cpp
[INFO] [stdout]           >>>               magicavoxel.cpp.o:(void std::__cxx11::basic_string<char, std::char_traits<char>, std::allocator<char>>::_M_construct<char const*>(char const*, char const*, std::forward_iterator_tag) (.isra.0)) in archive /opt/rustwide/target/debug/deps/libgvox_sys-3841ede250fe4625.rlib
[INFO] [stdout]           >>> referenced 10 more times
[INFO] [stdout]           
[INFO] [stdout]           rust-lld: error: undefined symbol: std::_Hash_bytes(void const*, unsigned long, unsigned long)
[INFO] [stdout]           >>> referenced by gvox.cpp
[INFO] [stdout]           >>>               gvox.cpp.o:(gvox_get_input_adapter) in archive /opt/rustwide/target/debug/deps/libgvox_sys-3841ede250fe4625.rlib
[INFO] [stdout]           >>> referenced by gvox.cpp
[INFO] [stdout]           >>>               gvox.cpp.o:(gvox_get_output_adapter) in archive /opt/rustwide/target/debug/deps/libgvox_sys-3841ede250fe4625.rlib
[INFO] [stdout]           >>> referenced by gvox.cpp
[INFO] [stdout]           >>>               gvox.cpp.o:(gvox_get_parse_adapter) in archive /opt/rustwide/target/debug/deps/libgvox_sys-3841ede250fe4625.rlib
[INFO] [stdout]           >>> referenced 9 more times
[INFO] [stdout]           
[INFO] [stdout]           rust-lld: error: undefined symbol: std::exception::~exception()
[INFO] [stdout]           >>> referenced by magicavoxel.cpp
[INFO] [stdout]           >>>               magicavoxel.cpp.o:(std::bad_variant_access::~bad_variant_access()) in archive /opt/rustwide/target/debug/deps/libgvox_sys-3841ede250fe4625.rlib
[INFO] [stdout]           >>> referenced by magicavoxel.cpp
[INFO] [stdout]           >>>               magicavoxel.cpp.o:(std::bad_variant_access::~bad_variant_access()) in archive /opt/rustwide/target/debug/deps/libgvox_sys-3841ede250fe4625.rlib
[INFO] [stdout]           
[INFO] [stdout]           rust-lld: error: undefined symbol: __cxa_allocate_exception
[INFO] [stdout]           >>> referenced by magicavoxel.cpp
[INFO] [stdout]           >>>               magicavoxel.cpp.o:(std::__throw_bad_variant_access(char const*)) in archive /opt/rustwide/target/debug/deps/libgvox_sys-3841ede250fe4625.rlib
[INFO] [stdout]           
[INFO] [stdout]           rust-lld: error: undefined symbol: __cxa_throw
[INFO] [stdout]           >>> referenced by magicavoxel.cpp
[INFO] [stdout]           >>>               magicavoxel.cpp.o:(std::__throw_bad_variant_access(char const*)) in archive /opt/rustwide/target/debug/deps/libgvox_sys-3841ede250fe4625.rlib
[INFO] [stdout]           
[INFO] [stdout]           rust-lld: error: undefined symbol: __cxa_thread_atexit
[INFO] [stdout]           >>> referenced by magicavoxel.cpp
[INFO] [stdout]           >>>               magicavoxel.cpp.o:(initialize_model(_GvoxBlitContext*, _GvoxAdapterContext*, magicavoxel::Model const&)) in archive /opt/rustwide/target/debug/deps/libgvox_sys-3841ede250fe4625.rlib
[INFO] [stdout]           
[INFO] [stdout]           rust-lld: error: undefined symbol: std::__throw_bad_array_new_length()
[INFO] [stdout]           >>> referenced by gvox.cpp
[INFO] [stdout]           >>>               gvox.cpp.o:(std::deque<std::pair<std::__cxx11::basic_string<char, std::char_traits<char>, std::allocator<char>>, GvoxResult>, std::allocator<std::pair<std::__cxx11::basic_string<char, std::char_traits<char>, std::allocator<char>>, GvoxResult>>>::_M_reallocate_map(unsigned long, bool)) in archive /opt/rustwide/target/debug/deps/libgvox_sys-3841ede250fe4625.rlib
[INFO] [stdout]           >>> referenced by gvox.cpp
[INFO] [stdout]           >>>               gvox.cpp.o:(std::_Hashtable<std::__cxx11::basic_string<char, std::char_traits<char>, std::allocator<char>>, std::pair<std::__cxx11::basic_string<char, std::char_traits<char>, std::allocator<char>> const, GvoxInputAdapter*>, std::allocator<std::pair<std::__cxx11::basic_string<char, std::char_traits<char>, std::allocator<char>> const, GvoxInputAdapter*>>, std::__detail::_Select1st, std::equal_to<std::__cxx11::basic_string<char, std::char_traits<char>, std::allocator<char>>>, std::hash<std::__cxx11::basic_string<char, std::char_traits<char>, std::allocator<char>>>, std::__detail::_Mod_range_hashing, std::__detail::_Default_ranged_hash, std::__detail::_Prime_rehash_policy, std::__detail::_Hashtable_traits<true, false, true>>::_M_rehash(unsigned long, unsigned long const&)) in archive /opt/rustwide/target/debug/deps/libgvox_sys-3841ede250fe4625.rlib
[INFO] [stdout]           >>> referenced by gvox.cpp
[INFO] [stdout]           >>>               gvox.cpp.o:(std::_Hashtable<std::__cxx11::basic_string<char, std::char_traits<char>, std::allocator<char>>, std::pair<std::__cxx11::basic_string<char, std::char_traits<char>, std::allocator<char>> const, GvoxOutputAdapter*>, std::allocator<std::pair<std::__cxx11::basic_string<char, std::char_traits<char>, std::allocator<char>> const, GvoxOutputAdapter*>>, std::__detail::_Select1st, std::equal_to<std::__cxx11::basic_string<char, std::char_traits<char>, std::allocator<char>>>, std::hash<std::__cxx11::basic_string<char, std::char_traits<char>, std::allocator<char>>>, std::__detail::_Mod_range_hashing, std::__detail::_Default_ranged_hash, std::__detail::_Prime_rehash_policy, std::__detail::_Hashtable_traits<true, false, true>>::_M_rehash(unsigned long, unsigned long const&)) in archive /opt/rustwide/target/debug/deps/libgvox_sys-3841ede250fe4625.rlib
[INFO] [stdout]           >>> referenced 3 more times
[INFO] [stdout]           
[INFO] [stdout]           rust-lld: error: undefined symbol: __cxa_begin_catch
[INFO] [stdout]           >>> referenced by gvox.cpp
[INFO] [stdout]           >>>               gvox.cpp.o:(std::pair<std::__cxx11::basic_string<char, std::char_traits<char>, std::allocator<char>>, GvoxResult>& std::deque<std::pair<std::__cxx11::basic_string<char, std::char_traits<char>, std::allocator<char>>, GvoxResult>, std::allocator<std::pair<std::__cxx11::basic_string<char, std::char_traits<char>, std::allocator<char>>, GvoxResult>>>::emplace_back<char const (&) [109], GvoxResult>(char const (&) [109], GvoxResult&&) (.isra.0.cold)) in archive /opt/rustwide/target/debug/deps/libgvox_sys-3841ede250fe4625.rlib
[INFO] [stdout]           >>> referenced by gvox.cpp
[INFO] [stdout]           >>>               gvox.cpp.o:(std::_Hashtable<std::__cxx11::basic_string<char, std::char_traits<char>, std::allocator<char>>, std::pair<std::__cxx11::basic_string<char, std::char_traits<char>, std::allocator<char>> const, GvoxInputAdapter*>, std::allocator<std::pair<std::__cxx11::basic_string<char, std::char_traits<char>, std::allocator<char>> const, GvoxInputAdapter*>>, std::__detail::_Select1st, std::equal_to<std::__cxx11::basic_string<char, std::char_traits<char>, std::allocator<char>>>, std::hash<std::__cxx11::basic_string<char, std::char_traits<char>, std::allocator<char>>>, std::__detail::_Mod_range_hashing, std::__detail::_Default_ranged_hash, std::__detail::_Prime_rehash_policy, std::__detail::_Hashtable_traits<true, false, true>>::_M_rehash(unsigned long, unsigned long const&)) in archive /opt/rustwide/target/debug/deps/libgvox_sys-3841ede250fe4625.rlib
[INFO] [stdout]           >>> referenced by gvox.cpp
[INFO] [stdout]           >>>               gvox.cpp.o:(gvox_register_input_adapter.cold) in archive /opt/rustwide/target/debug/deps/libgvox_sys-3841ede250fe4625.rlib
[INFO] [stdout]           >>> referenced 6 more times
[INFO] [stdout]           
[INFO] [stdout]           rust-lld: error: undefined symbol: __cxa_rethrow
[INFO] [stdout]           >>> referenced by gvox.cpp
[INFO] [stdout]           >>>               gvox.cpp.o:(std::pair<std::__cxx11::basic_string<char, std::char_traits<char>, std::allocator<char>>, GvoxResult>& std::deque<std::pair<std::__cxx11::basic_string<char, std::char_traits<char>, std::allocator<char>>, GvoxResult>, std::allocator<std::pair<std::__cxx11::basic_string<char, std::char_traits<char>, std::allocator<char>>, GvoxResult>>>::emplace_back<char const (&) [109], GvoxResult>(char const (&) [109], GvoxResult&&) (.isra.0.cold)) in archive /opt/rustwide/target/debug/deps/libgvox_sys-3841ede250fe4625.rlib
[INFO] [stdout]           >>> referenced by gvox.cpp
[INFO] [stdout]           >>>               gvox.cpp.o:(std::_Hashtable<std::__cxx11::basic_string<char, std::char_traits<char>, std::allocator<char>>, std::pair<std::__cxx11::basic_string<char, std::char_traits<char>, std::allocator<char>> const, GvoxInputAdapter*>, std::allocator<std::pair<std::__cxx11::basic_string<char, std::char_traits<char>, std::allocator<char>> const, GvoxInputAdapter*>>, std::__detail::_Select1st, std::equal_to<std::__cxx11::basic_string<char, std::char_traits<char>, std::allocator<char>>>, std::hash<std::__cxx11::basic_string<char, std::char_traits<char>, std::allocator<char>>>, std::__detail::_Mod_range_hashing, std::__detail::_Default_ranged_hash, std::__detail::_Prime_rehash_policy, std::__detail::_Hashtable_traits<true, false, true>>::_M_rehash(unsigned long, unsigned long const&)) in archive /opt/rustwide/target/debug/deps/libgvox_sys-3841ede250fe4625.rlib
[INFO] [stdout]           >>> referenced by gvox.cpp
[INFO] [stdout]           >>>               gvox.cpp.o:(gvox_register_input_adapter.cold) in archive /opt/rustwide/target/debug/deps/libgvox_sys-3841ede250fe4625.rlib
[INFO] [stdout]           >>> referenced 6 more times
[INFO] [stdout]           
[INFO] [stdout]           rust-lld: error: undefined symbol: __cxa_end_catch
[INFO] [stdout]           >>> referenced by gvox.cpp
[INFO] [stdout]           >>>               gvox.cpp.o:(std::pair<std::__cxx11::basic_string<char, std::char_traits<char>, std::allocator<char>>, GvoxResult>& std::deque<std::pair<std::__cxx11::basic_string<char, std::char_traits<char>, std::allocator<char>>, GvoxResult>, std::allocator<std::pair<std::__cxx11::basic_string<char, std::char_traits<char>, std::allocator<char>>, GvoxResult>>>::emplace_back<char const (&) [109], GvoxResult>(char const (&) [109], GvoxResult&&) (.isra.0.cold)) in archive /opt/rustwide/target/debug/deps/libgvox_sys-3841ede250fe4625.rlib
[INFO] [stdout]           >>> referenced by gvox.cpp
[INFO] [stdout]           >>>               gvox.cpp.o:(std::_Hashtable<std::__cxx11::basic_string<char, std::char_traits<char>, std::allocator<char>>, std::pair<std::__cxx11::basic_string<char, std::char_traits<char>, std::allocator<char>> const, GvoxInputAdapter*>, std::allocator<std::pair<std::__cxx11::basic_string<char, std::char_traits<char>, std::allocator<char>> const, GvoxInputAdapter*>>, std::__detail::_Select1st, std::equal_to<std::__cxx11::basic_string<char, std::char_traits<char>, std::allocator<char>>>, std::hash<std::__cxx11::basic_string<char, std::char_traits<char>, std::allocator<char>>>, std::__detail::_Mod_range_hashing, std::__detail::_Default_ranged_hash, std::__detail::_Prime_rehash_policy, std::__detail::_Hashtable_traits<true, false, true>>::_M_rehash(unsigned long, unsigned long const&)) in archive /opt/rustwide/target/debug/deps/libgvox_sys-3841ede250fe4625.rlib
[INFO] [stdout]           >>> referenced by gvox.cpp
[INFO] [stdout]           >>>               gvox.cpp.o:(gvox_register_input_adapter.cold) in archive /opt/rustwide/target/debug/deps/libgvox_sys-3841ede250fe4625.rlib
[INFO] [stdout]           >>> referenced 6 more times
[INFO] [stdout]           
[INFO] [stdout]           rust-lld: error: undefined symbol: std::__detail::_Prime_rehash_policy::_M_need_rehash(unsigned long, unsigned long, unsigned long) const
[INFO] [stdout]           >>> referenced by gvox.cpp
[INFO] [stdout]           >>>               gvox.cpp.o:(std::__detail::_Map_base<std::__cxx11::basic_string<char, std::char_traits<char>, std::allocator<char>>, std::pair<std::__cxx11::basic_string<char, std::char_traits<char>, std::allocator<char>> const, GvoxInputAdapter*>, std::allocator<std::pair<std::__cxx11::basic_string<char, std::char_traits<char>, std::allocator<char>> const, GvoxInputAdapter*>>, std::__detail::_Select1st, std::equal_to<std::__cxx11::basic_string<char, std::char_traits<char>, std::allocator<char>>>, std::hash<std::__cxx11::basic_string<char, std::char_traits<char>, std::allocator<char>>>, std::__detail::_Mod_range_hashing, std::__detail::_Default_ranged_hash, std::__detail::_Prime_rehash_policy, std::__detail::_Hashtable_traits<true, false, true>, true>::operator[](std::__cxx11::basic_string<char, std::char_traits<char>, std::allocator<char>>&&)) in archive /opt/rustwide/target/debug/deps/libgvox_sys-3841ede250fe4625.rlib
[INFO] [stdout]           >>> referenced by gvox.cpp
[INFO] [stdout]           >>>               gvox.cpp.o:(std::__detail::_Map_base<std::__cxx11::basic_string<char, std::char_traits<char>, std::allocator<char>>, std::pair<std::__cxx11::basic_string<char, std::char_traits<char>, std::allocator<char>> const, GvoxOutputAdapter*>, std::allocator<std::pair<std::__cxx11::basic_string<char, std::char_traits<char>, std::allocator<char>> const, GvoxOutputAdapter*>>, std::__detail::_Select1st, std::equal_to<std::__cxx11::basic_string<char, std::char_traits<char>, std::allocator<char>>>, std::hash<std::__cxx11::basic_string<char, std::char_traits<char>, std::allocator<char>>>, std::__detail::_Mod_range_hashing, std::__detail::_Default_ranged_hash, std::__detail::_Prime_rehash_policy, std::__detail::_Hashtable_traits<true, false, true>, true>::operator[](std::__cxx11::basic_string<char, std::char_traits<char>, std::allocator<char>>&&)) in archive /opt/rustwide/target/debug/deps/libgvox_sys-3841ede250fe4625.rlib
[INFO] [stdout]           >>> referenced by gvox.cpp
[INFO] [stdout]           >>>               gvox.cpp.o:(std::__detail::_Map_base<std::__cxx11::basic_string<char, std::char_traits<char>, std::allocator<char>>, std::pair<std::__cxx11::basic_string<char, std::char_traits<char>, std::allocator<char>> const, GvoxParseAdapter*>, std::allocator<std::pair<std::__cxx11::basic_string<char, std::char_traits<char>, std::allocator<char>> const, GvoxParseAdapter*>>, std::__detail::_Select1st, std::equal_to<std::__cxx11::basic_string<char, std::char_traits<char>, std::allocator<char>>>, std::hash<std::__cxx11::basic_string<char, std::char_traits<char>, std::allocator<char>>>, std::__detail::_Mod_range_hashing, std::__detail::_Default_ranged_hash, std::__detail::_Prime_rehash_policy, std::__detail::_Hashtable_traits<true, false, true>, true>::operator[](std::__cxx11::basic_string<char, std::char_traits<char>, std::allocator<char>>&&)) in archive /opt/rustwide/target/debug/deps/libgvox_sys-3841ede250fe4625.rlib
[INFO] [stdout]           >>> referenced 2 more times
[INFO] [stdout]           
[INFO] [stdout]           rust-lld: error: undefined symbol: std::__throw_out_of_range_fmt(char const*, ...)
[INFO] [stdout]           >>> referenced by magicavoxel.cpp
[INFO] [stdout]           >>>               magicavoxel.cpp.o:(gvox_parse_adapter_magicavoxel_blit_begin) in archive /opt/rustwide/target/debug/deps/libgvox_sys-3841ede250fe4625.rlib
[INFO] [stdout]           >>> referenced by magicavoxel.cpp
[INFO] [stdout]           >>>               magicavoxel.cpp.o:(gvox_parse_adapter_magicavoxel_blit_begin) in archive /opt/rustwide/target/debug/deps/libgvox_sys-3841ede250fe4625.rlib
[INFO] [stdout]           >>> referenced by magicavoxel.cpp
[INFO] [stdout]           >>>               magicavoxel.cpp.o:(gvox_parse_adapter_magicavoxel_blit_begin) in archive /opt/rustwide/target/debug/deps/libgvox_sys-3841ede250fe4625.rlib
[INFO] [stdout]           >>> referenced 11 more times
[INFO] [stdout]           
[INFO] [stdout]           rust-lld: error: undefined symbol: vtable for __cxxabiv1::__si_class_type_info
[INFO] [stdout]           >>> referenced by magicavoxel.cpp
[INFO] [stdout]           >>>               magicavoxel.cpp.o:(typeinfo for std::bad_variant_access) in archive /opt/rustwide/target/debug/deps/libgvox_sys-3841ede250fe4625.rlib
[INFO] [stdout]           >>> the vtable symbol may be undefined because the class is missing its key function (see https://lld.llvm.org/missingkeyfunction)
[INFO] [stdout]           
[INFO] [stdout]           rust-lld: error: undefined symbol: typeinfo for std::exception
[INFO] [stdout]           >>> referenced by magicavoxel.cpp
[INFO] [stdout]           >>>               magicavoxel.cpp.o:(typeinfo for std::bad_variant_access) in archive /opt/rustwide/target/debug/deps/libgvox_sys-3841ede250fe4625.rlib
[INFO] [stdout]           
[INFO] [stdout]           rust-lld: error: undefined symbol: vtable for __cxxabiv1::__class_type_info
[INFO] [stdout]           >>> referenced by magicavoxel.cpp
[INFO] [stdout]           >>>               magicavoxel.cpp.o:(typeinfo for foreach_bvh_leaf(_GvoxBlitContext*, MagicavoxelParseUserState&, magicavoxel::Scene const&, magicavoxel::BvhNode const&, unsigned int)::'lambda'()) in archive /opt/rustwide/target/debug/deps/libgvox_sys-3841ede250fe4625.rlib
[INFO] [stdout]           >>> referenced by gvox_palette.cpp
[INFO] [stdout]           >>>               gvox_palette.cpp.o:(typeinfo for gvox_serialize_adapter_gvox_palette_serialize_region::'lambda'()) in archive /opt/rustwide/target/debug/deps/libgvox_sys-3841ede250fe4625.rlib
[INFO] [stdout]           >>> referenced by gvox_palette.cpp
[INFO] [stdout]           >>>               gvox_palette.cpp.o:(typeinfo for gvox_serialize_adapter_gvox_palette_serialize_region::'lambda0'()) in archive /opt/rustwide/target/debug/deps/libgvox_sys-3841ede250fe4625.rlib
[INFO] [stdout]           >>> referenced 1 more times
[INFO] [stdout]           >>> the vtable symbol may be undefined because the class is missing its key function (see https://lld.llvm.org/missingkeyfunction)
[INFO] [stdout]           
[INFO] [stdout]           rust-lld: error: undefined symbol: __gxx_personality_v0
[INFO] [stdout]           >>> referenced by gvox.cpp
[INFO] [stdout]           >>>               gvox.cpp.o:(DW.ref.__gxx_personality_v0) in archive /opt/rustwide/target/debug/deps/libgvox_sys-3841ede250fe4625.rlib
[INFO] [stdout]           
[INFO] [stdout]           rust-lld: error: too many errors emitted, stopping now (use --error-limit=0 to see all errors)
[INFO] [stdout]           collect2: error: ld returned 1 exit status
[INFO] [stdout]           
[INFO] [stdout] 
[INFO] [stdout] 
[INFO] [stderr] error: could not compile `gvox-rs` (lib test) due to 1 previous error
[INFO] running `Command { std: "docker" "inspect" "b5e2efee161b617c7c4e4bfb0198b849b30cac9163b6e87411dd7e17c7293915", kill_on_drop: false }`
[INFO] running `Command { std: "docker" "rm" "-f" "b5e2efee161b617c7c4e4bfb0198b849b30cac9163b6e87411dd7e17c7293915", kill_on_drop: false }`
[INFO] [stdout] b5e2efee161b617c7c4e4bfb0198b849b30cac9163b6e87411dd7e17c7293915
