[INFO] fetching crate grideye 0.2.4...
[INFO] testing grideye-0.2.4 against nightly-2024-10-28+rustflags=-Zrandomize-layout for randomize-layout
[INFO] extracting crate grideye 0.2.4 into /workspace/builds/worker-3-tc2/source
[INFO] validating manifest of crates.io crate grideye 0.2.4 on toolchain nightly-2024-10-28
[INFO] running `Command { std: CARGO_HOME="/workspace/cargo-home" RUSTUP_HOME="/workspace/rustup-home" "/workspace/cargo-home/bin/cargo" "+nightly-2024-10-28" "metadata" "--manifest-path" "Cargo.toml" "--no-deps", kill_on_drop: false }`
[INFO] removed /workspace/builds/worker-3-tc2/source/.cargo/config
[INFO] started tweaking crates.io crate grideye 0.2.4
[INFO] finished tweaking crates.io crate grideye 0.2.4
[INFO] tweaked toml for crates.io crate grideye 0.2.4 written to /workspace/builds/worker-3-tc2/source/Cargo.toml
[INFO] running `Command { std: CARGO_HOME="/workspace/cargo-home" RUSTUP_HOME="/workspace/rustup-home" "/workspace/cargo-home/bin/cargo" "+nightly-2024-10-28" "generate-lockfile" "--manifest-path" "Cargo.toml", kill_on_drop: false }`
[INFO] [stderr]     Updating crates.io index
[INFO] [stderr]      Locking 25 packages to latest compatible versions
[INFO] [stderr]       Adding bit_field v0.9.0 (available: v0.10.2)
[INFO] [stderr]       Adding embedded-hal v0.2.7 (available: v1.0.0)
[INFO] [stderr]       Adding libm v0.1.4 (available: v0.2.11)
[INFO] [stderr]       Adding linux-embedded-hal v0.2.2 (available: v0.4.0)
[INFO] running `Command { std: CARGO_HOME="/workspace/cargo-home" RUSTUP_HOME="/workspace/rustup-home" "/workspace/cargo-home/bin/cargo" "+nightly-2024-10-28" "fetch" "--manifest-path" "Cargo.toml", kill_on_drop: false }`
[INFO] running `Command { std: "docker" "create" "-v" "/var/lib/crater-agent-workspace/builds/worker-3-tc2/target:/opt/rustwide/target:rw,Z" "-v" "/var/lib/crater-agent-workspace/builds/worker-3-tc2/source:/opt/rustwide/workdir:ro,Z" "-v" "/var/lib/crater-agent-workspace/cargo-home:/opt/rustwide/cargo-home:ro,Z" "-v" "/var/lib/crater-agent-workspace/rustup-home:/opt/rustwide/rustup-home:ro,Z" "-e" "SOURCE_DIR=/opt/rustwide/workdir" "-e" "CARGO_TARGET_DIR=/opt/rustwide/target" "-e" "CARGO_HOME=/opt/rustwide/cargo-home" "-e" "RUSTUP_HOME=/opt/rustwide/rustup-home" "-w" "/opt/rustwide/workdir" "-m" "1610612736" "--user" "0:0" "--network" "none" "ghcr.io/rust-lang/crates-build-env/linux@sha256:4a844ea9eb2546a2d2c7022eacef16ef2e8229c7fbb2c7d4d55a9ceca922f72d" "/opt/rustwide/cargo-home/bin/cargo" "+nightly-2024-10-28" "metadata" "--no-deps" "--format-version=1", kill_on_drop: false }`
[INFO] [stdout] 110cbf99dca9fbadcdd01f9b9c9799404f15b3d265ec887987a3fd9a729eea02
[INFO] running `Command { std: "docker" "start" "-a" "110cbf99dca9fbadcdd01f9b9c9799404f15b3d265ec887987a3fd9a729eea02", kill_on_drop: false }`
[INFO] running `Command { std: "docker" "inspect" "110cbf99dca9fbadcdd01f9b9c9799404f15b3d265ec887987a3fd9a729eea02", kill_on_drop: false }`
[INFO] running `Command { std: "docker" "rm" "-f" "110cbf99dca9fbadcdd01f9b9c9799404f15b3d265ec887987a3fd9a729eea02", kill_on_drop: false }`
[INFO] [stdout] 110cbf99dca9fbadcdd01f9b9c9799404f15b3d265ec887987a3fd9a729eea02
[INFO] running `Command { std: "docker" "create" "-v" "/var/lib/crater-agent-workspace/builds/worker-3-tc2/target:/opt/rustwide/target:rw,Z" "-v" "/var/lib/crater-agent-workspace/builds/worker-3-tc2/source:/opt/rustwide/workdir:ro,Z" "-v" "/var/lib/crater-agent-workspace/cargo-home:/opt/rustwide/cargo-home:ro,Z" "-v" "/var/lib/crater-agent-workspace/rustup-home:/opt/rustwide/rustup-home:ro,Z" "-e" "SOURCE_DIR=/opt/rustwide/workdir" "-e" "CARGO_TARGET_DIR=/opt/rustwide/target" "-e" "CARGO_INCREMENTAL=0" "-e" "RUST_BACKTRACE=full" "-e" "RUSTFLAGS=--cap-lints=forbid -Zrandomize-layout" "-e" "RUSTDOCFLAGS=--cap-lints=forbid" "-e" "CARGO_HOME=/opt/rustwide/cargo-home" "-e" "RUSTUP_HOME=/opt/rustwide/rustup-home" "-w" "/opt/rustwide/workdir" "-m" "1610612736" "--user" "0:0" "--network" "none" "ghcr.io/rust-lang/crates-build-env/linux@sha256:4a844ea9eb2546a2d2c7022eacef16ef2e8229c7fbb2c7d4d55a9ceca922f72d" "/opt/rustwide/cargo-home/bin/cargo" "+nightly-2024-10-28" "build" "--frozen" "--message-format=json", kill_on_drop: false }`
[INFO] [stdout] d7652ceca22c118f1588e0f21d761a650ceb2f9b3aed16591c96cd9c9789f44f
[INFO] running `Command { std: "docker" "start" "-a" "d7652ceca22c118f1588e0f21d761a650ceb2f9b3aed16591c96cd9c9789f44f", kill_on_drop: false }`
[INFO] [stderr]    Compiling libm v0.1.4
[INFO] [stderr]    Compiling nb v1.1.0
[INFO] [stderr]    Compiling void v1.0.2
[INFO] [stderr]    Compiling bit_field v0.9.0
[INFO] [stderr]    Compiling nb v0.1.3
[INFO] [stderr]    Compiling embedded-hal v0.2.7
[INFO] [stderr]    Compiling grideye v0.2.4 (/opt/rustwide/workdir)
[INFO] [stdout] warning: unnecessary parentheses around type
[INFO] [stdout]    --> src/lib.rs:116:47
[INFO] [stdout]     |
[INFO] [stdout] 116 |     pub fn get_framerate(&mut self) -> Result<(Framerate), Error<E>> {
[INFO] [stdout]     |                                               ^         ^
[INFO] [stdout]     |
[INFO] [stdout]     = note: `#[warn(unused_parens)]` on by default
[INFO] [stdout] help: remove these parentheses
[INFO] [stdout]     |
[INFO] [stdout] 116 -     pub fn get_framerate(&mut self) -> Result<(Framerate), Error<E>> {
[INFO] [stdout] 116 +     pub fn get_framerate(&mut self) -> Result<Framerate, Error<E>> {
[INFO] [stdout]     |
[INFO] [stdout] 
[INFO] [stdout] 
[INFO] [stderr]     Finished `dev` profile [unoptimized + debuginfo] target(s) in 0.45s
[INFO] running `Command { std: "docker" "inspect" "d7652ceca22c118f1588e0f21d761a650ceb2f9b3aed16591c96cd9c9789f44f", kill_on_drop: false }`
[INFO] running `Command { std: "docker" "rm" "-f" "d7652ceca22c118f1588e0f21d761a650ceb2f9b3aed16591c96cd9c9789f44f", kill_on_drop: false }`
[INFO] [stdout] d7652ceca22c118f1588e0f21d761a650ceb2f9b3aed16591c96cd9c9789f44f
[INFO] running `Command { std: "docker" "create" "-v" "/var/lib/crater-agent-workspace/builds/worker-3-tc2/target:/opt/rustwide/target:rw,Z" "-v" "/var/lib/crater-agent-workspace/builds/worker-3-tc2/source:/opt/rustwide/workdir:ro,Z" "-v" "/var/lib/crater-agent-workspace/cargo-home:/opt/rustwide/cargo-home:ro,Z" "-v" "/var/lib/crater-agent-workspace/rustup-home:/opt/rustwide/rustup-home:ro,Z" "-e" "SOURCE_DIR=/opt/rustwide/workdir" "-e" "CARGO_TARGET_DIR=/opt/rustwide/target" "-e" "CARGO_INCREMENTAL=0" "-e" "RUST_BACKTRACE=full" "-e" "RUSTFLAGS=--cap-lints=forbid -Zrandomize-layout" "-e" "RUSTDOCFLAGS=--cap-lints=forbid" "-e" "CARGO_HOME=/opt/rustwide/cargo-home" "-e" "RUSTUP_HOME=/opt/rustwide/rustup-home" "-w" "/opt/rustwide/workdir" "-m" "1610612736" "--user" "0:0" "--network" "none" "ghcr.io/rust-lang/crates-build-env/linux@sha256:4a844ea9eb2546a2d2c7022eacef16ef2e8229c7fbb2c7d4d55a9ceca922f72d" "/opt/rustwide/cargo-home/bin/cargo" "+nightly-2024-10-28" "test" "--frozen" "--no-run" "--message-format=json", kill_on_drop: false }`
[INFO] [stdout] be69d5c4bde85ff4a805dfabe898866c5dea8268c25fc57fbf47548718d0282e
[INFO] running `Command { std: "docker" "start" "-a" "be69d5c4bde85ff4a805dfabe898866c5dea8268c25fc57fbf47548718d0282e", kill_on_drop: false }`
[INFO] [stderr]    Compiling libc v0.2.161
[INFO] [stderr]    Compiling semver v1.0.23
[INFO] [stderr]    Compiling cfg-if v0.1.10
[INFO] [stderr]    Compiling semver v0.1.20
[INFO] [stderr]    Compiling nix v0.14.1
[INFO] [stderr]    Compiling bitflags v0.4.0
[INFO] [stderr]    Compiling bitflags v0.3.3
[INFO] [stderr]    Compiling byteorder v1.5.0
[INFO] [stdout] warning: unnecessary parentheses around type
[INFO] [stdout]    --> src/lib.rs:116:47
[INFO] [stdout]     |
[INFO] [stdout] 116 |     pub fn get_framerate(&mut self) -> Result<(Framerate), Error<E>> {
[INFO] [stdout]     |                                               ^         ^
[INFO] [stdout]     |
[INFO] [stdout]     = note: `#[warn(unused_parens)]` on by default
[INFO] [stdout] help: remove these parentheses
[INFO] [stdout]     |
[INFO] [stdout] 116 -     pub fn get_framerate(&mut self) -> Result<(Framerate), Error<E>> {
[INFO] [stdout] 116 +     pub fn get_framerate(&mut self) -> Result<Framerate, Error<E>> {
[INFO] [stdout]     |
[INFO] [stdout] 
[INFO] [stdout] 
[INFO] [stderr]    Compiling rustc_version v0.1.7
[INFO] [stderr]    Compiling nix v0.6.0
[INFO] [stderr]    Compiling rustc_version v0.4.1
[INFO] [stderr]    Compiling cast v0.2.7
[INFO] [stderr]    Compiling spidev v0.3.0
[INFO] [stderr]    Compiling sysfs_gpio v0.5.4
[INFO] [stderr]    Compiling i2cdev v0.4.4
[INFO] [stderr]    Compiling linux-embedded-hal v0.2.2
[INFO] [stderr]    Compiling grideye v0.2.4 (/opt/rustwide/workdir)
[INFO] [stdout] error[E0463]: can't find crate for `cortex_m`
[INFO] [stdout]  --> examples/stm32.rs:9:1
[INFO] [stdout]   |
[INFO] [stdout] 9 | extern crate cortex_m;
[INFO] [stdout]   | ^^^^^^^^^^^^^^^^^^^^^^ can't find crate
[INFO] [stdout] 
[INFO] [stdout] 
[INFO] [stdout] error[E0463]: can't find crate for `cortex_m_rt`
[INFO] [stdout]   --> examples/stm32.rs:12:1
[INFO] [stdout]    |
[INFO] [stdout] 12 | extern crate cortex_m_rt as rt;
[INFO] [stdout]    | ^^^^^^^^^^^^^^^^^^^^^^^^^^^^^^^ can't find crate
[INFO] [stdout] 
[INFO] [stdout] 
[INFO] [stdout] error[E0463]: can't find crate for `panic_semihosting`
[INFO] [stdout]   --> examples/stm32.rs:16:1
[INFO] [stdout]    |
[INFO] [stdout] 16 | extern crate panic_semihosting;
[INFO] [stdout]    | ^^^^^^^^^^^^^^^^^^^^^^^^^^^^^^^ can't find crate
[INFO] [stdout] 
[INFO] [stdout] 
[INFO] [stdout] error[E0463]: can't find crate for `stm32f4`
[INFO] [stdout]   --> examples/stm32.rs:17:1
[INFO] [stdout]    |
[INFO] [stdout] 17 | extern crate stm32f4;
[INFO] [stdout]    | ^^^^^^^^^^^^^^^^^^^^^ can't find crate
[INFO] [stdout] 
[INFO] [stdout] 
[INFO] [stdout] For more information about this error, try `rustc --explain E0463`.
[INFO] [stdout] 
[INFO] [stdout] warning: unnecessary parentheses around type
[INFO] [stdout]    --> src/lib.rs:116:47
[INFO] [stdout]     |
[INFO] [stdout] 116 |     pub fn get_framerate(&mut self) -> Result<(Framerate), Error<E>> {
[INFO] [stdout]     |                                               ^         ^
[INFO] [stdout]     |
[INFO] [stdout]     = note: `#[warn(unused_parens)]` on by default
[INFO] [stdout] help: remove these parentheses
[INFO] [stdout]     |
[INFO] [stdout] 116 -     pub fn get_framerate(&mut self) -> Result<(Framerate), Error<E>> {
[INFO] [stdout] 116 +     pub fn get_framerate(&mut self) -> Result<Framerate, Error<E>> {
[INFO] [stdout]     |
[INFO] [stdout] 
[INFO] [stdout] 
[INFO] [stderr] error: could not compile `grideye` (example "stm32") due to 4 previous errors
[INFO] [stderr] warning: build failed, waiting for other jobs to finish...
[INFO] running `Command { std: "docker" "inspect" "be69d5c4bde85ff4a805dfabe898866c5dea8268c25fc57fbf47548718d0282e", kill_on_drop: false }`
[INFO] running `Command { std: "docker" "rm" "-f" "be69d5c4bde85ff4a805dfabe898866c5dea8268c25fc57fbf47548718d0282e", kill_on_drop: false }`
[INFO] [stdout] be69d5c4bde85ff4a805dfabe898866c5dea8268c25fc57fbf47548718d0282e
