[INFO] fetching crate gravitron_ecs 0.2.0...
[INFO] testing gravitron_ecs-0.2.0 against nightly-2024-10-28 for randomize-layout
[INFO] extracting crate gravitron_ecs 0.2.0 into /workspace/builds/worker-6-tc1/source
[INFO] validating manifest of crates.io crate gravitron_ecs 0.2.0 on toolchain nightly-2024-10-28
[INFO] running `Command { std: CARGO_HOME="/workspace/cargo-home" RUSTUP_HOME="/workspace/rustup-home" "/workspace/cargo-home/bin/cargo" "+nightly-2024-10-28" "metadata" "--manifest-path" "Cargo.toml" "--no-deps", kill_on_drop: false }`
[INFO] started tweaking crates.io crate gravitron_ecs 0.2.0
[INFO] finished tweaking crates.io crate gravitron_ecs 0.2.0
[INFO] tweaked toml for crates.io crate gravitron_ecs 0.2.0 written to /workspace/builds/worker-6-tc1/source/Cargo.toml
[INFO] running `Command { std: CARGO_HOME="/workspace/cargo-home" RUSTUP_HOME="/workspace/rustup-home" "/workspace/cargo-home/bin/cargo" "+nightly-2024-10-28" "generate-lockfile" "--manifest-path" "Cargo.toml", kill_on_drop: false }`
[INFO] [stderr]     Blocking waiting for file lock on package cache
[INFO] [stderr]     Updating crates.io index
[INFO] [stderr]     Blocking waiting for file lock on package cache
[INFO] [stderr]      Locking 16 packages to latest compatible versions
[INFO] running `Command { std: CARGO_HOME="/workspace/cargo-home" RUSTUP_HOME="/workspace/rustup-home" "/workspace/cargo-home/bin/cargo" "+nightly-2024-10-28" "fetch" "--manifest-path" "Cargo.toml", kill_on_drop: false }`
[INFO] [stderr]     Blocking waiting for file lock on package cache
[INFO] [stderr]  Downloading crates ...
[INFO] [stderr]   Downloaded gravitron_utils v0.1.3
[INFO] [stderr]   Downloaded gravitron_macro_utils v0.1.1
[INFO] [stderr]   Downloaded gravitron_ecs_macros v0.1.4
[INFO] running `Command { std: "docker" "create" "-v" "/var/lib/crater-agent-workspace/builds/worker-6-tc1/target:/opt/rustwide/target:rw,Z" "-v" "/var/lib/crater-agent-workspace/builds/worker-6-tc1/source:/opt/rustwide/workdir:ro,Z" "-v" "/var/lib/crater-agent-workspace/cargo-home:/opt/rustwide/cargo-home:ro,Z" "-v" "/var/lib/crater-agent-workspace/rustup-home:/opt/rustwide/rustup-home:ro,Z" "-e" "SOURCE_DIR=/opt/rustwide/workdir" "-e" "CARGO_TARGET_DIR=/opt/rustwide/target" "-e" "CARGO_HOME=/opt/rustwide/cargo-home" "-e" "RUSTUP_HOME=/opt/rustwide/rustup-home" "-w" "/opt/rustwide/workdir" "-m" "1610612736" "--user" "0:0" "--network" "none" "ghcr.io/rust-lang/crates-build-env/linux@sha256:4a844ea9eb2546a2d2c7022eacef16ef2e8229c7fbb2c7d4d55a9ceca922f72d" "/opt/rustwide/cargo-home/bin/cargo" "+nightly-2024-10-28" "metadata" "--no-deps" "--format-version=1", kill_on_drop: false }`
[INFO] [stdout] 74140ccf2fc8afa2a91b8a3dcbce6af38416eddb21dfb97134f7567094a24d76
[INFO] running `Command { std: "docker" "start" "-a" "74140ccf2fc8afa2a91b8a3dcbce6af38416eddb21dfb97134f7567094a24d76", kill_on_drop: false }`
[INFO] running `Command { std: "docker" "inspect" "74140ccf2fc8afa2a91b8a3dcbce6af38416eddb21dfb97134f7567094a24d76", kill_on_drop: false }`
[INFO] running `Command { std: "docker" "rm" "-f" "74140ccf2fc8afa2a91b8a3dcbce6af38416eddb21dfb97134f7567094a24d76", kill_on_drop: false }`
[INFO] [stdout] 74140ccf2fc8afa2a91b8a3dcbce6af38416eddb21dfb97134f7567094a24d76
[INFO] running `Command { std: "docker" "create" "-v" "/var/lib/crater-agent-workspace/builds/worker-6-tc1/target:/opt/rustwide/target:rw,Z" "-v" "/var/lib/crater-agent-workspace/builds/worker-6-tc1/source:/opt/rustwide/workdir:ro,Z" "-v" "/var/lib/crater-agent-workspace/cargo-home:/opt/rustwide/cargo-home:ro,Z" "-v" "/var/lib/crater-agent-workspace/rustup-home:/opt/rustwide/rustup-home:ro,Z" "-e" "SOURCE_DIR=/opt/rustwide/workdir" "-e" "CARGO_TARGET_DIR=/opt/rustwide/target" "-e" "CARGO_INCREMENTAL=0" "-e" "RUST_BACKTRACE=full" "-e" "RUSTFLAGS=--cap-lints=forbid" "-e" "RUSTDOCFLAGS=--cap-lints=forbid" "-e" "CARGO_HOME=/opt/rustwide/cargo-home" "-e" "RUSTUP_HOME=/opt/rustwide/rustup-home" "-w" "/opt/rustwide/workdir" "-m" "1610612736" "--user" "0:0" "--network" "none" "ghcr.io/rust-lang/crates-build-env/linux@sha256:4a844ea9eb2546a2d2c7022eacef16ef2e8229c7fbb2c7d4d55a9ceca922f72d" "/opt/rustwide/cargo-home/bin/cargo" "+nightly-2024-10-28" "build" "--frozen" "--message-format=json", kill_on_drop: false }`
[INFO] [stdout] 774a6da64bed8b8684e3cee39180de8e6bc63bd5f0b0255a18200145f2231c87
[INFO] running `Command { std: "docker" "start" "-a" "774a6da64bed8b8684e3cee39180de8e6bc63bd5f0b0255a18200145f2231c87", kill_on_drop: false }`
[INFO] [stderr]    Compiling proc-macro2 v1.0.89
[INFO] [stderr]    Compiling unicode-ident v1.0.13
[INFO] [stderr]    Compiling equivalent v1.0.1
[INFO] [stderr]    Compiling hashbrown v0.15.0
[INFO] [stderr]    Compiling toml_datetime v0.6.8
[INFO] [stderr]    Compiling winnow v0.6.20
[INFO] [stderr]    Compiling log v0.4.22
[INFO] [stderr]    Compiling downcast v0.11.0
[INFO] [stderr]    Compiling gravitron_utils v0.1.3
[INFO] [stderr]    Compiling indexmap v2.6.0
[INFO] [stderr]    Compiling quote v1.0.37
[INFO] [stderr]    Compiling syn v2.0.86
[INFO] [stderr]    Compiling toml_edit v0.22.22
[INFO] [stderr]    Compiling gravitron_macro_utils v0.1.1
[INFO] [stderr]    Compiling gravitron_ecs_macros v0.1.4
[INFO] [stderr]    Compiling gravitron_ecs v0.2.0 (/opt/rustwide/workdir)
[INFO] [stderr]     Finished `dev` profile [unoptimized + debuginfo] target(s) in 4.51s
[INFO] running `Command { std: "docker" "inspect" "774a6da64bed8b8684e3cee39180de8e6bc63bd5f0b0255a18200145f2231c87", kill_on_drop: false }`
[INFO] running `Command { std: "docker" "rm" "-f" "774a6da64bed8b8684e3cee39180de8e6bc63bd5f0b0255a18200145f2231c87", kill_on_drop: false }`
[INFO] [stdout] 774a6da64bed8b8684e3cee39180de8e6bc63bd5f0b0255a18200145f2231c87
[INFO] running `Command { std: "docker" "create" "-v" "/var/lib/crater-agent-workspace/builds/worker-6-tc1/target:/opt/rustwide/target:rw,Z" "-v" "/var/lib/crater-agent-workspace/builds/worker-6-tc1/source:/opt/rustwide/workdir:ro,Z" "-v" "/var/lib/crater-agent-workspace/cargo-home:/opt/rustwide/cargo-home:ro,Z" "-v" "/var/lib/crater-agent-workspace/rustup-home:/opt/rustwide/rustup-home:ro,Z" "-e" "SOURCE_DIR=/opt/rustwide/workdir" "-e" "CARGO_TARGET_DIR=/opt/rustwide/target" "-e" "CARGO_INCREMENTAL=0" "-e" "RUST_BACKTRACE=full" "-e" "RUSTFLAGS=--cap-lints=forbid" "-e" "RUSTDOCFLAGS=--cap-lints=forbid" "-e" "CARGO_HOME=/opt/rustwide/cargo-home" "-e" "RUSTUP_HOME=/opt/rustwide/rustup-home" "-w" "/opt/rustwide/workdir" "-m" "1610612736" "--user" "0:0" "--network" "none" "ghcr.io/rust-lang/crates-build-env/linux@sha256:4a844ea9eb2546a2d2c7022eacef16ef2e8229c7fbb2c7d4d55a9ceca922f72d" "/opt/rustwide/cargo-home/bin/cargo" "+nightly-2024-10-28" "test" "--frozen" "--no-run" "--message-format=json", kill_on_drop: false }`
[INFO] [stdout] db1fc4653f99aef380324a23fe8d0ef4dd1841e0ce83935bef86f86b844e8239
[INFO] running `Command { std: "docker" "start" "-a" "db1fc4653f99aef380324a23fe8d0ef4dd1841e0ce83935bef86f86b844e8239", kill_on_drop: false }`
[INFO] [stderr]    Compiling gravitron_ecs v0.2.0 (/opt/rustwide/workdir)
[INFO] [stdout] error[E0605]: non-primitive cast: `TypeId` as `u64`
[INFO] [stdout]    --> src/commands.rs:161:12
[INFO] [stdout]     |
[INFO] [stdout] 161 |   #[derive(Component)]
[INFO] [stdout]     |            ^^^^^^^^^ an `as` expression can only be used to convert between primitive types or to coerce to a specific trait object
[INFO] [stdout]     |
[INFO] [stdout]     = note: this error originates in the derive macro `Component` (in Nightly builds, run with -Z macro-backtrace for more info)
[INFO] [stdout] 
[INFO] [stdout] 
[INFO] [stdout] error[E0605]: non-primitive cast: `TypeId` as `u64`
[INFO] [stdout]   --> src/components.rs:19:12
[INFO] [stdout]    |
[INFO] [stdout] 19 |   #[derive(Component)]
[INFO] [stdout]    |            ^^^^^^^^^ an `as` expression can only be used to convert between primitive types or to coerce to a specific trait object
[INFO] [stdout]    |
[INFO] [stdout]    = note: this error originates in the derive macro `Component` (in Nightly builds, run with -Z macro-backtrace for more info)
[INFO] [stdout] 
[INFO] [stdout] 
[INFO] [stdout] error[E0605]: non-primitive cast: `TypeId` as `u64`
[INFO] [stdout]   --> src/components.rs:22:12
[INFO] [stdout]    |
[INFO] [stdout] 22 |   #[derive(Component)]
[INFO] [stdout]    |            ^^^^^^^^^ an `as` expression can only be used to convert between primitive types or to coerce to a specific trait object
[INFO] [stdout]    |
[INFO] [stdout]    = note: this error originates in the derive macro `Component` (in Nightly builds, run with -Z macro-backtrace for more info)
[INFO] [stdout] 
[INFO] [stdout] 
[INFO] [stdout] error[E0605]: non-primitive cast: `TypeId` as `u64`
[INFO] [stdout]    --> src/storage.rs:314:12
[INFO] [stdout]     |
[INFO] [stdout] 314 |   #[derive(Component)]
[INFO] [stdout]     |            ^^^^^^^^^ an `as` expression can only be used to convert between primitive types or to coerce to a specific trait object
[INFO] [stdout]     |
[INFO] [stdout]     = note: this error originates in the derive macro `Component` (in Nightly builds, run with -Z macro-backtrace for more info)
[INFO] [stdout] 
[INFO] [stdout] 
[INFO] [stdout] error[E0605]: non-primitive cast: `TypeId` as `u64`
[INFO] [stdout]    --> src/systems/metadata.rs:134:12
[INFO] [stdout]     |
[INFO] [stdout] 134 |   #[derive(Component)]
[INFO] [stdout]     |            ^^^^^^^^^ an `as` expression can only be used to convert between primitive types or to coerce to a specific trait object
[INFO] [stdout]     |
[INFO] [stdout]     = note: this error originates in the derive macro `Component` (in Nightly builds, run with -Z macro-backtrace for more info)
[INFO] [stdout] 
[INFO] [stdout] 
[INFO] [stdout] error[E0605]: non-primitive cast: `TypeId` as `u64`
[INFO] [stdout]    --> src/systems/metadata.rs:137:12
[INFO] [stdout]     |
[INFO] [stdout] 137 |   #[derive(Component)]
[INFO] [stdout]     |            ^^^^^^^^^ an `as` expression can only be used to convert between primitive types or to coerce to a specific trait object
[INFO] [stdout]     |
[INFO] [stdout]     = note: this error originates in the derive macro `Component` (in Nightly builds, run with -Z macro-backtrace for more info)
[INFO] [stdout] 
[INFO] [stdout] 
[INFO] [stdout] error[E0605]: non-primitive cast: `TypeId` as `u64`
[INFO] [stdout]   --> src/lib.rs:97:12
[INFO] [stdout]    |
[INFO] [stdout] 97 |   #[derive(Component)]
[INFO] [stdout]    |            ^^^^^^^^^ an `as` expression can only be used to convert between primitive types or to coerce to a specific trait object
[INFO] [stdout]    |
[INFO] [stdout]    = note: this error originates in the derive macro `Component` (in Nightly builds, run with -Z macro-backtrace for more info)
[INFO] [stdout] 
[INFO] [stdout] 
[INFO] [stdout] error[E0605]: non-primitive cast: `TypeId` as `u64`
[INFO] [stdout]    --> src/lib.rs:102:12
[INFO] [stdout]     |
[INFO] [stdout] 102 |   #[derive(Component)]
[INFO] [stdout]     |            ^^^^^^^^^ an `as` expression can only be used to convert between primitive types or to coerce to a specific trait object
[INFO] [stdout]     |
[INFO] [stdout]     = note: this error originates in the derive macro `Component` (in Nightly builds, run with -Z macro-backtrace for more info)
[INFO] [stdout] 
[INFO] [stdout] 
[INFO] [stdout] For more information about this error, try `rustc --explain E0605`.
[INFO] [stdout] 
[INFO] [stderr] error: could not compile `gravitron_ecs` (lib test) due to 8 previous errors
[INFO] running `Command { std: "docker" "inspect" "db1fc4653f99aef380324a23fe8d0ef4dd1841e0ce83935bef86f86b844e8239", kill_on_drop: false }`
[INFO] running `Command { std: "docker" "rm" "-f" "db1fc4653f99aef380324a23fe8d0ef4dd1841e0ce83935bef86f86b844e8239", kill_on_drop: false }`
[INFO] [stdout] db1fc4653f99aef380324a23fe8d0ef4dd1841e0ce83935bef86f86b844e8239
