[INFO] fetching crate grapl-graph-descriptions-py 0.1.3...
[INFO] testing grapl-graph-descriptions-py-0.1.3 against nightly-2024-10-28 for randomize-layout
[INFO] extracting crate grapl-graph-descriptions-py 0.1.3 into /workspace/builds/worker-5-tc1/source
[INFO] validating manifest of crates.io crate grapl-graph-descriptions-py 0.1.3 on toolchain nightly-2024-10-28
[INFO] running `Command { std: CARGO_HOME="/workspace/cargo-home" RUSTUP_HOME="/workspace/rustup-home" "/workspace/cargo-home/bin/cargo" "+nightly-2024-10-28" "metadata" "--manifest-path" "Cargo.toml" "--no-deps", kill_on_drop: false }`
[INFO] started tweaking crates.io crate grapl-graph-descriptions-py 0.1.3
[INFO] finished tweaking crates.io crate grapl-graph-descriptions-py 0.1.3
[INFO] tweaked toml for crates.io crate grapl-graph-descriptions-py 0.1.3 written to /workspace/builds/worker-5-tc1/source/Cargo.toml
[INFO] running `Command { std: CARGO_HOME="/workspace/cargo-home" RUSTUP_HOME="/workspace/rustup-home" "/workspace/cargo-home/bin/cargo" "+nightly-2024-10-28" "generate-lockfile" "--manifest-path" "Cargo.toml", kill_on_drop: false }`
[INFO] [stderr]     Blocking waiting for file lock on package cache
[INFO] [stderr]     Updating crates.io index
[INFO] [stderr]      Locking 84 packages to latest compatible versions
[INFO] [stderr]       Adding indoc-impl v0.3.6 (available: v0.3.7)
[INFO] [stderr]       Adding pyo3 v0.8.5 (available: v0.22.5)
[INFO] running `Command { std: CARGO_HOME="/workspace/cargo-home" RUSTUP_HOME="/workspace/rustup-home" "/workspace/cargo-home/bin/cargo" "+nightly-2024-10-28" "fetch" "--manifest-path" "Cargo.toml", kill_on_drop: false }`
[INFO] [stderr]  Downloading crates ...
[INFO] [stderr]   Downloaded grapl-graph-descriptions v0.2.10
[INFO] running `Command { std: "docker" "create" "-v" "/var/lib/crater-agent-workspace/builds/worker-5-tc1/target:/opt/rustwide/target:rw,Z" "-v" "/var/lib/crater-agent-workspace/builds/worker-5-tc1/source:/opt/rustwide/workdir:ro,Z" "-v" "/var/lib/crater-agent-workspace/cargo-home:/opt/rustwide/cargo-home:ro,Z" "-v" "/var/lib/crater-agent-workspace/rustup-home:/opt/rustwide/rustup-home:ro,Z" "-e" "SOURCE_DIR=/opt/rustwide/workdir" "-e" "CARGO_TARGET_DIR=/opt/rustwide/target" "-e" "CARGO_HOME=/opt/rustwide/cargo-home" "-e" "RUSTUP_HOME=/opt/rustwide/rustup-home" "-w" "/opt/rustwide/workdir" "-m" "1610612736" "--user" "0:0" "--network" "none" "ghcr.io/rust-lang/crates-build-env/linux@sha256:4a844ea9eb2546a2d2c7022eacef16ef2e8229c7fbb2c7d4d55a9ceca922f72d" "/opt/rustwide/cargo-home/bin/cargo" "+nightly-2024-10-28" "metadata" "--no-deps" "--format-version=1", kill_on_drop: false }`
[INFO] [stdout] 7129bad04af3c7c8f6cedc00cf830bfd049b95b2bbc54019fd958bc12b804d46
[INFO] running `Command { std: "docker" "start" "-a" "7129bad04af3c7c8f6cedc00cf830bfd049b95b2bbc54019fd958bc12b804d46", kill_on_drop: false }`
[INFO] running `Command { std: "docker" "inspect" "7129bad04af3c7c8f6cedc00cf830bfd049b95b2bbc54019fd958bc12b804d46", kill_on_drop: false }`
[INFO] running `Command { std: "docker" "rm" "-f" "7129bad04af3c7c8f6cedc00cf830bfd049b95b2bbc54019fd958bc12b804d46", kill_on_drop: false }`
[INFO] [stdout] 7129bad04af3c7c8f6cedc00cf830bfd049b95b2bbc54019fd958bc12b804d46
[INFO] running `Command { std: "docker" "create" "-v" "/var/lib/crater-agent-workspace/builds/worker-5-tc1/target:/opt/rustwide/target:rw,Z" "-v" "/var/lib/crater-agent-workspace/builds/worker-5-tc1/source:/opt/rustwide/workdir:ro,Z" "-v" "/var/lib/crater-agent-workspace/cargo-home:/opt/rustwide/cargo-home:ro,Z" "-v" "/var/lib/crater-agent-workspace/rustup-home:/opt/rustwide/rustup-home:ro,Z" "-e" "SOURCE_DIR=/opt/rustwide/workdir" "-e" "CARGO_TARGET_DIR=/opt/rustwide/target" "-e" "CARGO_INCREMENTAL=0" "-e" "RUST_BACKTRACE=full" "-e" "RUSTFLAGS=--cap-lints=forbid" "-e" "RUSTDOCFLAGS=--cap-lints=forbid" "-e" "CARGO_HOME=/opt/rustwide/cargo-home" "-e" "RUSTUP_HOME=/opt/rustwide/rustup-home" "-w" "/opt/rustwide/workdir" "-m" "1610612736" "--user" "0:0" "--network" "none" "ghcr.io/rust-lang/crates-build-env/linux@sha256:4a844ea9eb2546a2d2c7022eacef16ef2e8229c7fbb2c7d4d55a9ceca922f72d" "/opt/rustwide/cargo-home/bin/cargo" "+nightly-2024-10-28" "build" "--frozen" "--message-format=json", kill_on_drop: false }`
[INFO] [stdout] bbd78e4e018c049c1e70327a33fbdc4ada009372f3da4498c64d74e4b4bab7fd
[INFO] running `Command { std: "docker" "start" "-a" "bbd78e4e018c049c1e70327a33fbdc4ada009372f3da4498c64d74e4b4bab7fd", kill_on_drop: false }`
[INFO] [stderr]    Compiling syn v1.0.109
[INFO] [stderr]    Compiling autocfg v1.4.0
[INFO] [stderr]    Compiling libc v0.2.161
[INFO] [stderr]    Compiling either v1.13.0
[INFO] [stderr]    Compiling proc-macro-hack v0.5.20+deprecated
[INFO] [stderr]    Compiling rustix v0.38.38
[INFO] [stderr]    Compiling strsim v0.9.3
[INFO] [stderr]    Compiling bytes v0.5.6
[INFO] [stderr]    Compiling bitflags v2.6.0
[INFO] [stderr]    Compiling linux-raw-sys v0.4.14
[INFO] [stderr]    Compiling fnv v1.0.7
[INFO] [stderr]    Compiling ident_case v1.0.1
[INFO] [stderr]    Compiling hashbrown v0.12.3
[INFO] [stderr]    Compiling aho-corasick v1.1.3
[INFO] [stderr]    Compiling syn v2.0.86
[INFO] [stderr]    Compiling once_cell v1.20.2
[INFO] [stderr]    Compiling fastrand v2.1.1
[INFO] [stderr]    Compiling fixedbitset v0.2.0
[INFO] [stderr]    Compiling regex-syntax v0.8.5
[INFO] [stderr]    Compiling itertools v0.8.2
[INFO] [stderr]    Compiling multimap v0.8.3
[INFO] [stderr]    Compiling unindent v0.1.11
[INFO] [stderr]    Compiling inventory v0.1.11
[INFO] [stderr]    Compiling lazy_static v1.5.0
[INFO] [stderr]    Compiling version_check v0.9.5
[INFO] [stderr]    Compiling thiserror v1.0.66
[INFO] [stderr]    Compiling derive_builder v0.9.0
[INFO] [stderr]    Compiling indexmap v1.9.3
[INFO] [stderr]    Compiling num-traits v0.2.19
[INFO] [stderr]    Compiling paste-impl v0.1.18
[INFO] [stderr]    Compiling petgraph v0.5.1
[INFO] [stderr]    Compiling paste v0.1.18
[INFO] [stderr]    Compiling which v3.1.1
[INFO] [stderr]    Compiling getrandom v0.2.15
[INFO] [stderr]    Compiling uuid v0.8.2
[INFO] [stderr]    Compiling prost-build v0.6.1
[INFO] [stderr]    Compiling regex-automata v0.4.8
[INFO] [stderr]    Compiling serde_derive v1.0.214
[INFO] [stderr]    Compiling ghost v0.1.17
[INFO] [stderr]    Compiling thiserror-impl v1.0.66
[INFO] [stderr]    Compiling tempfile v3.13.0
[INFO] [stderr]    Compiling darling_core v0.10.2
[INFO] [stderr]    Compiling pyo3-derive-backend v0.8.5
[INFO] [stderr]    Compiling prost-derive v0.6.1
[INFO] [stderr]    Compiling inventory-impl v0.1.11
[INFO] [stderr]    Compiling indoc-impl v0.3.6
[INFO] [stderr]    Compiling ctor v0.1.26
[INFO] [stderr]    Compiling regex v1.11.1
[INFO] [stderr]    Compiling indoc v0.3.6
[INFO] [stderr]    Compiling pyo3cls v0.8.5
[INFO] [stderr]    Compiling serde v1.0.214
[INFO] [stderr]    Compiling darling_macro v0.10.2
[INFO] [stderr]    Compiling prost v0.6.1
[INFO] [stderr]    Compiling darling v0.10.2
[INFO] [stderr]    Compiling derive_builder_core v0.9.0
[INFO] [stderr]    Compiling prost-types v0.6.1
[INFO] [stderr]    Compiling grapl-graph-descriptions v0.2.10
[INFO] [stderr]    Compiling serde_json v1.0.132
[INFO] [stderr]    Compiling pyo3 v0.8.5
[INFO] [stderr]    Compiling grapl-graph-descriptions-py v0.1.3 (/opt/rustwide/workdir)
[INFO] [stdout] warning: unused import: `Node`
[INFO] [stdout]  --> src/graph.rs:1:72
[INFO] [stdout]   |
[INFO] [stdout] 1 | use grapl_graph_descriptions::graph_description::{Graph as InnerGraph, Node};
[INFO] [stdout]   |                                                                        ^^^^
[INFO] [stdout]   |
[INFO] [stdout]   = note: `#[warn(unused_imports)]` on by default
[INFO] [stdout] 
[INFO] [stdout] 
[INFO] [stdout] warning: field `inner_node` is never read
[INFO] [stdout]   --> src/ip_connection_node.rs:12:5
[INFO] [stdout]    |
[INFO] [stdout] 11 | pub struct IpConnectionNode {
[INFO] [stdout]    |            ---------------- field in this struct
[INFO] [stdout] 12 |     inner_node: InnerIpConnection,
[INFO] [stdout]    |     ^^^^^^^^^^
[INFO] [stdout]    |
[INFO] [stdout]    = note: `IpConnectionNode` has a derived impl for the trait `Clone`, but this is intentionally ignored during dead code analysis
[INFO] [stdout]    = note: `#[warn(dead_code)]` on by default
[INFO] [stdout] 
[INFO] [stdout] 
[INFO] [stdout] warning: field `inner_node` is never read
[INFO] [stdout]   --> src/process_outbound_connection_node.rs:12:5
[INFO] [stdout]    |
[INFO] [stdout] 11 | pub struct ProcessOutboundConnectionNode {
[INFO] [stdout]    |            ----------------------------- field in this struct
[INFO] [stdout] 12 |     inner_node: InnerProcessOutboundConnection,
[INFO] [stdout]    |     ^^^^^^^^^^
[INFO] [stdout]    |
[INFO] [stdout]    = note: `ProcessOutboundConnectionNode` has a derived impl for the trait `Clone`, but this is intentionally ignored during dead code analysis
[INFO] [stdout] 
[INFO] [stdout] 
[INFO] [stderr]     Finished `dev` profile [unoptimized + debuginfo] target(s) in 12.26s
[INFO] [stderr] warning: the following packages contain code that will be rejected by a future version of Rust: pyo3 v0.8.5
[INFO] [stderr] note: to see what the problems were, use the option `--future-incompat-report`, or run `cargo report future-incompatibilities --id 1`
[INFO] running `Command { std: "docker" "inspect" "bbd78e4e018c049c1e70327a33fbdc4ada009372f3da4498c64d74e4b4bab7fd", kill_on_drop: false }`
[INFO] running `Command { std: "docker" "rm" "-f" "bbd78e4e018c049c1e70327a33fbdc4ada009372f3da4498c64d74e4b4bab7fd", kill_on_drop: false }`
[INFO] [stdout] bbd78e4e018c049c1e70327a33fbdc4ada009372f3da4498c64d74e4b4bab7fd
[INFO] running `Command { std: "docker" "create" "-v" "/var/lib/crater-agent-workspace/builds/worker-5-tc1/target:/opt/rustwide/target:rw,Z" "-v" "/var/lib/crater-agent-workspace/builds/worker-5-tc1/source:/opt/rustwide/workdir:ro,Z" "-v" "/var/lib/crater-agent-workspace/cargo-home:/opt/rustwide/cargo-home:ro,Z" "-v" "/var/lib/crater-agent-workspace/rustup-home:/opt/rustwide/rustup-home:ro,Z" "-e" "SOURCE_DIR=/opt/rustwide/workdir" "-e" "CARGO_TARGET_DIR=/opt/rustwide/target" "-e" "CARGO_INCREMENTAL=0" "-e" "RUST_BACKTRACE=full" "-e" "RUSTFLAGS=--cap-lints=forbid" "-e" "RUSTDOCFLAGS=--cap-lints=forbid" "-e" "CARGO_HOME=/opt/rustwide/cargo-home" "-e" "RUSTUP_HOME=/opt/rustwide/rustup-home" "-w" "/opt/rustwide/workdir" "-m" "1610612736" "--user" "0:0" "--network" "none" "ghcr.io/rust-lang/crates-build-env/linux@sha256:4a844ea9eb2546a2d2c7022eacef16ef2e8229c7fbb2c7d4d55a9ceca922f72d" "/opt/rustwide/cargo-home/bin/cargo" "+nightly-2024-10-28" "test" "--frozen" "--no-run" "--message-format=json", kill_on_drop: false }`
[INFO] [stdout] 0beace923e6260d80e1fdadf01b4b85e1eb33cc30105ba2e47592f624cd46649
[INFO] running `Command { std: "docker" "start" "-a" "0beace923e6260d80e1fdadf01b4b85e1eb33cc30105ba2e47592f624cd46649", kill_on_drop: false }`
[INFO] [stdout] warning: unused import: `Node`
[INFO] [stdout]  --> src/graph.rs:1:72
[INFO] [stdout]   |
[INFO] [stdout] 1 | use grapl_graph_descriptions::graph_description::{Graph as InnerGraph, Node};
[INFO] [stdout]   |                                                                        ^^^^
[INFO] [stdout]   |
[INFO] [stdout]   = note: `#[warn(unused_imports)]` on by default
[INFO] [stdout] 
[INFO] [stdout] 
[INFO] [stdout] warning: field `inner_node` is never read
[INFO] [stdout]   --> src/ip_connection_node.rs:12:5
[INFO] [stdout]    |
[INFO] [stdout] 11 | pub struct IpConnectionNode {
[INFO] [stdout]    |            ---------------- field in this struct
[INFO] [stdout] 12 |     inner_node: InnerIpConnection,
[INFO] [stdout]    |     ^^^^^^^^^^
[INFO] [stdout]    |
[INFO] [stdout]    = note: `IpConnectionNode` has a derived impl for the trait `Clone`, but this is intentionally ignored during dead code analysis
[INFO] [stdout]    = note: `#[warn(dead_code)]` on by default
[INFO] [stdout] 
[INFO] [stdout] 
[INFO] [stdout] warning: field `inner_node` is never read
[INFO] [stdout]   --> src/process_outbound_connection_node.rs:12:5
[INFO] [stdout]    |
[INFO] [stdout] 11 | pub struct ProcessOutboundConnectionNode {
[INFO] [stdout]    |            ----------------------------- field in this struct
[INFO] [stdout] 12 |     inner_node: InnerProcessOutboundConnection,
[INFO] [stdout]    |     ^^^^^^^^^^
[INFO] [stdout]    |
[INFO] [stdout]    = note: `ProcessOutboundConnectionNode` has a derived impl for the trait `Clone`, but this is intentionally ignored during dead code analysis
[INFO] [stdout] 
[INFO] [stdout] 
[INFO] [stderr]    Compiling grapl-graph-descriptions-py v0.1.3 (/opt/rustwide/workdir)
[INFO] [stdout] warning: unused import: `Node`
[INFO] [stdout]  --> src/graph.rs:1:72
[INFO] [stdout]   |
[INFO] [stdout] 1 | use grapl_graph_descriptions::graph_description::{Graph as InnerGraph, Node};
[INFO] [stdout]   |                                                                        ^^^^
[INFO] [stdout]   |
[INFO] [stdout]   = note: `#[warn(unused_imports)]` on by default
[INFO] [stdout] 
[INFO] [stdout] 
[INFO] [stdout] warning: field `inner_node` is never read
[INFO] [stdout]   --> src/ip_connection_node.rs:12:5
[INFO] [stdout]    |
[INFO] [stdout] 11 | pub struct IpConnectionNode {
[INFO] [stdout]    |            ---------------- field in this struct
[INFO] [stdout] 12 |     inner_node: InnerIpConnection,
[INFO] [stdout]    |     ^^^^^^^^^^
[INFO] [stdout]    |
[INFO] [stdout]    = note: `IpConnectionNode` has a derived impl for the trait `Clone`, but this is intentionally ignored during dead code analysis
[INFO] [stdout]    = note: `#[warn(dead_code)]` on by default
[INFO] [stdout] 
[INFO] [stdout] 
[INFO] [stdout] warning: field `inner_node` is never read
[INFO] [stdout]   --> src/process_outbound_connection_node.rs:12:5
[INFO] [stdout]    |
[INFO] [stdout] 11 | pub struct ProcessOutboundConnectionNode {
[INFO] [stdout]    |            ----------------------------- field in this struct
[INFO] [stdout] 12 |     inner_node: InnerProcessOutboundConnection,
[INFO] [stdout]    |     ^^^^^^^^^^
[INFO] [stdout]    |
[INFO] [stdout]    = note: `ProcessOutboundConnectionNode` has a derived impl for the trait `Clone`, but this is intentionally ignored during dead code analysis
[INFO] [stdout] 
[INFO] [stdout] 
[INFO] [stdout] error: linking with `cc` failed: exit status: 1
[INFO] [stdout]   |
[INFO] [stdout]   = note: LC_ALL="C" PATH="/opt/rustwide/rustup-home/toolchains/nightly-2024-10-28-x86_64-unknown-linux-gnu/lib/rustlib/x86_64-unknown-linux-gnu/bin:/opt/rustwide/rustup-home/toolchains/nightly-2024-10-28-x86_64-unknown-linux-gnu/lib/rustlib/x86_64-unknown-linux-gnu/bin/self-contained:/opt/rustwide/cargo-home/bin:/usr/local/sbin:/usr/local/bin:/usr/sbin:/usr/bin:/sbin:/bin" VSLANG="1033" "cc" "-m64" "/tmp/rustc5RoZm4/symbols.o" "/opt/rustwide/target/debug/deps/grapl_graph_descriptions_py-85845836ab63e468.grapl_graph_descriptions_py.9249e226ba9f5d5f-cgu.00.rcgu.o" "/opt/rustwide/target/debug/deps/grapl_graph_descriptions_py-85845836ab63e468.grapl_graph_descriptions_py.9249e226ba9f5d5f-cgu.01.rcgu.o" "/opt/rustwide/target/debug/deps/grapl_graph_descriptions_py-85845836ab63e468.grapl_graph_descriptions_py.9249e226ba9f5d5f-cgu.02.rcgu.o" "/opt/rustwide/target/debug/deps/grapl_graph_descriptions_py-85845836ab63e468.grapl_graph_descriptions_py.9249e226ba9f5d5f-cgu.03.rcgu.o" "/opt/rustwide/target/debug/deps/grapl_graph_descriptions_py-85845836ab63e468.grapl_graph_descriptions_py.9249e226ba9f5d5f-cgu.04.rcgu.o" "/opt/rustwide/target/debug/deps/grapl_graph_descriptions_py-85845836ab63e468.grapl_graph_descriptions_py.9249e226ba9f5d5f-cgu.05.rcgu.o" "/opt/rustwide/target/debug/deps/grapl_graph_descriptions_py-85845836ab63e468.grapl_graph_descriptions_py.9249e226ba9f5d5f-cgu.06.rcgu.o" "/opt/rustwide/target/debug/deps/grapl_graph_descriptions_py-85845836ab63e468.grapl_graph_descriptions_py.9249e226ba9f5d5f-cgu.07.rcgu.o" "/opt/rustwide/target/debug/deps/grapl_graph_descriptions_py-85845836ab63e468.grapl_graph_descriptions_py.9249e226ba9f5d5f-cgu.08.rcgu.o" "/opt/rustwide/target/debug/deps/grapl_graph_descriptions_py-85845836ab63e468.grapl_graph_descriptions_py.9249e226ba9f5d5f-cgu.09.rcgu.o" "/opt/rustwide/target/debug/deps/grapl_graph_descriptions_py-85845836ab63e468.grapl_graph_descriptions_py.9249e226ba9f5d5f-cgu.10.rcgu.o" "/opt/rustwide/target/debug/deps/grapl_graph_descriptions_py-85845836ab63e468.grapl_graph_descriptions_py.9249e226ba9f5d5f-cgu.11.rcgu.o" "/opt/rustwide/target/debug/deps/grapl_graph_descriptions_py-85845836ab63e468.grapl_graph_descriptions_py.9249e226ba9f5d5f-cgu.12.rcgu.o" "/opt/rustwide/target/debug/deps/grapl_graph_descriptions_py-85845836ab63e468.grapl_graph_descriptions_py.9249e226ba9f5d5f-cgu.13.rcgu.o" "/opt/rustwide/target/debug/deps/grapl_graph_descriptions_py-85845836ab63e468.grapl_graph_descriptions_py.9249e226ba9f5d5f-cgu.14.rcgu.o" "/opt/rustwide/target/debug/deps/grapl_graph_descriptions_py-85845836ab63e468.grapl_graph_descriptions_py.9249e226ba9f5d5f-cgu.15.rcgu.o" "/opt/rustwide/target/debug/deps/grapl_graph_descriptions_py-85845836ab63e468.bbourxu0e94luh0tn41kkt8x9.rcgu.o" "-Wl,--as-needed" "-Wl,-Bstatic" "/opt/rustwide/rustup-home/toolchains/nightly-2024-10-28-x86_64-unknown-linux-gnu/lib/rustlib/x86_64-unknown-linux-gnu/lib/libtest-a09fad3b5321e7d6.rlib" "/opt/rustwide/rustup-home/toolchains/nightly-2024-10-28-x86_64-unknown-linux-gnu/lib/rustlib/x86_64-unknown-linux-gnu/lib/libgetopts-f9c3dff41ad42661.rlib" "/opt/rustwide/rustup-home/toolchains/nightly-2024-10-28-x86_64-unknown-linux-gnu/lib/rustlib/x86_64-unknown-linux-gnu/lib/libunicode_width-ad2aef31af6addd3.rlib" "/opt/rustwide/rustup-home/toolchains/nightly-2024-10-28-x86_64-unknown-linux-gnu/lib/rustlib/x86_64-unknown-linux-gnu/lib/librustc_std_workspace_std-e3f907dc03deb913.rlib" "/opt/rustwide/target/debug/deps/libgrapl_graph_descriptions-28b2c9207df877f0.rlib" "/opt/rustwide/target/debug/deps/libprost-b8cb2556900f0319.rlib" "/opt/rustwide/target/debug/deps/libbytes-79969d889c342fe2.rlib" "/opt/rustwide/target/debug/deps/libthiserror-5c234ddd5c70f28b.rlib" "/opt/rustwide/target/debug/deps/libuuid-9ef65579ae578cba.rlib" "/opt/rustwide/target/debug/deps/libgetrandom-98f9e59be9544545.rlib" "/opt/rustwide/target/debug/deps/libcfg_if-57bf25c23e31efdb.rlib" "/opt/rustwide/target/debug/deps/libserde_json-306dec0aa941dabd.rlib" "/opt/rustwide/target/debug/deps/libmemchr-34eb650b64c0b1fd.rlib" "/opt/rustwide/target/debug/deps/libitoa-add5260810035b6e.rlib" "/opt/rustwide/target/debug/deps/libryu-2ae7af5af0bb88e0.rlib" "/opt/rustwide/target/debug/deps/libserde-9bb3b3c4e7c82b78.rlib" "/opt/rustwide/target/debug/deps/liblog-b6b1a89bf87ced53.rlib" "/opt/rustwide/target/debug/deps/libpyo3-f2aac6966d983bd0.rlib" "/opt/rustwide/target/debug/deps/libnum_traits-e35ec60fee4843d4.rlib" "/opt/rustwide/target/debug/deps/libspin-aba4c1570e9c644e.rlib" "/opt/rustwide/target/debug/deps/libunindent-1e23dff4ebeeb400.rlib" "/opt/rustwide/target/debug/deps/liblibc-cf06f29c0a4f6ede.rlib" "/opt/rustwide/target/debug/deps/libinventory-2a9ed61f8663b724.rlib" "/opt/rustwide/target/debug/deps/libindoc-9d75ecdc7135abea.rlib" "/opt/rustwide/target/debug/deps/libpaste-4723de8a0398679a.rlib" "/opt/rustwide/rustup-home/toolchains/nightly-2024-10-28-x86_64-unknown-linux-gnu/lib/rustlib/x86_64-unknown-linux-gnu/lib/libstd-fb8c387236db3c10.rlib" "/opt/rustwide/rustup-home/toolchains/nightly-2024-10-28-x86_64-unknown-linux-gnu/lib/rustlib/x86_64-unknown-linux-gnu/lib/libpanic_unwind-b251837809b2f64b.rlib" "/opt/rustwide/rustup-home/toolchains/nightly-2024-10-28-x86_64-unknown-linux-gnu/lib/rustlib/x86_64-unknown-linux-gnu/lib/libobject-cbef83eaa4e01f04.rlib" "/opt/rustwide/rustup-home/toolchains/nightly-2024-10-28-x86_64-unknown-linux-gnu/lib/rustlib/x86_64-unknown-linux-gnu/lib/libmemchr-12a772286de2fca7.rlib" "/opt/rustwide/rustup-home/toolchains/nightly-2024-10-28-x86_64-unknown-linux-gnu/lib/rustlib/x86_64-unknown-linux-gnu/lib/libaddr2line-023bbe5ada7abfc3.rlib" "/opt/rustwide/rustup-home/toolchains/nightly-2024-10-28-x86_64-unknown-linux-gnu/lib/rustlib/x86_64-unknown-linux-gnu/lib/libgimli-de2bcdf10ec69c2b.rlib" "/opt/rustwide/rustup-home/toolchains/nightly-2024-10-28-x86_64-unknown-linux-gnu/lib/rustlib/x86_64-unknown-linux-gnu/lib/librustc_demangle-8e1754df350800fd.rlib" "/opt/rustwide/rustup-home/toolchains/nightly-2024-10-28-x86_64-unknown-linux-gnu/lib/rustlib/x86_64-unknown-linux-gnu/lib/libstd_detect-06c2ab7b9c32e037.rlib" "/opt/rustwide/rustup-home/toolchains/nightly-2024-10-28-x86_64-unknown-linux-gnu/lib/rustlib/x86_64-unknown-linux-gnu/lib/libhashbrown-51d2621fc57a281b.rlib" "/opt/rustwide/rustup-home/toolchains/nightly-2024-10-28-x86_64-unknown-linux-gnu/lib/rustlib/x86_64-unknown-linux-gnu/lib/librustc_std_workspace_alloc-54a930408793772f.rlib" "/opt/rustwide/rustup-home/toolchains/nightly-2024-10-28-x86_64-unknown-linux-gnu/lib/rustlib/x86_64-unknown-linux-gnu/lib/libminiz_oxide-0c7d01cba400dcb2.rlib" "/opt/rustwide/rustup-home/toolchains/nightly-2024-10-28-x86_64-unknown-linux-gnu/lib/rustlib/x86_64-unknown-linux-gnu/lib/libadler-b9f84d69e331b75b.rlib" "/opt/rustwide/rustup-home/toolchains/nightly-2024-10-28-x86_64-unknown-linux-gnu/lib/rustlib/x86_64-unknown-linux-gnu/lib/libunwind-eec95493246aae39.rlib" "/opt/rustwide/rustup-home/toolchains/nightly-2024-10-28-x86_64-unknown-linux-gnu/lib/rustlib/x86_64-unknown-linux-gnu/lib/libcfg_if-6f6676c475e08ab0.rlib" "/opt/rustwide/rustup-home/toolchains/nightly-2024-10-28-x86_64-unknown-linux-gnu/lib/rustlib/x86_64-unknown-linux-gnu/lib/liblibc-799d520624f8b2e0.rlib" "/opt/rustwide/rustup-home/toolchains/nightly-2024-10-28-x86_64-unknown-linux-gnu/lib/rustlib/x86_64-unknown-linux-gnu/lib/liballoc-fcf93d4842acd9a9.rlib" "/opt/rustwide/rustup-home/toolchains/nightly-2024-10-28-x86_64-unknown-linux-gnu/lib/rustlib/x86_64-unknown-linux-gnu/lib/librustc_std_workspace_core-395a38b8e0851c9b.rlib" "/opt/rustwide/rustup-home/toolchains/nightly-2024-10-28-x86_64-unknown-linux-gnu/lib/rustlib/x86_64-unknown-linux-gnu/lib/libcore-d453bab70303062c.rlib" "/opt/rustwide/rustup-home/toolchains/nightly-2024-10-28-x86_64-unknown-linux-gnu/lib/rustlib/x86_64-unknown-linux-gnu/lib/libcompiler_builtins-0e6386368b0a24e8.rlib" "-Wl,-Bdynamic" "-lgcc_s" "-lutil" "-lrt" "-lpthread" "-lm" "-ldl" "-lc" "-B/opt/rustwide/rustup-home/toolchains/nightly-2024-10-28-x86_64-unknown-linux-gnu/lib/rustlib/x86_64-unknown-linux-gnu/bin/gcc-ld" "-fuse-ld=lld" "-Wl,--eh-frame-hdr" "-Wl,-z,noexecstack" "-L" "/opt/rustwide/rustup-home/toolchains/nightly-2024-10-28-x86_64-unknown-linux-gnu/lib/rustlib/x86_64-unknown-linux-gnu/lib" "-o" "/opt/rustwide/target/debug/deps/grapl_graph_descriptions_py-85845836ab63e468" "-Wl,--gc-sections" "-pie" "-Wl,-z,relro,-z,now" "-nodefaultlibs"
[INFO] [stdout]   = note: rust-lld: error: undefined symbol: PyType_GenericAlloc
[INFO] [stdout]           >>> referenced by type_object.rs:195 (/opt/rustwide/cargo-home/registry/src/index.crates.io-6f17d22bba15001f/pyo3-0.8.5/src/type_object.rs:195)
[INFO] [stdout]           >>>               /opt/rustwide/target/debug/deps/grapl_graph_descriptions_py-85845836ab63e468.grapl_graph_descriptions_py.9249e226ba9f5d5f-cgu.04.rcgu.o:(pyo3::type_object::PyObjectAlloc::alloc::h367ea8bf9f0d82ff)
[INFO] [stdout]           >>> referenced by type_object.rs:195 (/opt/rustwide/cargo-home/registry/src/index.crates.io-6f17d22bba15001f/pyo3-0.8.5/src/type_object.rs:195)
[INFO] [stdout]           >>>               /opt/rustwide/target/debug/deps/grapl_graph_descriptions_py-85845836ab63e468.grapl_graph_descriptions_py.9249e226ba9f5d5f-cgu.04.rcgu.o:(pyo3::type_object::PyObjectAlloc::alloc::h88a79f7f55756a14)
[INFO] [stdout]           >>> referenced by type_object.rs:195 (/opt/rustwide/cargo-home/registry/src/index.crates.io-6f17d22bba15001f/pyo3-0.8.5/src/type_object.rs:195)
[INFO] [stdout]           >>>               /opt/rustwide/target/debug/deps/grapl_graph_descriptions_py-85845836ab63e468.grapl_graph_descriptions_py.9249e226ba9f5d5f-cgu.04.rcgu.o:(pyo3::type_object::PyObjectAlloc::alloc::he36ed1eb0ee00325)
[INFO] [stdout]           >>> referenced 16 more times
[INFO] [stdout]           
[INFO] [stdout]           rust-lld: error: undefined symbol: PyObject_CallFinalizerFromDealloc
[INFO] [stdout]           >>> referenced by type_object.rs:205 (/opt/rustwide/cargo-home/registry/src/index.crates.io-6f17d22bba15001f/pyo3-0.8.5/src/type_object.rs:205)
[INFO] [stdout]           >>>               /opt/rustwide/target/debug/deps/grapl_graph_descriptions_py-85845836ab63e468.grapl_graph_descriptions_py.9249e226ba9f5d5f-cgu.04.rcgu.o:(pyo3::type_object::PyObjectAlloc::dealloc::h23d09854bd8175d4)
[INFO] [stdout]           >>> referenced by type_object.rs:205 (/opt/rustwide/cargo-home/registry/src/index.crates.io-6f17d22bba15001f/pyo3-0.8.5/src/type_object.rs:205)
[INFO] [stdout]           >>>               /opt/rustwide/target/debug/deps/grapl_graph_descriptions_py-85845836ab63e468.grapl_graph_descriptions_py.9249e226ba9f5d5f-cgu.04.rcgu.o:(pyo3::type_object::PyObjectAlloc::dealloc::h2fd12f6cc25bdf77)
[INFO] [stdout]           >>> referenced by type_object.rs:205 (/opt/rustwide/cargo-home/registry/src/index.crates.io-6f17d22bba15001f/pyo3-0.8.5/src/type_object.rs:205)
[INFO] [stdout]           >>>               /opt/rustwide/target/debug/deps/grapl_graph_descriptions_py-85845836ab63e468.grapl_graph_descriptions_py.9249e226ba9f5d5f-cgu.04.rcgu.o:(pyo3::type_object::PyObjectAlloc::dealloc::h9f96799b257f247f)
[INFO] [stdout]           >>> referenced 15 more times
[INFO] [stdout]           
[INFO] [stdout]           rust-lld: error: undefined symbol: PyObject_Free
[INFO] [stdout]           >>> referenced by type_object.rs:216 (/opt/rustwide/cargo-home/registry/src/index.crates.io-6f17d22bba15001f/pyo3-0.8.5/src/type_object.rs:216)
[INFO] [stdout]           >>>               /opt/rustwide/target/debug/deps/grapl_graph_descriptions_py-85845836ab63e468.grapl_graph_descriptions_py.9249e226ba9f5d5f-cgu.04.rcgu.o:(pyo3::type_object::PyObjectAlloc::dealloc::h23d09854bd8175d4)
[INFO] [stdout]           >>> referenced by type_object.rs:216 (/opt/rustwide/cargo-home/registry/src/index.crates.io-6f17d22bba15001f/pyo3-0.8.5/src/type_object.rs:216)
[INFO] [stdout]           >>>               /opt/rustwide/target/debug/deps/grapl_graph_descriptions_py-85845836ab63e468.grapl_graph_descriptions_py.9249e226ba9f5d5f-cgu.04.rcgu.o:(pyo3::type_object::PyObjectAlloc::dealloc::h2fd12f6cc25bdf77)
[INFO] [stdout]           >>> referenced by type_object.rs:216 (/opt/rustwide/cargo-home/registry/src/index.crates.io-6f17d22bba15001f/pyo3-0.8.5/src/type_object.rs:216)
[INFO] [stdout]           >>>               /opt/rustwide/target/debug/deps/grapl_graph_descriptions_py-85845836ab63e468.grapl_graph_descriptions_py.9249e226ba9f5d5f-cgu.04.rcgu.o:(pyo3::type_object::PyObjectAlloc::dealloc::h9f96799b257f247f)
[INFO] [stdout]           >>> referenced 15 more times
[INFO] [stdout]           
[INFO] [stdout]           rust-lld: error: undefined symbol: PyObject_GC_Del
[INFO] [stdout]           >>> referenced by type_object.rs:214 (/opt/rustwide/cargo-home/registry/src/index.crates.io-6f17d22bba15001f/pyo3-0.8.5/src/type_object.rs:214)
[INFO] [stdout]           >>>               /opt/rustwide/target/debug/deps/grapl_graph_descriptions_py-85845836ab63e468.grapl_graph_descriptions_py.9249e226ba9f5d5f-cgu.04.rcgu.o:(pyo3::type_object::PyObjectAlloc::dealloc::h23d09854bd8175d4)
[INFO] [stdout]           >>> referenced by type_object.rs:214 (/opt/rustwide/cargo-home/registry/src/index.crates.io-6f17d22bba15001f/pyo3-0.8.5/src/type_object.rs:214)
[INFO] [stdout]           >>>               /opt/rustwide/target/debug/deps/grapl_graph_descriptions_py-85845836ab63e468.grapl_graph_descriptions_py.9249e226ba9f5d5f-cgu.04.rcgu.o:(pyo3::type_object::PyObjectAlloc::dealloc::h2fd12f6cc25bdf77)
[INFO] [stdout]           >>> referenced by type_object.rs:214 (/opt/rustwide/cargo-home/registry/src/index.crates.io-6f17d22bba15001f/pyo3-0.8.5/src/type_object.rs:214)
[INFO] [stdout]           >>>               /opt/rustwide/target/debug/deps/grapl_graph_descriptions_py-85845836ab63e468.grapl_graph_descriptions_py.9249e226ba9f5d5f-cgu.04.rcgu.o:(pyo3::type_object::PyObjectAlloc::dealloc::h9f96799b257f247f)
[INFO] [stdout]           >>> referenced 15 more times
[INFO] [stdout]           
[INFO] [stdout]           rust-lld: error: undefined symbol: _Py_TrueStruct
[INFO] [stdout]           >>> referenced by boolobject.rs:31 (/opt/rustwide/cargo-home/registry/src/index.crates.io-6f17d22bba15001f/pyo3-0.8.5/src/ffi/boolobject.rs:31)
[INFO] [stdout]           >>>               /opt/rustwide/target/debug/deps/grapl_graph_descriptions_py-85845836ab63e468.grapl_graph_descriptions_py.9249e226ba9f5d5f-cgu.06.rcgu.o:(pyo3::ffi::boolobject::Py_True::hff803df994269bd1)
[INFO] [stdout]           
[INFO] [stdout]           rust-lld: error: undefined symbol: _Py_FalseStruct
[INFO] [stdout]           >>> referenced by boolobject.rs:26 (/opt/rustwide/cargo-home/registry/src/index.crates.io-6f17d22bba15001f/pyo3-0.8.5/src/ffi/boolobject.rs:26)
[INFO] [stdout]           >>>               /opt/rustwide/target/debug/deps/grapl_graph_descriptions_py-85845836ab63e468.grapl_graph_descriptions_py.9249e226ba9f5d5f-cgu.06.rcgu.o:(pyo3::ffi::boolobject::Py_False::h8f1eab9c31efede3)
[INFO] [stdout]           
[INFO] [stdout]           rust-lld: error: undefined symbol: PyBaseObject_Type
[INFO] [stdout]           >>> referenced by mod.rs:113 (/opt/rustwide/cargo-home/registry/src/index.crates.io-6f17d22bba15001f/pyo3-0.8.5/src/types/mod.rs:113)
[INFO] [stdout]           >>>               /opt/rustwide/target/debug/deps/grapl_graph_descriptions_py-85845836ab63e468.grapl_graph_descriptions_py.9249e226ba9f5d5f-cgu.05.rcgu.o:(_$LT$pyo3..types..any..PyAny$u20$as$u20$pyo3..type_object..PyTypeInfo$GT$::type_object::h31774a9c37084ccb)
[INFO] [stdout]           
[INFO] [stdout]           rust-lld: error: undefined symbol: PyErr_Restore
[INFO] [stdout]           >>> referenced by err.rs:326 (/opt/rustwide/cargo-home/registry/src/index.crates.io-6f17d22bba15001f/pyo3-0.8.5/src/err.rs:326)
[INFO] [stdout]           >>>               /opt/rustwide/target/debug/deps/grapl_graph_descriptions_py-85845836ab63e468.grapl_graph_descriptions_py.9249e226ba9f5d5f-cgu.08.rcgu.o:(pyo3::err::PyErr::restore::ha9f84e3b4bf43e22)
[INFO] [stdout]           >>> referenced by err.rs:326 (src/err.rs:326)
[INFO] [stdout]           >>>               pyo3-f2aac6966d983bd0.pyo3.e05ec20fba3464a5-cgu.0.rcgu.o:(pyo3::err::PyErr::restore::h6f588bd837c30060) in archive /opt/rustwide/target/debug/deps/libpyo3-f2aac6966d983bd0.rlib
[INFO] [stdout]           
[INFO] [stdout]           rust-lld: error: undefined symbol: PyType_Ready
[INFO] [stdout]           >>> referenced by type_object.rs:402 (/opt/rustwide/cargo-home/registry/src/index.crates.io-6f17d22bba15001f/pyo3-0.8.5/src/type_object.rs:402)
[INFO] [stdout]           >>>               /opt/rustwide/target/debug/deps/grapl_graph_descriptions_py-85845836ab63e468.grapl_graph_descriptions_py.9249e226ba9f5d5f-cgu.00.rcgu.o:(pyo3::type_object::initialize_type::h01c4e369aba01cd0)
[INFO] [stdout]           >>> referenced by type_object.rs:402 (/opt/rustwide/cargo-home/registry/src/index.crates.io-6f17d22bba15001f/pyo3-0.8.5/src/type_object.rs:402)
[INFO] [stdout]           >>>               /opt/rustwide/target/debug/deps/grapl_graph_descriptions_py-85845836ab63e468.grapl_graph_descriptions_py.9249e226ba9f5d5f-cgu.00.rcgu.o:(pyo3::type_object::initialize_type::h0e1737d86de43ba1)
[INFO] [stdout]           >>> referenced by type_object.rs:402 (/opt/rustwide/cargo-home/registry/src/index.crates.io-6f17d22bba15001f/pyo3-0.8.5/src/type_object.rs:402)
[INFO] [stdout]           >>>               /opt/rustwide/target/debug/deps/grapl_graph_descriptions_py-85845836ab63e468.grapl_graph_descriptions_py.9249e226ba9f5d5f-cgu.00.rcgu.o:(pyo3::type_object::initialize_type::h1a571d63797070db)
[INFO] [stdout]           >>> referenced 15 more times
[INFO] [stdout]           
[INFO] [stdout]           rust-lld: error: undefined symbol: PyType_IsSubtype
[INFO] [stdout]           >>> referenced by object.rs:723 (/opt/rustwide/cargo-home/registry/src/index.crates.io-6f17d22bba15001f/pyo3-0.8.5/src/ffi/object.rs:723)
[INFO] [stdout]           >>>               /opt/rustwide/target/debug/deps/grapl_graph_descriptions_py-85845836ab63e468.grapl_graph_descriptions_py.9249e226ba9f5d5f-cgu.13.rcgu.o:(pyo3::ffi::object::PyObject_TypeCheck::h04cbe0bc5a2f9e97)
[INFO] [stdout]           
[INFO] [stdout]           rust-lld: error: undefined symbol: _Py_Dealloc
[INFO] [stdout]           >>> referenced by object.rs:933 (/opt/rustwide/cargo-home/registry/src/index.crates.io-6f17d22bba15001f/pyo3-0.8.5/src/ffi/object.rs:933)
[INFO] [stdout]           >>>               /opt/rustwide/target/debug/deps/grapl_graph_descriptions_py-85845836ab63e468.grapl_graph_descriptions_py.9249e226ba9f5d5f-cgu.13.rcgu.o:(pyo3::ffi::object::Py_DECREF::h5818e5161b0146a0)
[INFO] [stdout]           >>> referenced by object.rs:933 (src/ffi/object.rs:933)
[INFO] [stdout]           >>>               pyo3-f2aac6966d983bd0.pyo3.e05ec20fba3464a5-cgu.6.rcgu.o:(pyo3::ffi::object::Py_DECREF::h7168a1cd7d6abe0b) in archive /opt/rustwide/target/debug/deps/libpyo3-f2aac6966d983bd0.rlib
[INFO] [stdout]           
[INFO] [stdout]           rust-lld: error: undefined symbol: _Py_NoneStruct
[INFO] [stdout]           >>> referenced by object.rs:977 (src/ffi/object.rs:977)
[INFO] [stdout]           >>>               pyo3-f2aac6966d983bd0.pyo3.e05ec20fba3464a5-cgu.6.rcgu.o:(pyo3::ffi::object::Py_None::he0fba63fa8fbad69) in archive /opt/rustwide/target/debug/deps/libpyo3-f2aac6966d983bd0.rlib
[INFO] [stdout]           
[INFO] [stdout]           rust-lld: error: undefined symbol: PyDict_Copy
[INFO] [stdout]           >>> referenced by dict.rs:54 (src/types/dict.rs:54)
[INFO] [stdout]           >>>               pyo3-f2aac6966d983bd0.pyo3.e05ec20fba3464a5-cgu.6.rcgu.o:(pyo3::types::dict::PyDict::copy::h57d199c9f839a6ba) in archive /opt/rustwide/target/debug/deps/libpyo3-f2aac6966d983bd0.rlib
[INFO] [stdout]           
[INFO] [stdout]           rust-lld: error: undefined symbol: PyDict_Size
[INFO] [stdout]           >>> referenced by dict.rs:66 (src/types/dict.rs:66)
[INFO] [stdout]           >>>               pyo3-f2aac6966d983bd0.pyo3.e05ec20fba3464a5-cgu.6.rcgu.o:(pyo3::types::dict::PyDict::len::hd4b32b927a1a71c9) in archive /opt/rustwide/target/debug/deps/libpyo3-f2aac6966d983bd0.rlib
[INFO] [stdout]           
[INFO] [stdout]           rust-lld: error: undefined symbol: PyDict_GetItem
[INFO] [stdout]           >>> referenced by dict.rs:97 (src/types/dict.rs:97)
[INFO] [stdout]           >>>               pyo3-f2aac6966d983bd0.pyo3.e05ec20fba3464a5-cgu.6.rcgu.o:(pyo3::types::dict::PyDict::get_item::_$u7b$$u7b$closure$u7d$$u7d$::h6f7ae8d084c67956) in archive /opt/rustwide/target/debug/deps/libpyo3-f2aac6966d983bd0.rlib
[INFO] [stdout]           
[INFO] [stdout]           rust-lld: error: undefined symbol: PyDict_DelItem
[INFO] [stdout]           >>> referenced by dict.rs:122 (src/types/dict.rs:122)
[INFO] [stdout]           >>>               pyo3-f2aac6966d983bd0.pyo3.e05ec20fba3464a5-cgu.6.rcgu.o:(pyo3::types::dict::PyDict::del_item::_$u7b$$u7b$closure$u7d$$u7d$::hd9cb84afadaa8471) in archive /opt/rustwide/target/debug/deps/libpyo3-f2aac6966d983bd0.rlib
[INFO] [stdout]           
[INFO] [stdout]           rust-lld: error: undefined symbol: PyDict_Next
[INFO] [stdout]           >>> referenced by dict.rs:180 (src/types/dict.rs:180)
[INFO] [stdout]           >>>               pyo3-f2aac6966d983bd0.pyo3.e05ec20fba3464a5-cgu.6.rcgu.o:(_$LT$pyo3..types..dict..PyDictIterator$u20$as$u20$core..iter..traits..iterator..Iterator$GT$::next::h8042415d52c749c3) in archive /opt/rustwide/target/debug/deps/libpyo3-f2aac6966d983bd0.rlib
[INFO] [stdout]           
[INFO] [stdout]           rust-lld: error: undefined symbol: PyTuple_GetSlice
[INFO] [stdout]           >>> referenced by tuple.rs:61 (src/types/tuple.rs:61)
[INFO] [stdout]           >>>               pyo3-f2aac6966d983bd0.pyo3.e05ec20fba3464a5-cgu.5.rcgu.o:(pyo3::types::tuple::PyTuple::slice::hc1171c4b1d3a0ae1) in archive /opt/rustwide/target/debug/deps/libpyo3-f2aac6966d983bd0.rlib
[INFO] [stdout]           
[INFO] [stdout]           rust-lld: error: undefined symbol: PyExc_OverflowError
[INFO] [stdout]           >>> referenced by exceptions.rs:226 (src/exceptions.rs:226)
[INFO] [stdout]           >>>               pyo3-f2aac6966d983bd0.pyo3.e05ec20fba3464a5-cgu.4.rcgu.o:(_$LT$pyo3..exceptions..OverflowError$u20$as$u20$pyo3..type_object..PyTypeObject$GT$::init_type::h0485b4861328b3b8) in archive /opt/rustwide/target/debug/deps/libpyo3-f2aac6966d983bd0.rlib
[INFO] [stdout]           
[INFO] [stdout]           rust-lld: error: undefined symbol: PyObject_Str
[INFO] [stdout]           >>> referenced by objectprotocol.rs:318 (src/objectprotocol.rs:318)
[INFO] [stdout]           >>>               pyo3-f2aac6966d983bd0.pyo3.e05ec20fba3464a5-cgu.7.rcgu.o:(_$LT$T$u20$as$u20$pyo3..objectprotocol..ObjectProtocol$GT$::str::hcb354cfccfa439c5) in archive /opt/rustwide/target/debug/deps/libpyo3-f2aac6966d983bd0.rlib
[INFO] [stdout]           
[INFO] [stdout]           rust-lld: error: too many errors emitted, stopping now (use --error-limit=0 to see all errors)
[INFO] [stdout]           collect2: error: ld returned 1 exit status
[INFO] [stdout]           
[INFO] [stdout] 
[INFO] [stdout] 
[INFO] [stderr] error: could not compile `grapl-graph-descriptions-py` (lib test) due to 1 previous error; 3 warnings emitted
[INFO] running `Command { std: "docker" "inspect" "0beace923e6260d80e1fdadf01b4b85e1eb33cc30105ba2e47592f624cd46649", kill_on_drop: false }`
[INFO] running `Command { std: "docker" "rm" "-f" "0beace923e6260d80e1fdadf01b4b85e1eb33cc30105ba2e47592f624cd46649", kill_on_drop: false }`
[INFO] [stdout] 0beace923e6260d80e1fdadf01b4b85e1eb33cc30105ba2e47592f624cd46649
