[INFO] fetching crate google-cognitive-apis-custom 0.1.0...
[INFO] testing google-cognitive-apis-custom-0.1.0 against nightly-2024-10-28+rustflags=-Zrandomize-layout for randomize-layout
[INFO] extracting crate google-cognitive-apis-custom 0.1.0 into /workspace/builds/worker-4-tc2/source
[INFO] validating manifest of crates.io crate google-cognitive-apis-custom 0.1.0 on toolchain nightly-2024-10-28
[INFO] running `Command { std: CARGO_HOME="/workspace/cargo-home" RUSTUP_HOME="/workspace/rustup-home" "/workspace/cargo-home/bin/cargo" "+nightly-2024-10-28" "metadata" "--manifest-path" "Cargo.toml" "--no-deps", kill_on_drop: false }`
[INFO] started tweaking crates.io crate google-cognitive-apis-custom 0.1.0
[INFO] finished tweaking crates.io crate google-cognitive-apis-custom 0.1.0
[INFO] tweaked toml for crates.io crate google-cognitive-apis-custom 0.1.0 written to /workspace/builds/worker-4-tc2/source/Cargo.toml
[INFO] crate crates.io crate google-cognitive-apis-custom 0.1.0 already has a lockfile, it will not be regenerated
[INFO] running `Command { std: CARGO_HOME="/workspace/cargo-home" RUSTUP_HOME="/workspace/rustup-home" "/workspace/cargo-home/bin/cargo" "+nightly-2024-10-28" "fetch" "--manifest-path" "Cargo.toml", kill_on_drop: false }`
[INFO] running `Command { std: "docker" "create" "-v" "/var/lib/crater-agent-workspace/builds/worker-4-tc2/target:/opt/rustwide/target:rw,Z" "-v" "/var/lib/crater-agent-workspace/builds/worker-4-tc2/source:/opt/rustwide/workdir:ro,Z" "-v" "/var/lib/crater-agent-workspace/cargo-home:/opt/rustwide/cargo-home:ro,Z" "-v" "/var/lib/crater-agent-workspace/rustup-home:/opt/rustwide/rustup-home:ro,Z" "-e" "SOURCE_DIR=/opt/rustwide/workdir" "-e" "CARGO_TARGET_DIR=/opt/rustwide/target" "-e" "CARGO_HOME=/opt/rustwide/cargo-home" "-e" "RUSTUP_HOME=/opt/rustwide/rustup-home" "-w" "/opt/rustwide/workdir" "-m" "1610612736" "--user" "0:0" "--network" "none" "ghcr.io/rust-lang/crates-build-env/linux@sha256:4a844ea9eb2546a2d2c7022eacef16ef2e8229c7fbb2c7d4d55a9ceca922f72d" "/opt/rustwide/cargo-home/bin/cargo" "+nightly-2024-10-28" "metadata" "--no-deps" "--format-version=1", kill_on_drop: false }`
[INFO] [stdout] c6cb2a6769dcabb7270baf739b841de611beccbba3eb39020ff5db13081e84b1
[INFO] running `Command { std: "docker" "start" "-a" "c6cb2a6769dcabb7270baf739b841de611beccbba3eb39020ff5db13081e84b1", kill_on_drop: false }`
[INFO] running `Command { std: "docker" "inspect" "c6cb2a6769dcabb7270baf739b841de611beccbba3eb39020ff5db13081e84b1", kill_on_drop: false }`
[INFO] running `Command { std: "docker" "rm" "-f" "c6cb2a6769dcabb7270baf739b841de611beccbba3eb39020ff5db13081e84b1", kill_on_drop: false }`
[INFO] [stdout] c6cb2a6769dcabb7270baf739b841de611beccbba3eb39020ff5db13081e84b1
[INFO] running `Command { std: "docker" "create" "-v" "/var/lib/crater-agent-workspace/builds/worker-4-tc2/target:/opt/rustwide/target:rw,Z" "-v" "/var/lib/crater-agent-workspace/builds/worker-4-tc2/source:/opt/rustwide/workdir:ro,Z" "-v" "/var/lib/crater-agent-workspace/cargo-home:/opt/rustwide/cargo-home:ro,Z" "-v" "/var/lib/crater-agent-workspace/rustup-home:/opt/rustwide/rustup-home:ro,Z" "-e" "SOURCE_DIR=/opt/rustwide/workdir" "-e" "CARGO_TARGET_DIR=/opt/rustwide/target" "-e" "CARGO_INCREMENTAL=0" "-e" "RUST_BACKTRACE=full" "-e" "RUSTFLAGS=--cap-lints=forbid -Zrandomize-layout" "-e" "RUSTDOCFLAGS=--cap-lints=forbid" "-e" "CARGO_HOME=/opt/rustwide/cargo-home" "-e" "RUSTUP_HOME=/opt/rustwide/rustup-home" "-w" "/opt/rustwide/workdir" "-m" "1610612736" "--user" "0:0" "--network" "none" "ghcr.io/rust-lang/crates-build-env/linux@sha256:4a844ea9eb2546a2d2c7022eacef16ef2e8229c7fbb2c7d4d55a9ceca922f72d" "/opt/rustwide/cargo-home/bin/cargo" "+nightly-2024-10-28" "build" "--frozen" "--message-format=json", kill_on_drop: false }`
[INFO] [stdout] c626b3928b815176556f5d95286203b9499099e447f42f5f7b63fa26b2ff12c4
[INFO] running `Command { std: "docker" "start" "-a" "c626b3928b815176556f5d95286203b9499099e447f42f5f7b63fa26b2ff12c4", kill_on_drop: false }`
[INFO] [stderr]    Compiling proc-macro2 v1.0.43
[INFO] [stderr]    Compiling libc v0.2.132
[INFO] [stderr]    Compiling unicode-ident v1.0.3
[INFO] [stderr]    Compiling syn v1.0.99
[INFO] [stderr]    Compiling log v0.4.14
[INFO] [stderr]    Compiling bytes v1.0.1
[INFO] [stderr]    Compiling once_cell v1.7.2
[INFO] [stderr]    Compiling memchr v2.5.0
[INFO] [stderr]    Compiling pin-project-lite v0.2.9
[INFO] [stderr]    Compiling cc v1.0.67
[INFO] [stderr]    Compiling indexmap v1.9.1
[INFO] [stderr]    Compiling getrandom v0.2.2
[INFO] [stderr]    Compiling tokio v1.20.1
[INFO] [stderr]    Compiling fnv v1.0.7
[INFO] [stderr]    Compiling itoa v1.0.3
[INFO] [stderr]    Compiling hashbrown v0.12.3
[INFO] [stderr]    Compiling futures-macro v0.3.15
[INFO] [stderr]    Compiling serde v1.0.126
[INFO] [stderr]    Compiling tracing-core v0.1.17
[INFO] [stderr]    Compiling futures-util v0.3.15
[INFO] [stderr]    Compiling either v1.6.1
[INFO] [stderr]    Compiling anyhow v1.0.40
[INFO] [stderr]    Compiling num-traits v0.2.14
[INFO] [stderr]    Compiling futures-sink v0.3.14
[INFO] [stderr]    Compiling regex-syntax v0.6.27
[INFO] [stderr]    Compiling unicode-normalization v0.1.17
[INFO] [stderr]    Compiling miniz_oxide v0.4.4
[INFO] [stderr]    Compiling itertools v0.10.3
[INFO] [stderr]    Compiling num-integer v0.1.44
[INFO] [stderr]    Compiling http v0.2.8
[INFO] [stderr]    Compiling crc32fast v1.2.1
[INFO] [stderr]    Compiling tower-service v0.3.1
[INFO] [stderr]    Compiling adler v1.0.2
[INFO] [stderr]    Compiling httparse v1.7.1
[INFO] [stderr]    Compiling num-bigint v0.2.6
[INFO] [stderr]    Compiling quote v1.0.9
[INFO] [stderr]    Compiling aho-corasick v0.7.18
[INFO] [stderr]    Compiling fixedbitset v0.4.2
[INFO] [stderr]    Compiling try-lock v0.2.3
[INFO] [stderr]    Compiling socket2 v0.4.6
[INFO] [stderr]    Compiling num_cpus v1.13.0
[INFO] [stderr]    Compiling mio v0.8.4
[INFO] [stderr]    Compiling idna v0.2.3
[INFO] [stderr]    Compiling serde_json v1.0.64
[INFO] [stderr]    Compiling rand_core v0.6.2
[INFO] [stderr]    Compiling prettyplease v0.1.18
[INFO] [stderr]    Compiling ring v0.16.20
[INFO] [stderr]    Compiling http-body v0.4.5
[INFO] [stderr]    Compiling rand_chacha v0.3.0
[INFO] [stderr]    Compiling remove_dir_all v0.5.3
[INFO] [stderr]    Compiling async-trait v0.1.50
[INFO] [stderr]    Compiling flate2 v1.0.20
[INFO] [stderr]    Compiling petgraph v0.6.2
[INFO] [stderr]    Compiling time v0.1.43
[INFO] [stderr]    Compiling rand v0.8.3
[INFO] [stderr]    Compiling url v2.2.1
[INFO] [stderr]    Compiling which v4.1.0
[INFO] [stderr]    Compiling want v0.3.0
[INFO] [stderr]    Compiling regex v1.6.0
[INFO] [stderr]    Compiling futures-channel v0.3.14
[INFO] [stderr]    Compiling multimap v0.8.3
[INFO] [stderr]    Compiling httpdate v1.0.0
[INFO] [stderr]    Compiling base64 v0.12.3
[INFO] [stderr]    Compiling rustls v0.20.6
[INFO] [stderr]    Compiling tower-layer v0.3.1
[INFO] [stderr]    Compiling chrono v0.4.19
[INFO] [stderr]    Compiling http-range-header v0.3.0
[INFO] [stderr]    Compiling bitflags v1.3.2
[INFO] [stderr]    Compiling dtoa v0.4.8
[INFO] [stderr]    Compiling mime v0.3.16
[INFO] [stderr]    Compiling wildmatch v1.1.0
[INFO] [stderr]    Compiling attohttpc v0.15.0
[INFO] [stderr]    Compiling sync_wrapper v0.1.1
[INFO] [stderr]    Compiling matchit v0.5.0
[INFO] [stderr]    Compiling rustls-pemfile v1.0.1
[INFO] [stderr]    Compiling tempfile v3.2.0
[INFO] [stderr]    Compiling pem v0.8.3
[INFO] [stderr]    Compiling simple_asn1 v0.4.1
[INFO] [stderr]    Compiling webpki v0.21.4
[INFO] [stderr]    Compiling sct v0.6.1
[INFO] [stderr]    Compiling webpki v0.22.0
[INFO] [stderr]    Compiling sct v0.7.0
[INFO] [stderr]    Compiling rustls v0.18.1
[INFO] [stderr]    Compiling webpki-roots v0.19.0
[INFO] [stderr]    Compiling tokio-macros v1.8.0
[INFO] [stderr]    Compiling serde_derive v1.0.126
[INFO] [stderr]    Compiling tracing-attributes v0.1.15
[INFO] [stderr]    Compiling prost-derive v0.11.0
[INFO] [stderr]    Compiling pin-project-internal v1.0.7
[INFO] [stderr]    Compiling async-stream-impl v0.3.2
[INFO] [stderr]    Compiling async-stream v0.3.2
[INFO] [stderr]    Compiling tracing v0.1.25
[INFO] [stderr]    Compiling prost v0.11.0
[INFO] [stderr]    Compiling pin-project v1.0.7
[INFO] [stderr]    Compiling tracing-futures v0.2.5
[INFO] [stderr]    Compiling prost-types v0.11.1
[INFO] [stderr]    Compiling axum-core v0.2.7
[INFO] [stderr]    Compiling prost-build v0.11.1
[INFO] [stderr]    Compiling tonic-build v0.8.0
[INFO] [stderr]    Compiling google-cognitive-apis-custom v0.1.0 (/opt/rustwide/workdir)
[INFO] [stderr]    Compiling tokio-util v0.7.3
[INFO] [stderr]    Compiling tokio-io-timeout v1.2.0
[INFO] [stderr]    Compiling tokio-stream v0.1.6
[INFO] [stderr]    Compiling tokio-rustls v0.23.4
[INFO] [stderr]    Compiling h2 v0.3.14
[INFO] [stderr]    Compiling tower v0.4.13
[INFO] [stderr]    Compiling tower-http v0.3.4
[INFO] [stderr]    Compiling serde_urlencoded v0.6.1
[INFO] [stderr]    Compiling serde_path_to_error v0.1.4
[INFO] [stderr]    Compiling attohttpc v0.17.0
[INFO] [stderr]    Compiling gcemeta v0.1.4
[INFO] [stderr]    Compiling jsonwebtoken v7.2.0
[INFO] [stderr]    Compiling gouth v0.2.1
[INFO] [stderr]    Compiling hyper v0.14.20
[INFO] [stderr]    Compiling hyper-timeout v0.4.1
[INFO] [stderr]    Compiling axum v0.5.15
[INFO] [stderr]    Compiling tonic v0.8.0
[INFO] [stderr]     Finished `dev` profile [unoptimized + debuginfo] target(s) in 45.26s
[INFO] running `Command { std: "docker" "inspect" "c626b3928b815176556f5d95286203b9499099e447f42f5f7b63fa26b2ff12c4", kill_on_drop: false }`
[INFO] running `Command { std: "docker" "rm" "-f" "c626b3928b815176556f5d95286203b9499099e447f42f5f7b63fa26b2ff12c4", kill_on_drop: false }`
[INFO] [stdout] c626b3928b815176556f5d95286203b9499099e447f42f5f7b63fa26b2ff12c4
[INFO] running `Command { std: "docker" "create" "-v" "/var/lib/crater-agent-workspace/builds/worker-4-tc2/target:/opt/rustwide/target:rw,Z" "-v" "/var/lib/crater-agent-workspace/builds/worker-4-tc2/source:/opt/rustwide/workdir:ro,Z" "-v" "/var/lib/crater-agent-workspace/cargo-home:/opt/rustwide/cargo-home:ro,Z" "-v" "/var/lib/crater-agent-workspace/rustup-home:/opt/rustwide/rustup-home:ro,Z" "-e" "SOURCE_DIR=/opt/rustwide/workdir" "-e" "CARGO_TARGET_DIR=/opt/rustwide/target" "-e" "CARGO_INCREMENTAL=0" "-e" "RUST_BACKTRACE=full" "-e" "RUSTFLAGS=--cap-lints=forbid -Zrandomize-layout" "-e" "RUSTDOCFLAGS=--cap-lints=forbid" "-e" "CARGO_HOME=/opt/rustwide/cargo-home" "-e" "RUSTUP_HOME=/opt/rustwide/rustup-home" "-w" "/opt/rustwide/workdir" "-m" "1610612736" "--user" "0:0" "--network" "none" "ghcr.io/rust-lang/crates-build-env/linux@sha256:4a844ea9eb2546a2d2c7022eacef16ef2e8229c7fbb2c7d4d55a9ceca922f72d" "/opt/rustwide/cargo-home/bin/cargo" "+nightly-2024-10-28" "test" "--frozen" "--no-run" "--message-format=json", kill_on_drop: false }`
[INFO] [stdout] 61a4df6a3aedb74298e0dea85afcd0bb136389059ac24bee23ea556b140fcc1d
[INFO] running `Command { std: "docker" "start" "-a" "61a4df6a3aedb74298e0dea85afcd0bb136389059ac24bee23ea556b140fcc1d", kill_on_drop: false }`
[INFO] [stderr]    Compiling atty v0.2.14
[INFO] [stderr]    Compiling termcolor v1.1.2
[INFO] [stderr]    Compiling humantime v2.1.0
[INFO] [stderr]    Compiling env_logger v0.8.3
[INFO] [stderr]    Compiling google-cognitive-apis-custom v0.1.0 (/opt/rustwide/workdir)
[INFO] [stdout] error[E0433]: failed to resolve: use of undeclared crate or module `google_cognitive_apis`
[INFO] [stdout]  --> tests/integration_test.rs:6:9
[INFO] [stdout]   |
[INFO] [stdout] 6 |     use google_cognitive_apis::api::grpc::google::cloud::dialogflow::cx::v3::SpeechWordInfo;
[INFO] [stdout]   |         ^^^^^^^^^^^^^^^^^^^^^ use of undeclared crate or module `google_cognitive_apis`
[INFO] [stdout]   |
[INFO] [stdout] help: there is a crate or module with a similar name
[INFO] [stdout]   |
[INFO] [stdout] 6 |     use google_cognitive_apis_custom::api::grpc::google::cloud::dialogflow::cx::v3::SpeechWordInfo;
[INFO] [stdout]   |         ~~~~~~~~~~~~~~~~~~~~~~~~~~~~
[INFO] [stdout] 
[INFO] [stdout] 
[INFO] [stdout] error[E0433]: failed to resolve: use of undeclared crate or module `google_cognitive_apis`
[INFO] [stdout]  --> tests/integration_test.rs:7:9
[INFO] [stdout]   |
[INFO] [stdout] 7 |     use google_cognitive_apis::api::grpc::google::cloud::dialogflow::cx::v3beta1::SpeechWordInfo as SpeechWordInfoBeta;
[INFO] [stdout]   |         ^^^^^^^^^^^^^^^^^^^^^ use of undeclared crate or module `google_cognitive_apis`
[INFO] [stdout]   |
[INFO] [stdout] help: there is a crate or module with a similar name
[INFO] [stdout]   |
[INFO] [stdout] 7 |     use google_cognitive_apis_custom::api::grpc::google::cloud::dialogflow::cx::v3beta1::SpeechWordInfo as SpeechWordInfoBeta;
[INFO] [stdout]   |         ~~~~~~~~~~~~~~~~~~~~~~~~~~~~
[INFO] [stdout] 
[INFO] [stdout] 
[INFO] [stdout] error[E0433]: failed to resolve: use of undeclared crate or module `google_cognitive_apis`
[INFO] [stdout]  --> tests/integration_test.rs:8:9
[INFO] [stdout]   |
[INFO] [stdout] 8 |     use google_cognitive_apis::api::grpc::google::cloud::dialogflow::v2::SpeechContext;
[INFO] [stdout]   |         ^^^^^^^^^^^^^^^^^^^^^ use of undeclared crate or module `google_cognitive_apis`
[INFO] [stdout]   |
[INFO] [stdout] help: there is a crate or module with a similar name
[INFO] [stdout]   |
[INFO] [stdout] 8 |     use google_cognitive_apis_custom::api::grpc::google::cloud::dialogflow::v2::SpeechContext;
[INFO] [stdout]   |         ~~~~~~~~~~~~~~~~~~~~~~~~~~~~
[INFO] [stdout] 
[INFO] [stdout] 
[INFO] [stdout] error[E0433]: failed to resolve: use of undeclared crate or module `google_cognitive_apis`
[INFO] [stdout]  --> tests/integration_test.rs:9:9
[INFO] [stdout]   |
[INFO] [stdout] 9 |     use google_cognitive_apis::api::grpc::google::cloud::dialogflow::v2beta1::SpeechContext as SpeechContextBeta;
[INFO] [stdout]   |         ^^^^^^^^^^^^^^^^^^^^^ use of undeclared crate or module `google_cognitive_apis`
[INFO] [stdout]   |
[INFO] [stdout] help: there is a crate or module with a similar name
[INFO] [stdout]   |
[INFO] [stdout] 9 |     use google_cognitive_apis_custom::api::grpc::google::cloud::dialogflow::v2beta1::SpeechContext as SpeechContextBeta;
[INFO] [stdout]   |         ~~~~~~~~~~~~~~~~~~~~~~~~~~~~
[INFO] [stdout] 
[INFO] [stdout] 
[INFO] [stdout] For more information about this error, try `rustc --explain E0433`.
[INFO] [stdout] 
[INFO] [stderr] error: could not compile `google-cognitive-apis-custom` (test "integration_test") due to 4 previous errors
[INFO] [stderr] warning: build failed, waiting for other jobs to finish...
[INFO] running `Command { std: "docker" "inspect" "61a4df6a3aedb74298e0dea85afcd0bb136389059ac24bee23ea556b140fcc1d", kill_on_drop: false }`
[INFO] running `Command { std: "docker" "rm" "-f" "61a4df6a3aedb74298e0dea85afcd0bb136389059ac24bee23ea556b140fcc1d", kill_on_drop: false }`
[INFO] [stdout] 61a4df6a3aedb74298e0dea85afcd0bb136389059ac24bee23ea556b140fcc1d
