[INFO] fetching crate gnostr-cli 0.0.46...
[INFO] testing gnostr-cli-0.0.46 against nightly-2024-10-28 for randomize-layout
[INFO] extracting crate gnostr-cli 0.0.46 into /workspace/builds/worker-7-tc1/source
[INFO] validating manifest of crates.io crate gnostr-cli 0.0.46 on toolchain nightly-2024-10-28
[INFO] running `Command { std: CARGO_HOME="/workspace/cargo-home" RUSTUP_HOME="/workspace/rustup-home" "/workspace/cargo-home/bin/cargo" "+nightly-2024-10-28" "metadata" "--manifest-path" "Cargo.toml" "--no-deps", kill_on_drop: false }`
[INFO] started tweaking crates.io crate gnostr-cli 0.0.46
[INFO] finished tweaking crates.io crate gnostr-cli 0.0.46
[INFO] tweaked toml for crates.io crate gnostr-cli 0.0.46 written to /workspace/builds/worker-7-tc1/source/Cargo.toml
[INFO] crate crates.io crate gnostr-cli 0.0.46 already has a lockfile, it will not be regenerated
[INFO] running `Command { std: CARGO_HOME="/workspace/cargo-home" RUSTUP_HOME="/workspace/rustup-home" "/workspace/cargo-home/bin/cargo" "+nightly-2024-10-28" "fetch" "--manifest-path" "Cargo.toml", kill_on_drop: false }`
[INFO] [stderr] warning: file `/workspace/builds/worker-7-tc1/source/src/main.rs` found to be present in multiple build targets:
[INFO] [stderr]   * `bin` target `git-cli`
[INFO] [stderr]   * `bin` target `gnostr-cli`
[INFO] [stderr]     Updating crates.io index
[INFO] [stderr]  Downloading crates ...
[INFO] [stderr]   Downloaded random-pick v1.2.16
[INFO] [stderr]   Downloaded nostr-relay-pool v0.29.4
[INFO] [stderr]   Downloaded nostr-zapper v0.29.0
[INFO] [stderr]   Downloaded nostr-sdk v0.29.0
[INFO] [stderr]   Downloaded async-utility v0.2.0
[INFO] [stderr]   Downloaded nostr-signer v0.29.0
[INFO] [stderr]   Downloaded atomic-destructor v0.1.1
[INFO] [stderr]   Downloaded linux-keyutils v0.2.4
[INFO] [stderr]   Downloaded async-signal v0.2.6
[INFO] [stderr]   Downloaded nostr-database v0.29.0
[INFO] [stderr]   Downloaded secret-service v3.0.1
[INFO] [stderr]   Downloaded keyring v2.3.3
[INFO] [stderr]   Downloaded wasm-ws v0.1.1
[INFO] [stderr]   Downloaded lnurl-pay v0.3.0
[INFO] [stderr]   Downloaded async-wsocket v0.3.0
[INFO] [stderr]   Downloaded nostr v0.29.1
[INFO] [stderr]   Downloaded negentropy v0.3.1
[INFO] [stderr]   Downloaded nwc v0.29.0
[INFO] [stderr]   Downloaded git2 v0.18.3
[INFO] [stderr]   Downloaded passwords v3.1.16
[INFO] [stderr]   Downloaded libgit2-sys v0.16.2+1.7.2
[INFO] [stderr]   Downloaded libz-sys v1.1.16
[INFO] running `Command { std: "docker" "create" "-v" "/var/lib/crater-agent-workspace/builds/worker-7-tc1/target:/opt/rustwide/target:rw,Z" "-v" "/var/lib/crater-agent-workspace/builds/worker-7-tc1/source:/opt/rustwide/workdir:ro,Z" "-v" "/var/lib/crater-agent-workspace/cargo-home:/opt/rustwide/cargo-home:ro,Z" "-v" "/var/lib/crater-agent-workspace/rustup-home:/opt/rustwide/rustup-home:ro,Z" "-e" "SOURCE_DIR=/opt/rustwide/workdir" "-e" "CARGO_TARGET_DIR=/opt/rustwide/target" "-e" "CARGO_HOME=/opt/rustwide/cargo-home" "-e" "RUSTUP_HOME=/opt/rustwide/rustup-home" "-w" "/opt/rustwide/workdir" "-m" "1610612736" "--user" "0:0" "--network" "none" "ghcr.io/rust-lang/crates-build-env/linux@sha256:4a844ea9eb2546a2d2c7022eacef16ef2e8229c7fbb2c7d4d55a9ceca922f72d" "/opt/rustwide/cargo-home/bin/cargo" "+nightly-2024-10-28" "metadata" "--no-deps" "--format-version=1", kill_on_drop: false }`
[INFO] [stdout] 7140748fc781b55e10b34c09740f382854d0b6285e40a5de13de1d4e7b262fa5
[INFO] running `Command { std: "docker" "start" "-a" "7140748fc781b55e10b34c09740f382854d0b6285e40a5de13de1d4e7b262fa5", kill_on_drop: false }`
[INFO] running `Command { std: "docker" "inspect" "7140748fc781b55e10b34c09740f382854d0b6285e40a5de13de1d4e7b262fa5", kill_on_drop: false }`
[INFO] running `Command { std: "docker" "rm" "-f" "7140748fc781b55e10b34c09740f382854d0b6285e40a5de13de1d4e7b262fa5", kill_on_drop: false }`
[INFO] [stdout] 7140748fc781b55e10b34c09740f382854d0b6285e40a5de13de1d4e7b262fa5
[INFO] running `Command { std: "docker" "create" "-v" "/var/lib/crater-agent-workspace/builds/worker-7-tc1/target:/opt/rustwide/target:rw,Z" "-v" "/var/lib/crater-agent-workspace/builds/worker-7-tc1/source:/opt/rustwide/workdir:ro,Z" "-v" "/var/lib/crater-agent-workspace/cargo-home:/opt/rustwide/cargo-home:ro,Z" "-v" "/var/lib/crater-agent-workspace/rustup-home:/opt/rustwide/rustup-home:ro,Z" "-e" "SOURCE_DIR=/opt/rustwide/workdir" "-e" "CARGO_TARGET_DIR=/opt/rustwide/target" "-e" "CARGO_INCREMENTAL=0" "-e" "RUST_BACKTRACE=full" "-e" "RUSTFLAGS=--cap-lints=forbid" "-e" "RUSTDOCFLAGS=--cap-lints=forbid" "-e" "CARGO_HOME=/opt/rustwide/cargo-home" "-e" "RUSTUP_HOME=/opt/rustwide/rustup-home" "-w" "/opt/rustwide/workdir" "-m" "1610612736" "--user" "0:0" "--network" "none" "ghcr.io/rust-lang/crates-build-env/linux@sha256:4a844ea9eb2546a2d2c7022eacef16ef2e8229c7fbb2c7d4d55a9ceca922f72d" "/opt/rustwide/cargo-home/bin/cargo" "+nightly-2024-10-28" "build" "--frozen" "--message-format=json", kill_on_drop: false }`
[INFO] [stdout] 5657848f63f0e14286248953ccc0f8596fa1b4514310309ae82503687c413a3f
[INFO] running `Command { std: "docker" "start" "-a" "5657848f63f0e14286248953ccc0f8596fa1b4514310309ae82503687c413a3f", kill_on_drop: false }`
[INFO] [stderr] warning: file `/opt/rustwide/workdir/src/main.rs` found to be present in multiple build targets:
[INFO] [stderr]   * `bin` target `git-cli`
[INFO] [stderr]   * `bin` target `gnostr-cli`
[INFO] [stderr]    Compiling libc v0.2.154
[INFO] [stderr]    Compiling proc-macro2 v1.0.82
[INFO] [stderr]    Compiling unicode-ident v1.0.12
[INFO] [stderr]    Compiling typenum v1.17.0
[INFO] [stderr]    Compiling futures-io v0.3.30
[INFO] [stderr]    Compiling subtle v2.5.0
[INFO] [stderr]    Compiling memchr v2.7.2
[INFO] [stderr]    Compiling generic-array v0.14.7
[INFO] [stderr]    Compiling bytes v1.6.0
[INFO] [stderr]    Compiling log v0.4.21
[INFO] [stderr]    Compiling cpufeatures v0.2.12
[INFO] [stderr]    Compiling zeroize v1.7.0
[INFO] [stderr]    Compiling ppv-lite86 v0.2.17
[INFO] [stderr]    Compiling tinyvec v1.6.0
[INFO] [stderr]    Compiling hashbrown v0.14.5
[INFO] [stderr]    Compiling httparse v1.8.0
[INFO] [stderr]    Compiling crossbeam-utils v0.8.19
[INFO] [stderr]    Compiling thiserror v1.0.60
[INFO] [stderr]    Compiling rustls v0.21.12
[INFO] [stderr]    Compiling parking v2.2.0
[INFO] [stderr]    Compiling opaque-debug v0.3.1
[INFO] [stderr]    Compiling bitcoin-private v0.1.0
[INFO] [stderr]    Compiling byteorder v1.5.0
[INFO] [stderr]    Compiling either v1.11.0
[INFO] [stderr]    Compiling httpdate v1.0.3
[INFO] [stderr]    Compiling syn v1.0.109
[INFO] [stderr]    Compiling serde_json v1.0.117
[INFO] [stderr]    Compiling num-traits v0.2.19
[INFO] [stderr]    Compiling hex_lit v0.1.1
[INFO] [stderr]    Compiling http v0.2.12
[INFO] [stderr]    Compiling rustls v0.22.4
[INFO] [stderr]    Compiling rustls-pemfile v1.0.4
[INFO] [stderr]    Compiling encoding_rs v0.8.34
[INFO] [stderr]    Compiling ipnet v2.9.0
[INFO] [stderr]    Compiling sync_wrapper v0.1.2
[INFO] [stderr]    Compiling base64ct v1.6.0
[INFO] [stderr]    Compiling quote v1.0.36
[INFO] [stderr]    Compiling mime v0.3.17
[INFO] [stderr]    Compiling concurrent-queue v2.5.0
[INFO] [stderr]    Compiling jobserver v0.1.31
[INFO] [stderr]    Compiling fastrand v2.1.0
[INFO] [stderr]    Compiling syn v2.0.61
[INFO] [stderr]    Compiling unicode-normalization v0.1.22
[INFO] [stderr]    Compiling indexmap v2.2.6
[INFO] [stderr]    Compiling webpki-roots v0.25.4
[INFO] [stderr]    Compiling bech32 v0.9.1
[INFO] [stderr]    Compiling winnow v0.5.40
[INFO] [stderr]    Compiling toml_datetime v0.6.5
[INFO] [stderr]    Compiling cc v1.0.97
[INFO] [stderr]    Compiling idna v0.5.0
[INFO] [stderr]    Compiling bitcoin v0.30.2
[INFO] [stderr]    Compiling bitcoin_hashes v0.11.0
[INFO] [stderr]    Compiling event-listener v4.0.3
[INFO] [stderr]    Compiling http-body v0.4.6
[INFO] [stderr]    Compiling event-listener v5.3.0
[INFO] [stderr]    Compiling http v1.1.0
[INFO] [stderr]    Compiling block-buffer v0.10.4
[INFO] [stderr]    Compiling block-padding v0.3.3
[INFO] [stderr]    Compiling io-lifetimes v1.0.11
[INFO] [stderr]    Compiling negentropy v0.3.1
[INFO] [stderr]    Compiling inout v0.1.3
[INFO] [stderr]    Compiling getrandom v0.2.15
[INFO] [stderr]    Compiling mio v0.8.11
[INFO] [stderr]    Compiling num_cpus v1.16.0
[INFO] [stderr]    Compiling rand_core v0.6.4
[INFO] [stderr]    Compiling socket2 v0.5.7
[INFO] [stderr]    Compiling utf-8 v0.7.6
[INFO] [stderr]    Compiling data-encoding v2.6.0
[INFO] [stderr]    Compiling event-listener v2.5.3
[INFO] [stderr]    Compiling aho-corasick v1.1.3
[INFO] [stderr]    Compiling crypto-common v0.1.6
[INFO] [stderr]    Compiling digest v0.10.7
[INFO] [stderr]    Compiling rand_chacha v0.3.1
[INFO] [stderr]    Compiling cipher v0.4.4
[INFO] [stderr]    Compiling universal-hash v0.5.1
[INFO] [stderr]    Compiling aead v0.5.2
[INFO] [stderr]    Compiling poly1305 v0.8.0
[INFO] [stderr]    Compiling toml_edit v0.19.15
[INFO] [stderr]    Compiling hmac v0.12.1
[INFO] [stderr]    Compiling sha1 v0.10.6
[INFO] [stderr]    Compiling rand v0.8.5
[INFO] [stderr]    Compiling sha2 v0.10.8
[INFO] [stderr]    Compiling pbkdf2 v0.12.2
[INFO] [stderr]    Compiling password-hash v0.5.0
[INFO] [stderr]    Compiling salsa20 v0.10.2
[INFO] [stderr]    Compiling chacha20 v0.9.1
[INFO] [stderr]    Compiling aes v0.8.4
[INFO] [stderr]    Compiling cbc v0.1.2
[INFO] [stderr]    Compiling ring v0.17.8
[INFO] [stderr]    Compiling secp256k1-sys v0.8.1
[INFO] [stderr]    Compiling chacha20poly1305 v0.10.1
[INFO] [stderr]    Compiling scrypt v0.11.0
[INFO] [stderr]    Compiling libz-sys v1.1.16
[INFO] [stderr]    Compiling openssl-sys v0.9.102
[INFO] [stderr]    Compiling num-integer v0.1.46
[INFO] [stderr]    Compiling event-listener-strategy v0.5.2
[INFO] [stderr]    Compiling event-listener-strategy v0.4.0
[INFO] [stderr]    Compiling webpki-roots v0.26.1
[INFO] [stderr]    Compiling polling v2.8.0
[INFO] [stderr]    Compiling futures-lite v2.3.0
[INFO] [stderr]    Compiling memoffset v0.7.1
[INFO] [stderr]    Compiling regex-syntax v0.8.3
[INFO] [stderr]    Compiling fastrand v1.9.0
[INFO] [stderr]    Compiling async-task v4.7.1
[INFO] [stderr]    Compiling waker-fn v1.1.1
[INFO] [stderr]    Compiling proc-macro-hack v0.5.20+deprecated
[INFO] [stderr]    Compiling rustix v0.37.27
[INFO] [stderr]    Compiling atomic-waker v1.1.2
[INFO] [stderr]    Compiling bitflags v2.5.0
[INFO] [stderr]    Compiling piper v0.2.1
[INFO] [stderr]    Compiling futures-lite v1.13.0
[INFO] [stderr]    Compiling async-lock v3.3.0
[INFO] [stderr]    Compiling async-channel v2.2.1
[INFO] [stderr]    Compiling libssh2-sys v0.3.0
[INFO] [stderr]    Compiling async-lock v2.8.0
[INFO] [stderr]    Compiling lru v0.12.3
[INFO] [stderr]    Compiling async-fs v1.6.0
[INFO] [stderr]    Compiling proc-macro-crate v1.3.1
[INFO] [stderr]    Compiling async-io v1.13.0
[INFO] [stderr]    Compiling linux-raw-sys v0.3.8
[INFO] [stderr]    Compiling num-bigint v0.4.5
[INFO] [stderr]    Compiling socket2 v0.4.10
[INFO] [stderr]    Compiling blocking v1.6.0
[INFO] [stderr]    Compiling cipher v0.3.0
[INFO] [stderr]    Compiling rustix v0.38.34
[INFO] [stderr]    Compiling anstyle-parse v0.2.4
[INFO] [stderr]    Compiling nix v0.26.4
[INFO] [stderr]    Compiling zvariant_utils v1.0.1
[INFO] [stderr]    Compiling async-executor v1.11.0
[INFO] [stderr]    Compiling num-iter v0.1.45
[INFO] [stderr]    Compiling libgit2-sys v0.16.2+1.7.2
[INFO] [stderr]    Compiling async-broadcast v0.5.1
[INFO] [stderr]    Compiling num-complex v0.4.6
[INFO] [stderr]    Compiling xdg-home v1.1.0
[INFO] [stderr]    Compiling ordered-stream v0.2.0
[INFO] [stderr]    Compiling block-padding v0.2.1
[INFO] [stderr]    Compiling is_terminal_polyfill v1.70.0
[INFO] [stderr]    Compiling portable-atomic v1.6.0
[INFO] [stderr]    Compiling anstyle-query v1.0.3
[INFO] [stderr]    Compiling num-rational v0.4.2
[INFO] [stderr]    Compiling anstyle v1.0.7
[INFO] [stderr]    Compiling linux-raw-sys v0.4.13
[INFO] [stderr]    Compiling regex-automata v0.4.6
[INFO] [stderr]    Compiling colorchoice v1.0.1
[INFO] [stderr]    Compiling anstream v0.6.14
[INFO] [stderr]    Compiling console v0.15.8
[INFO] [stderr]    Compiling block-modes v0.8.1
[INFO] [stderr]    Compiling num v0.4.3
[INFO] [stderr]    Compiling aes v0.7.5
[INFO] [stderr]    Compiling hkdf v0.12.4
[INFO] [stderr]    Compiling anyhow v1.0.83
[INFO] [stderr]    Compiling clap_builder v4.5.2
[INFO] [stderr]    Compiling dirs-sys v0.4.1
[INFO] [stderr]    Compiling linux-keyutils v0.2.4
[INFO] [stderr]    Compiling serde_derive v1.0.201
[INFO] [stderr]    Compiling futures-macro v0.3.30
[INFO] [stderr]    Compiling tokio-macros v2.2.0
[INFO] [stderr]    Compiling tracing-attributes v0.1.27
[INFO] [stderr]    Compiling thiserror-impl v1.0.60
[INFO] [stderr]    Compiling async-trait v0.1.80
[INFO] [stderr]    Compiling enumflags2_derive v0.7.9
[INFO] [stderr]    Compiling async-recursion v1.1.1
[INFO] [stderr]    Compiling serde_repr v0.1.19
[INFO] [stderr]    Compiling tokio v1.37.0
[INFO] [stderr]    Compiling zvariant_derive v3.15.2
[INFO] [stderr]    Compiling derivative v2.2.0
[INFO] [stderr]    Compiling random-number-macro-impl v0.1.7
[INFO] [stderr]    Compiling futures-util v0.3.30
[INFO] [stderr]    Compiling clap_derive v4.5.4
[INFO] [stderr]    Compiling random-number v0.1.8
[INFO] [stderr]    Compiling random-pick v1.2.16
[INFO] [stderr]    Compiling tempfile v3.10.1
[INFO] [stderr]    Compiling indicatif v0.17.8
[INFO] [stderr]    Compiling regex v1.10.4
[INFO] [stderr]    Compiling passwords v3.1.16
[INFO] [stderr]    Compiling tracing v0.1.40
[INFO] [stderr]    Compiling dialoguer v0.10.4
[INFO] [stderr]    Compiling atomic-destructor v0.1.1
[INFO] [stderr]    Compiling directories v5.0.1
[INFO] [stderr]    Compiling zbus_macros v3.15.2
[INFO] [stderr]    Compiling serde v1.0.201
[INFO] [stderr]    Compiling clap v4.5.4
[INFO] [stderr]    Compiling rustls-webpki v0.101.7
[INFO] [stderr]    Compiling sct v0.7.1
[INFO] [stderr]    Compiling rustls-webpki v0.102.3
[INFO] [stderr]    Compiling futures-executor v0.3.30
[INFO] [stderr]    Compiling futures v0.3.30
[INFO] [stderr]    Compiling tokio-util v0.7.11
[INFO] [stderr]    Compiling tokio-socks v0.5.1
[INFO] [stderr]    Compiling async-utility v0.2.0
[INFO] [stderr]    Compiling h2 v0.3.26
[INFO] [stderr]    Compiling url v2.5.0
[INFO] [stderr]    Compiling serde_urlencoded v0.7.1
[INFO] [stderr]    Compiling bitcoin_hashes v0.12.0
[INFO] [stderr]    Compiling bip39 v2.0.0
[INFO] [stderr]    Compiling enumflags2 v0.7.9
[INFO] [stderr]    Compiling serde_yaml v0.9.34+deprecated
[INFO] [stderr]    Compiling zvariant v3.15.2
[INFO] [stderr]    Compiling tokio-rustls v0.24.1
[INFO] [stderr]    Compiling secp256k1 v0.27.0
[INFO] [stderr]    Compiling tungstenite v0.21.0
[INFO] [stderr]    Compiling tokio-rustls v0.25.0
[INFO] [stderr]    Compiling zbus_names v2.6.1
[INFO] [stderr]    Compiling zbus v3.15.2
[INFO] [stderr]    Compiling hyper v0.14.28
[INFO] [stderr]    Compiling tokio-tungstenite v0.21.0
[INFO] [stderr]    Compiling async-wsocket v0.3.0
[INFO] [stderr]    Compiling git2 v0.18.3
[INFO] [stderr]    Compiling hyper-rustls v0.24.2
[INFO] [stderr]    Compiling reqwest v0.11.27
[INFO] [stderr]    Compiling nostr v0.29.1
[INFO] [stderr]    Compiling lnurl-pay v0.3.0
[INFO] [stderr]    Compiling secret-service v3.0.1
[INFO] [stderr]    Compiling keyring v2.3.3
[INFO] [stderr]    Compiling nostr-database v0.29.0
[INFO] [stderr]    Compiling nostr-zapper v0.29.0
[INFO] [stderr]    Compiling nostr-relay-pool v0.29.4
[INFO] [stderr]    Compiling nwc v0.29.0
[INFO] [stderr]    Compiling nostr-signer v0.29.0
[INFO] [stderr]    Compiling nostr-sdk v0.29.0
[INFO] [stderr]    Compiling gnostr-cli v0.0.46 (/opt/rustwide/workdir)
[INFO] [stdout] warning: associated items `new` and `get_more_fallback_relays` are never used
[INFO] [stdout]   --> src/client.rs:36:8
[INFO] [stdout]    |
[INFO] [stdout] 34 | pub trait Connect {
[INFO] [stdout]    |           ------- associated items in this trait
[INFO] [stdout] 35 |     fn default() -> Self;
[INFO] [stdout] 36 |     fn new(opts: Params) -> Self;
[INFO] [stdout]    |        ^^^
[INFO] [stdout] ...
[INFO] [stdout] 40 |     fn get_more_fallback_relays(&self) -> &Vec<String>;
[INFO] [stdout]    |        ^^^^^^^^^^^^^^^^^^^^^^^^
[INFO] [stdout]    |
[INFO] [stdout]    = note: `#[warn(dead_code)]` on by default
[INFO] [stdout] 
[INFO] [stdout] 
[INFO] [stdout] warning: method `random_token` is never used
[INFO] [stdout]   --> src/key_handling/encryption.rs:24:8
[INFO] [stdout]    |
[INFO] [stdout] 19 | pub trait EncryptDecrypt {
[INFO] [stdout]    |           -------------- method in this trait
[INFO] [stdout] ...
[INFO] [stdout] 24 |     fn random_token(&self) -> String;
[INFO] [stdout]    |        ^^^^^^^^^^^^
[INFO] [stdout] 
[INFO] [stdout] 
[INFO] [stdout] warning: field `description` is never read
[INFO] [stdout]    --> src/sub_commands/send.rs:693:9
[INFO] [stdout]     |
[INFO] [stdout] 691 | pub struct CoverLetter {
[INFO] [stdout]     |            ----------- field in this struct
[INFO] [stdout] 692 |     pub title: String,
[INFO] [stdout] 693 |     pub description: String,
[INFO] [stdout]     |         ^^^^^^^^^^^
[INFO] [stdout] 
[INFO] [stdout] 
[INFO] [stdout] warning: associated items `new` and `get_more_fallback_relays` are never used
[INFO] [stdout]   --> src/client.rs:36:8
[INFO] [stdout]    |
[INFO] [stdout] 34 | pub trait Connect {
[INFO] [stdout]    |           ------- associated items in this trait
[INFO] [stdout] 35 |     fn default() -> Self;
[INFO] [stdout] 36 |     fn new(opts: Params) -> Self;
[INFO] [stdout]    |        ^^^
[INFO] [stdout] ...
[INFO] [stdout] 40 |     fn get_more_fallback_relays(&self) -> &Vec<String>;
[INFO] [stdout]    |        ^^^^^^^^^^^^^^^^^^^^^^^^
[INFO] [stdout]    |
[INFO] [stdout]    = note: `#[warn(dead_code)]` on by default
[INFO] [stdout] 
[INFO] [stdout] 
[INFO] [stdout] warning: method `random_token` is never used
[INFO] [stdout]   --> src/key_handling/encryption.rs:24:8
[INFO] [stdout]    |
[INFO] [stdout] 19 | pub trait EncryptDecrypt {
[INFO] [stdout]    |           -------------- method in this trait
[INFO] [stdout] ...
[INFO] [stdout] 24 |     fn random_token(&self) -> String;
[INFO] [stdout]    |        ^^^^^^^^^^^^
[INFO] [stdout] 
[INFO] [stdout] 
[INFO] [stdout] warning: field `description` is never read
[INFO] [stdout]    --> src/sub_commands/send.rs:693:9
[INFO] [stdout]     |
[INFO] [stdout] 691 | pub struct CoverLetter {
[INFO] [stdout]     |            ----------- field in this struct
[INFO] [stdout] 692 |     pub title: String,
[INFO] [stdout] 693 |     pub description: String,
[INFO] [stdout]     |         ^^^^^^^^^^^
[INFO] [stdout] 
[INFO] [stdout] 
[INFO] [stderr]     Finished `dev` profile [unoptimized + debuginfo] target(s) in 49.86s
[INFO] running `Command { std: "docker" "inspect" "5657848f63f0e14286248953ccc0f8596fa1b4514310309ae82503687c413a3f", kill_on_drop: false }`
[INFO] running `Command { std: "docker" "rm" "-f" "5657848f63f0e14286248953ccc0f8596fa1b4514310309ae82503687c413a3f", kill_on_drop: false }`
[INFO] [stdout] 5657848f63f0e14286248953ccc0f8596fa1b4514310309ae82503687c413a3f
[INFO] running `Command { std: "docker" "create" "-v" "/var/lib/crater-agent-workspace/builds/worker-7-tc1/target:/opt/rustwide/target:rw,Z" "-v" "/var/lib/crater-agent-workspace/builds/worker-7-tc1/source:/opt/rustwide/workdir:ro,Z" "-v" "/var/lib/crater-agent-workspace/cargo-home:/opt/rustwide/cargo-home:ro,Z" "-v" "/var/lib/crater-agent-workspace/rustup-home:/opt/rustwide/rustup-home:ro,Z" "-e" "SOURCE_DIR=/opt/rustwide/workdir" "-e" "CARGO_TARGET_DIR=/opt/rustwide/target" "-e" "CARGO_INCREMENTAL=0" "-e" "RUST_BACKTRACE=full" "-e" "RUSTFLAGS=--cap-lints=forbid" "-e" "RUSTDOCFLAGS=--cap-lints=forbid" "-e" "CARGO_HOME=/opt/rustwide/cargo-home" "-e" "RUSTUP_HOME=/opt/rustwide/rustup-home" "-w" "/opt/rustwide/workdir" "-m" "1610612736" "--user" "0:0" "--network" "none" "ghcr.io/rust-lang/crates-build-env/linux@sha256:4a844ea9eb2546a2d2c7022eacef16ef2e8229c7fbb2c7d4d55a9ceca922f72d" "/opt/rustwide/cargo-home/bin/cargo" "+nightly-2024-10-28" "test" "--frozen" "--no-run" "--message-format=json", kill_on_drop: false }`
[INFO] [stdout] 7cb4bd000befd7186a29fa5521068eaeb804f3ab7c94f2ee5fd51ba3dc167822
[INFO] running `Command { std: "docker" "start" "-a" "7cb4bd000befd7186a29fa5521068eaeb804f3ab7c94f2ee5fd51ba3dc167822", kill_on_drop: false }`
[INFO] [stderr] warning: file `/opt/rustwide/workdir/src/main.rs` found to be present in multiple build targets:
[INFO] [stderr]   * `bin` target `git-cli`
[INFO] [stderr]   * `bin` target `gnostr-cli`
[INFO] [stderr]    Compiling aho-corasick v1.1.3
[INFO] [stderr]    Compiling lock_api v0.4.12
[INFO] [stderr]    Compiling predicates-core v1.0.6
[INFO] [stderr]    Compiling memoffset v0.6.5
[INFO] [stderr]    Compiling proc-macro-error-attr v1.0.4
[INFO] [stderr]    Compiling difflib v0.4.0
[INFO] [stderr]    Compiling smallvec v1.13.2
[INFO] [stderr]    Compiling proc-macro-error v1.0.4
[INFO] [stderr]    Compiling termtree v0.4.1
[INFO] [stderr]    Compiling float-cmp v0.9.0
[INFO] [stderr]    Compiling itertools v0.10.5
[INFO] [stderr]    Compiling assert_cmd v2.0.14
[INFO] [stderr]    Compiling normalize-line-endings v0.3.0
[INFO] [stderr]    Compiling mockall_derive v0.11.4
[INFO] [stderr]    Compiling serial_test_derive v2.0.0
[INFO] [stderr]    Compiling predicates-tree v1.0.9
[INFO] [stderr]    Compiling wait-timeout v0.2.0
[INFO] [stderr]    Compiling comma v1.0.0
[INFO] [stderr]    Compiling heck v0.4.1
[INFO] [stderr]    Compiling parking_lot_core v0.9.10
[INFO] [stderr]    Compiling predicates v3.1.0
[INFO] [stderr]    Compiling fragile v2.0.0
[INFO] [stderr]    Compiling nix v0.25.1
[INFO] [stderr]    Compiling downcast v0.11.0
[INFO] [stderr]    Compiling parking_lot v0.12.2
[INFO] [stderr]    Compiling dashmap v5.5.3
[INFO] [stderr]    Compiling duplicate v1.0.0
[INFO] [stderr]    Compiling serial_test v2.0.0
[INFO] [stderr]    Compiling regex-automata v0.4.6
[INFO] [stderr]    Compiling regex v1.10.4
[INFO] [stderr]    Compiling bstr v1.9.1
[INFO] [stderr]    Compiling zbus_macros v3.15.2
[INFO] [stderr]    Compiling predicates v2.1.5
[INFO] [stderr]    Compiling rexpect v0.5.0
[INFO] [stderr]    Compiling mockall v0.11.4
[INFO] [stderr]    Compiling zbus v3.15.2
[INFO] [stderr]    Compiling secret-service v3.0.1
[INFO] [stderr]    Compiling keyring v2.3.3
[INFO] [stderr]    Compiling gnostr-cli v0.0.46 (/opt/rustwide/workdir)
[INFO] [stdout] error[E0433]: failed to resolve: use of undeclared crate or module `test_utils`
[INFO] [stdout]   --> tests/login.rs:26:9
[INFO] [stdout]    |
[INFO] [stdout] 26 |     use test_utils::relay::{shutdown_relay, ListenerReqFunc, Relay};
[INFO] [stdout]    |         ^^^^^^^^^^ use of undeclared crate or module `test_utils`
[INFO] [stdout] 
[INFO] [stdout] 
[INFO] [stdout] error[E0432]: unresolved import `test_utils`
[INFO] [stdout]  --> tests/login.rs:3:5
[INFO] [stdout]   |
[INFO] [stdout] 3 | use test_utils::*;
[INFO] [stdout]   |     ^^^^^^^^^^ use of undeclared crate or module `test_utils`
[INFO] [stdout] 
[INFO] [stdout] 
[INFO] [stdout] error[E0433]: failed to resolve: use of undeclared crate or module `test_utils`
[INFO] [stdout]  --> tests/send.rs:4:5
[INFO] [stdout]   |
[INFO] [stdout] 4 | use test_utils::{git::GitTestRepo, relay::Relay, *};
[INFO] [stdout]   |     ^^^^^^^^^^ use of undeclared crate or module `test_utils`
[INFO] [stdout] 
[INFO] [stdout] 
[INFO] [stdout] error[E0432]: unresolved import `test_utils`
[INFO] [stdout]  --> tests/send.rs:4:5
[INFO] [stdout]   |
[INFO] [stdout] 4 | use test_utils::{git::GitTestRepo, relay::Relay, *};
[INFO] [stdout]   |     ^^^^^^^^^^ use of undeclared crate or module `test_utils`
[INFO] [stdout] 
[INFO] [stdout] 
[INFO] [stdout] error[E0433]: failed to resolve: use of undeclared crate or module `test_utils`
[INFO] [stdout]  --> tests/pull.rs:4:5
[INFO] [stdout]   |
[INFO] [stdout] 4 | use test_utils::{git::GitTestRepo, relay::Relay, *};
[INFO] [stdout]   |     ^^^^^^^^^^ use of undeclared crate or module `test_utils`
[INFO] [stdout] 
[INFO] [stdout] 
[INFO] [stdout] error[E0432]: unresolved import `test_utils`
[INFO] [stdout]  --> tests/pull.rs:4:5
[INFO] [stdout]   |
[INFO] [stdout] 4 | use test_utils::{git::GitTestRepo, relay::Relay, *};
[INFO] [stdout]   |     ^^^^^^^^^^ use of undeclared crate or module `test_utils`
[INFO] [stdout] 
[INFO] [stdout] 
[INFO] [stdout] error[E0433]: failed to resolve: use of undeclared crate or module `test_utils`
[INFO] [stdout]  --> tests/init.rs:3:5
[INFO] [stdout]   |
[INFO] [stdout] 3 | use test_utils::{git::GitTestRepo, *};
[INFO] [stdout]   |     ^^^^^^^^^^ use of undeclared crate or module `test_utils`
[INFO] [stdout] 
[INFO] [stdout] 
[INFO] [stdout] error[E0433]: failed to resolve: use of undeclared crate or module `test_utils`
[INFO] [stdout]   --> tests/init.rs:56:13
[INFO] [stdout]    |
[INFO] [stdout] 56 |         use test_utils::relay::Relay;
[INFO] [stdout]    |             ^^^^^^^^^^ use of undeclared crate or module `test_utils`
[INFO] [stdout] 
[INFO] [stdout] 
[INFO] [stdout] error[E0432]: unresolved import `test_utils`
[INFO] [stdout]  --> tests/init.rs:3:5
[INFO] [stdout]   |
[INFO] [stdout] 3 | use test_utils::{git::GitTestRepo, *};
[INFO] [stdout]   |     ^^^^^^^^^^ use of undeclared crate or module `test_utils`
[INFO] [stdout] 
[INFO] [stdout] 
[INFO] [stdout] error[E0433]: failed to resolve: use of undeclared crate or module `test_utils`
[INFO] [stdout]  --> tests/push.rs:4:5
[INFO] [stdout]   |
[INFO] [stdout] 4 | use test_utils::{git::GitTestRepo, relay::Relay, *};
[INFO] [stdout]   |     ^^^^^^^^^^ use of undeclared crate or module `test_utils`
[INFO] [stdout] 
[INFO] [stdout] 
[INFO] [stdout] error[E0433]: failed to resolve: use of undeclared crate or module `test_utils`
[INFO] [stdout]    --> tests/push.rs:297:17
[INFO] [stdout]     |
[INFO] [stdout] 297 |             use test_utils::relay::expect_send_with_progress;
[INFO] [stdout]     |                 ^^^^^^^^^^ use of undeclared crate or module `test_utils`
[INFO] [stdout] 
[INFO] [stdout] 
[INFO] [stdout] error[E0432]: unresolved import `test_utils`
[INFO] [stdout]  --> tests/push.rs:4:5
[INFO] [stdout]   |
[INFO] [stdout] 4 | use test_utils::{git::GitTestRepo, relay::Relay, *};
[INFO] [stdout]   |     ^^^^^^^^^^ use of undeclared crate or module `test_utils`
[INFO] [stdout] 
[INFO] [stdout] 
[INFO] [stdout] error[E0433]: failed to resolve: use of undeclared crate or module `test_utils`
[INFO] [stdout]  --> tests/list.rs:5:5
[INFO] [stdout]   |
[INFO] [stdout] 5 | use test_utils::{git::GitTestRepo, relay::Relay, *};
[INFO] [stdout]   |     ^^^^^^^^^^ use of undeclared crate or module `test_utils`
[INFO] [stdout] 
[INFO] [stdout] 
[INFO] [stdout] error[E0432]: unresolved import `test_utils`
[INFO] [stdout]  --> tests/list.rs:5:5
[INFO] [stdout]   |
[INFO] [stdout] 5 | use test_utils::{git::GitTestRepo, relay::Relay, *};
[INFO] [stdout]   |     ^^^^^^^^^^ use of undeclared crate or module `test_utils`
[INFO] [stdout] 
[INFO] [stdout] 
[INFO] [stdout] error[E0433]: failed to resolve: use of undeclared crate or module `test_utils`
[INFO] [stdout]    --> src/git.rs:793:9
[INFO] [stdout]     |
[INFO] [stdout] 793 |     use test_utils::{generate_repo_ref_event, git::GitTestRepo, TEST_KEY_1_KEYS};
[INFO] [stdout]     |         ^^^^^^^^^^ use of undeclared crate or module `test_utils`
[INFO] [stdout] 
[INFO] [stdout] 
[INFO] [stdout] error[E0433]: failed to resolve: use of undeclared crate or module `test_utils`
[INFO] [stdout]     --> src/git.rs:1565:17
[INFO] [stdout]      |
[INFO] [stdout] 1565 |             use test_utils::git::joe_signature;
[INFO] [stdout]      |                 ^^^^^^^^^^ use of undeclared crate or module `test_utils`
[INFO] [stdout] 
[INFO] [stdout] 
[INFO] [stdout] error[E0432]: unresolved import `test_utils`
[INFO] [stdout]    --> src/git.rs:793:9
[INFO] [stdout]     |
[INFO] [stdout] 793 |     use test_utils::{generate_repo_ref_event, git::GitTestRepo, TEST_KEY_1_KEYS};
[INFO] [stdout]     |         ^^^^^^^^^^ use of undeclared crate or module `test_utils`
[INFO] [stdout] 
[INFO] [stdout] 
[INFO] [stdout] error[E0432]: unresolved import `test_utils`
[INFO] [stdout]     --> src/git.rs:1665:13
[INFO] [stdout]      |
[INFO] [stdout] 1665 |         use test_utils::TEST_KEY_1_KEYS;
[INFO] [stdout]      |             ^^^^^^^^^^ use of undeclared crate or module `test_utils`
[INFO] [stdout] 
[INFO] [stdout] 
[INFO] [stdout] error[E0432]: unresolved import `test_utils`
[INFO] [stdout]    --> src/key_handling/encryption.rs:162:9
[INFO] [stdout]     |
[INFO] [stdout] 162 |     use test_utils::*;
[INFO] [stdout]     |         ^^^^^^^^^^ use of undeclared crate or module `test_utils`
[INFO] [stdout] 
[INFO] [stdout] 
[INFO] [stdout] error[E0432]: unresolved import `test_utils`
[INFO] [stdout]    --> src/key_handling/users.rs:309:9
[INFO] [stdout]     |
[INFO] [stdout] 309 |     use test_utils::*;
[INFO] [stdout]     |         ^^^^^^^^^^ use of undeclared crate or module `test_utils`
[INFO] [stdout] 
[INFO] [stdout] 
[INFO] [stdout] error[E0433]: failed to resolve: use of undeclared crate or module `test_utils`
[INFO] [stdout]    --> src/sub_commands/send.rs:987:9
[INFO] [stdout]     |
[INFO] [stdout] 987 |     use test_utils::git::GitTestRepo;
[INFO] [stdout]     |         ^^^^^^^^^^ use of undeclared crate or module `test_utils`
[INFO] [stdout] 
[INFO] [stdout] 
[INFO] [stdout] error[E0432]: unresolved import `test_utils`
[INFO] [stdout]    --> src/repo_ref.rs:297:9
[INFO] [stdout]     |
[INFO] [stdout] 297 |     use test_utils::*;
[INFO] [stdout]     |         ^^^^^^^^^^ use of undeclared crate or module `test_utils`
[INFO] [stdout] 
[INFO] [stdout] 
[INFO] [stdout] error[E0433]: failed to resolve: use of undeclared crate or module `test_utils`
[INFO] [stdout]    --> src/git.rs:793:9
[INFO] [stdout]     |
[INFO] [stdout] 793 |     use test_utils::{generate_repo_ref_event, git::GitTestRepo, TEST_KEY_1_KEYS};
[INFO] [stdout]     |         ^^^^^^^^^^ use of undeclared crate or module `test_utils`
[INFO] [stdout] 
[INFO] [stdout] 
[INFO] [stdout] error[E0433]: failed to resolve: use of undeclared crate or module `test_utils`
[INFO] [stdout]     --> src/git.rs:1565:17
[INFO] [stdout]      |
[INFO] [stdout] 1565 |             use test_utils::git::joe_signature;
[INFO] [stdout]      |                 ^^^^^^^^^^ use of undeclared crate or module `test_utils`
[INFO] [stdout] 
[INFO] [stdout] 
[INFO] [stdout] error[E0432]: unresolved import `test_utils`
[INFO] [stdout]    --> src/git.rs:793:9
[INFO] [stdout]     |
[INFO] [stdout] 793 |     use test_utils::{generate_repo_ref_event, git::GitTestRepo, TEST_KEY_1_KEYS};
[INFO] [stdout]     |         ^^^^^^^^^^ use of undeclared crate or module `test_utils`
[INFO] [stdout] 
[INFO] [stdout] 
[INFO] [stdout] error[E0432]: unresolved import `test_utils`
[INFO] [stdout]     --> src/git.rs:1665:13
[INFO] [stdout]      |
[INFO] [stdout] 1665 |         use test_utils::TEST_KEY_1_KEYS;
[INFO] [stdout]      |             ^^^^^^^^^^ use of undeclared crate or module `test_utils`
[INFO] [stdout] 
[INFO] [stdout] 
[INFO] [stdout] error[E0432]: unresolved import `test_utils`
[INFO] [stdout]    --> src/key_handling/encryption.rs:162:9
[INFO] [stdout]     |
[INFO] [stdout] 162 |     use test_utils::*;
[INFO] [stdout]     |         ^^^^^^^^^^ use of undeclared crate or module `test_utils`
[INFO] [stdout] 
[INFO] [stdout] 
[INFO] [stdout] error[E0432]: unresolved import `test_utils`
[INFO] [stdout]    --> src/key_handling/users.rs:309:9
[INFO] [stdout]     |
[INFO] [stdout] 309 |     use test_utils::*;
[INFO] [stdout]     |         ^^^^^^^^^^ use of undeclared crate or module `test_utils`
[INFO] [stdout] 
[INFO] [stdout] 
[INFO] [stdout] error[E0433]: failed to resolve: use of undeclared crate or module `test_utils`
[INFO] [stdout]    --> src/sub_commands/send.rs:987:9
[INFO] [stdout]     |
[INFO] [stdout] 987 |     use test_utils::git::GitTestRepo;
[INFO] [stdout]     |         ^^^^^^^^^^ use of undeclared crate or module `test_utils`
[INFO] [stdout] 
[INFO] [stdout] 
[INFO] [stdout] error[E0432]: unresolved import `test_utils`
[INFO] [stdout]    --> src/repo_ref.rs:297:9
[INFO] [stdout]     |
[INFO] [stdout] 297 |     use test_utils::*;
[INFO] [stdout]     |         ^^^^^^^^^^ use of undeclared crate or module `test_utils`
[INFO] [stdout] 
[INFO] [stdout] 
[INFO] [stdout] error[E0609]: no field `events` on type `&_`
[INFO] [stdout]    --> tests/init.rs:137:30
[INFO] [stdout]     |
[INFO] [stdout] 137 | ...                   .events
[INFO] [stdout]     |                        ^^^^^^ unknown field
[INFO] [stdout] 
[INFO] [stdout] 
[INFO] [stdout] error[E0609]: no field `events` on type `&_`
[INFO] [stdout]    --> tests/init.rs:154:30
[INFO] [stdout]     |
[INFO] [stdout] 154 | ...                   .events
[INFO] [stdout]     |                        ^^^^^^ unknown field
[INFO] [stdout] 
[INFO] [stdout] 
[INFO] [stdout] error[E0609]: no field `events` on type `&_`
[INFO] [stdout]    --> tests/init.rs:171:30
[INFO] [stdout]     |
[INFO] [stdout] 171 | ...                   .events
[INFO] [stdout]     |                        ^^^^^^ unknown field
[INFO] [stdout] 
[INFO] [stdout] 
[INFO] [stdout] error[E0609]: no field `events` on type `&_`
[INFO] [stdout]    --> tests/init.rs:287:26
[INFO] [stdout]     |
[INFO] [stdout] 287 |                         .events
[INFO] [stdout]     |                          ^^^^^^ unknown field
[INFO] [stdout] 
[INFO] [stdout] 
[INFO] [stdout] error[E0609]: no field `events` on type `&_`
[INFO] [stdout]    --> tests/init.rs:307:26
[INFO] [stdout]     |
[INFO] [stdout] 307 |                         .events
[INFO] [stdout]     |                          ^^^^^^ unknown field
[INFO] [stdout] 
[INFO] [stdout] 
[INFO] [stdout] error[E0609]: no field `events` on type `&_`
[INFO] [stdout]    --> tests/init.rs:324:26
[INFO] [stdout]     |
[INFO] [stdout] 324 |                         .events
[INFO] [stdout]     |                          ^^^^^^ unknown field
[INFO] [stdout] 
[INFO] [stdout] 
[INFO] [stdout] error[E0609]: no field `events` on type `&_`
[INFO] [stdout]    --> tests/init.rs:345:26
[INFO] [stdout]     |
[INFO] [stdout] 345 |                         .events
[INFO] [stdout]     |                          ^^^^^^ unknown field
[INFO] [stdout] 
[INFO] [stdout] 
[INFO] [stdout] error[E0609]: no field `events` on type `&_`
[INFO] [stdout]    --> tests/init.rs:362:26
[INFO] [stdout]     |
[INFO] [stdout] 362 |                         .events
[INFO] [stdout]     |                          ^^^^^^ unknown field
[INFO] [stdout] 
[INFO] [stdout] 
[INFO] [stdout] error[E0609]: no field `events` on type `&_`
[INFO] [stdout]    --> tests/init.rs:381:26
[INFO] [stdout]     |
[INFO] [stdout] 381 |                         .events
[INFO] [stdout]     |                          ^^^^^^ unknown field
[INFO] [stdout] 
[INFO] [stdout] 
[INFO] [stdout] error[E0609]: no field `events` on type `&_`
[INFO] [stdout]    --> tests/init.rs:403:26
[INFO] [stdout]     |
[INFO] [stdout] 403 |                         .events
[INFO] [stdout]     |                          ^^^^^^ unknown field
[INFO] [stdout] 
[INFO] [stdout] 
[INFO] [stdout] error[E0609]: no field `events` on type `&_`
[INFO] [stdout]    --> tests/init.rs:425:26
[INFO] [stdout]     |
[INFO] [stdout] 425 |                         .events
[INFO] [stdout]     |                          ^^^^^^ unknown field
[INFO] [stdout] 
[INFO] [stdout] 
[INFO] [stdout] error[E0609]: no field `events` on type `&_`
[INFO] [stdout]    --> tests/send.rs:225:23
[INFO] [stdout]     |
[INFO] [stdout] 225 |                 relay.events.iter().filter(|e| is_cover_letter(e)).count(),
[INFO] [stdout]     |                       ^^^^^^ unknown field
[INFO] [stdout] 
[INFO] [stdout] 
[INFO] [stdout] error[E0609]: no field `events` on type `&_`
[INFO] [stdout]    --> tests/send.rs:238:23
[INFO] [stdout]     |
[INFO] [stdout] 238 |                 relay.events.iter().filter(|e| is_cover_letter(e)).count(),
[INFO] [stdout]     |                       ^^^^^^ unknown field
[INFO] [stdout] 
[INFO] [stdout] 
[INFO] [stdout] error[E0609]: no field `events` on type `&_`
[INFO] [stdout]    --> tests/send.rs:251:23
[INFO] [stdout]     |
[INFO] [stdout] 251 |                 relay.events.iter().filter(|e| is_cover_letter(e)).count(),
[INFO] [stdout]     |                       ^^^^^^ unknown field
[INFO] [stdout] 
[INFO] [stdout] 
[INFO] [stdout] error[E0581]: return type references an anonymous lifetime, which is not constrained by the fn input types
[INFO] [stdout]   --> tests/login.rs:43:17
[INFO] [stdout]    |
[INFO] [stdout] 43 | /                 async fn run_test_displays_correct_name(
[INFO] [stdout] 44 | |                     relay_listener1: Option<ListenerReqFunc<'_>>,
[INFO] [stdout] 45 | |                     relay_listener2: Option<ListenerReqFunc<'_>>,
[INFO] [stdout] 46 | |                 ) -> Result<()> {
[INFO] [stdout]    | |_______________________________^
[INFO] [stdout]    |
[INFO] [stdout]    = note: lifetimes appearing in an associated or opaque type are not considered constrained
[INFO] [stdout]    = note: consider introducing a named lifetime parameter
[INFO] [stdout] 
[INFO] [stdout] 
[INFO] [stdout] error[E0581]: return type references an anonymous lifetime, which is not constrained by the fn input types
[INFO] [stdout]   --> tests/login.rs:84:17
[INFO] [stdout]    |
[INFO] [stdout] 84 | /                 async fn run_test_displays_fallback_to_npub(
[INFO] [stdout] 85 | |                     relay_listener1: Option<ListenerReqFunc<'_>>,
[INFO] [stdout] 86 | |                     relay_listener2: Option<ListenerReqFunc<'_>>,
[INFO] [stdout] 87 | |                 ) -> Result<()> {
[INFO] [stdout]    | |_______________________________^
[INFO] [stdout]    |
[INFO] [stdout]    = note: lifetimes appearing in an associated or opaque type are not considered constrained
[INFO] [stdout]    = note: consider introducing a named lifetime parameter
[INFO] [stdout] 
[INFO] [stdout] 
[INFO] [stdout] error[E0609]: no field `events` on type `&_`
[INFO] [stdout]    --> tests/send.rs:264:23
[INFO] [stdout]     |
[INFO] [stdout] 264 |                 relay.events.iter().filter(|e| is_cover_letter(e)).count(),
[INFO] [stdout]     |                       ^^^^^^ unknown field
[INFO] [stdout] 
[INFO] [stdout] 
[INFO] [stdout] error[E0609]: no field `events` on type `&_`
[INFO] [stdout]    --> tests/send.rs:276:30
[INFO] [stdout]     |
[INFO] [stdout] 276 |             assert_eq!(relay.events.iter().filter(|e| is_patch(e)).count(), 2,);
[INFO] [stdout]     |                              ^^^^^^ unknown field
[INFO] [stdout] 
[INFO] [stdout] 
[INFO] [stdout] error[E0609]: no field `events` on type `&_`
[INFO] [stdout]    --> tests/send.rs:288:23
[INFO] [stdout]     |
[INFO] [stdout] 288 |                 relay.events.iter().filter(|e| is_patch(e)).collect();
[INFO] [stdout]     |                       ^^^^^^ unknown field
[INFO] [stdout] 
[INFO] [stdout] 
[INFO] [stdout] error[E0609]: no field `events` on type `&_`
[INFO] [stdout]    --> tests/send.rs:355:27
[INFO] [stdout]     |
[INFO] [stdout] 355 |                     relay.events.iter().find(|e| is_cover_letter(e)).unwrap();
[INFO] [stdout]     |                           ^^^^^^ unknown field
[INFO] [stdout] 
[INFO] [stdout] 
[INFO] [stdout] Some errors have detailed explanations: E0432, E0433, E0609.
[INFO] [stdout] 
[INFO] [stdout] For more information about an error, try `rustc --explain E0432`.
[INFO] [stdout] 
[INFO] [stdout] error[E0609]: no field `events` on type `&_`
[INFO] [stdout]    --> tests/send.rs:375:27
[INFO] [stdout]     |
[INFO] [stdout] 375 |                     relay.events.iter().find(|e| is_cover_letter(e)).unwrap();
[INFO] [stdout]     |                           ^^^^^^ unknown field
[INFO] [stdout] 
[INFO] [stdout] 
[INFO] [stdout] Some errors have detailed explanations: E0432, E0433.
[INFO] [stdout] 
[INFO] [stdout] For more information about an error, try `rustc --explain E0432`.
[INFO] [stdout] 
[INFO] [stdout] error[E0581]: return type references an anonymous lifetime, which is not constrained by the fn input types
[INFO] [stdout]    --> tests/login.rs:408:21
[INFO] [stdout]     |
[INFO] [stdout] 408 | /                     async fn run_test_when_specifying_command_line_nsec_only_displays_correct_name(
[INFO] [stdout] 409 | |                         relay_listener1: Option<ListenerReqFunc<'_>>,
[INFO] [stdout] 410 | |                         relay_listener2: Option<ListenerReqFunc<'_>>,
[INFO] [stdout] 411 | |                     ) -> Result<()> {
[INFO] [stdout]     | |___________________________________^
[INFO] [stdout]     |
[INFO] [stdout]     = note: lifetimes appearing in an associated or opaque type are not considered constrained
[INFO] [stdout]     = note: consider introducing a named lifetime parameter
[INFO] [stdout] 
[INFO] [stdout] 
[INFO] [stdout] error[E0609]: no field `events` on type `&_`
[INFO] [stdout]    --> tests/send.rs:398:31
[INFO] [stdout]     |
[INFO] [stdout] 398 |                         relay.events.iter().find(|e| is_cover_letter(e)).unwrap();
[INFO] [stdout]     |                               ^^^^^^ unknown field
[INFO] [stdout] 
[INFO] [stdout] 
[INFO] [stdout] error[E0581]: return type references an anonymous lifetime, which is not constrained by the fn input types
[INFO] [stdout]    --> tests/login.rs:461:21
[INFO] [stdout]     |
[INFO] [stdout] 461 | /                     async fn run_test_when_specifying_command_line_password_only_displays_correct_name(
[INFO] [stdout] 462 | |                         relay_listener1: Option<ListenerReqFunc<'_>>,
[INFO] [stdout] 463 | |                         relay_listener2: Option<ListenerReqFunc<'_>>,
[INFO] [stdout] 464 | |                     ) -> Result<()> {
[INFO] [stdout]     | |___________________________________^
[INFO] [stdout]     |
[INFO] [stdout]     = note: lifetimes appearing in an associated or opaque type are not considered constrained
[INFO] [stdout]     = note: consider introducing a named lifetime parameter
[INFO] [stdout] 
[INFO] [stdout] 
[INFO] [stdout] error[E0609]: no field `events` on type `&_`
[INFO] [stdout]    --> tests/send.rs:415:27
[INFO] [stdout]     |
[INFO] [stdout] 415 |                     relay.events.iter().find(|e| is_cover_letter(e)).unwrap();
[INFO] [stdout]     |                           ^^^^^^ unknown field
[INFO] [stdout] 
[INFO] [stdout] 
[INFO] [stdout] error[E0609]: no field `events` on type `&_`
[INFO] [stdout]    --> tests/send.rs:431:27
[INFO] [stdout]     |
[INFO] [stdout] 431 |                     relay.events.iter().find(|e| is_cover_letter(e)).unwrap();
[INFO] [stdout]     |                           ^^^^^^ unknown field
[INFO] [stdout] 
[INFO] [stdout] 
[INFO] [stdout] error[E0581]: return type references an anonymous lifetime, which is not constrained by the fn input types
[INFO] [stdout]    --> tests/login.rs:524:21
[INFO] [stdout]     |
[INFO] [stdout] 524 | /                     async fn run_test_when_specifying_command_line_nsec_and_password_displays_correct_name(
[INFO] [stdout] 525 | |                         relay_listener1: Option<ListenerReqFunc<'_>>,
[INFO] [stdout] 526 | |                         relay_listener2: Option<ListenerReqFunc<'_>>,
[INFO] [stdout] 527 | |                     ) -> Result<()> {
[INFO] [stdout]     | |___________________________________^
[INFO] [stdout]     |
[INFO] [stdout]     = note: lifetimes appearing in an associated or opaque type are not considered constrained
[INFO] [stdout]     = note: consider introducing a named lifetime parameter
[INFO] [stdout] 
[INFO] [stdout] 
[INFO] [stdout] error[E0609]: no field `events` on type `&_`
[INFO] [stdout]    --> tests/send.rs:447:27
[INFO] [stdout]     |
[INFO] [stdout] 447 |                     relay.events.iter().find(|e| is_cover_letter(e)).unwrap();
[INFO] [stdout]     |                           ^^^^^^ unknown field
[INFO] [stdout] 
[INFO] [stdout] 
[INFO] [stdout] error[E0581]: return type references an anonymous lifetime, which is not constrained by the fn input types
[INFO] [stdout]    --> tests/login.rs:572:17
[INFO] [stdout]     |
[INFO] [stdout] 572 | /                 async fn run_test_when_no_metadata_found_warns_user_and_uses_npub(
[INFO] [stdout] 573 | |                     relay_listener1: Option<ListenerReqFunc<'_>>,
[INFO] [stdout] 574 | |                     relay_listener2: Option<ListenerReqFunc<'_>>,
[INFO] [stdout] 575 | |                 ) -> Result<()> {
[INFO] [stdout]     | |_______________________________^
[INFO] [stdout]     |
[INFO] [stdout]     = note: lifetimes appearing in an associated or opaque type are not considered constrained
[INFO] [stdout]     = note: consider introducing a named lifetime parameter
[INFO] [stdout] 
[INFO] [stdout] 
[INFO] [stderr] error: could not compile `gnostr-cli` (test "init") due to 14 previous errors
[INFO] [stderr] warning: build failed, waiting for other jobs to finish...
[INFO] [stdout] error[E0581]: return type references an anonymous lifetime, which is not constrained by the fn input types
[INFO] [stdout]    --> tests/login.rs:636:17
[INFO] [stdout]     |
[INFO] [stdout] 636 | /                 async fn run_test_when_no_relay_list_found_warns_user_and_uses_npub(
[INFO] [stdout] 637 | |                     relay_listener1: Option<ListenerReqFunc<'_>>,
[INFO] [stdout] 638 | |                     relay_listener2: Option<ListenerReqFunc<'_>>,
[INFO] [stdout] 639 | |                 ) -> Result<()> {
[INFO] [stdout]     | |_______________________________^
[INFO] [stdout]     |
[INFO] [stdout]     = note: lifetimes appearing in an associated or opaque type are not considered constrained
[INFO] [stdout]     = note: consider introducing a named lifetime parameter
[INFO] [stdout] 
[INFO] [stdout] 
[INFO] [stderr] error: could not compile `gnostr-cli` (test "push") due to 3 previous errors
[INFO] [stdout] error[E0581]: return type references an anonymous lifetime, which is not constrained by the fn input types
[INFO] [stdout]    --> tests/login.rs:706:17
[INFO] [stdout]     |
[INFO] [stdout] 706 | /                 async fn run_test_dislays_logged_in_with_correct_name(
[INFO] [stdout] 707 | |                     relay_listener: Option<ListenerReqFunc<'_>>,
[INFO] [stdout] 708 | |                 ) -> Result<()> {
[INFO] [stdout]     | |_______________________________^
[INFO] [stdout]     |
[INFO] [stdout]     = note: lifetimes appearing in an associated or opaque type are not considered constrained
[INFO] [stdout]     = note: consider introducing a named lifetime parameter
[INFO] [stdout] 
[INFO] [stdout] 
[INFO] [stdout] error[E0609]: no field `events` on type `&_`
[INFO] [stdout]    --> tests/send.rs:604:27
[INFO] [stdout]     |
[INFO] [stdout] 604 |                     relay.events.iter().filter(|e| is_patch(e)).collect();
[INFO] [stdout]     |                           ^^^^^^ unknown field
[INFO] [stdout] 
[INFO] [stdout] 
[INFO] [stdout] error[E0581]: return type references an anonymous lifetime, which is not constrained by the fn input types
[INFO] [stdout]    --> tests/login.rs:755:13
[INFO] [stdout]     |
[INFO] [stdout] 755 | /             async fn run_test_displays_correct_name(
[INFO] [stdout] 756 | |                 relay_listener1: Option<ListenerReqFunc<'_>>,
[INFO] [stdout] 757 | |                 relay_listener2: Option<ListenerReqFunc<'_>>,
[INFO] [stdout] 758 | |             ) -> Result<()> {
[INFO] [stdout]     | |___________________________^
[INFO] [stdout]     |
[INFO] [stdout]     = note: lifetimes appearing in an associated or opaque type are not considered constrained
[INFO] [stdout]     = note: consider introducing a named lifetime parameter
[INFO] [stdout] 
[INFO] [stdout] 
[INFO] [stdout] error[E0609]: no field `events` on type `&_`
[INFO] [stdout]    --> tests/send.rs:631:22
[INFO] [stdout]     |
[INFO] [stdout] 631 |                     .events
[INFO] [stdout]     |                      ^^^^^^ unknown field
[INFO] [stdout] 
[INFO] [stdout] 
[INFO] [stdout] Some errors have detailed explanations: E0432, E0433.
[INFO] [stdout] 
[INFO] [stdout] For more information about an error, try `rustc --explain E0432`.
[INFO] [stdout] 
[INFO] [stdout] error[E0609]: no field `events` on type `&_`
[INFO] [stdout]    --> tests/send.rs:992:23
[INFO] [stdout]     |
[INFO] [stdout] 992 |                 relay.events.iter().filter(|e| is_cover_letter(e)).count(),
[INFO] [stdout]     |                       ^^^^^^ unknown field
[INFO] [stdout] 
[INFO] [stdout] 
[INFO] [stdout] error[E0609]: no field `events` on type `&_`
[INFO] [stdout]     --> tests/send.rs:1004:30
[INFO] [stdout]      |
[INFO] [stdout] 1004 |             assert_eq!(relay.events.iter().filter(|e| is_patch(e)).count(), 2);
[INFO] [stdout]      |                              ^^^^^^ unknown field
[INFO] [stdout] 
[INFO] [stdout] 
[INFO] [stderr] error: could not compile `gnostr-cli` (test "pull") due to 2 previous errors
[INFO] [stdout] error[E0609]: no field `events` on type `&_`
[INFO] [stdout]     --> tests/send.rs:1016:18
[INFO] [stdout]      |
[INFO] [stdout] 1016 |                 .events
[INFO] [stdout]      |                  ^^^^^^ unknown field
[INFO] [stdout] 
[INFO] [stdout] 
[INFO] [stdout] error[E0609]: no field `events` on type `&_`
[INFO] [stdout]     --> tests/send.rs:1043:18
[INFO] [stdout]      |
[INFO] [stdout] 1043 |                 .events
[INFO] [stdout]      |                  ^^^^^^ unknown field
[INFO] [stdout] 
[INFO] [stdout] 
[INFO] [stdout] error[E0609]: no field `events` on type `&_`
[INFO] [stdout]     --> tests/send.rs:1067:18
[INFO] [stdout]      |
[INFO] [stdout] 1067 |                 .events
[INFO] [stdout]      |                  ^^^^^^ unknown field
[INFO] [stdout] 
[INFO] [stdout] 
[INFO] [stdout] error[E0609]: no field `events` on type `&_`
[INFO] [stdout]     --> tests/send.rs:1269:30
[INFO] [stdout]      |
[INFO] [stdout] 1269 |             assert_eq!(relay.events.iter().filter(|e| is_patch(e)).count(), 2);
[INFO] [stdout]      |                              ^^^^^^ unknown field
[INFO] [stdout] 
[INFO] [stdout] 
[INFO] [stdout] error[E0609]: no field `events` on type `&_`
[INFO] [stdout]     --> tests/send.rs:1463:27
[INFO] [stdout]      |
[INFO] [stdout] 1463 |                     relay.events.iter().find(|e| is_cover_letter(e)).unwrap();
[INFO] [stdout]      |                           ^^^^^^ unknown field
[INFO] [stdout] 
[INFO] [stdout] 
[INFO] [stdout] error[E0609]: no field `events` on type `&_`
[INFO] [stdout]     --> tests/send.rs:1479:27
[INFO] [stdout]      |
[INFO] [stdout] 1479 |                     relay.events.iter().find(|e| is_cover_letter(e)).unwrap();
[INFO] [stdout]      |                           ^^^^^^ unknown field
[INFO] [stdout] 
[INFO] [stdout] 
[INFO] [stdout] error[E0609]: no field `events` on type `&_`
[INFO] [stdout]     --> tests/send.rs:1495:27
[INFO] [stdout]      |
[INFO] [stdout] 1495 |                     relay.events.iter().find(|e| is_cover_letter(e)).unwrap();
[INFO] [stdout]      |                           ^^^^^^ unknown field
[INFO] [stdout] 
[INFO] [stdout] 
[INFO] [stdout] error[E0609]: no field `events` on type `&_`
[INFO] [stdout]     --> tests/send.rs:1520:23
[INFO] [stdout]      |
[INFO] [stdout] 1520 |                 relay.events.iter().filter(|e| is_patch(e)).collect();
[INFO] [stdout]      |                       ^^^^^^ unknown field
[INFO] [stdout] 
[INFO] [stdout] 
[INFO] [stdout] Some errors have detailed explanations: E0432, E0433, E0609.
[INFO] [stdout] 
[INFO] [stdout] For more information about an error, try `rustc --explain E0432`.
[INFO] [stdout] 
[INFO] [stderr] error: could not compile `gnostr-cli` (test "send") due to 26 previous errors
[INFO] [stdout] Some errors have detailed explanations: E0432, E0433, E0581.
[INFO] [stdout] 
[INFO] [stdout] For more information about an error, try `rustc --explain E0432`.
[INFO] [stdout] 
[INFO] [stderr] error: could not compile `gnostr-cli` (test "login") due to 11 previous errors
[INFO] [stdout] Some errors have detailed explanations: E0432, E0433.
[INFO] [stdout] 
[INFO] [stdout] For more information about an error, try `rustc --explain E0432`.
[INFO] [stdout] 
[INFO] [stderr] error: could not compile `gnostr-cli` (test "list") due to 2 previous errors
[INFO] [stdout] warning: associated items `new` and `get_more_fallback_relays` are never used
[INFO] [stdout]   --> src/client.rs:36:8
[INFO] [stdout]    |
[INFO] [stdout] 34 | pub trait Connect {
[INFO] [stdout]    |           ------- associated items in this trait
[INFO] [stdout] 35 |     fn default() -> Self;
[INFO] [stdout] 36 |     fn new(opts: Params) -> Self;
[INFO] [stdout]    |        ^^^
[INFO] [stdout] ...
[INFO] [stdout] 40 |     fn get_more_fallback_relays(&self) -> &Vec<String>;
[INFO] [stdout]    |        ^^^^^^^^^^^^^^^^^^^^^^^^
[INFO] [stdout]    |
[INFO] [stdout]    = note: `#[warn(dead_code)]` on by default
[INFO] [stdout] 
[INFO] [stdout] 
[INFO] [stdout] warning: method `random_token` is never used
[INFO] [stdout]   --> src/key_handling/encryption.rs:24:8
[INFO] [stdout]    |
[INFO] [stdout] 19 | pub trait EncryptDecrypt {
[INFO] [stdout]    |           -------------- method in this trait
[INFO] [stdout] ...
[INFO] [stdout] 24 |     fn random_token(&self) -> String;
[INFO] [stdout]    |        ^^^^^^^^^^^^
[INFO] [stdout] 
[INFO] [stdout] 
[INFO] [stdout] warning: field `description` is never read
[INFO] [stdout]    --> src/sub_commands/send.rs:693:9
[INFO] [stdout]     |
[INFO] [stdout] 691 | pub struct CoverLetter {
[INFO] [stdout]     |            ----------- field in this struct
[INFO] [stdout] 692 |     pub title: String,
[INFO] [stdout] 693 |     pub description: String,
[INFO] [stdout]     |         ^^^^^^^^^^^
[INFO] [stdout] 
[INFO] [stdout] 
[INFO] [stdout] warning: associated items `new` and `get_more_fallback_relays` are never used
[INFO] [stdout]   --> src/client.rs:36:8
[INFO] [stdout]    |
[INFO] [stdout] 34 | pub trait Connect {
[INFO] [stdout]    |           ------- associated items in this trait
[INFO] [stdout] 35 |     fn default() -> Self;
[INFO] [stdout] 36 |     fn new(opts: Params) -> Self;
[INFO] [stdout]    |        ^^^
[INFO] [stdout] ...
[INFO] [stdout] 40 |     fn get_more_fallback_relays(&self) -> &Vec<String>;
[INFO] [stdout]    |        ^^^^^^^^^^^^^^^^^^^^^^^^
[INFO] [stdout]    |
[INFO] [stdout]    = note: `#[warn(dead_code)]` on by default
[INFO] [stdout] 
[INFO] [stdout] 
[INFO] [stdout] warning: method `random_token` is never used
[INFO] [stdout]   --> src/key_handling/encryption.rs:24:8
[INFO] [stdout]    |
[INFO] [stdout] 19 | pub trait EncryptDecrypt {
[INFO] [stdout]    |           -------------- method in this trait
[INFO] [stdout] ...
[INFO] [stdout] 24 |     fn random_token(&self) -> String;
[INFO] [stdout]    |        ^^^^^^^^^^^^
[INFO] [stdout] 
[INFO] [stdout] 
[INFO] [stdout] warning: field `description` is never read
[INFO] [stdout]    --> src/sub_commands/send.rs:693:9
[INFO] [stdout]     |
[INFO] [stdout] 691 | pub struct CoverLetter {
[INFO] [stdout]     |            ----------- field in this struct
[INFO] [stdout] 692 |     pub title: String,
[INFO] [stdout] 693 |     pub description: String,
[INFO] [stdout]     |         ^^^^^^^^^^^
[INFO] [stdout] 
[INFO] [stdout] 
[INFO] [stdout] Some errors have detailed explanations: E0432, E0433.
[INFO] [stdout] 
[INFO] [stdout] For more information about an error, try `rustc --explain E0432`.
[INFO] [stdout] 
[INFO] [stderr] error: could not compile `gnostr-cli` (bin "gnostr-cli" test) due to 8 previous errors
[INFO] [stdout] Some errors have detailed explanations: E0432, E0433.
[INFO] [stdout] 
[INFO] [stdout] For more information about an error, try `rustc --explain E0432`.
[INFO] [stdout] 
[INFO] [stderr] error: could not compile `gnostr-cli` (bin "git-cli" test) due to 8 previous errors
[INFO] running `Command { std: "docker" "inspect" "7cb4bd000befd7186a29fa5521068eaeb804f3ab7c94f2ee5fd51ba3dc167822", kill_on_drop: false }`
[INFO] running `Command { std: "docker" "rm" "-f" "7cb4bd000befd7186a29fa5521068eaeb804f3ab7c94f2ee5fd51ba3dc167822", kill_on_drop: false }`
[INFO] [stdout] 7cb4bd000befd7186a29fa5521068eaeb804f3ab7c94f2ee5fd51ba3dc167822
