[INFO] fetching crate glib-macros 0.20.4...
[INFO] testing glib-macros-0.20.4 against nightly-2024-10-28 for randomize-layout
[INFO] extracting crate glib-macros 0.20.4 into /workspace/builds/worker-2-tc1/source
[INFO] validating manifest of crates.io crate glib-macros 0.20.4 on toolchain nightly-2024-10-28
[INFO] running `Command { std: CARGO_HOME="/workspace/cargo-home" RUSTUP_HOME="/workspace/rustup-home" "/workspace/cargo-home/bin/cargo" "+nightly-2024-10-28" "metadata" "--manifest-path" "Cargo.toml" "--no-deps", kill_on_drop: false }`
[INFO] started tweaking crates.io crate glib-macros 0.20.4
[INFO] removed 0 missing tests
[INFO] finished tweaking crates.io crate glib-macros 0.20.4
[INFO] tweaked toml for crates.io crate glib-macros 0.20.4 written to /workspace/builds/worker-2-tc1/source/Cargo.toml
[INFO] running `Command { std: CARGO_HOME="/workspace/cargo-home" RUSTUP_HOME="/workspace/rustup-home" "/workspace/cargo-home/bin/cargo" "+nightly-2024-10-28" "generate-lockfile" "--manifest-path" "Cargo.toml", kill_on_drop: false }`
[INFO] [stderr]     Updating crates.io index
[INFO] [stderr]      Locking 60 packages to latest compatible versions
[INFO] running `Command { std: CARGO_HOME="/workspace/cargo-home" RUSTUP_HOME="/workspace/rustup-home" "/workspace/cargo-home/bin/cargo" "+nightly-2024-10-28" "fetch" "--manifest-path" "Cargo.toml", kill_on_drop: false }`
[INFO] [stderr]  Downloading crates ...
[INFO] [stderr]   Downloaded trybuild2 v1.2.0
[INFO] [stderr]   Downloaded system-deps v7.0.3
[INFO] [stderr]   Downloaded gobject-sys v0.20.4
[INFO] [stderr]   Downloaded cfg-expr v0.17.0
[INFO] [stderr]   Downloaded glib-macros v0.20.5
[INFO] [stderr]   Downloaded glib-sys v0.20.5
[INFO] [stderr]   Downloaded gio-sys v0.20.5
[INFO] [stderr]   Downloaded glib v0.20.5
[INFO] running `Command { std: "docker" "create" "-v" "/var/lib/crater-agent-workspace/builds/worker-2-tc1/target:/opt/rustwide/target:rw,Z" "-v" "/var/lib/crater-agent-workspace/builds/worker-2-tc1/source:/opt/rustwide/workdir:ro,Z" "-v" "/var/lib/crater-agent-workspace/cargo-home:/opt/rustwide/cargo-home:ro,Z" "-v" "/var/lib/crater-agent-workspace/rustup-home:/opt/rustwide/rustup-home:ro,Z" "-e" "SOURCE_DIR=/opt/rustwide/workdir" "-e" "CARGO_TARGET_DIR=/opt/rustwide/target" "-e" "CARGO_HOME=/opt/rustwide/cargo-home" "-e" "RUSTUP_HOME=/opt/rustwide/rustup-home" "-w" "/opt/rustwide/workdir" "-m" "1610612736" "--user" "0:0" "--network" "none" "ghcr.io/rust-lang/crates-build-env/linux@sha256:4a844ea9eb2546a2d2c7022eacef16ef2e8229c7fbb2c7d4d55a9ceca922f72d" "/opt/rustwide/cargo-home/bin/cargo" "+nightly-2024-10-28" "metadata" "--no-deps" "--format-version=1", kill_on_drop: false }`
[INFO] [stdout] 76a5769bce52e6bf7362355339c77de3be91be9e032183c00eef952ecfe85f09
[INFO] running `Command { std: "docker" "start" "-a" "76a5769bce52e6bf7362355339c77de3be91be9e032183c00eef952ecfe85f09", kill_on_drop: false }`
[INFO] running `Command { std: "docker" "inspect" "76a5769bce52e6bf7362355339c77de3be91be9e032183c00eef952ecfe85f09", kill_on_drop: false }`
[INFO] running `Command { std: "docker" "rm" "-f" "76a5769bce52e6bf7362355339c77de3be91be9e032183c00eef952ecfe85f09", kill_on_drop: false }`
[INFO] [stdout] 76a5769bce52e6bf7362355339c77de3be91be9e032183c00eef952ecfe85f09
[INFO] running `Command { std: "docker" "create" "-v" "/var/lib/crater-agent-workspace/builds/worker-2-tc1/target:/opt/rustwide/target:rw,Z" "-v" "/var/lib/crater-agent-workspace/builds/worker-2-tc1/source:/opt/rustwide/workdir:ro,Z" "-v" "/var/lib/crater-agent-workspace/cargo-home:/opt/rustwide/cargo-home:ro,Z" "-v" "/var/lib/crater-agent-workspace/rustup-home:/opt/rustwide/rustup-home:ro,Z" "-e" "SOURCE_DIR=/opt/rustwide/workdir" "-e" "CARGO_TARGET_DIR=/opt/rustwide/target" "-e" "CARGO_INCREMENTAL=0" "-e" "RUST_BACKTRACE=full" "-e" "RUSTFLAGS=--cap-lints=forbid" "-e" "RUSTDOCFLAGS=--cap-lints=forbid" "-e" "CARGO_HOME=/opt/rustwide/cargo-home" "-e" "RUSTUP_HOME=/opt/rustwide/rustup-home" "-w" "/opt/rustwide/workdir" "-m" "1610612736" "--user" "0:0" "--network" "none" "ghcr.io/rust-lang/crates-build-env/linux@sha256:4a844ea9eb2546a2d2c7022eacef16ef2e8229c7fbb2c7d4d55a9ceca922f72d" "/opt/rustwide/cargo-home/bin/cargo" "+nightly-2024-10-28" "build" "--frozen" "--message-format=json", kill_on_drop: false }`
[INFO] [stdout] 2bf2f22a6eff95ed2d55212e68d3e2bb53c3e7eb9282d1966dfe0e43c6b20492
[INFO] running `Command { std: "docker" "start" "-a" "2bf2f22a6eff95ed2d55212e68d3e2bb53c3e7eb9282d1966dfe0e43c6b20492", kill_on_drop: false }`
[INFO] [stderr]    Compiling proc-macro2 v1.0.89
[INFO] [stderr]    Compiling unicode-ident v1.0.13
[INFO] [stderr]    Compiling hashbrown v0.15.0
[INFO] [stderr]    Compiling equivalent v1.0.1
[INFO] [stderr]    Compiling toml_datetime v0.6.8
[INFO] [stderr]    Compiling winnow v0.6.20
[INFO] [stderr]    Compiling heck v0.5.0
[INFO] [stderr]    Compiling indexmap v2.6.0
[INFO] [stderr]    Compiling quote v1.0.37
[INFO] [stderr]    Compiling syn v2.0.86
[INFO] [stderr]    Compiling toml_edit v0.22.22
[INFO] [stderr]    Compiling proc-macro-crate v3.2.0
[INFO] [stderr]    Compiling glib-macros v0.20.4 (/opt/rustwide/workdir)
[INFO] [stderr]     Finished `dev` profile [unoptimized + debuginfo] target(s) in 15.27s
[INFO] running `Command { std: "docker" "inspect" "2bf2f22a6eff95ed2d55212e68d3e2bb53c3e7eb9282d1966dfe0e43c6b20492", kill_on_drop: false }`
[INFO] running `Command { std: "docker" "rm" "-f" "2bf2f22a6eff95ed2d55212e68d3e2bb53c3e7eb9282d1966dfe0e43c6b20492", kill_on_drop: false }`
[INFO] [stdout] 2bf2f22a6eff95ed2d55212e68d3e2bb53c3e7eb9282d1966dfe0e43c6b20492
[INFO] running `Command { std: "docker" "create" "-v" "/var/lib/crater-agent-workspace/builds/worker-2-tc1/target:/opt/rustwide/target:rw,Z" "-v" "/var/lib/crater-agent-workspace/builds/worker-2-tc1/source:/opt/rustwide/workdir:ro,Z" "-v" "/var/lib/crater-agent-workspace/cargo-home:/opt/rustwide/cargo-home:ro,Z" "-v" "/var/lib/crater-agent-workspace/rustup-home:/opt/rustwide/rustup-home:ro,Z" "-e" "SOURCE_DIR=/opt/rustwide/workdir" "-e" "CARGO_TARGET_DIR=/opt/rustwide/target" "-e" "CARGO_INCREMENTAL=0" "-e" "RUST_BACKTRACE=full" "-e" "RUSTFLAGS=--cap-lints=forbid" "-e" "RUSTDOCFLAGS=--cap-lints=forbid" "-e" "CARGO_HOME=/opt/rustwide/cargo-home" "-e" "RUSTUP_HOME=/opt/rustwide/rustup-home" "-w" "/opt/rustwide/workdir" "-m" "1610612736" "--user" "0:0" "--network" "none" "ghcr.io/rust-lang/crates-build-env/linux@sha256:4a844ea9eb2546a2d2c7022eacef16ef2e8229c7fbb2c7d4d55a9ceca922f72d" "/opt/rustwide/cargo-home/bin/cargo" "+nightly-2024-10-28" "test" "--frozen" "--no-run" "--message-format=json", kill_on_drop: false }`
[INFO] [stdout] cc13ecd28119b7334e9766c4da8a4f9cc36d0786d8ebafa330d7965d6dc6ba97
[INFO] running `Command { std: "docker" "start" "-a" "cc13ecd28119b7334e9766c4da8a4f9cc36d0786d8ebafa330d7965d6dc6ba97", kill_on_drop: false }`
[INFO] [stderr]    Compiling serde v1.0.214
[INFO] [stderr]    Compiling hashbrown v0.15.0
[INFO] [stderr]    Compiling equivalent v1.0.1
[INFO] [stderr]    Compiling winnow v0.6.20
[INFO] [stderr]    Compiling target-lexicon v0.12.16
[INFO] [stderr]    Compiling heck v0.5.0
[INFO] [stderr]    Compiling smallvec v1.13.2
[INFO] [stderr]    Compiling proc-macro2 v1.0.89
[INFO] [stderr]    Compiling unicode-ident v1.0.13
[INFO] [stderr]    Compiling pkg-config v0.3.31
[INFO] [stderr]    Compiling version-compare v0.2.0
[INFO] [stderr]    Compiling autocfg v1.4.0
[INFO] [stderr]    Compiling libc v0.2.161
[INFO] [stderr]    Compiling indexmap v2.6.0
[INFO] [stderr]    Compiling quote v1.0.37
[INFO] [stderr]    Compiling slab v0.4.9
[INFO] [stderr]    Compiling cfg-expr v0.17.0
[INFO] [stderr]    Compiling futures-core v0.3.31
[INFO] [stderr]    Compiling syn v2.0.86
[INFO] [stderr]    Compiling pin-project-lite v0.2.15
[INFO] [stderr]    Compiling pin-utils v0.1.0
[INFO] [stderr]    Compiling memchr v2.7.4
[INFO] [stderr]    Compiling futures-task v0.3.31
[INFO] [stderr]    Compiling serde_json v1.0.132
[INFO] [stderr]    Compiling itoa v1.0.11
[INFO] [stderr]    Compiling ryu v1.0.18
[INFO] [stderr]    Compiling trybuild2 v1.2.0
[INFO] [stderr]    Compiling futures-channel v0.3.31
[INFO] [stderr]    Compiling bitflags v2.6.0
[INFO] [stderr]    Compiling glob v0.3.1
[INFO] [stderr]    Compiling termcolor v1.4.1
[INFO] [stderr]    Compiling once_cell v1.20.2
[INFO] [stderr]    Compiling toml_datetime v0.6.8
[INFO] [stderr]    Compiling toml_edit v0.22.22
[INFO] [stderr]    Compiling serde_spanned v0.6.8
[INFO] [stderr]    Compiling basic-toml v0.1.9
[INFO] [stderr]    Compiling proc-macro-crate v3.2.0
[INFO] [stderr]    Compiling futures-macro v0.3.31
[INFO] [stderr]    Compiling serde_derive v1.0.214
[INFO] [stderr]    Compiling futures-util v0.3.31
[INFO] [stderr]    Compiling toml v0.8.19
[INFO] [stderr]    Compiling system-deps v7.0.3
[INFO] [stderr]    Compiling glib-macros v0.20.5
[INFO] [stderr]    Compiling glib-macros v0.20.4 (/opt/rustwide/workdir)
[INFO] [stderr]    Compiling futures-executor v0.3.31
[INFO] [stderr]    Compiling glib-sys v0.20.5
[INFO] [stderr]    Compiling gobject-sys v0.20.4
[INFO] [stderr]    Compiling gio-sys v0.20.5
[INFO] [stderr]    Compiling glib v0.20.5
[INFO] [stdout] error[E0277]: the trait bound `boxed_transparent_ptr::MyBoxed: TransparentPtrType` is not satisfied
[INFO] [stdout]    --> tests/test.rs:196:21
[INFO] [stdout]     |
[INFO] [stdout] 196 |     let ptr_slice = PtrSlice::from(vec);
[INFO] [stdout]     |                     ^^^^^^^^ the trait `TransparentPtrType` is not implemented for `boxed_transparent_ptr::MyBoxed`, which is required by `PtrSlice<_>: From<Vec<boxed_transparent_ptr::MyBoxed>>`
[INFO] [stdout]     |
[INFO] [stdout]     = help: the following other types implement trait `TransparentPtrType`:
[INFO] [stdout]               Binding
[INFO] [stdout]               BoxedAnyObject
[INFO] [stdout]               ByteArray
[INFO] [stdout]               Checksum
[INFO] [stdout]               Closure
[INFO] [stdout]               DateTime
[INFO] [stdout]               GStringPtr
[INFO] [stdout]               InitiallyUnowned
[INFO] [stdout]             and 45 others
[INFO] [stdout]     = note: required for `PtrSlice<boxed_transparent_ptr::MyBoxed>` to implement `From<Vec<boxed_transparent_ptr::MyBoxed>>`
[INFO] [stdout] 
[INFO] [stdout] 
[INFO] [stdout] error[E0277]: the trait bound `boxed_transparent_ptr::MyBoxed: TransparentPtrType` is not satisfied
[INFO] [stdout]    --> tests/test.rs:196:21
[INFO] [stdout]     |
[INFO] [stdout] 196 |     let ptr_slice = PtrSlice::from(vec);
[INFO] [stdout]     |                     ^^^^^^^^^^^^^^^^^^^ the trait `TransparentPtrType` is not implemented for `boxed_transparent_ptr::MyBoxed`
[INFO] [stdout]     |
[INFO] [stdout]     = help: the following other types implement trait `TransparentPtrType`:
[INFO] [stdout]               Binding
[INFO] [stdout]               BoxedAnyObject
[INFO] [stdout]               ByteArray
[INFO] [stdout]               Checksum
[INFO] [stdout]               Closure
[INFO] [stdout]               DateTime
[INFO] [stdout]               GStringPtr
[INFO] [stdout]               InitiallyUnowned
[INFO] [stdout]             and 45 others
[INFO] [stdout] note: required by a bound in `PtrSlice`
[INFO] [stdout]    --> /opt/rustwide/cargo-home/registry/src/index.crates.io-6f17d22bba15001f/glib-0.20.5/src/collections/ptr_slice.rs:18:24
[INFO] [stdout]     |
[INFO] [stdout] 18  | pub struct PtrSlice<T: TransparentPtrType> {
[INFO] [stdout]     |                        ^^^^^^^^^^^^^^^^^^ required by this bound in `PtrSlice`
[INFO] [stdout] 
[INFO] [stdout] 
[INFO] [stdout] error[E0599]: `PtrSlice<boxed_transparent_ptr::MyBoxed>` is not an iterator
[INFO] [stdout]    --> tests/test.rs:198:19
[INFO] [stdout]     |
[INFO] [stdout] 198 |         ptr_slice.last(),
[INFO] [stdout]     |                   ^^^^ `PtrSlice<boxed_transparent_ptr::MyBoxed>` is not an iterator
[INFO] [stdout]     |
[INFO] [stdout]    ::: /opt/rustwide/cargo-home/registry/src/index.crates.io-6f17d22bba15001f/glib-0.20.5/src/collections/ptr_slice.rs:18:1
[INFO] [stdout]     |
[INFO] [stdout] 18  | pub struct PtrSlice<T: TransparentPtrType> {
[INFO] [stdout]     | ------------------------------------------ doesn't satisfy `PtrSlice<boxed_transparent_ptr::MyBoxed>: Iterator`
[INFO] [stdout]     |
[INFO] [stdout]     = note: the following trait bounds were not satisfied:
[INFO] [stdout]             `PtrSlice<boxed_transparent_ptr::MyBoxed>: Iterator`
[INFO] [stdout]             which is required by `&mut PtrSlice<boxed_transparent_ptr::MyBoxed>: Iterator`
[INFO] [stdout] 
[INFO] [stdout] 
[INFO] [stdout] Some errors have detailed explanations: E0277, E0599.
[INFO] [stdout] 
[INFO] [stdout] For more information about an error, try `rustc --explain E0277`.
[INFO] [stdout] 
[INFO] [stderr] error: could not compile `glib-macros` (test "test") due to 3 previous errors
[INFO] [stderr] warning: build failed, waiting for other jobs to finish...
[INFO] running `Command { std: "docker" "inspect" "cc13ecd28119b7334e9766c4da8a4f9cc36d0786d8ebafa330d7965d6dc6ba97", kill_on_drop: false }`
[INFO] running `Command { std: "docker" "rm" "-f" "cc13ecd28119b7334e9766c4da8a4f9cc36d0786d8ebafa330d7965d6dc6ba97", kill_on_drop: false }`
[INFO] [stdout] cc13ecd28119b7334e9766c4da8a4f9cc36d0786d8ebafa330d7965d6dc6ba97
