[INFO] fetching crate glass-easel-i18n 0.5.2...
[INFO] testing glass-easel-i18n-0.5.2 against nightly-2024-10-28 for randomize-layout
[INFO] extracting crate glass-easel-i18n 0.5.2 into /workspace/builds/worker-5-tc1/source
[INFO] validating manifest of crates.io crate glass-easel-i18n 0.5.2 on toolchain nightly-2024-10-28
[INFO] running `Command { std: CARGO_HOME="/workspace/cargo-home" RUSTUP_HOME="/workspace/rustup-home" "/workspace/cargo-home/bin/cargo" "+nightly-2024-10-28" "metadata" "--manifest-path" "Cargo.toml" "--no-deps", kill_on_drop: false }`
[INFO] started tweaking crates.io crate glass-easel-i18n 0.5.2
[INFO] finished tweaking crates.io crate glass-easel-i18n 0.5.2
[INFO] tweaked toml for crates.io crate glass-easel-i18n 0.5.2 written to /workspace/builds/worker-5-tc1/source/Cargo.toml
[INFO] crate crates.io crate glass-easel-i18n 0.5.2 already has a lockfile, it will not be regenerated
[INFO] running `Command { std: CARGO_HOME="/workspace/cargo-home" RUSTUP_HOME="/workspace/rustup-home" "/workspace/cargo-home/bin/cargo" "+nightly-2024-10-28" "fetch" "--manifest-path" "Cargo.toml", kill_on_drop: false }`
[INFO] [stderr]     Updating crates.io index
[INFO] [stderr]  Downloading crates ...
[INFO] [stderr]   Downloaded cbindgen v0.21.0
[INFO] [stderr]   Downloaded entities v1.0.1
[INFO] [stderr]   Downloaded unicode-id-start v1.1.2
[INFO] [stderr]   Downloaded sourcemap v7.1.1
[INFO] [stderr]   Downloaded glass-easel-template-compiler v0.5.4
[INFO] running `Command { std: "docker" "create" "-v" "/var/lib/crater-agent-workspace/builds/worker-5-tc1/target:/opt/rustwide/target:rw,Z" "-v" "/var/lib/crater-agent-workspace/builds/worker-5-tc1/source:/opt/rustwide/workdir:ro,Z" "-v" "/var/lib/crater-agent-workspace/cargo-home:/opt/rustwide/cargo-home:ro,Z" "-v" "/var/lib/crater-agent-workspace/rustup-home:/opt/rustwide/rustup-home:ro,Z" "-e" "SOURCE_DIR=/opt/rustwide/workdir" "-e" "CARGO_TARGET_DIR=/opt/rustwide/target" "-e" "CARGO_HOME=/opt/rustwide/cargo-home" "-e" "RUSTUP_HOME=/opt/rustwide/rustup-home" "-w" "/opt/rustwide/workdir" "-m" "1610612736" "--user" "0:0" "--network" "none" "ghcr.io/rust-lang/crates-build-env/linux@sha256:4a844ea9eb2546a2d2c7022eacef16ef2e8229c7fbb2c7d4d55a9ceca922f72d" "/opt/rustwide/cargo-home/bin/cargo" "+nightly-2024-10-28" "metadata" "--no-deps" "--format-version=1", kill_on_drop: false }`
[INFO] [stdout] 7fde981c6226b0bc5c3e975c79328895db06895763484062491b0fc9defdd59b
[INFO] running `Command { std: "docker" "start" "-a" "7fde981c6226b0bc5c3e975c79328895db06895763484062491b0fc9defdd59b", kill_on_drop: false }`
[INFO] running `Command { std: "docker" "inspect" "7fde981c6226b0bc5c3e975c79328895db06895763484062491b0fc9defdd59b", kill_on_drop: false }`
[INFO] running `Command { std: "docker" "rm" "-f" "7fde981c6226b0bc5c3e975c79328895db06895763484062491b0fc9defdd59b", kill_on_drop: false }`
[INFO] [stdout] 7fde981c6226b0bc5c3e975c79328895db06895763484062491b0fc9defdd59b
[INFO] running `Command { std: "docker" "create" "-v" "/var/lib/crater-agent-workspace/builds/worker-5-tc1/target:/opt/rustwide/target:rw,Z" "-v" "/var/lib/crater-agent-workspace/builds/worker-5-tc1/source:/opt/rustwide/workdir:ro,Z" "-v" "/var/lib/crater-agent-workspace/cargo-home:/opt/rustwide/cargo-home:ro,Z" "-v" "/var/lib/crater-agent-workspace/rustup-home:/opt/rustwide/rustup-home:ro,Z" "-e" "SOURCE_DIR=/opt/rustwide/workdir" "-e" "CARGO_TARGET_DIR=/opt/rustwide/target" "-e" "CARGO_INCREMENTAL=0" "-e" "RUST_BACKTRACE=full" "-e" "RUSTFLAGS=--cap-lints=forbid" "-e" "RUSTDOCFLAGS=--cap-lints=forbid" "-e" "CARGO_HOME=/opt/rustwide/cargo-home" "-e" "RUSTUP_HOME=/opt/rustwide/rustup-home" "-w" "/opt/rustwide/workdir" "-m" "1610612736" "--user" "0:0" "--network" "none" "ghcr.io/rust-lang/crates-build-env/linux@sha256:4a844ea9eb2546a2d2c7022eacef16ef2e8229c7fbb2c7d4d55a9ceca922f72d" "/opt/rustwide/cargo-home/bin/cargo" "+nightly-2024-10-28" "build" "--frozen" "--message-format=json", kill_on_drop: false }`
[INFO] [stdout] 0969775d2aba1a994c229a712b4396d9c529f6e420fc8f6c30508aaa89e778f1
[INFO] running `Command { std: "docker" "start" "-a" "0969775d2aba1a994c229a712b4396d9c529f6e420fc8f6c30508aaa89e778f1", kill_on_drop: false }`
[INFO] [stderr]    Compiling proc-macro2 v1.0.79
[INFO] [stderr]    Compiling unicode-ident v1.0.12
[INFO] [stderr]    Compiling serde v1.0.197
[INFO] [stderr]    Compiling wasm-bindgen-shared v0.2.92
[INFO] [stderr]    Compiling log v0.4.21
[INFO] [stderr]    Compiling bumpalo v3.15.4
[INFO] [stderr]    Compiling libc v0.2.153
[INFO] [stderr]    Compiling wasm-bindgen v0.2.92
[INFO] [stderr]    Compiling autocfg v1.2.0
[INFO] [stderr]    Compiling ryu v1.0.17
[INFO] [stderr]    Compiling serde_json v1.0.115
[INFO] [stderr]    Compiling rustversion v1.0.15
[INFO] [stderr]    Compiling tinyvec v1.6.0
[INFO] [stderr]    Compiling rustix v0.38.32
[INFO] [stderr]    Compiling linux-raw-sys v0.4.13
[INFO] [stderr]    Compiling syn v1.0.109
[INFO] [stderr]    Compiling unicode-bidi v0.3.15
[INFO] [stderr]    Compiling bitflags v2.5.0
[INFO] [stderr]    Compiling os_str_bytes v6.6.1
[INFO] [stderr]    Compiling outref v0.1.0
[INFO] [stderr]    Compiling simd-abstraction v0.7.1
[INFO] [stderr]    Compiling anstyle-parse v0.2.3
[INFO] [stderr]    Compiling uuid v1.8.0
[INFO] [stderr]    Compiling colorchoice v1.0.0
[INFO] [stderr]    Compiling indexmap v1.9.3
[INFO] [stderr]    Compiling cbindgen v0.21.0
[INFO] [stderr]    Compiling fastrand v2.0.2
[INFO] [stderr]    Compiling clap_lex v0.2.4
[INFO] [stderr]    Compiling anstyle v1.0.6
[INFO] [stderr]    Compiling unicode-width v0.1.11
[INFO] [stderr]    Compiling anstyle-query v1.0.2
[INFO] [stderr]    Compiling hashbrown v0.14.3
[INFO] [stderr]    Compiling textwrap v0.16.1
[INFO] [stderr]    Compiling textwrap v0.11.0
[INFO] [stderr]    Compiling base64-simd v0.7.0
[INFO] [stderr]    Compiling regex v1.10.4
[INFO] [stderr]    Compiling data-encoding v2.5.0
[INFO] [stderr]    Compiling anstream v0.6.13
[INFO] [stderr]    Compiling vec_map v0.8.2
[INFO] [stderr]    Compiling winnow v0.6.5
[INFO] [stderr]    Compiling strsim v0.8.0
[INFO] [stderr]    Compiling static_assertions v1.1.0
[INFO] [stderr]    Compiling unicode-normalization v0.1.23
[INFO] [stderr]    Compiling if_chain v1.0.2
[INFO] [stderr]    Compiling quote v1.0.35
[INFO] [stderr]    Compiling ansi_term v0.12.1
[INFO] [stderr]    Compiling unicode-id-start v1.1.2
[INFO] [stderr]    Compiling castaway v0.2.2
[INFO] [stderr]    Compiling heck v0.4.1
[INFO] [stderr]    Compiling clap_builder v4.5.2
[INFO] [stderr]    Compiling entities v1.0.1
[INFO] [stderr]    Compiling syn v2.0.58
[INFO] [stderr]    Compiling atty v0.2.14
[INFO] [stderr]    Compiling compact_str v0.7.1
[INFO] [stderr]    Compiling clap v3.2.25
[INFO] [stderr]    Compiling clap v2.34.0
[INFO] [stderr]    Compiling indexmap v2.2.6
[INFO] [stderr]    Compiling env_logger v0.9.3
[INFO] [stderr]    Compiling idna v0.5.0
[INFO] [stderr]    Compiling url v2.5.0
[INFO] [stderr]    Compiling tempfile v3.10.1
[INFO] [stderr]    Compiling wasm-bindgen-backend v0.2.92
[INFO] [stderr]    Compiling serde_derive v1.0.197
[INFO] [stderr]    Compiling clap_derive v4.5.4
[INFO] [stderr]    Compiling wasm-bindgen-macro-support v0.2.92
[INFO] [stderr]    Compiling wasm-bindgen-macro v0.2.92
[INFO] [stderr]    Compiling clap v4.5.4
[INFO] [stderr]    Compiling js-sys v0.3.69
[INFO] [stderr]    Compiling web-sys v0.3.69
[INFO] [stderr]    Compiling console_log v0.2.2
[INFO] [stderr]    Compiling debugid v0.8.0
[INFO] [stderr]    Compiling toml_datetime v0.6.5
[INFO] [stderr]    Compiling serde_spanned v0.6.5
[INFO] [stderr]    Compiling toml v0.5.11
[INFO] [stderr]    Compiling serde-wasm-bindgen v0.6.5
[INFO] [stderr]    Compiling toml_edit v0.22.9
[INFO] [stderr]    Compiling sourcemap v7.1.1
[INFO] [stderr]    Compiling toml v0.8.12
[INFO] [stderr]    Compiling glass-easel-template-compiler v0.5.4
[INFO] [stdout] error[E0282]: type annotations needed
[INFO] [stdout]    --> /opt/rustwide/cargo-home/registry/src/index.crates.io-6f17d22bba15001f/glass-easel-template-compiler-0.5.4/src/cbinding.rs:190:42
[INFO] [stdout]     |
[INFO] [stdout] 190 |             .map(|x| x.map(|x| x.into()).collect::<Box<_>>())
[INFO] [stdout]     |                                          ^^^^^^^ cannot infer type of the type parameter `B` declared on the method `collect`
[INFO] [stdout] 191 |             .unwrap_or_default()
[INFO] [stdout] 192 |             .into()
[INFO] [stdout]     |              ---- type must be known at this point
[INFO] [stdout]     |
[INFO] [stdout] help: consider specifying the generic argument
[INFO] [stdout]     |
[INFO] [stdout] 190 |             .map(|x| x.map(|x| x.into()).collect::<Vec<_>>())
[INFO] [stdout]     |                                                 ~~~~~~~~~~
[INFO] [stdout] 
[INFO] [stdout] 
[INFO] [stdout] error[E0282]: type annotations needed
[INFO] [stdout]    --> /opt/rustwide/cargo-home/registry/src/index.crates.io-6f17d22bba15001f/glass-easel-template-compiler-0.5.4/src/cbinding.rs:204:42
[INFO] [stdout]     |
[INFO] [stdout] 204 |             .map(|x| x.map(|x| x.into()).collect::<Box<_>>())
[INFO] [stdout]     |                                          ^^^^^^^ cannot infer type of the type parameter `B` declared on the method `collect`
[INFO] [stdout] 205 |             .unwrap_or_default()
[INFO] [stdout] 206 |             .into()
[INFO] [stdout]     |              ---- type must be known at this point
[INFO] [stdout]     |
[INFO] [stdout] help: consider specifying the generic argument
[INFO] [stdout]     |
[INFO] [stdout] 204 |             .map(|x| x.map(|x| x.into()).collect::<Vec<_>>())
[INFO] [stdout]     |                                                 ~~~~~~~~~~
[INFO] [stdout] 
[INFO] [stdout] 
[INFO] [stdout] error[E0282]: type annotations needed
[INFO] [stdout]    --> /opt/rustwide/cargo-home/registry/src/index.crates.io-6f17d22bba15001f/glass-easel-template-compiler-0.5.4/src/cbinding.rs:218:42
[INFO] [stdout]     |
[INFO] [stdout] 218 |             .map(|x| x.map(|x| x.into()).collect::<Box<_>>())
[INFO] [stdout]     |                                          ^^^^^^^ cannot infer type of the type parameter `B` declared on the method `collect`
[INFO] [stdout] 219 |             .unwrap_or_default()
[INFO] [stdout] 220 |             .into()
[INFO] [stdout]     |              ---- type must be known at this point
[INFO] [stdout]     |
[INFO] [stdout] help: consider specifying the generic argument
[INFO] [stdout]     |
[INFO] [stdout] 218 |             .map(|x| x.map(|x| x.into()).collect::<Vec<_>>())
[INFO] [stdout]     |                                                 ~~~~~~~~~~
[INFO] [stdout] 
[INFO] [stdout] 
[INFO] [stdout] For more information about this error, try `rustc --explain E0282`.
[INFO] [stdout] 
[INFO] [stderr] error: could not compile `glass-easel-template-compiler` (lib) due to 3 previous errors
[INFO] running `Command { std: "docker" "inspect" "0969775d2aba1a994c229a712b4396d9c529f6e420fc8f6c30508aaa89e778f1", kill_on_drop: false }`
[INFO] running `Command { std: "docker" "rm" "-f" "0969775d2aba1a994c229a712b4396d9c529f6e420fc8f6c30508aaa89e778f1", kill_on_drop: false }`
[INFO] [stdout] 0969775d2aba1a994c229a712b4396d9c529f6e420fc8f6c30508aaa89e778f1
