[INFO] fetching crate gix-merge 0.0.0...
[INFO] testing gix-merge-0.0.0 against nightly-2024-10-28+rustflags=-Zrandomize-layout for randomize-layout
[INFO] extracting crate gix-merge 0.0.0 into /workspace/builds/worker-4-tc2/source
[INFO] validating manifest of crates.io crate gix-merge 0.0.0 on toolchain nightly-2024-10-28
[INFO] running `Command { std: CARGO_HOME="/workspace/cargo-home" RUSTUP_HOME="/workspace/rustup-home" "/workspace/cargo-home/bin/cargo" "+nightly-2024-10-28" "metadata" "--manifest-path" "Cargo.toml" "--no-deps", kill_on_drop: false }`
[INFO] started tweaking crates.io crate gix-merge 0.0.0
[INFO] removed 0 missing tests
[INFO] finished tweaking crates.io crate gix-merge 0.0.0
[INFO] tweaked toml for crates.io crate gix-merge 0.0.0 written to /workspace/builds/worker-4-tc2/source/Cargo.toml
[INFO] running `Command { std: CARGO_HOME="/workspace/cargo-home" RUSTUP_HOME="/workspace/rustup-home" "/workspace/cargo-home/bin/cargo" "+nightly-2024-10-28" "generate-lockfile" "--manifest-path" "Cargo.toml", kill_on_drop: false }`
[INFO] [stderr]     Updating crates.io index
[INFO] [stderr]      Locking 103 packages to latest compatible versions
[INFO] running `Command { std: CARGO_HOME="/workspace/cargo-home" RUSTUP_HOME="/workspace/rustup-home" "/workspace/cargo-home/bin/cargo" "+nightly-2024-10-28" "fetch" "--manifest-path" "Cargo.toml", kill_on_drop: false }`
[INFO] running `Command { std: "docker" "create" "-v" "/var/lib/crater-agent-workspace/builds/worker-4-tc2/target:/opt/rustwide/target:rw,Z" "-v" "/var/lib/crater-agent-workspace/builds/worker-4-tc2/source:/opt/rustwide/workdir:ro,Z" "-v" "/var/lib/crater-agent-workspace/cargo-home:/opt/rustwide/cargo-home:ro,Z" "-v" "/var/lib/crater-agent-workspace/rustup-home:/opt/rustwide/rustup-home:ro,Z" "-e" "SOURCE_DIR=/opt/rustwide/workdir" "-e" "CARGO_TARGET_DIR=/opt/rustwide/target" "-e" "CARGO_HOME=/opt/rustwide/cargo-home" "-e" "RUSTUP_HOME=/opt/rustwide/rustup-home" "-w" "/opt/rustwide/workdir" "-m" "1610612736" "--user" "0:0" "--network" "none" "ghcr.io/rust-lang/crates-build-env/linux@sha256:4a844ea9eb2546a2d2c7022eacef16ef2e8229c7fbb2c7d4d55a9ceca922f72d" "/opt/rustwide/cargo-home/bin/cargo" "+nightly-2024-10-28" "metadata" "--no-deps" "--format-version=1", kill_on_drop: false }`
[INFO] [stdout] 3d4ebdf71db9aaac731b7cc4f416c9df4ef87f80807131e24dcaccbe2660d2e9
[INFO] running `Command { std: "docker" "start" "-a" "3d4ebdf71db9aaac731b7cc4f416c9df4ef87f80807131e24dcaccbe2660d2e9", kill_on_drop: false }`
[INFO] running `Command { std: "docker" "inspect" "3d4ebdf71db9aaac731b7cc4f416c9df4ef87f80807131e24dcaccbe2660d2e9", kill_on_drop: false }`
[INFO] running `Command { std: "docker" "rm" "-f" "3d4ebdf71db9aaac731b7cc4f416c9df4ef87f80807131e24dcaccbe2660d2e9", kill_on_drop: false }`
[INFO] [stdout] 3d4ebdf71db9aaac731b7cc4f416c9df4ef87f80807131e24dcaccbe2660d2e9
[INFO] running `Command { std: "docker" "create" "-v" "/var/lib/crater-agent-workspace/builds/worker-4-tc2/target:/opt/rustwide/target:rw,Z" "-v" "/var/lib/crater-agent-workspace/builds/worker-4-tc2/source:/opt/rustwide/workdir:ro,Z" "-v" "/var/lib/crater-agent-workspace/cargo-home:/opt/rustwide/cargo-home:ro,Z" "-v" "/var/lib/crater-agent-workspace/rustup-home:/opt/rustwide/rustup-home:ro,Z" "-e" "SOURCE_DIR=/opt/rustwide/workdir" "-e" "CARGO_TARGET_DIR=/opt/rustwide/target" "-e" "CARGO_INCREMENTAL=0" "-e" "RUST_BACKTRACE=full" "-e" "RUSTFLAGS=--cap-lints=forbid -Zrandomize-layout" "-e" "RUSTDOCFLAGS=--cap-lints=forbid" "-e" "CARGO_HOME=/opt/rustwide/cargo-home" "-e" "RUSTUP_HOME=/opt/rustwide/rustup-home" "-w" "/opt/rustwide/workdir" "-m" "1610612736" "--user" "0:0" "--network" "none" "ghcr.io/rust-lang/crates-build-env/linux@sha256:4a844ea9eb2546a2d2c7022eacef16ef2e8229c7fbb2c7d4d55a9ceca922f72d" "/opt/rustwide/cargo-home/bin/cargo" "+nightly-2024-10-28" "build" "--frozen" "--message-format=json", kill_on_drop: false }`
[INFO] [stdout] 1ace7bd55ea317e3105604668b9672918f386101d81ebdf92fa8e318c164eace
[INFO] running `Command { std: "docker" "start" "-a" "1ace7bd55ea317e3105604668b9672918f386101d81ebdf92fa8e318c164eace", kill_on_drop: false }`
[INFO] [stderr]    Compiling libc v0.2.161
[INFO] [stderr]    Compiling autocfg v1.4.0
[INFO] [stderr]    Compiling serde v1.0.214
[INFO] [stderr]    Compiling parking_lot_core v0.9.10
[INFO] [stderr]    Compiling scopeguard v1.2.0
[INFO] [stderr]    Compiling once_cell v1.20.2
[INFO] [stderr]    Compiling tinyvec_macros v0.1.1
[INFO] [stderr]    Compiling smallvec v1.13.2
[INFO] [stderr]    Compiling tinyvec v1.8.0
[INFO] [stderr]    Compiling regex-automata v0.4.8
[INFO] [stderr]    Compiling gix-trace v0.1.11
[INFO] [stderr]    Compiling version_check v0.9.5
[INFO] [stderr]    Compiling sha1_smol v1.0.1
[INFO] [stderr]    Compiling zerocopy v0.7.35
[INFO] [stderr]    Compiling lock_api v0.4.12
[INFO] [stderr]    Compiling allocator-api2 v0.2.18
[INFO] [stderr]    Compiling ahash v0.8.11
[INFO] [stderr]    Compiling itoa v1.0.11
[INFO] [stderr]    Compiling jiff v0.1.13
[INFO] [stderr]    Compiling winnow v0.6.20
[INFO] [stderr]    Compiling crossbeam-utils v0.8.20
[INFO] [stderr]    Compiling home v0.5.9
[INFO] [stderr]    Compiling unicode-normalization v0.1.24
[INFO] [stderr]    Compiling getrandom v0.2.15
[INFO] [stderr]    Compiling bstr v1.10.0
[INFO] [stderr]    Compiling parking_lot v0.12.3
[INFO] [stderr]    Compiling gix-utils v0.1.13
[INFO] [stderr]    Compiling hashbrown v0.14.5
[INFO] [stderr]    Compiling prodash v29.0.0
[INFO] [stderr]    Compiling memmap2 v0.9.5
[INFO] [stderr]    Compiling gix-path v0.10.12
[INFO] [stderr]    Compiling gix-validate v0.9.1
[INFO] [stderr]    Compiling gix-chunk v0.4.9
[INFO] [stderr]    Compiling dashmap v6.1.0
[INFO] [stderr]    Compiling tempfile v3.13.0
[INFO] [stderr]    Compiling unicode-bom v2.0.3
[INFO] [stderr]    Compiling static_assertions v1.1.0
[INFO] [stderr]    Compiling kstring v2.0.2
[INFO] [stderr]    Compiling gix-quote v0.4.13
[INFO] [stderr]    Compiling filetime v0.2.25
[INFO] [stderr]    Compiling gix-bitmap v0.2.12
[INFO] [stderr]    Compiling fnv v1.0.7
[INFO] [stderr]    Compiling shell-words v1.1.0
[INFO] [stderr]    Compiling encoding_rs v0.8.35
[INFO] [stderr]    Compiling gix-command v0.3.10
[INFO] [stderr]    Compiling imara-diff v0.1.7
[INFO] [stderr]    Compiling faster-hex v0.9.0
[INFO] [stderr]    Compiling gix-hash v0.15.0
[INFO] [stderr]    Compiling gix-packetline-blocking v0.18.0
[INFO] [stderr]    Compiling gix-features v0.39.0
[INFO] [stderr]    Compiling gix-hashtable v0.6.0
[INFO] [stderr]    Compiling gix-date v0.9.1
[INFO] [stderr]    Compiling gix-actor v0.33.0
[INFO] [stderr]    Compiling gix-glob v0.17.0
[INFO] [stderr]    Compiling gix-fs v0.12.0
[INFO] [stderr]    Compiling gix-object v0.45.0
[INFO] [stderr]    Compiling gix-commitgraph v0.25.0
[INFO] [stderr]    Compiling gix-tempfile v15.0.0
[INFO] [stderr]    Compiling gix-attributes v0.23.0
[INFO] [stderr]    Compiling gix-lock v15.0.0
[INFO] [stderr]    Compiling gix-ignore v0.12.0
[INFO] [stderr]    Compiling gix-revwalk v0.16.0
[INFO] [stderr]    Compiling gix-filter v0.14.0
[INFO] [stderr]    Compiling gix-traverse v0.42.0
[INFO] [stderr]    Compiling gix-index v0.36.0
[INFO] [stderr]    Compiling gix-worktree v0.37.0
[INFO] [stderr]    Compiling gix-merge v0.0.0 (/opt/rustwide/workdir)
[INFO] [stderr]     Finished `dev` profile [unoptimized + debuginfo] target(s) in 26.31s
[INFO] running `Command { std: "docker" "inspect" "1ace7bd55ea317e3105604668b9672918f386101d81ebdf92fa8e318c164eace", kill_on_drop: false }`
[INFO] running `Command { std: "docker" "rm" "-f" "1ace7bd55ea317e3105604668b9672918f386101d81ebdf92fa8e318c164eace", kill_on_drop: false }`
[INFO] [stdout] 1ace7bd55ea317e3105604668b9672918f386101d81ebdf92fa8e318c164eace
[INFO] running `Command { std: "docker" "create" "-v" "/var/lib/crater-agent-workspace/builds/worker-4-tc2/target:/opt/rustwide/target:rw,Z" "-v" "/var/lib/crater-agent-workspace/builds/worker-4-tc2/source:/opt/rustwide/workdir:ro,Z" "-v" "/var/lib/crater-agent-workspace/cargo-home:/opt/rustwide/cargo-home:ro,Z" "-v" "/var/lib/crater-agent-workspace/rustup-home:/opt/rustwide/rustup-home:ro,Z" "-e" "SOURCE_DIR=/opt/rustwide/workdir" "-e" "CARGO_TARGET_DIR=/opt/rustwide/target" "-e" "CARGO_INCREMENTAL=0" "-e" "RUST_BACKTRACE=full" "-e" "RUSTFLAGS=--cap-lints=forbid -Zrandomize-layout" "-e" "RUSTDOCFLAGS=--cap-lints=forbid" "-e" "CARGO_HOME=/opt/rustwide/cargo-home" "-e" "RUSTUP_HOME=/opt/rustwide/rustup-home" "-w" "/opt/rustwide/workdir" "-m" "1610612736" "--user" "0:0" "--network" "none" "ghcr.io/rust-lang/crates-build-env/linux@sha256:4a844ea9eb2546a2d2c7022eacef16ef2e8229c7fbb2c7d4d55a9ceca922f72d" "/opt/rustwide/cargo-home/bin/cargo" "+nightly-2024-10-28" "test" "--frozen" "--no-run" "--message-format=json", kill_on_drop: false }`
[INFO] [stdout] b96dd5fc9f6164d7d7a1dbae07b2158d0cf1efc2a959596705e4ebd251a8a012
[INFO] running `Command { std: "docker" "start" "-a" "b96dd5fc9f6164d7d7a1dbae07b2158d0cf1efc2a959596705e4ebd251a8a012", kill_on_drop: false }`
[INFO] [stderr]    Compiling diff v0.1.13
[INFO] [stderr]    Compiling yansi v1.0.1
[INFO] [stderr]    Compiling pretty_assertions v1.4.1
[INFO] [stderr]    Compiling gix-merge v0.0.0 (/opt/rustwide/workdir)
[INFO] [stdout] error[E0432]: unresolved import `gix_testtools`
[INFO] [stdout]  --> tests/merge/main.rs:6:9
[INFO] [stdout]   |
[INFO] [stdout] 6 | pub use gix_testtools::Result;
[INFO] [stdout]   |         ^^^^^^^^^^^^^ use of undeclared crate or module `gix_testtools`
[INFO] [stdout] 
[INFO] [stdout] 
[INFO] [stdout] error[E0433]: failed to resolve: use of undeclared crate or module `gix_testtools`
[INFO] [stdout]   --> tests/merge/blob/pipeline.rs:14:19
[INFO] [stdout]    |
[INFO] [stdout] 14 |         let tmp = gix_testtools::tempfile::TempDir::new()?;
[INFO] [stdout]    |                   ^^^^^^^^^^^^^ use of undeclared crate or module `gix_testtools`
[INFO] [stdout] 
[INFO] [stdout] 
[INFO] [stdout] error[E0433]: failed to resolve: use of undeclared crate or module `gix_testtools`
[INFO] [stdout]    --> tests/merge/blob/pipeline.rs:120:15
[INFO] [stdout]     |
[INFO] [stdout] 120 |     let tmp = gix_testtools::tempfile::TempDir::new()?;
[INFO] [stdout]     |               ^^^^^^^^^^^^^ use of undeclared crate or module `gix_testtools`
[INFO] [stdout] 
[INFO] [stdout] 
[INFO] [stdout] error[E0433]: failed to resolve: use of undeclared crate or module `gix_testtools`
[INFO] [stdout]    --> tests/merge/blob/pipeline.rs:170:15
[INFO] [stdout]     |
[INFO] [stdout] 170 |     let tmp = gix_testtools::tempfile::TempDir::new()?;
[INFO] [stdout]     |               ^^^^^^^^^^^^^ use of undeclared crate or module `gix_testtools`
[INFO] [stdout] 
[INFO] [stdout] 
[INFO] [stdout] error[E0433]: failed to resolve: use of undeclared crate or module `gix_testtools`
[INFO] [stdout]    --> tests/merge/blob/pipeline.rs:231:15
[INFO] [stdout]     |
[INFO] [stdout] 231 |     let tmp = gix_testtools::tempfile::TempDir::new()?;
[INFO] [stdout]     |               ^^^^^^^^^^^^^ use of undeclared crate or module `gix_testtools`
[INFO] [stdout] 
[INFO] [stdout] 
[INFO] [stdout] error[E0433]: failed to resolve: use of undeclared crate or module `gix_testtools`
[INFO] [stdout]    --> tests/merge/blob/pipeline.rs:311:15
[INFO] [stdout]     |
[INFO] [stdout] 311 |     let tmp = gix_testtools::tempfile::TempDir::new()?;
[INFO] [stdout]     |               ^^^^^^^^^^^^^ use of undeclared crate or module `gix_testtools`
[INFO] [stdout] 
[INFO] [stdout] 
[INFO] [stdout] error[E0433]: failed to resolve: use of undeclared crate or module `gix_testtools`
[INFO] [stdout]   --> tests/merge/blob/builtin_driver.rs:81:20
[INFO] [stdout]    |
[INFO] [stdout] 81 |         let root = gix_testtools::scripted_fixture_read_only("text-baseline.sh")?;
[INFO] [stdout]    |                    ^^^^^^^^^^^^^ use of undeclared crate or module `gix_testtools`
[INFO] [stdout] 
[INFO] [stdout] 
[INFO] [stdout] error[E0433]: failed to resolve: use of undeclared crate or module `gix_testtools`
[INFO] [stdout]    --> tests/merge/blob/platform.rs:633:16
[INFO] [stdout]     |
[INFO] [stdout] 633 |     let root = gix_testtools::scripted_fixture_read_only("make_blob_repo.sh").expect("valid fixture");
[INFO] [stdout]     |                ^^^^^^^^^^^^^ use of undeclared crate or module `gix_testtools`
[INFO] [stdout] 
[INFO] [stdout] 
[INFO] [stdout] Some errors have detailed explanations: E0432, E0433.
[INFO] [stdout] 
[INFO] [stdout] For more information about an error, try `rustc --explain E0432`.
[INFO] [stdout] 
[INFO] [stderr] error: could not compile `gix-merge` (test "merge") due to 8 previous errors
[INFO] [stderr] warning: build failed, waiting for other jobs to finish...
[INFO] running `Command { std: "docker" "inspect" "b96dd5fc9f6164d7d7a1dbae07b2158d0cf1efc2a959596705e4ebd251a8a012", kill_on_drop: false }`
[INFO] running `Command { std: "docker" "rm" "-f" "b96dd5fc9f6164d7d7a1dbae07b2158d0cf1efc2a959596705e4ebd251a8a012", kill_on_drop: false }`
[INFO] [stdout] b96dd5fc9f6164d7d7a1dbae07b2158d0cf1efc2a959596705e4ebd251a8a012
