[INFO] fetching crate gix-dir 0.9.0...
[INFO] testing gix-dir-0.9.0 against nightly-2024-10-28+rustflags=-Zrandomize-layout for randomize-layout
[INFO] extracting crate gix-dir 0.9.0 into /workspace/builds/worker-0-tc2/source
[INFO] validating manifest of crates.io crate gix-dir 0.9.0 on toolchain nightly-2024-10-28
[INFO] running `Command { std: CARGO_HOME="/workspace/cargo-home" RUSTUP_HOME="/workspace/rustup-home" "/workspace/cargo-home/bin/cargo" "+nightly-2024-10-28" "metadata" "--manifest-path" "Cargo.toml" "--no-deps", kill_on_drop: false }`
[INFO] started tweaking crates.io crate gix-dir 0.9.0
[INFO] removed 0 missing tests
[INFO] finished tweaking crates.io crate gix-dir 0.9.0
[INFO] tweaked toml for crates.io crate gix-dir 0.9.0 written to /workspace/builds/worker-0-tc2/source/Cargo.toml
[INFO] running `Command { std: CARGO_HOME="/workspace/cargo-home" RUSTUP_HOME="/workspace/rustup-home" "/workspace/cargo-home/bin/cargo" "+nightly-2024-10-28" "generate-lockfile" "--manifest-path" "Cargo.toml", kill_on_drop: false }`
[INFO] [stderr]     Updating crates.io index
[INFO] [stderr]      Locking 100 packages to latest compatible versions
[INFO] running `Command { std: CARGO_HOME="/workspace/cargo-home" RUSTUP_HOME="/workspace/rustup-home" "/workspace/cargo-home/bin/cargo" "+nightly-2024-10-28" "fetch" "--manifest-path" "Cargo.toml", kill_on_drop: false }`
[INFO] running `Command { std: "docker" "create" "-v" "/var/lib/crater-agent-workspace/builds/worker-0-tc2/target:/opt/rustwide/target:rw,Z" "-v" "/var/lib/crater-agent-workspace/builds/worker-0-tc2/source:/opt/rustwide/workdir:ro,Z" "-v" "/var/lib/crater-agent-workspace/cargo-home:/opt/rustwide/cargo-home:ro,Z" "-v" "/var/lib/crater-agent-workspace/rustup-home:/opt/rustwide/rustup-home:ro,Z" "-e" "SOURCE_DIR=/opt/rustwide/workdir" "-e" "CARGO_TARGET_DIR=/opt/rustwide/target" "-e" "CARGO_HOME=/opt/rustwide/cargo-home" "-e" "RUSTUP_HOME=/opt/rustwide/rustup-home" "-w" "/opt/rustwide/workdir" "-m" "1610612736" "--user" "0:0" "--network" "none" "ghcr.io/rust-lang/crates-build-env/linux@sha256:4a844ea9eb2546a2d2c7022eacef16ef2e8229c7fbb2c7d4d55a9ceca922f72d" "/opt/rustwide/cargo-home/bin/cargo" "+nightly-2024-10-28" "metadata" "--no-deps" "--format-version=1", kill_on_drop: false }`
[INFO] [stdout] caa4db86cd6b5609be9e0842a854807ee34b987891259ada7d7a25549dc1a1bf
[INFO] running `Command { std: "docker" "start" "-a" "caa4db86cd6b5609be9e0842a854807ee34b987891259ada7d7a25549dc1a1bf", kill_on_drop: false }`
[INFO] running `Command { std: "docker" "inspect" "caa4db86cd6b5609be9e0842a854807ee34b987891259ada7d7a25549dc1a1bf", kill_on_drop: false }`
[INFO] running `Command { std: "docker" "rm" "-f" "caa4db86cd6b5609be9e0842a854807ee34b987891259ada7d7a25549dc1a1bf", kill_on_drop: false }`
[INFO] [stdout] caa4db86cd6b5609be9e0842a854807ee34b987891259ada7d7a25549dc1a1bf
[INFO] running `Command { std: "docker" "create" "-v" "/var/lib/crater-agent-workspace/builds/worker-0-tc2/target:/opt/rustwide/target:rw,Z" "-v" "/var/lib/crater-agent-workspace/builds/worker-0-tc2/source:/opt/rustwide/workdir:ro,Z" "-v" "/var/lib/crater-agent-workspace/cargo-home:/opt/rustwide/cargo-home:ro,Z" "-v" "/var/lib/crater-agent-workspace/rustup-home:/opt/rustwide/rustup-home:ro,Z" "-e" "SOURCE_DIR=/opt/rustwide/workdir" "-e" "CARGO_TARGET_DIR=/opt/rustwide/target" "-e" "CARGO_INCREMENTAL=0" "-e" "RUST_BACKTRACE=full" "-e" "RUSTFLAGS=--cap-lints=forbid -Zrandomize-layout" "-e" "RUSTDOCFLAGS=--cap-lints=forbid" "-e" "CARGO_HOME=/opt/rustwide/cargo-home" "-e" "RUSTUP_HOME=/opt/rustwide/rustup-home" "-w" "/opt/rustwide/workdir" "-m" "1610612736" "--user" "0:0" "--network" "none" "ghcr.io/rust-lang/crates-build-env/linux@sha256:4a844ea9eb2546a2d2c7022eacef16ef2e8229c7fbb2c7d4d55a9ceca922f72d" "/opt/rustwide/cargo-home/bin/cargo" "+nightly-2024-10-28" "build" "--frozen" "--message-format=json", kill_on_drop: false }`
[INFO] [stdout] cdea43d580e4979b1cd1201246d9b1feee65fd5d279579096aec86b2172740b3
[INFO] running `Command { std: "docker" "start" "-a" "cdea43d580e4979b1cd1201246d9b1feee65fd5d279579096aec86b2172740b3", kill_on_drop: false }`
[INFO] [stderr]    Compiling libc v0.2.161
[INFO] [stderr]    Compiling memchr v2.7.4
[INFO] [stderr]    Compiling regex-automata v0.4.8
[INFO] [stderr]    Compiling thiserror v1.0.66
[INFO] [stderr]    Compiling serde v1.0.214
[INFO] [stderr]    Compiling syn v2.0.86
[INFO] [stderr]    Compiling smallvec v1.13.2
[INFO] [stderr]    Compiling unicode-normalization v0.1.24
[INFO] [stderr]    Compiling gix-trace v0.1.11
[INFO] [stderr]    Compiling log v0.4.22
[INFO] [stderr]    Compiling same-file v1.0.6
[INFO] [stderr]    Compiling walkdir v2.5.0
[INFO] [stderr]    Compiling sha1_smol v1.0.1
[INFO] [stderr]    Compiling ahash v0.8.11
[INFO] [stderr]    Compiling parking_lot_core v0.9.10
[INFO] [stderr]    Compiling zerocopy v0.7.35
[INFO] [stderr]    Compiling allocator-api2 v0.2.18
[INFO] [stderr]    Compiling rustix v0.38.38
[INFO] [stderr]    Compiling parking_lot v0.12.3
[INFO] [stderr]    Compiling jiff v0.1.13
[INFO] [stderr]    Compiling home v0.5.9
[INFO] [stderr]    Compiling bstr v1.10.0
[INFO] [stderr]    Compiling prodash v29.0.0
[INFO] [stderr]    Compiling hashbrown v0.14.5
[INFO] [stderr]    Compiling winnow v0.6.20
[INFO] [stderr]    Compiling linux-raw-sys v0.4.14
[INFO] [stderr]    Compiling gix-utils v0.1.13
[INFO] [stderr]    Compiling memmap2 v0.9.5
[INFO] [stderr]    Compiling unicode-bom v2.0.3
[INFO] [stderr]    Compiling kstring v2.0.2
[INFO] [stderr]    Compiling filetime v0.2.25
[INFO] [stderr]    Compiling gix-sec v0.10.9
[INFO] [stderr]    Compiling thiserror-impl v1.0.66
[INFO] [stderr]    Compiling faster-hex v0.9.0
[INFO] [stderr]    Compiling gix-hash v0.15.0
[INFO] [stderr]    Compiling gix-path v0.10.12
[INFO] [stderr]    Compiling gix-validate v0.9.1
[INFO] [stderr]    Compiling gix-chunk v0.4.9
[INFO] [stderr]    Compiling gix-quote v0.4.13
[INFO] [stderr]    Compiling gix-bitmap v0.2.12
[INFO] [stderr]    Compiling gix-features v0.39.0
[INFO] [stderr]    Compiling gix-hashtable v0.6.0
[INFO] [stderr]    Compiling tempfile v3.13.0
[INFO] [stderr]    Compiling gix-config-value v0.14.9
[INFO] [stderr]    Compiling gix-fs v0.12.0
[INFO] [stderr]    Compiling gix-glob v0.17.0
[INFO] [stderr]    Compiling gix-commitgraph v0.25.0
[INFO] [stderr]    Compiling gix-tempfile v15.0.0
[INFO] [stderr]    Compiling gix-ignore v0.12.0
[INFO] [stderr]    Compiling gix-lock v15.0.0
[INFO] [stderr]    Compiling gix-attributes v0.23.0
[INFO] [stderr]    Compiling gix-date v0.9.1
[INFO] [stderr]    Compiling gix-pathspec v0.8.0
[INFO] [stderr]    Compiling gix-actor v0.33.0
[INFO] [stderr]    Compiling gix-object v0.45.0
[INFO] [stderr]    Compiling gix-revwalk v0.16.0
[INFO] [stderr]    Compiling gix-ref v0.48.0
[INFO] [stderr]    Compiling gix-traverse v0.42.0
[INFO] [stderr]    Compiling gix-index v0.36.0
[INFO] [stderr]    Compiling gix-discover v0.36.0
[INFO] [stderr]    Compiling gix-worktree v0.37.0
[INFO] [stderr]    Compiling gix-dir v0.9.0 (/opt/rustwide/workdir)
[INFO] [stderr]     Finished `dev` profile [unoptimized + debuginfo] target(s) in 28.23s
[INFO] running `Command { std: "docker" "inspect" "cdea43d580e4979b1cd1201246d9b1feee65fd5d279579096aec86b2172740b3", kill_on_drop: false }`
[INFO] running `Command { std: "docker" "rm" "-f" "cdea43d580e4979b1cd1201246d9b1feee65fd5d279579096aec86b2172740b3", kill_on_drop: false }`
[INFO] [stdout] cdea43d580e4979b1cd1201246d9b1feee65fd5d279579096aec86b2172740b3
[INFO] running `Command { std: "docker" "create" "-v" "/var/lib/crater-agent-workspace/builds/worker-0-tc2/target:/opt/rustwide/target:rw,Z" "-v" "/var/lib/crater-agent-workspace/builds/worker-0-tc2/source:/opt/rustwide/workdir:ro,Z" "-v" "/var/lib/crater-agent-workspace/cargo-home:/opt/rustwide/cargo-home:ro,Z" "-v" "/var/lib/crater-agent-workspace/rustup-home:/opt/rustwide/rustup-home:ro,Z" "-e" "SOURCE_DIR=/opt/rustwide/workdir" "-e" "CARGO_TARGET_DIR=/opt/rustwide/target" "-e" "CARGO_INCREMENTAL=0" "-e" "RUST_BACKTRACE=full" "-e" "RUSTFLAGS=--cap-lints=forbid -Zrandomize-layout" "-e" "RUSTDOCFLAGS=--cap-lints=forbid" "-e" "CARGO_HOME=/opt/rustwide/cargo-home" "-e" "RUSTUP_HOME=/opt/rustwide/rustup-home" "-w" "/opt/rustwide/workdir" "-m" "1610612736" "--user" "0:0" "--network" "none" "ghcr.io/rust-lang/crates-build-env/linux@sha256:4a844ea9eb2546a2d2c7022eacef16ef2e8229c7fbb2c7d4d55a9ceca922f72d" "/opt/rustwide/cargo-home/bin/cargo" "+nightly-2024-10-28" "test" "--frozen" "--no-run" "--message-format=json", kill_on_drop: false }`
[INFO] [stdout] b22e5c043e63c85206db203731c638c89f3d1c8d8f8fd6fc2e8cdc935d34db0f
[INFO] running `Command { std: "docker" "start" "-a" "b22e5c043e63c85206db203731c638c89f3d1c8d8f8fd6fc2e8cdc935d34db0f", kill_on_drop: false }`
[INFO] [stderr]    Compiling yansi v1.0.1
[INFO] [stderr]    Compiling diff v0.1.13
[INFO] [stderr]    Compiling pretty_assertions v1.4.1
[INFO] [stderr]    Compiling gix-dir v0.9.0 (/opt/rustwide/workdir)
[INFO] [stdout] error[E0432]: unresolved import `gix_testtools`
[INFO] [stdout]  --> tests/walk_utils/mod.rs:3:5
[INFO] [stdout]   |
[INFO] [stdout] 3 | use gix_testtools::scripted_fixture_read_only;
[INFO] [stdout]   |     ^^^^^^^^^^^^^ use of undeclared crate or module `gix_testtools`
[INFO] [stdout] 
[INFO] [stdout] 
[INFO] [stdout] error[E0433]: failed to resolve: use of undeclared crate or module `gix_testtools`
[INFO] [stdout]   --> tests/dir_walk_cwd.rs:12:35
[INFO] [stdout]    |
[INFO] [stdout] 12 | fn prefixes_work_as_expected() -> gix_testtools::Result {
[INFO] [stdout]    |                                   ^^^^^^^^^^^^^ use of undeclared crate or module `gix_testtools`
[INFO] [stdout] 
[INFO] [stdout] 
[INFO] [stdout] Some errors have detailed explanations: E0432, E0433.
[INFO] [stdout] 
[INFO] [stdout] For more information about an error, try `rustc --explain E0432`.
[INFO] [stdout] 
[INFO] [stderr] error: could not compile `gix-dir` (test "dir_walk_cwd") due to 2 previous errors
[INFO] [stderr] warning: build failed, waiting for other jobs to finish...
[INFO] [stdout] error[E0432]: unresolved import `gix_testtools`
[INFO] [stdout]  --> tests/dir.rs:1:9
[INFO] [stdout]   |
[INFO] [stdout] 1 | pub use gix_testtools::Result;
[INFO] [stdout]   |         ^^^^^^^^^^^^^ use of undeclared crate or module `gix_testtools`
[INFO] [stdout] 
[INFO] [stdout] 
[INFO] [stdout] error[E0432]: unresolved import `gix_testtools`
[INFO] [stdout]  --> tests/walk_utils/mod.rs:3:5
[INFO] [stdout]   |
[INFO] [stdout] 3 | use gix_testtools::scripted_fixture_read_only;
[INFO] [stdout]   |     ^^^^^^^^^^^^^ use of undeclared crate or module `gix_testtools`
[INFO] [stdout] 
[INFO] [stdout] 
[INFO] [stdout] error[E0433]: failed to resolve: use of undeclared crate or module `gix_testtools`
[INFO] [stdout]     --> tests/walk/mod.rs:2637:16
[INFO] [stdout]      |
[INFO] [stdout] 2637 |     let root = gix_testtools::tempfile::TempDir::new()?;
[INFO] [stdout]      |                ^^^^^^^^^^^^^ use of undeclared crate or module `gix_testtools`
[INFO] [stdout] 
[INFO] [stdout] 
[INFO] [stdout] error[E0433]: failed to resolve: use of undeclared crate or module `gix_testtools`
[INFO] [stdout]     --> tests/walk/mod.rs:3754:16
[INFO] [stdout]      |
[INFO] [stdout] 3754 |     let root = gix_testtools::tempfile::TempDir::new()?;
[INFO] [stdout]      |                ^^^^^^^^^^^^^ use of undeclared crate or module `gix_testtools`
[INFO] [stdout] 
[INFO] [stdout] 
[INFO] [stdout] Some errors have detailed explanations: E0432, E0433.
[INFO] [stdout] 
[INFO] [stdout] For more information about an error, try `rustc --explain E0432`.
[INFO] [stdout] 
[INFO] [stderr] error: could not compile `gix-dir` (test "dir") due to 4 previous errors
[INFO] running `Command { std: "docker" "inspect" "b22e5c043e63c85206db203731c638c89f3d1c8d8f8fd6fc2e8cdc935d34db0f", kill_on_drop: false }`
[INFO] running `Command { std: "docker" "rm" "-f" "b22e5c043e63c85206db203731c638c89f3d1c8d8f8fd6fc2e8cdc935d34db0f", kill_on_drop: false }`
[INFO] [stdout] b22e5c043e63c85206db203731c638c89f3d1c8d8f8fd6fc2e8cdc935d34db0f
