[INFO] fetching crate git_function_history 0.7.1...
[INFO] testing git_function_history-0.7.1 against nightly-2024-10-28 for randomize-layout
[INFO] extracting crate git_function_history 0.7.1 into /workspace/builds/worker-2-tc1/source
[INFO] validating manifest of crates.io crate git_function_history 0.7.1 on toolchain nightly-2024-10-28
[INFO] running `Command { std: CARGO_HOME="/workspace/cargo-home" RUSTUP_HOME="/workspace/rustup-home" "/workspace/cargo-home/bin/cargo" "+nightly-2024-10-28" "metadata" "--manifest-path" "Cargo.toml" "--no-deps", kill_on_drop: false }`
[INFO] started tweaking crates.io crate git_function_history 0.7.1
[INFO] finished tweaking crates.io crate git_function_history 0.7.1
[INFO] tweaked toml for crates.io crate git_function_history 0.7.1 written to /workspace/builds/worker-2-tc1/source/Cargo.toml
[INFO] running `Command { std: CARGO_HOME="/workspace/cargo-home" RUSTUP_HOME="/workspace/rustup-home" "/workspace/cargo-home/bin/cargo" "+nightly-2024-10-28" "generate-lockfile" "--manifest-path" "Cargo.toml", kill_on_drop: false }`
[INFO] [stderr]     Updating crates.io index
[INFO] [stderr]      Locking 292 packages to latest compatible versions
[INFO] [stderr]       Adding cached v0.46.1 (available: v0.53.1)
[INFO] [stderr]       Adding gix v0.55.2 (available: v0.67.0)
[INFO] [stderr]       Adding gix-features v0.36.1 (available: v0.39.0)
[INFO] [stderr]       Adding perf-event v0.4.7 (available: v0.4.8)
[INFO] [stderr]       Adding ra_ap_syntax v0.0.180 (available: v0.0.241)
[INFO] [stderr]       Adding rustpython-parser v0.3.1 (available: v0.4.0)
[INFO] running `Command { std: CARGO_HOME="/workspace/cargo-home" RUSTUP_HOME="/workspace/rustup-home" "/workspace/cargo-home/bin/cargo" "+nightly-2024-10-28" "fetch" "--manifest-path" "Cargo.toml", kill_on_drop: false }`
[INFO] [stderr]  Downloading crates ...
[INFO] [stderr]   Downloaded ra_ap_syntax v0.0.180
[INFO] [stderr]   Downloaded ra_ap_stdx v0.0.180
[INFO] [stderr]   Downloaded jod-thread v0.1.2
[INFO] [stderr]   Downloaded umpl v1.1.1
[INFO] [stderr]   Downloaded git_function_history-proc-macro v0.1.0
[INFO] [stderr]   Downloaded hexponent v0.3.1
[INFO] [stderr]   Downloaded gix-hashtable v0.4.1
[INFO] [stderr]   Downloaded alloc-from-pool v1.0.5
[INFO] [stderr]   Downloaded cached_proc_macro v0.18.1
[INFO] [stderr]   Downloaded gix-glob v0.14.1
[INFO] [stderr]   Downloaded uluru v3.1.0
[INFO] [stderr]   Downloaded cov-mark v2.0.0
[INFO] [stderr]   Downloaded gix-diff v0.37.0
[INFO] [stderr]   Downloaded gix-traverse v0.34.0
[INFO] [stderr]   Downloaded cached v0.46.1
[INFO] [stderr]   Downloaded gix-revision v0.23.0
[INFO] [stderr]   Downloaded gix-index v0.26.0
[INFO] [stderr]   Downloaded prodash v26.2.2
[INFO] [stderr]   Downloaded gix-config v0.31.0
[INFO] [stderr]   Downloaded ra_ap_parser v0.0.180
[INFO] [stderr]   Downloaded gix-odb v0.54.0
[INFO] [stderr]   Downloaded gix-pack v0.44.0
[INFO] [stderr]   Downloaded lib-ruby-parser v4.0.6+ruby-3.1.2
[INFO] [stderr]   Downloaded gix-ref v0.38.0
[INFO] [stderr]   Downloaded flexi_logger v0.24.2
[INFO] [stderr]   Downloaded gix-object v0.38.0
[INFO] [stderr]   Downloaded unic-ucd-category v0.9.0
[INFO] [stderr]   Downloaded gix-discover v0.26.0
[INFO] [stderr]   Downloaded lib-ruby-parser-ast v0.55.0
[INFO] [stderr]   Downloaded gix v0.55.2
[INFO] [stderr]   Downloaded ra-ap-rustc_abi v0.14.0
[INFO] [stderr]   Downloaded gix-refspec v0.19.0
[INFO] [stderr]   Downloaded gosyn v0.2.9
[INFO] [stderr]   Downloaded ra-ap-rustc_index v0.14.0
[INFO] [stderr]   Downloaded ra_ap_profile v0.0.180
[INFO] [stderr]   Downloaded ra-ap-rustc_lexer v0.14.0
[INFO] [stderr]   Downloaded miow v0.5.0
[INFO] [stderr]   Downloaded gix-lock v11.0.1
[INFO] [stderr]   Downloaded gix-commitgraph v0.22.1
[INFO] [stderr]   Downloaded gix-actor v0.28.1
[INFO] [stderr]   Downloaded gix-url v0.25.2
[INFO] [stderr]   Downloaded perf-event-open-sys v1.0.1
[INFO] [stderr]   Downloaded ra-ap-rustc_parse_format v0.14.0
[INFO] [stderr]   Downloaded gix-revwalk v0.9.0
[INFO] [stderr]   Downloaded perf-event v0.4.7
[INFO] [stderr]   Downloaded ra_ap_limit v0.0.180
[INFO] [stderr]   Downloaded la-arena v0.3.1
[INFO] [stderr]   Downloaded ra_ap_rustc-dependencies v0.0.180
[INFO] [stderr]   Downloaded always-assert v0.1.3
[INFO] [stderr]   Downloaded ra_ap_text_edit v0.0.180
[INFO] [stderr]   Downloaded simple_file_logger v0.3.1
[INFO] running `Command { std: "docker" "create" "-v" "/var/lib/crater-agent-workspace/builds/worker-2-tc1/target:/opt/rustwide/target:rw,Z" "-v" "/var/lib/crater-agent-workspace/builds/worker-2-tc1/source:/opt/rustwide/workdir:ro,Z" "-v" "/var/lib/crater-agent-workspace/cargo-home:/opt/rustwide/cargo-home:ro,Z" "-v" "/var/lib/crater-agent-workspace/rustup-home:/opt/rustwide/rustup-home:ro,Z" "-e" "SOURCE_DIR=/opt/rustwide/workdir" "-e" "CARGO_TARGET_DIR=/opt/rustwide/target" "-e" "CARGO_HOME=/opt/rustwide/cargo-home" "-e" "RUSTUP_HOME=/opt/rustwide/rustup-home" "-w" "/opt/rustwide/workdir" "-m" "1610612736" "--user" "0:0" "--network" "none" "ghcr.io/rust-lang/crates-build-env/linux@sha256:4a844ea9eb2546a2d2c7022eacef16ef2e8229c7fbb2c7d4d55a9ceca922f72d" "/opt/rustwide/cargo-home/bin/cargo" "+nightly-2024-10-28" "metadata" "--no-deps" "--format-version=1", kill_on_drop: false }`
[INFO] [stdout] dc17785dd9fc87d755468a180ba574dac36afc1fccfa14888fae5e58df2dcce5
[INFO] running `Command { std: "docker" "start" "-a" "dc17785dd9fc87d755468a180ba574dac36afc1fccfa14888fae5e58df2dcce5", kill_on_drop: false }`
[INFO] running `Command { std: "docker" "inspect" "dc17785dd9fc87d755468a180ba574dac36afc1fccfa14888fae5e58df2dcce5", kill_on_drop: false }`
[INFO] running `Command { std: "docker" "rm" "-f" "dc17785dd9fc87d755468a180ba574dac36afc1fccfa14888fae5e58df2dcce5", kill_on_drop: false }`
[INFO] [stdout] dc17785dd9fc87d755468a180ba574dac36afc1fccfa14888fae5e58df2dcce5
[INFO] running `Command { std: "docker" "create" "-v" "/var/lib/crater-agent-workspace/builds/worker-2-tc1/target:/opt/rustwide/target:rw,Z" "-v" "/var/lib/crater-agent-workspace/builds/worker-2-tc1/source:/opt/rustwide/workdir:ro,Z" "-v" "/var/lib/crater-agent-workspace/cargo-home:/opt/rustwide/cargo-home:ro,Z" "-v" "/var/lib/crater-agent-workspace/rustup-home:/opt/rustwide/rustup-home:ro,Z" "-e" "SOURCE_DIR=/opt/rustwide/workdir" "-e" "CARGO_TARGET_DIR=/opt/rustwide/target" "-e" "CARGO_INCREMENTAL=0" "-e" "RUST_BACKTRACE=full" "-e" "RUSTFLAGS=--cap-lints=forbid" "-e" "RUSTDOCFLAGS=--cap-lints=forbid" "-e" "CARGO_HOME=/opt/rustwide/cargo-home" "-e" "RUSTUP_HOME=/opt/rustwide/rustup-home" "-w" "/opt/rustwide/workdir" "-m" "1610612736" "--user" "0:0" "--network" "none" "ghcr.io/rust-lang/crates-build-env/linux@sha256:4a844ea9eb2546a2d2c7022eacef16ef2e8229c7fbb2c7d4d55a9ceca922f72d" "/opt/rustwide/cargo-home/bin/cargo" "+nightly-2024-10-28" "build" "--frozen" "--message-format=json", kill_on_drop: false }`
[INFO] [stdout] b916c5bf0ace1858422b57c58fbd98a8dd47b849f7b9e8ccf0bf07bfed33dabf
[INFO] running `Command { std: "docker" "start" "-a" "b916c5bf0ace1858422b57c58fbd98a8dd47b849f7b9e8ccf0bf07bfed33dabf", kill_on_drop: false }`
[INFO] [stderr]    Compiling libc v0.2.161
[INFO] [stderr]    Compiling once_cell v1.20.2
[INFO] [stderr]    Compiling autocfg v1.4.0
[INFO] [stderr]    Compiling parking_lot_core v0.9.10
[INFO] [stderr]    Compiling scopeguard v1.2.0
[INFO] [stderr]    Compiling memchr v2.7.4
[INFO] [stderr]    Compiling smallvec v1.13.2
[INFO] [stderr]    Compiling syn v2.0.86
[INFO] [stderr]    Compiling either v1.13.0
[INFO] [stderr]    Compiling crossbeam-utils v0.8.20
[INFO] [stderr]    Compiling regex-syntax v0.8.5
[INFO] [stderr]    Compiling version_check v0.9.5
[INFO] [stderr]    Compiling serde v1.0.214
[INFO] [stderr]    Compiling lock_api v0.4.12
[INFO] [stderr]    Compiling num-traits v0.2.19
[INFO] [stderr]    Compiling same-file v1.0.6
[INFO] [stderr]    Compiling ahash v0.8.11
[INFO] [stderr]    Compiling walkdir v2.5.0
[INFO] [stderr]    Compiling aho-corasick v1.1.3
[INFO] [stderr]    Compiling crossbeam-epoch v0.9.18
[INFO] [stderr]    Compiling crossbeam-channel v0.5.13
[INFO] [stderr]    Compiling crossbeam-deque v0.8.5
[INFO] [stderr]    Compiling zerocopy v0.7.35
[INFO] [stderr]    Compiling rayon-core v1.12.1
[INFO] [stderr]    Compiling allocator-api2 v0.2.18
[INFO] [stderr]    Compiling crossbeam-queue v0.3.11
[INFO] [stderr]    Compiling hashbrown v0.14.5
[INFO] [stderr]    Compiling adler2 v2.0.0
[INFO] [stderr]    Compiling gix-trace v0.1.11
[INFO] [stderr]    Compiling rayon v1.10.0
[INFO] [stderr]    Compiling miniz_oxide v0.8.0
[INFO] [stderr]    Compiling regex-automata v0.4.8
[INFO] [stderr]    Compiling crossbeam v0.8.4
[INFO] [stderr]    Compiling parking_lot v0.12.3
[INFO] [stderr]    Compiling crc32fast v1.4.2
[INFO] [stderr]    Compiling prodash v26.2.2
[INFO] [stderr]    Compiling flate2 v1.0.34
[INFO] [stderr]    Compiling sha1_smol v1.0.1
[INFO] [stderr]    Compiling num-conv v0.1.0
[INFO] [stderr]    Compiling time-core v0.1.2
[INFO] [stderr]    Compiling powerfmt v0.2.0
[INFO] [stderr]    Compiling itoa v1.0.11
[INFO] [stderr]    Compiling time-macros v0.2.18
[INFO] [stderr]    Compiling deranged v0.3.11
[INFO] [stderr]    Compiling num_threads v0.1.7
[INFO] [stderr]    Compiling siphasher v0.3.11
[INFO] [stderr]    Compiling btoi v0.4.3
[INFO] [stderr]    Compiling winnow v0.5.40
[INFO] [stderr]    Compiling tinyvec_macros v0.1.1
[INFO] [stderr]    Compiling tinyvec v1.8.0
[INFO] [stderr]    Compiling jwalk v0.8.1
[INFO] [stderr]    Compiling faster-hex v0.9.0
[INFO] [stderr]    Compiling byteorder v1.5.0
[INFO] [stderr]    Compiling getrandom v0.2.15
[INFO] [stderr]    Compiling arrayvec v0.7.6
[INFO] [stderr]    Compiling rand_core v0.6.4
[INFO] [stderr]    Compiling home v0.5.9
[INFO] [stderr]    Compiling tempfile v3.13.0
[INFO] [stderr]    Compiling phf_shared v0.11.2
[INFO] [stderr]    Compiling log v0.4.22
[INFO] [stderr]    Compiling time v0.3.36
[INFO] [stderr]    Compiling libm v0.2.11
[INFO] [stderr]    Compiling bstr v1.10.0
[INFO] [stderr]    Compiling unicode-normalization v0.1.24
[INFO] [stderr]    Compiling memmap2 v0.9.5
[INFO] [stderr]    Compiling gix-utils v0.1.13
[INFO] [stderr]    Compiling memmap2 v0.7.1
[INFO] [stderr]    Compiling dirs-sys-next v0.1.2
[INFO] [stderr]    Compiling itertools v0.11.0
[INFO] [stderr]    Compiling crunchy v0.2.2
[INFO] [stderr]    Compiling thiserror-impl v1.0.66
[INFO] [stderr]    Compiling zerocopy-derive v0.7.35
[INFO] [stderr]    Compiling unic-common v0.9.0
[INFO] [stderr]    Compiling malachite-nz v0.4.16
[INFO] [stderr]    Compiling ryu v1.0.18
[INFO] [stderr]    Compiling syn v1.0.109
[INFO] [stderr]    Compiling equivalent v1.0.1
[INFO] [stderr]    Compiling hashbrown v0.15.0
[INFO] [stderr]    Compiling unic-char-range v0.9.0
[INFO] [stderr]    Compiling unic-char-property v0.9.0
[INFO] [stderr]    Compiling unic-ucd-version v0.9.0
[INFO] [stderr]    Compiling dirs-next v2.0.0
[INFO] [stderr]    Compiling anyhow v1.0.92
[INFO] [stderr]    Compiling unicode-width v0.1.14
[INFO] [stderr]    Compiling tiny-keccak v2.0.2
[INFO] [stderr]    Compiling indexmap v2.6.0
[INFO] [stderr]    Compiling getopts v0.2.21
[INFO] [stderr]    Compiling thiserror v1.0.66
[INFO] [stderr]    Compiling gix-hash v0.13.3
[INFO] [stderr]    Compiling gix-features v0.36.1
[INFO] [stderr]    Compiling gix-date v0.8.7
[INFO] [stderr]    Compiling gix-validate v0.8.5
[INFO] [stderr]    Compiling gix-actor v0.28.1
[INFO] [stderr]    Compiling ppv-lite86 v0.2.20
[INFO] [stderr]    Compiling gix-fs v0.8.1
[INFO] [stderr]    Compiling gix-chunk v0.4.9
[INFO] [stderr]    Compiling gix-path v0.10.12
[INFO] [stderr]    Compiling gix-object v0.38.0
[INFO] [stderr]    Compiling gix-hashtable v0.4.1
[INFO] [stderr]    Compiling gix-tempfile v11.0.1
[INFO] [stderr]    Compiling gix-commitgraph v0.22.1
[INFO] [stderr]    Compiling rand_chacha v0.3.1
[INFO] [stderr]    Compiling malachite-base v0.4.16
[INFO] [stderr]    Compiling rand v0.8.5
[INFO] [stderr]    Compiling gix-lock v11.0.1
[INFO] [stderr]    Compiling term v0.7.0
[INFO] [stderr]    Compiling phf_generator v0.11.2
[INFO] [stderr]    Compiling gix-revwalk v0.9.0
[INFO] [stderr]    Compiling phf_codegen v0.11.2
[INFO] [stderr]    Compiling tracing-attributes v0.1.27
[INFO] [stderr]    Compiling ra-ap-rustc_index v0.14.0
[INFO] [stderr]    Compiling phf_shared v0.10.0
[INFO] [stderr]    Compiling tracing-core v0.1.32
[INFO] [stderr]    Compiling unicode-properties v0.1.3
[INFO] [stderr]    Compiling new_debug_unreachable v1.0.6
[INFO] [stderr]    Compiling unicode-xid v0.2.6
[INFO] [stderr]    Compiling paste v1.0.15
[INFO] [stderr]    Compiling rustc-hash v1.1.0
[INFO] [stderr]    Compiling strsim v0.10.0
[INFO] [stderr]    Compiling rustversion v1.0.18
[INFO] [stderr]    Compiling pin-project-lite v0.2.15
[INFO] [stderr]    Compiling ident_case v1.0.1
[INFO] [stderr]    Compiling bit-vec v0.6.3
[INFO] [stderr]    Compiling precomputed-hash v0.1.1
[INFO] [stderr]    Compiling fixedbitset v0.4.2
[INFO] [stderr]    Compiling fnv v1.0.7
[INFO] [stderr]    Compiling string_cache v0.8.7
[INFO] [stderr]    Compiling bit-set v0.5.3
[INFO] [stderr]    Compiling petgraph v0.6.5
[INFO] [stderr]    Compiling regex v1.11.1
[INFO] [stderr]    Compiling ra-ap-rustc_lexer v0.14.0
[INFO] [stderr]    Compiling unicode_names2_generator v1.3.0
[INFO] [stderr]    Compiling ascii-canvas v3.0.0
[INFO] [stderr]    Compiling tracing v0.1.40
[INFO] [stderr]    Compiling ena v0.14.3
[INFO] [stderr]    Compiling dashmap v5.5.3
[INFO] [stderr]    Compiling bitflags v1.3.2
[INFO] [stderr]    Compiling lalrpop-util v0.20.2
[INFO] [stderr]    Compiling convert_case v0.4.0
[INFO] [stderr]    Compiling percent-encoding v2.3.1
[INFO] [stderr]    Compiling unicode-bidi v0.3.17
[INFO] [stderr]    Compiling overload v0.1.1
[INFO] [stderr]    Compiling iana-time-zone v0.1.61
[INFO] [stderr]    Compiling Inflector v0.11.4
[INFO] [stderr]    Compiling chrono v0.4.38
[INFO] [stderr]    Compiling derive_more v0.99.18
[INFO] [stderr]    Compiling is-macro v0.3.6
[INFO] [stderr]    Compiling lalrpop v0.20.2
[INFO] [stderr]    Compiling nu-ansi-term v0.46.0
[INFO] [stderr]    Compiling idna v0.5.0
[INFO] [stderr]    Compiling form_urlencoded v1.2.1
[INFO] [stderr]    Compiling countme v3.0.1
[INFO] [stderr]    Compiling unicode_names2 v1.3.0
[INFO] [stderr]    Compiling ra-ap-rustc_abi v0.14.0
[INFO] [stderr]    Compiling darling_core v0.14.4
[INFO] [stderr]    Compiling ra-ap-rustc_parse_format v0.14.0
[INFO] [stderr]    Compiling gix-ref v0.38.0
[INFO] [stderr]    Compiling uluru v3.1.0
[INFO] [stderr]    Compiling gix-sec v0.10.9
[INFO] [stderr]    Compiling num-integer v0.1.46
[INFO] [stderr]    Compiling perf-event-open-sys v1.0.1
[INFO] [stderr]    Compiling atty v0.2.14
[INFO] [stderr]    Compiling dirs-sys v0.3.7
[INFO] [stderr]    Compiling rustpython-parser-vendored v0.3.1
[INFO] [stderr]    Compiling text-size v1.1.1
[INFO] [stderr]    Compiling clru v0.6.2
[INFO] [stderr]    Compiling lazy_static v1.5.0
[INFO] [stderr]    Compiling heck v0.4.1
[INFO] [stderr]    Compiling glob v0.3.1
[INFO] [stderr]    Compiling rustpython-parser-core v0.3.1
[INFO] [stderr]    Compiling gix-pack v0.44.0
[INFO] [stderr]    Compiling strum_macros v0.25.3
[INFO] [stderr]    Compiling dirs v4.0.0
[INFO] [stderr]    Compiling flexi_logger v0.24.2
[INFO] [stderr]    Compiling darling_macro v0.14.4
[INFO] [stderr]    Compiling perf-event v0.4.7
[INFO] [stderr]    Compiling darling v0.14.4
[INFO] [stderr]    Compiling phf v0.11.2
[INFO] [stderr]    Compiling ra_ap_rustc-dependencies v0.0.180
[INFO] [stderr]    Compiling url v2.5.2
[INFO] [stderr]    Compiling gix-traverse v0.34.0
[INFO] [stderr]    Compiling gix-revision v0.23.0
[INFO] [stderr]    Compiling gix-config-value v0.14.9
[INFO] [stderr]    Compiling gix-glob v0.14.1
[INFO] [stderr]    Compiling gix-bitmap v0.2.12
[INFO] [stderr]    Compiling gix-quote v0.4.13
[INFO] [stderr]    Compiling unic-emoji-char v0.9.0
[INFO] [stderr]    Compiling always-assert v0.1.3
[INFO] [stderr]    Compiling filetime v0.2.25
[INFO] [stderr]    Compiling itertools v0.10.5
[INFO] [stderr]    Compiling lib-ruby-parser v4.0.6+ruby-3.1.2
[INFO] [stderr]    Compiling unicode-bom v2.0.3
[INFO] [stderr]    Compiling drop_bomb v0.1.5
[INFO] [stderr]    Compiling static_assertions v1.1.0
[INFO] [stderr]    Compiling matches v0.1.10
[INFO] [stderr]    Compiling jod-thread v0.1.2
[INFO] [stderr]    Compiling arc-swap v1.7.1
[INFO] [stderr]    Compiling ra_ap_limit v0.0.180
[INFO] [stderr]    Compiling la-arena v0.3.1
[INFO] [stderr]    Compiling ra_ap_parser v0.0.180
[INFO] [stderr]    Compiling ra_ap_profile v0.0.180
[INFO] [stderr]    Compiling gix-odb v0.54.0
[INFO] [stderr]    Compiling ra_ap_stdx v0.0.180
[INFO] [stderr]    Compiling malachite-q v0.4.16
[INFO] [stderr]    Compiling ra_ap_text_edit v0.0.180
[INFO] [stderr]    Compiling unic-ucd-category v0.9.0
[INFO] [stderr]    Compiling gix-config v0.31.0
[INFO] [stderr]    Compiling gix-index v0.26.0
[INFO] [stderr]    Compiling gix-refspec v0.19.0
[INFO] [stderr]    Compiling strum v0.25.0
[INFO] [stderr]    Compiling gix-url v0.25.2
[INFO] [stderr]    Compiling malachite v0.4.16
[INFO] [stderr]    Compiling malachite-bigint v0.2.0
[INFO] [stderr]    Compiling simple_file_logger v0.3.1
[INFO] [stderr]    Compiling cached_proc_macro v0.18.1
[INFO] [stderr]    Compiling rowan v0.15.16
[INFO] [stderr]    Compiling gix-discover v0.26.0
[INFO] [stderr]    Compiling gix-diff v0.37.0
[INFO] [stderr]    Compiling unic-ucd-ident v0.9.0
[INFO] [stderr]    Compiling gix-macros v0.1.5
[INFO] [stderr]    Compiling instant v0.1.13
[INFO] [stderr]    Compiling rustpython-ast v0.3.1
[INFO] [stderr]    Compiling hexponent v0.3.1
[INFO] [stderr]    Compiling triomphe v0.1.14
[INFO] [stderr]    Compiling lib-ruby-parser-ast v0.55.0
[INFO] [stderr]    Compiling smol_str v0.2.2
[INFO] [stderr]    Compiling cov-mark v2.0.0
[INFO] [stderr]    Compiling alloc-from-pool v1.0.5
[INFO] [stderr]    Compiling cached_proc_macro_types v0.1.1
[INFO] [stderr]    Compiling cached v0.46.1
[INFO] [stderr]    Compiling ra_ap_syntax v0.0.180
[INFO] [stderr]    Compiling gix v0.55.2
[INFO] [stderr]    Compiling umpl v1.1.1
[INFO] [stderr]    Compiling gosyn v0.2.9
[INFO] [stderr]    Compiling git_function_history-proc-macro v0.1.0
[INFO] [stderr]    Compiling rustpython-parser v0.3.1
[INFO] [stderr]    Compiling git_function_history v0.7.1 (/opt/rustwide/workdir)
[INFO] [stdout] error[E0599]: no method named `source` found for struct `Loc` in the current scope
[INFO] [stdout]    --> src/languages/ruby.rs:160:39
[INFO] [stdout]     |
[INFO] [stdout] 160 |                     let mut top = top.source(&parsed.input)?;
[INFO] [stdout]     |                                       ^^^^^^ method not found in `Loc`
[INFO] [stdout]     |
[INFO] [stdout]    ::: /opt/rustwide/cargo-home/registry/src/index.crates.io-6f17d22bba15001f/lib-ruby-parser-4.0.6+ruby-3.1.2/src/loc_ext.rs:11:8
[INFO] [stdout]     |
[INFO] [stdout] 11  |     fn source(&self, input: &DecodedInput) -> Option<String>;
[INFO] [stdout]     |        ------ the method is available for `Loc` here
[INFO] [stdout]     |
[INFO] [stdout]     = help: items from traits can only be used if the trait is in scope
[INFO] [stdout] help: trait `LocExt` which provides `source` is implemented but not in scope; perhaps you want to import it
[INFO] [stdout]     |
[INFO] [stdout] 1   + use lib_ruby_parser::LocExt;
[INFO] [stdout]     |
[INFO] [stdout] 
[INFO] [stdout] 
[INFO] [stdout] error[E0599]: no method named `source` found for struct `Loc` in the current scope
[INFO] [stdout]    --> src/languages/ruby.rs:171:34
[INFO] [stdout]     |
[INFO] [stdout] 169 | / ...                   loc_end
[INFO] [stdout] 170 | | ...                       .with_begin(**map.get(&(end_line - 1))?)
[INFO] [stdout] 171 | | ...                       .source(&parsed.input)?
[INFO] [stdout]     | |                           -^^^^^^ method not found in `Loc`
[INFO] [stdout]     | |___________________________|
[INFO] [stdout]     |
[INFO] [stdout]     |
[INFO] [stdout]    ::: /opt/rustwide/cargo-home/registry/src/index.crates.io-6f17d22bba15001f/lib-ruby-parser-4.0.6+ruby-3.1.2/src/loc_ext.rs:11:8
[INFO] [stdout]     |
[INFO] [stdout] 11  |       fn source(&self, input: &DecodedInput) -> Option<String>;
[INFO] [stdout]     |          ------ the method is available for `Loc` here
[INFO] [stdout]     |
[INFO] [stdout]     = help: items from traits can only be used if the trait is in scope
[INFO] [stdout] help: trait `LocExt` which provides `source` is implemented but not in scope; perhaps you want to import it
[INFO] [stdout]     |
[INFO] [stdout] 1   + use lib_ruby_parser::LocExt;
[INFO] [stdout]     |
[INFO] [stdout] 
[INFO] [stdout] 
[INFO] [stdout] error[E0599]: no method named `source` found for struct `Loc` in the current scope
[INFO] [stdout]    --> src/languages/ruby.rs:192:26
[INFO] [stdout]     |
[INFO] [stdout] 190 | /                     f.expression_l
[INFO] [stdout] 191 | |                         .with_begin(**map.get(&(start_line - 1)).unwrap_or(&&0))
[INFO] [stdout] 192 | |                         .source(&parsed.input)
[INFO] [stdout]     | |                         -^^^^^^ method not found in `Loc`
[INFO] [stdout]     | |_________________________|
[INFO] [stdout]     |
[INFO] [stdout]     |
[INFO] [stdout]    ::: /opt/rustwide/cargo-home/registry/src/index.crates.io-6f17d22bba15001f/lib-ruby-parser-4.0.6+ruby-3.1.2/src/loc_ext.rs:11:8
[INFO] [stdout]     |
[INFO] [stdout] 11  |       fn source(&self, input: &DecodedInput) -> Option<String>;
[INFO] [stdout]     |          ------ the method is available for `Loc` here
[INFO] [stdout]     |
[INFO] [stdout]     = help: items from traits can only be used if the trait is in scope
[INFO] [stdout] help: trait `LocExt` which provides `source` is implemented but not in scope; perhaps you want to import it
[INFO] [stdout]     |
[INFO] [stdout] 1   + use lib_ruby_parser::LocExt;
[INFO] [stdout]     |
[INFO] [stdout] 
[INFO] [stdout] 
[INFO] [stdout] error[E0599]: no method named `source` found for reference `&Loc` in the current scope
[INFO] [stdout]    --> src/languages/ruby.rs:257:26
[INFO] [stdout]     |
[INFO] [stdout] 255 | /                     arg.default
[INFO] [stdout] 256 | |                         .expression()
[INFO] [stdout] 257 | |                         .source(parsed_file)
[INFO] [stdout]     | |                         -^^^^^^ method not found in `&Loc`
[INFO] [stdout]     | |_________________________|
[INFO] [stdout]     |
[INFO] [stdout]     |
[INFO] [stdout]     = help: items from traits can only be used if the trait is in scope
[INFO] [stdout] help: trait `LocExt` which provides `source` is implemented but not in scope; perhaps you want to import it
[INFO] [stdout]     |
[INFO] [stdout] 1   + use lib_ruby_parser::LocExt;
[INFO] [stdout]     |
[INFO] [stdout] 
[INFO] [stdout] 
[INFO] [stdout] warning: use of deprecated associated function `chrono::NaiveDateTime::from_timestamp_opt`: use `DateTime::from_timestamp` instead
[INFO] [stdout]    --> src/lib.rs:205:28
[INFO] [stdout]     |
[INFO] [stdout] 205 |             NaiveDateTime::from_timestamp_opt(time.seconds, 0)?,
[INFO] [stdout]     |                            ^^^^^^^^^^^^^^^^^^
[INFO] [stdout]     |
[INFO] [stdout]     = note: `#[warn(deprecated)]` on by default
[INFO] [stdout] 
[INFO] [stdout] 
[INFO] [stdout] warning: use of deprecated associated function `chrono::NaiveDateTime::from_timestamp_opt`: use `DateTime::from_timestamp` instead
[INFO] [stdout]    --> src/lib.rs:507:40
[INFO] [stdout]     |
[INFO] [stdout] 507 |                         NaiveDateTime::from_timestamp_opt(x.seconds, 0)?,
[INFO] [stdout]     |                                        ^^^^^^^^^^^^^^^^^^
[INFO] [stdout] 
[INFO] [stdout] 
[INFO] [stdout] For more information about this error, try `rustc --explain E0599`.
[INFO] [stdout] 
[INFO] [stderr] error: could not compile `git_function_history` (lib) due to 4 previous errors; 2 warnings emitted
[INFO] [stderr] warning: build failed, waiting for other jobs to finish...
[INFO] running `Command { std: "docker" "inspect" "b916c5bf0ace1858422b57c58fbd98a8dd47b849f7b9e8ccf0bf07bfed33dabf", kill_on_drop: false }`
[INFO] running `Command { std: "docker" "rm" "-f" "b916c5bf0ace1858422b57c58fbd98a8dd47b849f7b9e8ccf0bf07bfed33dabf", kill_on_drop: false }`
[INFO] [stdout] b916c5bf0ace1858422b57c58fbd98a8dd47b849f7b9e8ccf0bf07bfed33dabf
