[INFO] fetching crate ghost-crab 0.10.1...
[INFO] testing ghost-crab-0.10.1 against nightly-2024-10-28 for randomize-layout
[INFO] extracting crate ghost-crab 0.10.1 into /workspace/builds/worker-6-tc1/source
[INFO] validating manifest of crates.io crate ghost-crab 0.10.1 on toolchain nightly-2024-10-28
[INFO] running `Command { std: CARGO_HOME="/workspace/cargo-home" RUSTUP_HOME="/workspace/rustup-home" "/workspace/cargo-home/bin/cargo" "+nightly-2024-10-28" "metadata" "--manifest-path" "Cargo.toml" "--no-deps", kill_on_drop: false }`
[INFO] started tweaking crates.io crate ghost-crab 0.10.1
[INFO] finished tweaking crates.io crate ghost-crab 0.10.1
[INFO] tweaked toml for crates.io crate ghost-crab 0.10.1 written to /workspace/builds/worker-6-tc1/source/Cargo.toml
[INFO] running `Command { std: CARGO_HOME="/workspace/cargo-home" RUSTUP_HOME="/workspace/rustup-home" "/workspace/cargo-home/bin/cargo" "+nightly-2024-10-28" "generate-lockfile" "--manifest-path" "Cargo.toml", kill_on_drop: false }`
[INFO] [stderr]     Updating crates.io index
[INFO] [stderr]      Locking 326 packages to latest compatible versions
[INFO] [stderr]       Adding alloy v0.1.4 (available: v0.5.4)
[INFO] [stderr]       Adding tower v0.4.13 (available: v0.5.1)
[INFO] running `Command { std: CARGO_HOME="/workspace/cargo-home" RUSTUP_HOME="/workspace/rustup-home" "/workspace/cargo-home/bin/cargo" "+nightly-2024-10-28" "fetch" "--manifest-path" "Cargo.toml", kill_on_drop: false }`
[INFO] [stderr]     Blocking waiting for file lock on package cache
[INFO] [stderr]     Blocking waiting for file lock on package cache
[INFO] [stderr]  Downloading crates ...
[INFO] [stderr]   Downloaded alloy-core v0.7.7
[INFO] [stderr]   Downloaded ghost-crab-common v0.3.0
[INFO] [stderr]   Downloaded ghost-crab-macros v0.1.7
[INFO] [stderr]   Downloaded alloy v0.1.4
[INFO] [stderr]   Downloaded rocksdb v0.22.0
[INFO] [stderr]   Downloaded librocksdb-sys v0.16.0+8.10.0
[INFO] running `Command { std: "docker" "create" "-v" "/var/lib/crater-agent-workspace/builds/worker-6-tc1/target:/opt/rustwide/target:rw,Z" "-v" "/var/lib/crater-agent-workspace/builds/worker-6-tc1/source:/opt/rustwide/workdir:ro,Z" "-v" "/var/lib/crater-agent-workspace/cargo-home:/opt/rustwide/cargo-home:ro,Z" "-v" "/var/lib/crater-agent-workspace/rustup-home:/opt/rustwide/rustup-home:ro,Z" "-e" "SOURCE_DIR=/opt/rustwide/workdir" "-e" "CARGO_TARGET_DIR=/opt/rustwide/target" "-e" "CARGO_HOME=/opt/rustwide/cargo-home" "-e" "RUSTUP_HOME=/opt/rustwide/rustup-home" "-w" "/opt/rustwide/workdir" "-m" "1610612736" "--user" "0:0" "--network" "none" "ghcr.io/rust-lang/crates-build-env/linux@sha256:4a844ea9eb2546a2d2c7022eacef16ef2e8229c7fbb2c7d4d55a9ceca922f72d" "/opt/rustwide/cargo-home/bin/cargo" "+nightly-2024-10-28" "metadata" "--no-deps" "--format-version=1", kill_on_drop: false }`
[INFO] [stdout] 1c0c8ac76e5eabac45ea016e67c2ea6e1f575fe91a9cd8c405af0ad8d9c28623
[INFO] running `Command { std: "docker" "start" "-a" "1c0c8ac76e5eabac45ea016e67c2ea6e1f575fe91a9cd8c405af0ad8d9c28623", kill_on_drop: false }`
[INFO] running `Command { std: "docker" "inspect" "1c0c8ac76e5eabac45ea016e67c2ea6e1f575fe91a9cd8c405af0ad8d9c28623", kill_on_drop: false }`
[INFO] running `Command { std: "docker" "rm" "-f" "1c0c8ac76e5eabac45ea016e67c2ea6e1f575fe91a9cd8c405af0ad8d9c28623", kill_on_drop: false }`
[INFO] [stdout] 1c0c8ac76e5eabac45ea016e67c2ea6e1f575fe91a9cd8c405af0ad8d9c28623
[INFO] running `Command { std: "docker" "create" "-v" "/var/lib/crater-agent-workspace/builds/worker-6-tc1/target:/opt/rustwide/target:rw,Z" "-v" "/var/lib/crater-agent-workspace/builds/worker-6-tc1/source:/opt/rustwide/workdir:ro,Z" "-v" "/var/lib/crater-agent-workspace/cargo-home:/opt/rustwide/cargo-home:ro,Z" "-v" "/var/lib/crater-agent-workspace/rustup-home:/opt/rustwide/rustup-home:ro,Z" "-e" "SOURCE_DIR=/opt/rustwide/workdir" "-e" "CARGO_TARGET_DIR=/opt/rustwide/target" "-e" "CARGO_INCREMENTAL=0" "-e" "RUST_BACKTRACE=full" "-e" "RUSTFLAGS=--cap-lints=forbid" "-e" "RUSTDOCFLAGS=--cap-lints=forbid" "-e" "CARGO_HOME=/opt/rustwide/cargo-home" "-e" "RUSTUP_HOME=/opt/rustwide/rustup-home" "-w" "/opt/rustwide/workdir" "-m" "1610612736" "--user" "0:0" "--network" "none" "ghcr.io/rust-lang/crates-build-env/linux@sha256:4a844ea9eb2546a2d2c7022eacef16ef2e8229c7fbb2c7d4d55a9ceca922f72d" "/opt/rustwide/cargo-home/bin/cargo" "+nightly-2024-10-28" "build" "--frozen" "--message-format=json", kill_on_drop: false }`
[INFO] [stdout] 065ddaf8d37fa534bc19136a1a28b7f285674cba4d9f02e5acd02bca567aec4e
[INFO] running `Command { std: "docker" "start" "-a" "065ddaf8d37fa534bc19136a1a28b7f285674cba4d9f02e5acd02bca567aec4e", kill_on_drop: false }`
[INFO] [stderr]    Compiling zeroize v1.8.1
[INFO] [stderr]    Compiling subtle v2.6.1
[INFO] [stderr]    Compiling ruint-macro v1.2.1
[INFO] [stderr]    Compiling tiny-keccak v2.0.2
[INFO] [stderr]    Compiling pkg-config v0.3.31
[INFO] [stderr]    Compiling hex-literal v0.4.1
[INFO] [stderr]    Compiling arrayvec v0.7.6
[INFO] [stderr]    Compiling base16ct v0.2.0
[INFO] [stderr]    Compiling memchr v2.7.4
[INFO] [stderr]    Compiling syn v2.0.86
[INFO] [stderr]    Compiling jobserver v0.1.32
[INFO] [stderr]    Compiling parking_lot_core v0.9.10
[INFO] [stderr]    Compiling serde_json v1.0.132
[INFO] [stderr]    Compiling signal-hook-registry v1.4.2
[INFO] [stderr]    Compiling proc-macro-error-attr v1.0.4
[INFO] [stderr]    Compiling generic-array v0.14.7
[INFO] [stderr]    Compiling der v0.7.9
[INFO] [stderr]    Compiling ff v0.13.0
[INFO] [stderr]    Compiling syn v1.0.109
[INFO] [stderr]    Compiling winnow v0.6.20
[INFO] [stderr]    Compiling proc-macro-error v1.0.4
[INFO] [stderr]    Compiling foldhash v0.1.3
[INFO] [stderr]    Compiling group v0.13.0
[INFO] [stderr]    Compiling parking_lot v0.12.3
[INFO] [stderr]    Compiling cc v1.1.31
[INFO] [stderr]    Compiling hashbrown v0.15.0
[INFO] [stderr]    Compiling dunce v1.0.5
[INFO] [stderr]    Compiling openssl v0.10.68
[INFO] [stderr]    Compiling glob v0.3.1
[INFO] [stderr]    Compiling unicode-bidi v0.3.17
[INFO] [stderr]    Compiling futures-utils-wasm v0.1.0
[INFO] [stderr]    Compiling block-buffer v0.10.4
[INFO] [stderr]    Compiling crypto-common v0.1.6
[INFO] [stderr]    Compiling crypto-bigint v0.5.5
[INFO] [stderr]    Compiling regex-syntax v0.8.5
[INFO] [stderr]    Compiling rustls-pki-types v1.10.0
[INFO] [stderr]    Compiling clang-sys v1.8.1
[INFO] [stderr]    Compiling digest v0.10.7
[INFO] [stderr]    Compiling minimal-lexical v0.2.1
[INFO] [stderr]    Compiling sec1 v0.7.3
[INFO] [stderr]    Compiling spki v0.7.3
[INFO] [stderr]    Compiling indexmap v2.6.0
[INFO] [stderr]    Compiling hmac v0.12.1
[INFO] [stderr]    Compiling signature v2.2.0
[INFO] [stderr]    Compiling sha2 v0.10.8
[INFO] [stderr]    Compiling idna v0.5.0
[INFO] [stderr]    Compiling rfc6979 v0.4.0
[INFO] [stderr]    Compiling unicode-xid v0.2.6
[INFO] [stderr]    Compiling nom v7.1.3
[INFO] [stderr]    Compiling rustls-pemfile v2.2.0
[INFO] [stderr]    Compiling itertools v0.13.0
[INFO] [stderr]    Compiling sync_wrapper v1.0.1
[INFO] [stderr]    Compiling libloading v0.8.5
[INFO] [stderr]    Compiling either v1.13.0
[INFO] [stderr]    Compiling bindgen v0.69.5
[INFO] [stderr]    Compiling itertools v0.12.1
[INFO] [stderr]    Compiling lazy_static v1.5.0
[INFO] [stderr]    Compiling regex-automata v0.4.8
[INFO] [stderr]    Compiling url v2.5.2
[INFO] [stderr]    Compiling lazycell v1.3.0
[INFO] [stderr]    Compiling rustc-hash v1.1.0
[INFO] [stderr]    Compiling hashbrown v0.14.5
[INFO] [stderr]    Compiling lru v0.12.5
[INFO] [stderr]    Compiling dotenvy v0.15.7
[INFO] [stderr]    Compiling constant_time_eq v0.3.1
[INFO] [stderr]    Compiling openssl-sys v0.9.104
[INFO] [stderr]    Compiling bzip2-sys v0.1.11+1.0.8
[INFO] [stderr]    Compiling lz4-sys v1.11.1+lz4-1.10.0
[INFO] [stderr]    Compiling elliptic-curve v0.13.8
[INFO] [stderr]    Compiling zstd-sys v2.0.13+zstd.1.5.6
[INFO] [stderr]    Compiling libz-sys v1.1.20
[INFO] [stderr]    Compiling ecdsa v0.16.9
[INFO] [stderr]    Compiling dashmap v5.5.3
[INFO] [stderr]    Compiling blake3 v1.5.4
[INFO] [stderr]    Compiling native-tls v0.2.12
[INFO] [stderr]    Compiling k256 v0.13.4
[INFO] [stderr]    Compiling syn-solidity v0.7.7
[INFO] [stderr]    Compiling regex v1.11.1
[INFO] [stderr]    Compiling cexpr v0.6.0
[INFO] [stderr]    Compiling serde_derive v1.0.214
[INFO] [stderr]    Compiling derive_more v0.99.18
[INFO] [stderr]    Compiling alloy-rlp-derive v0.3.9
[INFO] [stderr]    Compiling tokio-macros v2.4.0
[INFO] [stderr]    Compiling futures-macro v0.3.31
[INFO] [stderr]    Compiling tracing-attributes v0.1.27
[INFO] [stderr]    Compiling thiserror-impl v1.0.66
[INFO] [stderr]    Compiling openssl-macros v0.1.1
[INFO] [stderr]    Compiling pin-project-internal v1.1.7
[INFO] [stderr]    Compiling derive_more-impl v1.0.0
[INFO] [stderr]    Compiling async-trait v0.1.83
[INFO] [stderr]    Compiling auto_impl v1.2.0
[INFO] [stderr]    Compiling num_enum_derive v0.7.3
[INFO] [stderr]    Compiling futures-util v0.3.31
[INFO] [stderr]    Compiling strum_macros v0.26.4
[INFO] [stderr]    Compiling async-stream-impl v0.3.6
[INFO] [stderr]    Compiling tracing v0.1.40
[INFO] [stderr]    Compiling pin-project v1.1.7
[INFO] [stderr]    Compiling num_enum v0.7.3
[INFO] [stderr]    Compiling thiserror v1.0.66
[INFO] [stderr]    Compiling async-stream v0.3.6
[INFO] [stderr]    Compiling serde v1.0.214
[INFO] [stderr]    Compiling strum v0.26.3
[INFO] [stderr]    Compiling derive_more v1.0.0
[INFO] [stderr]    Compiling tower v0.4.13
[INFO] [stderr]    Compiling futures-executor v0.3.31
[INFO] [stderr]    Compiling futures v0.3.31
[INFO] [stderr]    Compiling librocksdb-sys v0.16.0+8.10.0
[INFO] [stderr]    Compiling bytes v1.8.0
[INFO] [stderr]    Compiling const-hex v1.13.1
[INFO] [stderr]    Compiling ruint v1.12.3
[INFO] [stderr]    Compiling alloy-sol-type-parser v0.7.7
[INFO] [stderr]    Compiling serde_urlencoded v0.7.1
[INFO] [stderr]    Compiling alloy-rlp v0.3.9
[INFO] [stderr]    Compiling tokio v1.41.0
[INFO] [stderr]    Compiling http v1.1.0
[INFO] [stderr]    Compiling alloy-primitives v0.7.7
[INFO] [stderr]    Compiling ghost-crab-common v0.3.0
[INFO] [stderr]    Compiling http-body v1.0.1
[INFO] [stderr]    Compiling alloy-primitives v0.8.10
[INFO] [stderr]    Compiling http-body-util v0.1.2
[INFO] [stderr]    Compiling ghost-crab-macros v0.1.7
[INFO] [stderr]    Compiling alloy-json-abi v0.7.7
[INFO] [stderr]    Compiling alloy-chains v0.1.44
[INFO] [stderr]    Compiling alloy-sol-macro-input v0.7.7
[INFO] [stderr]    Compiling alloy-serde v0.1.4
[INFO] [stderr]    Compiling alloy-json-rpc v0.1.4
[INFO] [stderr]    Compiling alloy-signer v0.1.4
[INFO] [stderr]    Compiling alloy-eips v0.1.4
[INFO] [stderr]    Compiling alloy-sol-macro-expander v0.7.7
[INFO] [stderr]    Compiling alloy-consensus v0.1.4
[INFO] [stderr]    Compiling alloy-sol-macro v0.7.7
[INFO] [stderr]    Compiling alloy-sol-types v0.7.7
[INFO] [stderr]    Compiling tokio-util v0.7.12
[INFO] [stderr]    Compiling tokio-native-tls v0.3.1
[INFO] [stderr]    Compiling alloy-transport v0.1.4
[INFO] [stderr]    Compiling h2 v0.4.6
[INFO] [stderr]    Compiling tokio-stream v0.1.16
[INFO] [stderr]    Compiling alloy-rpc-types-eth v0.1.4
[INFO] [stderr]    Compiling alloy-dyn-abi v0.7.7
[INFO] [stderr]    Compiling alloy-core v0.7.7
[INFO] [stderr] error: could not compile `h2` (lib)
[INFO] [stderr] 
[INFO] [stderr] Caused by:
[INFO] [stderr]   process didn't exit successfully: `/opt/rustwide/rustup-home/toolchains/nightly-2024-10-28-x86_64-unknown-linux-gnu/bin/rustc --crate-name h2 --edition=2021 /opt/rustwide/cargo-home/registry/src/index.crates.io-6f17d22bba15001f/h2-0.4.6/src/lib.rs --error-format=json --json=diagnostic-rendered-ansi,artifacts,future-incompat --crate-type lib --emit=dep-info,metadata,link -C embed-bitcode=no -C debuginfo=2 --warn=unexpected_cfgs --check-cfg 'cfg(fuzzing)' --check-cfg 'cfg(docsrs)' --check-cfg 'cfg(feature, values("stream", "unstable"))' -C metadata=029495414c0744f8 -C extra-filename=-029495414c0744f8 --out-dir /opt/rustwide/target/debug/deps -L dependency=/opt/rustwide/target/debug/deps --extern atomic_waker=/opt/rustwide/target/debug/deps/libatomic_waker-139ffb07fa982694.rmeta --extern bytes=/opt/rustwide/target/debug/deps/libbytes-0c312810a9eed043.rmeta --extern fnv=/opt/rustwide/target/debug/deps/libfnv-574dedeaa4c89e1d.rmeta --extern futures_core=/opt/rustwide/target/debug/deps/libfutures_core-3267ce8fda4a14eb.rmeta --extern futures_sink=/opt/rustwide/target/debug/deps/libfutures_sink-96446479240e3330.rmeta --extern http=/opt/rustwide/target/debug/deps/libhttp-61aa1c245645856c.rmeta --extern indexmap=/opt/rustwide/target/debug/deps/libindexmap-713c1a881023cfa6.rmeta --extern slab=/opt/rustwide/target/debug/deps/libslab-d637e80c635d9ae6.rmeta --extern tokio=/opt/rustwide/target/debug/deps/libtokio-4f5190e8898bd19a.rmeta --extern tokio_util=/opt/rustwide/target/debug/deps/libtokio_util-0f3a0fe2a0789a71.rmeta --extern tracing=/opt/rustwide/target/debug/deps/libtracing-08f6180c78c00a10.rmeta --cap-lints allow --cap-lints=forbid` (signal: 9, SIGKILL: kill)
[INFO] [stderr] warning: build failed, waiting for other jobs to finish...
[ERROR] error running command: no output for 300 seconds
[INFO] running `Command { std: "docker" "inspect" "065ddaf8d37fa534bc19136a1a28b7f285674cba4d9f02e5acd02bca567aec4e", kill_on_drop: false }`
[INFO] running `Command { std: "docker" "rm" "-f" "065ddaf8d37fa534bc19136a1a28b7f285674cba4d9f02e5acd02bca567aec4e", kill_on_drop: false }`
[INFO] [stderr] Error response from daemon: Could not kill running container 065ddaf8d37fa534bc19136a1a28b7f285674cba4d9f02e5acd02bca567aec4e, cannot remove - tried to kill container, but did not receive an exit event
[ERROR] failed to delete container 065ddaf8d37fa534bc19136a1a28b7f285674cba4d9f02e5acd02bca567aec4e
[ERROR] caused by: command failed: exit status: 1
