[INFO] fetching crate ggca 1.0.0...
[INFO] testing ggca-1.0.0 against nightly-2024-10-28+rustflags=-Zrandomize-layout for randomize-layout
[INFO] extracting crate ggca 1.0.0 into /workspace/builds/worker-7-tc2/source
[INFO] validating manifest of crates.io crate ggca 1.0.0 on toolchain nightly-2024-10-28
[INFO] running `Command { std: CARGO_HOME="/workspace/cargo-home" RUSTUP_HOME="/workspace/rustup-home" "/workspace/cargo-home/bin/cargo" "+nightly-2024-10-28" "metadata" "--manifest-path" "Cargo.toml" "--no-deps", kill_on_drop: false }`
[INFO] started tweaking crates.io crate ggca 1.0.0
[INFO] removed 0 missing examples
[INFO] removed 0 missing tests
[INFO] finished tweaking crates.io crate ggca 1.0.0
[INFO] tweaked toml for crates.io crate ggca 1.0.0 written to /workspace/builds/worker-7-tc2/source/Cargo.toml
[INFO] crate crates.io crate ggca 1.0.0 already has a lockfile, it will not be regenerated
[INFO] running `Command { std: CARGO_HOME="/workspace/cargo-home" RUSTUP_HOME="/workspace/rustup-home" "/workspace/cargo-home/bin/cargo" "+nightly-2024-10-28" "fetch" "--manifest-path" "Cargo.toml", kill_on_drop: false }`
[INFO] running `Command { std: "docker" "create" "-v" "/var/lib/crater-agent-workspace/builds/worker-7-tc2/target:/opt/rustwide/target:rw,Z" "-v" "/var/lib/crater-agent-workspace/builds/worker-7-tc2/source:/opt/rustwide/workdir:ro,Z" "-v" "/var/lib/crater-agent-workspace/cargo-home:/opt/rustwide/cargo-home:ro,Z" "-v" "/var/lib/crater-agent-workspace/rustup-home:/opt/rustwide/rustup-home:ro,Z" "-e" "SOURCE_DIR=/opt/rustwide/workdir" "-e" "CARGO_TARGET_DIR=/opt/rustwide/target" "-e" "CARGO_HOME=/opt/rustwide/cargo-home" "-e" "RUSTUP_HOME=/opt/rustwide/rustup-home" "-w" "/opt/rustwide/workdir" "-m" "1610612736" "--user" "0:0" "--network" "none" "ghcr.io/rust-lang/crates-build-env/linux@sha256:4a844ea9eb2546a2d2c7022eacef16ef2e8229c7fbb2c7d4d55a9ceca922f72d" "/opt/rustwide/cargo-home/bin/cargo" "+nightly-2024-10-28" "metadata" "--no-deps" "--format-version=1", kill_on_drop: false }`
[INFO] [stdout] cee60ba98a5fd4fdffc0e35d87e57e52803fdba034d937f825b1ecaae088cf9d
[INFO] running `Command { std: "docker" "start" "-a" "cee60ba98a5fd4fdffc0e35d87e57e52803fdba034d937f825b1ecaae088cf9d", kill_on_drop: false }`
[INFO] running `Command { std: "docker" "inspect" "cee60ba98a5fd4fdffc0e35d87e57e52803fdba034d937f825b1ecaae088cf9d", kill_on_drop: false }`
[INFO] running `Command { std: "docker" "rm" "-f" "cee60ba98a5fd4fdffc0e35d87e57e52803fdba034d937f825b1ecaae088cf9d", kill_on_drop: false }`
[INFO] [stdout] cee60ba98a5fd4fdffc0e35d87e57e52803fdba034d937f825b1ecaae088cf9d
[INFO] running `Command { std: "docker" "create" "-v" "/var/lib/crater-agent-workspace/builds/worker-7-tc2/target:/opt/rustwide/target:rw,Z" "-v" "/var/lib/crater-agent-workspace/builds/worker-7-tc2/source:/opt/rustwide/workdir:ro,Z" "-v" "/var/lib/crater-agent-workspace/cargo-home:/opt/rustwide/cargo-home:ro,Z" "-v" "/var/lib/crater-agent-workspace/rustup-home:/opt/rustwide/rustup-home:ro,Z" "-e" "SOURCE_DIR=/opt/rustwide/workdir" "-e" "CARGO_TARGET_DIR=/opt/rustwide/target" "-e" "CARGO_INCREMENTAL=0" "-e" "RUST_BACKTRACE=full" "-e" "RUSTFLAGS=--cap-lints=forbid -Zrandomize-layout" "-e" "RUSTDOCFLAGS=--cap-lints=forbid" "-e" "CARGO_HOME=/opt/rustwide/cargo-home" "-e" "RUSTUP_HOME=/opt/rustwide/rustup-home" "-w" "/opt/rustwide/workdir" "-m" "1610612736" "--user" "0:0" "--network" "none" "ghcr.io/rust-lang/crates-build-env/linux@sha256:4a844ea9eb2546a2d2c7022eacef16ef2e8229c7fbb2c7d4d55a9ceca922f72d" "/opt/rustwide/cargo-home/bin/cargo" "+nightly-2024-10-28" "build" "--frozen" "--message-format=json", kill_on_drop: false }`
[INFO] [stdout] 687e0c0195385ade497e3ed2a35dc0cfced49a113c928e36d81e9d39e26759d9
[INFO] running `Command { std: "docker" "start" "-a" "687e0c0195385ade497e3ed2a35dc0cfced49a113c928e36d81e9d39e26759d9", kill_on_drop: false }`
[INFO] [stderr]    Compiling proc-macro2 v1.0.86
[INFO] [stderr]    Compiling autocfg v1.3.0
[INFO] [stderr]    Compiling target-lexicon v0.12.15
[INFO] [stderr]    Compiling serde v1.0.204
[INFO] [stderr]    Compiling libc v0.2.155
[INFO] [stderr]    Compiling memchr v2.7.4
[INFO] [stderr]    Compiling libm v0.2.8
[INFO] [stderr]    Compiling unicase v2.7.0
[INFO] [stderr]    Compiling ryu v1.0.18
[INFO] [stderr]    Compiling semver v1.0.23
[INFO] [stderr]    Compiling bitflags v2.6.0
[INFO] [stderr]    Compiling itoa v1.0.11
[INFO] [stderr]    Compiling crossbeam-utils v0.8.20
[INFO] [stderr]    Compiling serde_json v1.0.120
[INFO] [stderr]    Compiling num-traits v0.2.19
[INFO] [stderr]    Compiling rustix v0.38.34
[INFO] [stderr]    Compiling camino v1.1.7
[INFO] [stderr]    Compiling pyo3-build-config v0.22.2
[INFO] [stderr]    Compiling quote v1.0.36
[INFO] [stderr]    Compiling error-chain v0.12.4
[INFO] [stderr]    Compiling linux-raw-sys v0.4.14
[INFO] [stderr]    Compiling syn v2.0.70
[INFO] [stderr]    Compiling pulldown-cmark v0.9.6
[INFO] [stderr]    Compiling bytemuck v1.16.1
[INFO] [stderr]    Compiling same-file v1.0.6
[INFO] [stderr]    Compiling paste v1.0.15
[INFO] [stderr]    Compiling fastrand v2.1.0
[INFO] [stderr]    Compiling crossbeam-epoch v0.9.18
[INFO] [stderr]    Compiling walkdir v2.5.0
[INFO] [stderr]    Compiling safe_arch v0.7.2
[INFO] [stderr]    Compiling getrandom v0.2.15
[INFO] [stderr]    Compiling rand_core v0.6.4
[INFO] [stderr]    Compiling matrixmultiply v0.3.8
[INFO] [stderr]    Compiling bytecount v0.6.8
[INFO] [stderr]    Compiling glob v0.3.1
[INFO] [stderr]    Compiling rayon-core v1.12.1
[INFO] [stderr]    Compiling wide v0.7.25
[INFO] [stderr]    Compiling rand_chacha v0.3.1
[INFO] [stderr]    Compiling crossbeam-deque v0.8.5
[INFO] [stderr]    Compiling num-integer v0.1.46
[INFO] [stderr]    Compiling pyo3-macros-backend v0.22.2
[INFO] [stderr]    Compiling pyo3-ffi v0.22.2
[INFO] [stderr]    Compiling rand v0.8.5
[INFO] [stderr]    Compiling num-complex v0.4.6
[INFO] [stderr]    Compiling approx v0.5.1
[INFO] [stderr]    Compiling aho-corasick v1.1.3
[INFO] [stderr]    Compiling memoffset v0.9.1
[INFO] [stderr]    Compiling tempfile v3.10.1
[INFO] [stderr]    Compiling regex-syntax v0.8.4
[INFO] [stderr]    Compiling either v1.13.0
[INFO] [stderr]    Compiling rawpointer v0.2.1
[INFO] [stderr]    Compiling heck v0.5.0
[INFO] [stderr]    Compiling rand_distr v0.4.3
[INFO] [stderr]    Compiling simba v0.8.1
[INFO] [stderr]    Compiling num-rational v0.4.2
[INFO] [stderr]    Compiling pyo3 v0.22.2
[INFO] [stderr]    Compiling regex-automata v0.4.7
[INFO] [stderr]    Compiling rayon v1.10.0
[INFO] [stderr]    Compiling atty v0.2.14
[INFO] [stderr]    Compiling csv-core v0.1.11
[INFO] [stderr]    Compiling unindent v0.2.3
[INFO] [stderr]    Compiling indoc v2.0.5
[INFO] [stderr]    Compiling itertools v0.9.0
[INFO] [stderr]    Compiling fast-float v0.2.0
[INFO] [stderr]    Compiling serde_derive v1.0.204
[INFO] [stderr]    Compiling nalgebra-macros v0.2.2
[INFO] [stderr]    Compiling regex v1.10.5
[INFO] [stderr]    Compiling pyo3-macros v0.22.2
[INFO] [stderr]    Compiling env_logger v0.9.3
[INFO] [stderr]    Compiling nalgebra v0.32.6
[INFO] [stderr]    Compiling cargo-platform v0.1.8
[INFO] [stderr]    Compiling bincode v1.3.3
[INFO] [stderr]    Compiling csv v1.3.0
[INFO] [stderr]    Compiling cargo_metadata v0.14.2
[INFO] [stderr]    Compiling skeptic v0.13.7
[INFO] [stderr]    Compiling extsort v0.4.2
[INFO] [stderr]    Compiling statrs v0.17.1
[INFO] [stderr]    Compiling ggca v1.0.0 (/opt/rustwide/workdir)
[INFO] [stderr]     Finished `dev` profile [unoptimized + debuginfo] target(s) in 21.46s
[INFO] running `Command { std: "docker" "inspect" "687e0c0195385ade497e3ed2a35dc0cfced49a113c928e36d81e9d39e26759d9", kill_on_drop: false }`
[INFO] running `Command { std: "docker" "rm" "-f" "687e0c0195385ade497e3ed2a35dc0cfced49a113c928e36d81e9d39e26759d9", kill_on_drop: false }`
[INFO] [stdout] 687e0c0195385ade497e3ed2a35dc0cfced49a113c928e36d81e9d39e26759d9
[INFO] running `Command { std: "docker" "create" "-v" "/var/lib/crater-agent-workspace/builds/worker-7-tc2/target:/opt/rustwide/target:rw,Z" "-v" "/var/lib/crater-agent-workspace/builds/worker-7-tc2/source:/opt/rustwide/workdir:ro,Z" "-v" "/var/lib/crater-agent-workspace/cargo-home:/opt/rustwide/cargo-home:ro,Z" "-v" "/var/lib/crater-agent-workspace/rustup-home:/opt/rustwide/rustup-home:ro,Z" "-e" "SOURCE_DIR=/opt/rustwide/workdir" "-e" "CARGO_TARGET_DIR=/opt/rustwide/target" "-e" "CARGO_INCREMENTAL=0" "-e" "RUST_BACKTRACE=full" "-e" "RUSTFLAGS=--cap-lints=forbid -Zrandomize-layout" "-e" "RUSTDOCFLAGS=--cap-lints=forbid" "-e" "CARGO_HOME=/opt/rustwide/cargo-home" "-e" "RUSTUP_HOME=/opt/rustwide/rustup-home" "-w" "/opt/rustwide/workdir" "-m" "1610612736" "--user" "0:0" "--network" "none" "ghcr.io/rust-lang/crates-build-env/linux@sha256:4a844ea9eb2546a2d2c7022eacef16ef2e8229c7fbb2c7d4d55a9ceca922f72d" "/opt/rustwide/cargo-home/bin/cargo" "+nightly-2024-10-28" "test" "--frozen" "--no-run" "--message-format=json", kill_on_drop: false }`
[INFO] [stdout] 526ceff03a927f5e0776890777212f9e5b8d52d3506b004f3b338eedd95e7f97
[INFO] running `Command { std: "docker" "start" "-a" "526ceff03a927f5e0776890777212f9e5b8d52d3506b004f3b338eedd95e7f97", kill_on_drop: false }`
[INFO] [stderr]    Compiling serde_json v1.0.120
[INFO] [stderr]    Compiling plotters-backend v0.3.6
[INFO] [stderr]    Compiling anstyle v1.0.7
[INFO] [stderr]    Compiling clap_lex v0.7.1
[INFO] [stderr]    Compiling ciborium-io v0.2.2
[INFO] [stderr]    Compiling itertools v0.10.5
[INFO] [stderr]    Compiling cast v0.3.0
[INFO] [stderr]    Compiling is-terminal v0.4.12
[INFO] [stderr]    Compiling ciborium-ll v0.2.2
[INFO] [stderr]    Compiling anes v0.1.6
[INFO] [stderr]    Compiling oorandom v11.1.4
[INFO] [stderr]    Compiling plotters-svg v0.3.6
[INFO] [stderr]    Compiling clap_builder v4.5.9
[INFO] [stderr]    Compiling ciborium v0.2.2
[INFO] [stderr]    Compiling plotters v0.3.6
[INFO] [stderr]    Compiling cargo_metadata v0.14.2
[INFO] [stderr]    Compiling tinytemplate v1.2.1
[INFO] [stderr]    Compiling criterion-plot v0.5.0
[INFO] [stderr]    Compiling clap v4.5.9
[INFO] [stderr]    Compiling criterion v0.5.1
[INFO] [stderr]    Compiling skeptic v0.13.7
[INFO] [stderr]    Compiling extsort v0.4.2
[INFO] [stderr]    Compiling ggca v1.0.0 (/opt/rustwide/workdir)
[INFO] [stdout] error: linking with `cc` failed: exit status: 1
[INFO] [stdout]   |
[INFO] [stdout]   = note: LC_ALL="C" PATH="/opt/rustwide/rustup-home/toolchains/nightly-2024-10-28-x86_64-unknown-linux-gnu/lib/rustlib/x86_64-unknown-linux-gnu/bin:/opt/rustwide/rustup-home/toolchains/nightly-2024-10-28-x86_64-unknown-linux-gnu/lib/rustlib/x86_64-unknown-linux-gnu/bin/self-contained:/opt/rustwide/cargo-home/bin:/usr/local/sbin:/usr/local/bin:/usr/sbin:/usr/bin:/sbin:/bin" VSLANG="1033" "cc" "-m64" "/tmp/rustcEkh5Jy/symbols.o" "/opt/rustwide/target/debug/deps/nan_filtering-5574967feedeecc2.nan_filtering.e4b23f685a36ee1a-cgu.0.rcgu.o" "/opt/rustwide/target/debug/deps/nan_filtering-5574967feedeecc2.aelemwro2zneemzlf7goeclpn.rcgu.o" "-Wl,--as-needed" "-Wl,-Bstatic" "/opt/rustwide/rustup-home/toolchains/nightly-2024-10-28-x86_64-unknown-linux-gnu/lib/rustlib/x86_64-unknown-linux-gnu/lib/libtest-a09fad3b5321e7d6.rlib" "/opt/rustwide/rustup-home/toolchains/nightly-2024-10-28-x86_64-unknown-linux-gnu/lib/rustlib/x86_64-unknown-linux-gnu/lib/libgetopts-f9c3dff41ad42661.rlib" "/opt/rustwide/rustup-home/toolchains/nightly-2024-10-28-x86_64-unknown-linux-gnu/lib/rustlib/x86_64-unknown-linux-gnu/lib/libunicode_width-ad2aef31af6addd3.rlib" "/opt/rustwide/rustup-home/toolchains/nightly-2024-10-28-x86_64-unknown-linux-gnu/lib/rustlib/x86_64-unknown-linux-gnu/lib/librustc_std_workspace_std-e3f907dc03deb913.rlib" "/opt/rustwide/target/debug/deps/libggca.rlib" "/opt/rustwide/target/debug/deps/libfast_float-e8480e9d7b8be7b9.rlib" "/opt/rustwide/target/debug/deps/libenv_logger-2d31bda79de6d1d2.rlib" "/opt/rustwide/target/debug/deps/libatty-760c34c6de7fc7ed.rlib" "/opt/rustwide/target/debug/deps/libtermcolor-116a8f6e8f4ddb54.rlib" "/opt/rustwide/target/debug/deps/libhumantime-28a5c7939082a25f.rlib" "/opt/rustwide/target/debug/deps/libregex-68abae7efdb88f71.rlib" "/opt/rustwide/target/debug/deps/libregex_automata-24fd23fa667a8288.rlib" "/opt/rustwide/target/debug/deps/libaho_corasick-417a2760a2457731.rlib" "/opt/rustwide/target/debug/deps/libregex_syntax-fbaffb23719136b3.rlib" "/opt/rustwide/target/debug/deps/libcsv-1ca490f938d6c6df.rlib" "/opt/rustwide/target/debug/deps/libryu-2ae7af5af0bb88e0.rlib" "/opt/rustwide/target/debug/deps/libitoa-add5260810035b6e.rlib" "/opt/rustwide/target/debug/deps/libcsv_core-f6d4002bf054a674.rlib" "/opt/rustwide/target/debug/deps/libmemchr-c7ff0286392b94eb.rlib" "/opt/rustwide/target/debug/deps/libstatrs-988289baac73ad2a.rlib" "/opt/rustwide/target/debug/deps/libnalgebra-938da7cd4236ee12.rlib" "/opt/rustwide/target/debug/deps/librand_distr-2fbebe5c74f9618c.rlib" "/opt/rustwide/target/debug/deps/libmatrixmultiply-de4dbfa913939064.rlib" "/opt/rustwide/target/debug/deps/librawpointer-9a82b3d0237eca24.rlib" "/opt/rustwide/target/debug/deps/libnum_rational-14adc01324ce97d0.rlib" "/opt/rustwide/target/debug/deps/libnum_integer-e71030526d74f26a.rlib" "/opt/rustwide/target/debug/deps/libtypenum-5326f72807cfe834.rlib" "/opt/rustwide/target/debug/deps/libsimba-8229d866488ac80b.rlib" "/opt/rustwide/target/debug/deps/libwide-285c74ac54d4eef9.rlib" "/opt/rustwide/target/debug/deps/libsafe_arch-d756f9e67c25390f.rlib" "/opt/rustwide/target/debug/deps/libbytemuck-5606be9f679e0270.rlib" "/opt/rustwide/target/debug/deps/libnum_complex-db691ac8f46affeb.rlib" "/opt/rustwide/target/debug/deps/librand-4ba4d0be7f3c11b0.rlib" "/opt/rustwide/target/debug/deps/librand_chacha-eba0c0e050243b5c.rlib" "/opt/rustwide/target/debug/deps/libppv_lite86-905fd835b337451d.rlib" "/opt/rustwide/target/debug/deps/librand_core-77889abe69efb228.rlib" "/opt/rustwide/target/debug/deps/libgetrandom-838c6bdbc612a754.rlib" "/opt/rustwide/target/debug/deps/libbincode-31be0e9f5f3a9c9e.rlib" "/opt/rustwide/target/debug/deps/libserde-31d0c5090b001ee4.rlib" "/opt/rustwide/target/debug/deps/liblog-e7e7e8ec9ff686da.rlib" "/opt/rustwide/target/debug/deps/libitertools-36715a107a4e0f67.rlib" "/opt/rustwide/target/debug/deps/libpyo3-3bc725e8a1464c06.rlib" "/opt/rustwide/target/debug/deps/libmemoffset-8fb166f7d06174d0.rlib" "/opt/rustwide/target/debug/deps/libonce_cell-795d6939e3fe8636.rlib" "/opt/rustwide/target/debug/deps/libpyo3_ffi-687eb0cf78d063b9.rlib" "/opt/rustwide/target/debug/deps/liblibc-98dbae3fd83efd2b.rlib" "/opt/rustwide/target/debug/deps/libunindent-d4a81d586b9d0458.rlib" "/opt/rustwide/target/debug/deps/libextsort-c6f5b41e862129ba.rlib" "/opt/rustwide/target/debug/deps/libtempfile-115f5ef912ef6d64.rlib" "/opt/rustwide/target/debug/deps/libfastrand-73ab135c942e83f7.rlib" "/opt/rustwide/target/debug/deps/librustix-54b2d193e958bc27.rlib" "/opt/rustwide/target/debug/deps/libbitflags-2a54fc7d8f815a15.rlib" "/opt/rustwide/target/debug/deps/liblinux_raw_sys-b77fbec2cd3ef233.rlib" "/opt/rustwide/target/debug/deps/libcfg_if-57bf25c23e31efdb.rlib" "/opt/rustwide/target/debug/deps/librayon-9eef7b85944a64b9.rlib" "/opt/rustwide/target/debug/deps/librayon_core-a58a5f58eb9ad7db.rlib" "/opt/rustwide/target/debug/deps/libcrossbeam_deque-858959b96805030a.rlib" "/opt/rustwide/target/debug/deps/libcrossbeam_epoch-b5a33f884d5450b9.rlib" "/opt/rustwide/target/debug/deps/libcrossbeam_utils-fd980c92aed8cdbe.rlib" "/opt/rustwide/target/debug/deps/libeither-386a0ff0e76518e4.rlib" "/opt/rustwide/target/debug/deps/libapprox-c562db7468407b7b.rlib" "/opt/rustwide/target/debug/deps/libnum_traits-a3a38b2bbfcd825e.rlib" "/opt/rustwide/rustup-home/toolchains/nightly-2024-10-28-x86_64-unknown-linux-gnu/lib/rustlib/x86_64-unknown-linux-gnu/lib/libstd-fb8c387236db3c10.rlib" "/opt/rustwide/rustup-home/toolchains/nightly-2024-10-28-x86_64-unknown-linux-gnu/lib/rustlib/x86_64-unknown-linux-gnu/lib/libpanic_unwind-b251837809b2f64b.rlib" "/opt/rustwide/rustup-home/toolchains/nightly-2024-10-28-x86_64-unknown-linux-gnu/lib/rustlib/x86_64-unknown-linux-gnu/lib/libobject-cbef83eaa4e01f04.rlib" "/opt/rustwide/rustup-home/toolchains/nightly-2024-10-28-x86_64-unknown-linux-gnu/lib/rustlib/x86_64-unknown-linux-gnu/lib/libmemchr-12a772286de2fca7.rlib" "/opt/rustwide/rustup-home/toolchains/nightly-2024-10-28-x86_64-unknown-linux-gnu/lib/rustlib/x86_64-unknown-linux-gnu/lib/libaddr2line-023bbe5ada7abfc3.rlib" "/opt/rustwide/rustup-home/toolchains/nightly-2024-10-28-x86_64-unknown-linux-gnu/lib/rustlib/x86_64-unknown-linux-gnu/lib/libgimli-de2bcdf10ec69c2b.rlib" "/opt/rustwide/rustup-home/toolchains/nightly-2024-10-28-x86_64-unknown-linux-gnu/lib/rustlib/x86_64-unknown-linux-gnu/lib/librustc_demangle-8e1754df350800fd.rlib" "/opt/rustwide/rustup-home/toolchains/nightly-2024-10-28-x86_64-unknown-linux-gnu/lib/rustlib/x86_64-unknown-linux-gnu/lib/libstd_detect-06c2ab7b9c32e037.rlib" "/opt/rustwide/rustup-home/toolchains/nightly-2024-10-28-x86_64-unknown-linux-gnu/lib/rustlib/x86_64-unknown-linux-gnu/lib/libhashbrown-51d2621fc57a281b.rlib" "/opt/rustwide/rustup-home/toolchains/nightly-2024-10-28-x86_64-unknown-linux-gnu/lib/rustlib/x86_64-unknown-linux-gnu/lib/librustc_std_workspace_alloc-54a930408793772f.rlib" "/opt/rustwide/rustup-home/toolchains/nightly-2024-10-28-x86_64-unknown-linux-gnu/lib/rustlib/x86_64-unknown-linux-gnu/lib/libminiz_oxide-0c7d01cba400dcb2.rlib" "/opt/rustwide/rustup-home/toolchains/nightly-2024-10-28-x86_64-unknown-linux-gnu/lib/rustlib/x86_64-unknown-linux-gnu/lib/libadler-b9f84d69e331b75b.rlib" "/opt/rustwide/rustup-home/toolchains/nightly-2024-10-28-x86_64-unknown-linux-gnu/lib/rustlib/x86_64-unknown-linux-gnu/lib/libunwind-eec95493246aae39.rlib" "/opt/rustwide/rustup-home/toolchains/nightly-2024-10-28-x86_64-unknown-linux-gnu/lib/rustlib/x86_64-unknown-linux-gnu/lib/libcfg_if-6f6676c475e08ab0.rlib" "/opt/rustwide/rustup-home/toolchains/nightly-2024-10-28-x86_64-unknown-linux-gnu/lib/rustlib/x86_64-unknown-linux-gnu/lib/liblibc-799d520624f8b2e0.rlib" "/opt/rustwide/rustup-home/toolchains/nightly-2024-10-28-x86_64-unknown-linux-gnu/lib/rustlib/x86_64-unknown-linux-gnu/lib/liballoc-fcf93d4842acd9a9.rlib" "/opt/rustwide/rustup-home/toolchains/nightly-2024-10-28-x86_64-unknown-linux-gnu/lib/rustlib/x86_64-unknown-linux-gnu/lib/librustc_std_workspace_core-395a38b8e0851c9b.rlib" "/opt/rustwide/rustup-home/toolchains/nightly-2024-10-28-x86_64-unknown-linux-gnu/lib/rustlib/x86_64-unknown-linux-gnu/lib/libcore-d453bab70303062c.rlib" "/opt/rustwide/rustup-home/toolchains/nightly-2024-10-28-x86_64-unknown-linux-gnu/lib/rustlib/x86_64-unknown-linux-gnu/lib/libcompiler_builtins-0e6386368b0a24e8.rlib" "-Wl,-Bdynamic" "-lgcc_s" "-lutil" "-lrt" "-lpthread" "-lm" "-ldl" "-lc" "-B/opt/rustwide/rustup-home/toolchains/nightly-2024-10-28-x86_64-unknown-linux-gnu/lib/rustlib/x86_64-unknown-linux-gnu/bin/gcc-ld" "-fuse-ld=lld" "-Wl,--eh-frame-hdr" "-Wl,-z,noexecstack" "-L" "/opt/rustwide/rustup-home/toolchains/nightly-2024-10-28-x86_64-unknown-linux-gnu/lib/rustlib/x86_64-unknown-linux-gnu/lib" "-o" "/opt/rustwide/target/debug/deps/nan_filtering-5574967feedeecc2" "-Wl,--gc-sections" "-pie" "-Wl,-z,relro,-z,now" "-nodefaultlibs"
[INFO] [stdout]   = note: rust-lld: error: undefined symbol: PyExc_Exception
[INFO] [stdout]           >>> referenced by exceptions.rs:309 (/opt/rustwide/cargo-home/registry/src/index.crates.io-6f17d22bba15001f/pyo3-0.22.2/src/exceptions.rs:309)
[INFO] [stdout]           >>>               ggca.ggca.3a72f9cac4fc9d58-cgu.02.rcgu.o:(_$LT$pyo3..exceptions..PyException$u20$as$u20$pyo3..type_object..PyTypeInfo$GT$::type_object_raw::_$u7b$$u7b$closure$u7d$$u7d$::hf06ec5236bb4b8da) in archive /opt/rustwide/target/debug/deps/libggca.rlib
[INFO] [stdout]           
[INFO] [stdout]           rust-lld: error: undefined symbol: _Py_Dealloc
[INFO] [stdout]           >>> referenced by object.rs:620 (/opt/rustwide/cargo-home/registry/src/index.crates.io-6f17d22bba15001f/pyo3-ffi-0.22.2/src/object.rs:620)
[INFO] [stdout]           >>>               pyo3-3bc725e8a1464c06.pyo3.cdcb06a4f24f1901-cgu.00.rcgu.o:(_$LT$pyo3..instance..Bound$LT$T$GT$$u20$as$u20$core..ops..drop..Drop$GT$::drop::h54a5dc6875fd9d53) in archive /opt/rustwide/target/debug/deps/libpyo3-3bc725e8a1464c06.rlib
[INFO] [stdout]           >>> referenced by object.rs:620 (/opt/rustwide/cargo-home/registry/src/index.crates.io-6f17d22bba15001f/pyo3-ffi-0.22.2/src/object.rs:620)
[INFO] [stdout]           >>>               pyo3-3bc725e8a1464c06.pyo3.cdcb06a4f24f1901-cgu.00.rcgu.o:(_$LT$pyo3..instance..Bound$LT$T$GT$$u20$as$u20$core..ops..drop..Drop$GT$::drop::h6e3871b432b81ba1) in archive /opt/rustwide/target/debug/deps/libpyo3-3bc725e8a1464c06.rlib
[INFO] [stdout]           >>> referenced by object.rs:620 (/opt/rustwide/cargo-home/registry/src/index.crates.io-6f17d22bba15001f/pyo3-ffi-0.22.2/src/object.rs:620)
[INFO] [stdout]           >>>               pyo3-3bc725e8a1464c06.pyo3.cdcb06a4f24f1901-cgu.00.rcgu.o:(_$LT$pyo3..instance..Bound$LT$T$GT$$u20$as$u20$core..ops..drop..Drop$GT$::drop::ha268d7445fbba657) in archive /opt/rustwide/target/debug/deps/libpyo3-3bc725e8a1464c06.rlib
[INFO] [stdout]           >>> referenced 5 more times
[INFO] [stdout]           
[INFO] [stdout]           rust-lld: error: undefined symbol: PyObject_Repr
[INFO] [stdout]           >>> referenced by any.rs:2277 (src/types/any.rs:2277)
[INFO] [stdout]           >>>               pyo3-3bc725e8a1464c06.pyo3.cdcb06a4f24f1901-cgu.00.rcgu.o:(_$LT$pyo3..instance..Bound$LT$pyo3..types..any..PyAny$GT$$u20$as$u20$pyo3..types..any..PyAnyMethods$GT$::repr::h03eb189e67e91344) in archive /opt/rustwide/target/debug/deps/libpyo3-3bc725e8a1464c06.rlib
[INFO] [stdout]           
[INFO] [stdout]           rust-lld: error: undefined symbol: PyObject_Str
[INFO] [stdout]           >>> referenced by any.rs:2285 (src/types/any.rs:2285)
[INFO] [stdout]           >>>               pyo3-3bc725e8a1464c06.pyo3.cdcb06a4f24f1901-cgu.00.rcgu.o:(_$LT$pyo3..instance..Bound$LT$pyo3..types..any..PyAny$GT$$u20$as$u20$pyo3..types..any..PyAnyMethods$GT$::str::h3382d3bae5fd5d05) in archive /opt/rustwide/target/debug/deps/libpyo3-3bc725e8a1464c06.rlib
[INFO] [stdout]           
[INFO] [stdout]           rust-lld: error: undefined symbol: PyBytes_AsString
[INFO] [stdout]           >>> referenced by bytes.rs:193 (src/types/bytes.rs:193)
[INFO] [stdout]           >>>               pyo3-3bc725e8a1464c06.pyo3.cdcb06a4f24f1901-cgu.00.rcgu.o:(pyo3::types::bytes::_$LT$impl$u20$pyo3..instance..Borrowed$LT$pyo3..types..bytes..PyBytes$GT$$GT$::as_bytes::h576484dd6b1621e3) in archive /opt/rustwide/target/debug/deps/libpyo3-3bc725e8a1464c06.rlib
[INFO] [stdout]           
[INFO] [stdout]           rust-lld: error: undefined symbol: PyBytes_Size
[INFO] [stdout]           >>> referenced by bytes.rs:194 (src/types/bytes.rs:194)
[INFO] [stdout]           >>>               pyo3-3bc725e8a1464c06.pyo3.cdcb06a4f24f1901-cgu.00.rcgu.o:(pyo3::types::bytes::_$LT$impl$u20$pyo3..instance..Borrowed$LT$pyo3..types..bytes..PyBytes$GT$$GT$::as_bytes::h576484dd6b1621e3) in archive /opt/rustwide/target/debug/deps/libpyo3-3bc725e8a1464c06.rlib
[INFO] [stdout]           
[INFO] [stdout]           rust-lld: error: undefined symbol: PyUnicode_AsUTF8AndSize
[INFO] [stdout]           >>> referenced by string.rs:377 (src/types/string.rs:377)
[INFO] [stdout]           >>>               pyo3-3bc725e8a1464c06.pyo3.cdcb06a4f24f1901-cgu.00.rcgu.o:(pyo3::types::string::_$LT$impl$u20$pyo3..instance..Borrowed$LT$pyo3..types..string..PyString$GT$$GT$::to_str::h05a61e3b8eae2684) in archive /opt/rustwide/target/debug/deps/libpyo3-3bc725e8a1464c06.rlib
[INFO] [stdout]           
[INFO] [stdout]           rust-lld: error: undefined symbol: PyUnicode_AsEncodedString
[INFO] [stdout]           >>> referenced by string.rs:416 (src/types/string.rs:416)
[INFO] [stdout]           >>>               pyo3-3bc725e8a1464c06.pyo3.cdcb06a4f24f1901-cgu.00.rcgu.o:(pyo3::types::string::_$LT$impl$u20$pyo3..instance..Borrowed$LT$pyo3..types..string..PyString$GT$$GT$::to_string_lossy::h7d62680c1a66ef79) in archive /opt/rustwide/target/debug/deps/libpyo3-3bc725e8a1464c06.rlib
[INFO] [stdout]           
[INFO] [stdout]           rust-lld: error: undefined symbol: PyErr_Fetch
[INFO] [stdout]           >>> referenced by mod.rs:403 (src/err/mod.rs:403)
[INFO] [stdout]           >>>               pyo3-3bc725e8a1464c06.pyo3.cdcb06a4f24f1901-cgu.04.rcgu.o:(pyo3::err::PyErr::_take::h03c90246d58dce2f) in archive /opt/rustwide/target/debug/deps/libpyo3-3bc725e8a1464c06.rlib
[INFO] [stdout]           >>> referenced by err_state.rs:224 (src/err/err_state.rs:224)
[INFO] [stdout]           >>>               pyo3-3bc725e8a1464c06.pyo3.cdcb06a4f24f1901-cgu.06.rcgu.o:(pyo3::err::err_state::lazy_into_normalized_ffi_tuple::h394d2396a4a4ee80) in archive /opt/rustwide/target/debug/deps/libpyo3-3bc725e8a1464c06.rlib
[INFO] [stdout]           
[INFO] [stdout]           rust-lld: error: undefined symbol: PyErr_PrintEx
[INFO] [stdout]           >>> referenced by mod.rs:474 (src/err/mod.rs:474)
[INFO] [stdout]           >>>               pyo3-3bc725e8a1464c06.pyo3.cdcb06a4f24f1901-cgu.04.rcgu.o:(pyo3::err::PyErr::print_panic_and_unwind::h261f862a93358c35) in archive /opt/rustwide/target/debug/deps/libpyo3-3bc725e8a1464c06.rlib
[INFO] [stdout]           
[INFO] [stdout]           rust-lld: error: undefined symbol: PyErr_NewExceptionWithDoc
[INFO] [stdout]           >>> referenced by mod.rs:569 (src/err/mod.rs:569)
[INFO] [stdout]           >>>               pyo3-3bc725e8a1464c06.pyo3.cdcb06a4f24f1901-cgu.04.rcgu.o:(pyo3::err::PyErr::new_type_bound::h0e5cd41a1b020004) in archive /opt/rustwide/target/debug/deps/libpyo3-3bc725e8a1464c06.rlib
[INFO] [stdout]           
[INFO] [stdout]           rust-lld: error: undefined symbol: PyErr_WriteUnraisable
[INFO] [stdout]           >>> referenced by mod.rs:709 (src/err/mod.rs:709)
[INFO] [stdout]           >>>               pyo3-3bc725e8a1464c06.pyo3.cdcb06a4f24f1901-cgu.04.rcgu.o:(pyo3::err::PyErr::write_unraisable_bound::haa62d15803a2bad5) in archive /opt/rustwide/target/debug/deps/libpyo3-3bc725e8a1464c06.rlib
[INFO] [stdout]           
[INFO] [stdout]           rust-lld: error: undefined symbol: PyErr_Print
[INFO] [stdout]           >>> referenced by mod.rs:1081 (src/err/mod.rs:1081)
[INFO] [stdout]           >>>               pyo3-3bc725e8a1464c06.pyo3.cdcb06a4f24f1901-cgu.04.rcgu.o:(pyo3::err::panic_after_error::h20df8eb3b6645c38) in archive /opt/rustwide/target/debug/deps/libpyo3-3bc725e8a1464c06.rlib
[INFO] [stdout]           
[INFO] [stdout]           rust-lld: error: undefined symbol: PyErr_NormalizeException
[INFO] [stdout]           >>> referenced by err_state.rs:167 (src/err/err_state.rs:167)
[INFO] [stdout]           >>>               pyo3-3bc725e8a1464c06.pyo3.cdcb06a4f24f1901-cgu.06.rcgu.o:(pyo3::err::err_state::PyErrState::normalize::h592832520801ee44) in archive /opt/rustwide/target/debug/deps/libpyo3-3bc725e8a1464c06.rlib
[INFO] [stdout]           >>> referenced by err_state.rs:225 (src/err/err_state.rs:225)
[INFO] [stdout]           >>>               pyo3-3bc725e8a1464c06.pyo3.cdcb06a4f24f1901-cgu.06.rcgu.o:(pyo3::err::err_state::lazy_into_normalized_ffi_tuple::h394d2396a4a4ee80) in archive /opt/rustwide/target/debug/deps/libpyo3-3bc725e8a1464c06.rlib
[INFO] [stdout]           
[INFO] [stdout]           rust-lld: error: undefined symbol: PyErr_Restore
[INFO] [stdout]           >>> referenced by err_state.rs:198 (src/err/err_state.rs:198)
[INFO] [stdout]           >>>               pyo3-3bc725e8a1464c06.pyo3.cdcb06a4f24f1901-cgu.06.rcgu.o:(pyo3::err::err_state::PyErrState::restore::ha16e79523d8d013b) in archive /opt/rustwide/target/debug/deps/libpyo3-3bc725e8a1464c06.rlib
[INFO] [stdout]           
[INFO] [stdout]           rust-lld: error: undefined symbol: PyErr_SetString
[INFO] [stdout]           >>> referenced by err_state.rs:241 (src/err/err_state.rs:241)
[INFO] [stdout]           >>>               pyo3-3bc725e8a1464c06.pyo3.cdcb06a4f24f1901-cgu.06.rcgu.o:(pyo3::err::err_state::raise_lazy::h165f1a551fc4bf30) in archive /opt/rustwide/target/debug/deps/libpyo3-3bc725e8a1464c06.rlib
[INFO] [stdout]           
[INFO] [stdout]           rust-lld: error: undefined symbol: PyErr_SetObject
[INFO] [stdout]           >>> referenced by err_state.rs:246 (src/err/err_state.rs:246)
[INFO] [stdout]           >>>               pyo3-3bc725e8a1464c06.pyo3.cdcb06a4f24f1901-cgu.06.rcgu.o:(pyo3::err::err_state::raise_lazy::h165f1a551fc4bf30) in archive /opt/rustwide/target/debug/deps/libpyo3-3bc725e8a1464c06.rlib
[INFO] [stdout]           
[INFO] [stdout]           rust-lld: error: undefined symbol: PyExc_BaseException
[INFO] [stdout]           >>> referenced by exceptions.rs:309 (src/exceptions.rs:309)
[INFO] [stdout]           >>>               pyo3-3bc725e8a1464c06.pyo3.cdcb06a4f24f1901-cgu.06.rcgu.o:(_$LT$pyo3..exceptions..PyBaseException$u20$as$u20$pyo3..type_object..PyTypeInfo$GT$::type_object_raw::_$u7b$$u7b$closure$u7d$$u7d$::h440e356c1342f152) in archive /opt/rustwide/target/debug/deps/libpyo3-3bc725e8a1464c06.rlib
[INFO] [stdout]           
[INFO] [stdout]           rust-lld: error: undefined symbol: PyExc_OSError
[INFO] [stdout]           >>> referenced by exceptions.rs:309 (src/exceptions.rs:309)
[INFO] [stdout]           >>>               pyo3-3bc725e8a1464c06.pyo3.cdcb06a4f24f1901-cgu.06.rcgu.o:(_$LT$pyo3..exceptions..PyOSError$u20$as$u20$pyo3..type_object..PyTypeInfo$GT$::type_object_raw::_$u7b$$u7b$closure$u7d$$u7d$::h1297ad307c788f32) in archive /opt/rustwide/target/debug/deps/libpyo3-3bc725e8a1464c06.rlib
[INFO] [stdout]           
[INFO] [stdout]           rust-lld: error: undefined symbol: PyExc_TypeError
[INFO] [stdout]           >>> referenced by exceptions.rs:309 (src/exceptions.rs:309)
[INFO] [stdout]           >>>               pyo3-3bc725e8a1464c06.pyo3.cdcb06a4f24f1901-cgu.06.rcgu.o:(_$LT$pyo3..exceptions..PyTypeError$u20$as$u20$pyo3..type_object..PyTypeInfo$GT$::type_object_raw::_$u7b$$u7b$closure$u7d$$u7d$::h3819f1fa805595ca) in archive /opt/rustwide/target/debug/deps/libpyo3-3bc725e8a1464c06.rlib
[INFO] [stdout]           
[INFO] [stdout]           rust-lld: error: too many errors emitted, stopping now (use --error-limit=0 to see all errors)
[INFO] [stdout]           collect2: error: ld returned 1 exit status
[INFO] [stdout]           
[INFO] [stdout] 
[INFO] [stdout] 
[INFO] [stderr] error: could not compile `ggca` (test "nan_filtering") due to 1 previous error
[INFO] [stderr] warning: build failed, waiting for other jobs to finish...
[INFO] [stdout] error: linking with `cc` failed: exit status: 1
[INFO] [stdout]   |
[INFO] [stdout]   = note: LC_ALL="C" PATH="/opt/rustwide/rustup-home/toolchains/nightly-2024-10-28-x86_64-unknown-linux-gnu/lib/rustlib/x86_64-unknown-linux-gnu/bin:/opt/rustwide/rustup-home/toolchains/nightly-2024-10-28-x86_64-unknown-linux-gnu/lib/rustlib/x86_64-unknown-linux-gnu/bin/self-contained:/opt/rustwide/cargo-home/bin:/usr/local/sbin:/usr/local/bin:/usr/sbin:/usr/bin:/sbin:/bin" VSLANG="1033" "cc" "-m64" "/tmp/rustcZ6Ukei/symbols.o" "/opt/rustwide/target/debug/examples/cpg_site_ids-3dd571dd8c7832cf.cpg_site_ids.b10f8010574768f2-cgu.0.rcgu.o" "/opt/rustwide/target/debug/examples/cpg_site_ids-3dd571dd8c7832cf.4q77bwuylx8ys5knadjlkn7nt.rcgu.o" "-Wl,--as-needed" "-Wl,-Bstatic" "/opt/rustwide/target/debug/deps/libggca.rlib" "/opt/rustwide/target/debug/deps/libfast_float-e8480e9d7b8be7b9.rlib" "/opt/rustwide/target/debug/deps/libenv_logger-2d31bda79de6d1d2.rlib" "/opt/rustwide/target/debug/deps/libatty-760c34c6de7fc7ed.rlib" "/opt/rustwide/target/debug/deps/libtermcolor-116a8f6e8f4ddb54.rlib" "/opt/rustwide/target/debug/deps/libhumantime-28a5c7939082a25f.rlib" "/opt/rustwide/target/debug/deps/libregex-68abae7efdb88f71.rlib" "/opt/rustwide/target/debug/deps/libregex_automata-24fd23fa667a8288.rlib" "/opt/rustwide/target/debug/deps/libaho_corasick-417a2760a2457731.rlib" "/opt/rustwide/target/debug/deps/libregex_syntax-fbaffb23719136b3.rlib" "/opt/rustwide/target/debug/deps/libcsv-1ca490f938d6c6df.rlib" "/opt/rustwide/target/debug/deps/libryu-2ae7af5af0bb88e0.rlib" "/opt/rustwide/target/debug/deps/libitoa-add5260810035b6e.rlib" "/opt/rustwide/target/debug/deps/libcsv_core-f6d4002bf054a674.rlib" "/opt/rustwide/target/debug/deps/libmemchr-c7ff0286392b94eb.rlib" "/opt/rustwide/target/debug/deps/libstatrs-988289baac73ad2a.rlib" "/opt/rustwide/target/debug/deps/libnalgebra-938da7cd4236ee12.rlib" "/opt/rustwide/target/debug/deps/librand_distr-2fbebe5c74f9618c.rlib" "/opt/rustwide/target/debug/deps/libmatrixmultiply-de4dbfa913939064.rlib" "/opt/rustwide/target/debug/deps/librawpointer-9a82b3d0237eca24.rlib" "/opt/rustwide/target/debug/deps/libnum_rational-14adc01324ce97d0.rlib" "/opt/rustwide/target/debug/deps/libnum_integer-e71030526d74f26a.rlib" "/opt/rustwide/target/debug/deps/libtypenum-5326f72807cfe834.rlib" "/opt/rustwide/target/debug/deps/libsimba-8229d866488ac80b.rlib" "/opt/rustwide/target/debug/deps/libwide-285c74ac54d4eef9.rlib" "/opt/rustwide/target/debug/deps/libsafe_arch-d756f9e67c25390f.rlib" "/opt/rustwide/target/debug/deps/libbytemuck-5606be9f679e0270.rlib" "/opt/rustwide/target/debug/deps/libnum_complex-db691ac8f46affeb.rlib" "/opt/rustwide/target/debug/deps/librand-4ba4d0be7f3c11b0.rlib" "/opt/rustwide/target/debug/deps/librand_chacha-eba0c0e050243b5c.rlib" "/opt/rustwide/target/debug/deps/libppv_lite86-905fd835b337451d.rlib" "/opt/rustwide/target/debug/deps/librand_core-77889abe69efb228.rlib" "/opt/rustwide/target/debug/deps/libgetrandom-838c6bdbc612a754.rlib" "/opt/rustwide/target/debug/deps/libapprox-c562db7468407b7b.rlib" "/opt/rustwide/target/debug/deps/libnum_traits-a3a38b2bbfcd825e.rlib" "/opt/rustwide/target/debug/deps/libbincode-31be0e9f5f3a9c9e.rlib" "/opt/rustwide/target/debug/deps/libserde-31d0c5090b001ee4.rlib" "/opt/rustwide/target/debug/deps/liblog-e7e7e8ec9ff686da.rlib" "/opt/rustwide/target/debug/deps/libitertools-36715a107a4e0f67.rlib" "/opt/rustwide/target/debug/deps/libpyo3-3bc725e8a1464c06.rlib" "/opt/rustwide/target/debug/deps/libmemoffset-8fb166f7d06174d0.rlib" "/opt/rustwide/target/debug/deps/libonce_cell-795d6939e3fe8636.rlib" "/opt/rustwide/target/debug/deps/libpyo3_ffi-687eb0cf78d063b9.rlib" "/opt/rustwide/target/debug/deps/liblibc-98dbae3fd83efd2b.rlib" "/opt/rustwide/target/debug/deps/libunindent-d4a81d586b9d0458.rlib" "/opt/rustwide/target/debug/deps/libextsort-c6f5b41e862129ba.rlib" "/opt/rustwide/target/debug/deps/libtempfile-115f5ef912ef6d64.rlib" "/opt/rustwide/target/debug/deps/libfastrand-73ab135c942e83f7.rlib" "/opt/rustwide/target/debug/deps/librustix-54b2d193e958bc27.rlib" "/opt/rustwide/target/debug/deps/libbitflags-2a54fc7d8f815a15.rlib" "/opt/rustwide/target/debug/deps/liblinux_raw_sys-b77fbec2cd3ef233.rlib" "/opt/rustwide/target/debug/deps/libcfg_if-57bf25c23e31efdb.rlib" "/opt/rustwide/target/debug/deps/librayon-9eef7b85944a64b9.rlib" "/opt/rustwide/target/debug/deps/librayon_core-a58a5f58eb9ad7db.rlib" "/opt/rustwide/target/debug/deps/libcrossbeam_deque-858959b96805030a.rlib" "/opt/rustwide/target/debug/deps/libcrossbeam_epoch-b5a33f884d5450b9.rlib" "/opt/rustwide/target/debug/deps/libcrossbeam_utils-fd980c92aed8cdbe.rlib" "/opt/rustwide/target/debug/deps/libeither-386a0ff0e76518e4.rlib" "/opt/rustwide/rustup-home/toolchains/nightly-2024-10-28-x86_64-unknown-linux-gnu/lib/rustlib/x86_64-unknown-linux-gnu/lib/libstd-fb8c387236db3c10.rlib" "/opt/rustwide/rustup-home/toolchains/nightly-2024-10-28-x86_64-unknown-linux-gnu/lib/rustlib/x86_64-unknown-linux-gnu/lib/libpanic_unwind-b251837809b2f64b.rlib" "/opt/rustwide/rustup-home/toolchains/nightly-2024-10-28-x86_64-unknown-linux-gnu/lib/rustlib/x86_64-unknown-linux-gnu/lib/libobject-cbef83eaa4e01f04.rlib" "/opt/rustwide/rustup-home/toolchains/nightly-2024-10-28-x86_64-unknown-linux-gnu/lib/rustlib/x86_64-unknown-linux-gnu/lib/libmemchr-12a772286de2fca7.rlib" "/opt/rustwide/rustup-home/toolchains/nightly-2024-10-28-x86_64-unknown-linux-gnu/lib/rustlib/x86_64-unknown-linux-gnu/lib/libaddr2line-023bbe5ada7abfc3.rlib" "/opt/rustwide/rustup-home/toolchains/nightly-2024-10-28-x86_64-unknown-linux-gnu/lib/rustlib/x86_64-unknown-linux-gnu/lib/libgimli-de2bcdf10ec69c2b.rlib" "/opt/rustwide/rustup-home/toolchains/nightly-2024-10-28-x86_64-unknown-linux-gnu/lib/rustlib/x86_64-unknown-linux-gnu/lib/librustc_demangle-8e1754df350800fd.rlib" "/opt/rustwide/rustup-home/toolchains/nightly-2024-10-28-x86_64-unknown-linux-gnu/lib/rustlib/x86_64-unknown-linux-gnu/lib/libstd_detect-06c2ab7b9c32e037.rlib" "/opt/rustwide/rustup-home/toolchains/nightly-2024-10-28-x86_64-unknown-linux-gnu/lib/rustlib/x86_64-unknown-linux-gnu/lib/libhashbrown-51d2621fc57a281b.rlib" "/opt/rustwide/rustup-home/toolchains/nightly-2024-10-28-x86_64-unknown-linux-gnu/lib/rustlib/x86_64-unknown-linux-gnu/lib/librustc_std_workspace_alloc-54a930408793772f.rlib" "/opt/rustwide/rustup-home/toolchains/nightly-2024-10-28-x86_64-unknown-linux-gnu/lib/rustlib/x86_64-unknown-linux-gnu/lib/libminiz_oxide-0c7d01cba400dcb2.rlib" "/opt/rustwide/rustup-home/toolchains/nightly-2024-10-28-x86_64-unknown-linux-gnu/lib/rustlib/x86_64-unknown-linux-gnu/lib/libadler-b9f84d69e331b75b.rlib" "/opt/rustwide/rustup-home/toolchains/nightly-2024-10-28-x86_64-unknown-linux-gnu/lib/rustlib/x86_64-unknown-linux-gnu/lib/libunwind-eec95493246aae39.rlib" "/opt/rustwide/rustup-home/toolchains/nightly-2024-10-28-x86_64-unknown-linux-gnu/lib/rustlib/x86_64-unknown-linux-gnu/lib/libcfg_if-6f6676c475e08ab0.rlib" "/opt/rustwide/rustup-home/toolchains/nightly-2024-10-28-x86_64-unknown-linux-gnu/lib/rustlib/x86_64-unknown-linux-gnu/lib/liblibc-799d520624f8b2e0.rlib" "/opt/rustwide/rustup-home/toolchains/nightly-2024-10-28-x86_64-unknown-linux-gnu/lib/rustlib/x86_64-unknown-linux-gnu/lib/liballoc-fcf93d4842acd9a9.rlib" "/opt/rustwide/rustup-home/toolchains/nightly-2024-10-28-x86_64-unknown-linux-gnu/lib/rustlib/x86_64-unknown-linux-gnu/lib/librustc_std_workspace_core-395a38b8e0851c9b.rlib" "/opt/rustwide/rustup-home/toolchains/nightly-2024-10-28-x86_64-unknown-linux-gnu/lib/rustlib/x86_64-unknown-linux-gnu/lib/libcore-d453bab70303062c.rlib" "/opt/rustwide/rustup-home/toolchains/nightly-2024-10-28-x86_64-unknown-linux-gnu/lib/rustlib/x86_64-unknown-linux-gnu/lib/libcompiler_builtins-0e6386368b0a24e8.rlib" "-Wl,-Bdynamic" "-lgcc_s" "-lutil" "-lrt" "-lpthread" "-lm" "-ldl" "-lc" "-B/opt/rustwide/rustup-home/toolchains/nightly-2024-10-28-x86_64-unknown-linux-gnu/lib/rustlib/x86_64-unknown-linux-gnu/bin/gcc-ld" "-fuse-ld=lld" "-Wl,--eh-frame-hdr" "-Wl,-z,noexecstack" "-L" "/opt/rustwide/rustup-home/toolchains/nightly-2024-10-28-x86_64-unknown-linux-gnu/lib/rustlib/x86_64-unknown-linux-gnu/lib" "-o" "/opt/rustwide/target/debug/examples/cpg_site_ids-3dd571dd8c7832cf" "-Wl,--gc-sections" "-pie" "-Wl,-z,relro,-z,now" "-nodefaultlibs"
[INFO] [stdout]   = note: rust-lld: error: undefined symbol: PyExc_Exception
[INFO] [stdout]           >>> referenced by exceptions.rs:309 (/opt/rustwide/cargo-home/registry/src/index.crates.io-6f17d22bba15001f/pyo3-0.22.2/src/exceptions.rs:309)
[INFO] [stdout]           >>>               ggca.ggca.3a72f9cac4fc9d58-cgu.02.rcgu.o:(_$LT$pyo3..exceptions..PyException$u20$as$u20$pyo3..type_object..PyTypeInfo$GT$::type_object_raw::_$u7b$$u7b$closure$u7d$$u7d$::hf06ec5236bb4b8da) in archive /opt/rustwide/target/debug/deps/libggca.rlib
[INFO] [stdout]           
[INFO] [stdout]           rust-lld: error: undefined symbol: PyObject_GetAttr
[INFO] [stdout]           >>> referenced by any.rs:1798 (src/types/any.rs:1798)
[INFO] [stdout]           >>>               pyo3-3bc725e8a1464c06.pyo3.cdcb06a4f24f1901-cgu.15.rcgu.o:(_$LT$pyo3..instance..Bound$LT$pyo3..types..any..PyAny$GT$$u20$as$u20$pyo3..types..any..PyAnyMethods$GT$::getattr::inner::h65442f2a1548eb13) in archive /opt/rustwide/target/debug/deps/libpyo3-3bc725e8a1464c06.rlib
[INFO] [stdout]           
[INFO] [stdout]           rust-lld: error: undefined symbol: Py_IsInitialized
[INFO] [stdout]           >>> referenced by gil.rs:80 (src/gil.rs:80)
[INFO] [stdout]           >>>               pyo3-3bc725e8a1464c06.pyo3.cdcb06a4f24f1901-cgu.11.rcgu.o:(pyo3::gil::prepare_freethreaded_python::_$u7b$$u7b$closure$u7d$$u7d$::he99ab02646eeb201) in archive /opt/rustwide/target/debug/deps/libpyo3-3bc725e8a1464c06.rlib
[INFO] [stdout]           >>> referenced by gil.rs:199 (src/gil.rs:199)
[INFO] [stdout]           >>>               pyo3-3bc725e8a1464c06.pyo3.cdcb06a4f24f1901-cgu.11.rcgu.o:(pyo3::gil::GILGuard::acquire::_$u7b$$u7b$closure$u7d$$u7d$::hcffedefb4fa9e19d) in archive /opt/rustwide/target/debug/deps/libpyo3-3bc725e8a1464c06.rlib
[INFO] [stdout]           
[INFO] [stdout]           rust-lld: error: undefined symbol: Py_InitializeEx
[INFO] [stdout]           >>> referenced by gil.rs:81 (src/gil.rs:81)
[INFO] [stdout]           >>>               pyo3-3bc725e8a1464c06.pyo3.cdcb06a4f24f1901-cgu.11.rcgu.o:(pyo3::gil::prepare_freethreaded_python::_$u7b$$u7b$closure$u7d$$u7d$::he99ab02646eeb201) in archive /opt/rustwide/target/debug/deps/libpyo3-3bc725e8a1464c06.rlib
[INFO] [stdout]           
[INFO] [stdout]           rust-lld: error: undefined symbol: PyEval_SaveThread
[INFO] [stdout]           >>> referenced by gil.rs:84 (src/gil.rs:84)
[INFO] [stdout]           >>>               pyo3-3bc725e8a1464c06.pyo3.cdcb06a4f24f1901-cgu.11.rcgu.o:(pyo3::gil::prepare_freethreaded_python::_$u7b$$u7b$closure$u7d$$u7d$::he99ab02646eeb201) in archive /opt/rustwide/target/debug/deps/libpyo3-3bc725e8a1464c06.rlib
[INFO] [stdout]           
[INFO] [stdout]           rust-lld: error: undefined symbol: PyGILState_Ensure
[INFO] [stdout]           >>> referenced by gil.rs:224 (src/gil.rs:224)
[INFO] [stdout]           >>>               pyo3-3bc725e8a1464c06.pyo3.cdcb06a4f24f1901-cgu.11.rcgu.o:(pyo3::gil::GILGuard::acquire_unchecked::h99d9b13d25cd8e20) in archive /opt/rustwide/target/debug/deps/libpyo3-3bc725e8a1464c06.rlib
[INFO] [stdout]           
[INFO] [stdout]           rust-lld: error: undefined symbol: PyUnicode_FromStringAndSize
[INFO] [stdout]           >>> referenced by string.rs:167 (src/types/string.rs:167)
[INFO] [stdout]           >>>               pyo3-3bc725e8a1464c06.pyo3.cdcb06a4f24f1901-cgu.09.rcgu.o:(pyo3::types::string::PyString::new_bound::h90e4b61309af45b8) in archive /opt/rustwide/target/debug/deps/libpyo3-3bc725e8a1464c06.rlib
[INFO] [stdout]           >>> referenced by string.rs:185 (src/types/string.rs:185)
[INFO] [stdout]           >>>               pyo3-3bc725e8a1464c06.pyo3.cdcb06a4f24f1901-cgu.09.rcgu.o:(pyo3::types::string::PyString::intern_bound::hab23174f69138f73) in archive /opt/rustwide/target/debug/deps/libpyo3-3bc725e8a1464c06.rlib
[INFO] [stdout]           
[INFO] [stdout]           rust-lld: error: undefined symbol: PyGILState_Release
[INFO] [stdout]           >>> referenced by gil.rs:273 (src/gil.rs:273)
[INFO] [stdout]           >>>               pyo3-3bc725e8a1464c06.pyo3.cdcb06a4f24f1901-cgu.11.rcgu.o:(_$LT$pyo3..gil..GILGuard$u20$as$u20$core..ops..drop..Drop$GT$::drop::hb5fb3cfc01a04f6e) in archive /opt/rustwide/target/debug/deps/libpyo3-3bc725e8a1464c06.rlib
[INFO] [stdout]           
[INFO] [stdout]           rust-lld: error: undefined symbol: PyUnicode_InternInPlace
[INFO] [stdout]           >>> referenced by string.rs:187 (src/types/string.rs:187)
[INFO] [stdout]           >>>               pyo3-3bc725e8a1464c06.pyo3.cdcb06a4f24f1901-cgu.09.rcgu.o:(pyo3::types::string::PyString::intern_bound::hab23174f69138f73) in archive /opt/rustwide/target/debug/deps/libpyo3-3bc725e8a1464c06.rlib
[INFO] [stdout]           
[INFO] [stdout]           rust-lld: error: undefined symbol: _Py_Dealloc
[INFO] [stdout]           >>> referenced by object.rs:620 (/opt/rustwide/cargo-home/registry/src/index.crates.io-6f17d22bba15001f/pyo3-ffi-0.22.2/src/object.rs:620)
[INFO] [stdout]           >>>               pyo3-3bc725e8a1464c06.pyo3.cdcb06a4f24f1901-cgu.11.rcgu.o:(pyo3::gil::ReferencePool::update_counts::hc55c3582a05e881c) in archive /opt/rustwide/target/debug/deps/libpyo3-3bc725e8a1464c06.rlib
[INFO] [stdout]           >>> referenced by object.rs:620 (/opt/rustwide/cargo-home/registry/src/index.crates.io-6f17d22bba15001f/pyo3-ffi-0.22.2/src/object.rs:620)
[INFO] [stdout]           >>>               pyo3-3bc725e8a1464c06.pyo3.cdcb06a4f24f1901-cgu.11.rcgu.o:(pyo3::gil::register_decref::h2e1e6c4030e6dc0e) in archive /opt/rustwide/target/debug/deps/libpyo3-3bc725e8a1464c06.rlib
[INFO] [stdout]           >>> referenced by object.rs:620 (/opt/rustwide/cargo-home/registry/src/index.crates.io-6f17d22bba15001f/pyo3-ffi-0.22.2/src/object.rs:620)
[INFO] [stdout]           >>>               pyo3-3bc725e8a1464c06.pyo3.cdcb06a4f24f1901-cgu.00.rcgu.o:(_$LT$pyo3..instance..Bound$LT$T$GT$$u20$as$u20$core..ops..drop..Drop$GT$::drop::h54a5dc6875fd9d53) in archive /opt/rustwide/target/debug/deps/libpyo3-3bc725e8a1464c06.rlib
[INFO] [stdout]           >>> referenced 5 more times
[INFO] [stdout]           
[INFO] [stdout]           rust-lld: error: undefined symbol: PyErr_NormalizeException
[INFO] [stdout]           >>> referenced by err_state.rs:167 (src/err/err_state.rs:167)
[INFO] [stdout]           >>>               pyo3-3bc725e8a1464c06.pyo3.cdcb06a4f24f1901-cgu.06.rcgu.o:(pyo3::err::err_state::PyErrState::normalize::h592832520801ee44) in archive /opt/rustwide/target/debug/deps/libpyo3-3bc725e8a1464c06.rlib
[INFO] [stdout]           >>> referenced by err_state.rs:225 (src/err/err_state.rs:225)
[INFO] [stdout]           >>>               pyo3-3bc725e8a1464c06.pyo3.cdcb06a4f24f1901-cgu.06.rcgu.o:(pyo3::err::err_state::lazy_into_normalized_ffi_tuple::h394d2396a4a4ee80) in archive /opt/rustwide/target/debug/deps/libpyo3-3bc725e8a1464c06.rlib
[INFO] [stdout]           
[INFO] [stdout]           rust-lld: error: undefined symbol: PyErr_Restore
[INFO] [stdout]           >>> referenced by err_state.rs:198 (src/err/err_state.rs:198)
[INFO] [stdout]           >>>               pyo3-3bc725e8a1464c06.pyo3.cdcb06a4f24f1901-cgu.06.rcgu.o:(pyo3::err::err_state::PyErrState::restore::ha16e79523d8d013b) in archive /opt/rustwide/target/debug/deps/libpyo3-3bc725e8a1464c06.rlib
[INFO] [stdout]           
[INFO] [stdout]           rust-lld: error: undefined symbol: PyErr_Fetch
[INFO] [stdout]           >>> referenced by err_state.rs:224 (src/err/err_state.rs:224)
[INFO] [stdout]           >>>               pyo3-3bc725e8a1464c06.pyo3.cdcb06a4f24f1901-cgu.06.rcgu.o:(pyo3::err::err_state::lazy_into_normalized_ffi_tuple::h394d2396a4a4ee80) in archive /opt/rustwide/target/debug/deps/libpyo3-3bc725e8a1464c06.rlib
[INFO] [stdout]           >>> referenced by mod.rs:403 (src/err/mod.rs:403)
[INFO] [stdout]           >>>               pyo3-3bc725e8a1464c06.pyo3.cdcb06a4f24f1901-cgu.04.rcgu.o:(pyo3::err::PyErr::_take::h03c90246d58dce2f) in archive /opt/rustwide/target/debug/deps/libpyo3-3bc725e8a1464c06.rlib
[INFO] [stdout]           
[INFO] [stdout]           rust-lld: error: undefined symbol: PyErr_SetString
[INFO] [stdout]           >>> referenced by err_state.rs:241 (src/err/err_state.rs:241)
[INFO] [stdout]           >>>               pyo3-3bc725e8a1464c06.pyo3.cdcb06a4f24f1901-cgu.06.rcgu.o:(pyo3::err::err_state::raise_lazy::h165f1a551fc4bf30) in archive /opt/rustwide/target/debug/deps/libpyo3-3bc725e8a1464c06.rlib
[INFO] [stdout]           
[INFO] [stdout]           rust-lld: error: undefined symbol: PyErr_SetObject
[INFO] [stdout]           >>> referenced by err_state.rs:246 (src/err/err_state.rs:246)
[INFO] [stdout]           >>>               pyo3-3bc725e8a1464c06.pyo3.cdcb06a4f24f1901-cgu.06.rcgu.o:(pyo3::err::err_state::raise_lazy::h165f1a551fc4bf30) in archive /opt/rustwide/target/debug/deps/libpyo3-3bc725e8a1464c06.rlib
[INFO] [stdout]           
[INFO] [stdout]           rust-lld: error: undefined symbol: PyExc_BaseException
[INFO] [stdout]           >>> referenced by exceptions.rs:309 (src/exceptions.rs:309)
[INFO] [stdout]           >>>               pyo3-3bc725e8a1464c06.pyo3.cdcb06a4f24f1901-cgu.06.rcgu.o:(_$LT$pyo3..exceptions..PyBaseException$u20$as$u20$pyo3..type_object..PyTypeInfo$GT$::type_object_raw::_$u7b$$u7b$closure$u7d$$u7d$::h440e356c1342f152) in archive /opt/rustwide/target/debug/deps/libpyo3-3bc725e8a1464c06.rlib
[INFO] [stdout]           
[INFO] [stdout]           rust-lld: error: undefined symbol: PyExc_OSError
[INFO] [stdout]           >>> referenced by exceptions.rs:309 (src/exceptions.rs:309)
[INFO] [stdout]           >>>               pyo3-3bc725e8a1464c06.pyo3.cdcb06a4f24f1901-cgu.06.rcgu.o:(_$LT$pyo3..exceptions..PyOSError$u20$as$u20$pyo3..type_object..PyTypeInfo$GT$::type_object_raw::_$u7b$$u7b$closure$u7d$$u7d$::h1297ad307c788f32) in archive /opt/rustwide/target/debug/deps/libpyo3-3bc725e8a1464c06.rlib
[INFO] [stdout]           
[INFO] [stdout]           rust-lld: error: undefined symbol: PyExc_TypeError
[INFO] [stdout]           >>> referenced by exceptions.rs:309 (src/exceptions.rs:309)
[INFO] [stdout]           >>>               pyo3-3bc725e8a1464c06.pyo3.cdcb06a4f24f1901-cgu.06.rcgu.o:(_$LT$pyo3..exceptions..PyTypeError$u20$as$u20$pyo3..type_object..PyTypeInfo$GT$::type_object_raw::_$u7b$$u7b$closure$u7d$$u7d$::h3819f1fa805595ca) in archive /opt/rustwide/target/debug/deps/libpyo3-3bc725e8a1464c06.rlib
[INFO] [stdout]           
[INFO] [stdout]           rust-lld: error: undefined symbol: PyExc_BlockingIOError
[INFO] [stdout]           >>> referenced by exceptions.rs:309 (src/exceptions.rs:309)
[INFO] [stdout]           >>>               pyo3-3bc725e8a1464c06.pyo3.cdcb06a4f24f1901-cgu.06.rcgu.o:(_$LT$pyo3..exceptions..PyBlockingIOError$u20$as$u20$pyo3..type_object..PyTypeInfo$GT$::type_object_raw::_$u7b$$u7b$closure$u7d$$u7d$::h42bb69e9e6d3b207) in archive /opt/rustwide/target/debug/deps/libpyo3-3bc725e8a1464c06.rlib
[INFO] [stdout]           
[INFO] [stdout]           rust-lld: error: undefined symbol: PyExc_BrokenPipeError
[INFO] [stdout]           >>> referenced by exceptions.rs:309 (src/exceptions.rs:309)
[INFO] [stdout]           >>>               pyo3-3bc725e8a1464c06.pyo3.cdcb06a4f24f1901-cgu.06.rcgu.o:(_$LT$pyo3..exceptions..PyBrokenPipeError$u20$as$u20$pyo3..type_object..PyTypeInfo$GT$::type_object_raw::_$u7b$$u7b$closure$u7d$$u7d$::he86eabf38933fd1b) in archive /opt/rustwide/target/debug/deps/libpyo3-3bc725e8a1464c06.rlib
[INFO] [stdout]           
[INFO] [stdout]           rust-lld: error: too many errors emitted, stopping now (use --error-limit=0 to see all errors)
[INFO] [stdout]           collect2: error: ld returned 1 exit status
[INFO] [stdout]           
[INFO] [stdout] 
[INFO] [stdout] 
[INFO] [stderr] error: could not compile `ggca` (example "cpg_site_ids") due to 1 previous error
[INFO] [stdout] error: linking with `cc` failed: exit status: 1
[INFO] [stdout]   |
[INFO] [stdout]   = note: LC_ALL="C" PATH="/opt/rustwide/rustup-home/toolchains/nightly-2024-10-28-x86_64-unknown-linux-gnu/lib/rustlib/x86_64-unknown-linux-gnu/bin:/opt/rustwide/rustup-home/toolchains/nightly-2024-10-28-x86_64-unknown-linux-gnu/lib/rustlib/x86_64-unknown-linux-gnu/bin/self-contained:/opt/rustwide/cargo-home/bin:/usr/local/sbin:/usr/local/bin:/usr/sbin:/usr/bin:/sbin:/bin" VSLANG="1033" "cc" "-m64" "/tmp/rustc0mpSsW/symbols.o" "/opt/rustwide/target/debug/deps/cpg_site_ids-0d5e5f82f2bb7000.cpg_site_ids.deb7c30447bddbf3-cgu.0.rcgu.o" "/opt/rustwide/target/debug/deps/cpg_site_ids-0d5e5f82f2bb7000.0xb4k24xgo19vtmms9444zezi.rcgu.o" "-Wl,--as-needed" "-Wl,-Bstatic" "/opt/rustwide/rustup-home/toolchains/nightly-2024-10-28-x86_64-unknown-linux-gnu/lib/rustlib/x86_64-unknown-linux-gnu/lib/libtest-a09fad3b5321e7d6.rlib" "/opt/rustwide/rustup-home/toolchains/nightly-2024-10-28-x86_64-unknown-linux-gnu/lib/rustlib/x86_64-unknown-linux-gnu/lib/libgetopts-f9c3dff41ad42661.rlib" "/opt/rustwide/rustup-home/toolchains/nightly-2024-10-28-x86_64-unknown-linux-gnu/lib/rustlib/x86_64-unknown-linux-gnu/lib/libunicode_width-ad2aef31af6addd3.rlib" "/opt/rustwide/rustup-home/toolchains/nightly-2024-10-28-x86_64-unknown-linux-gnu/lib/rustlib/x86_64-unknown-linux-gnu/lib/librustc_std_workspace_std-e3f907dc03deb913.rlib" "/opt/rustwide/target/debug/deps/liblazy_static-7af2f34f8b124b26.rlib" "/opt/rustwide/target/debug/deps/libggca.rlib" "/opt/rustwide/target/debug/deps/libfast_float-e8480e9d7b8be7b9.rlib" "/opt/rustwide/target/debug/deps/libenv_logger-2d31bda79de6d1d2.rlib" "/opt/rustwide/target/debug/deps/libatty-760c34c6de7fc7ed.rlib" "/opt/rustwide/target/debug/deps/libtermcolor-116a8f6e8f4ddb54.rlib" "/opt/rustwide/target/debug/deps/libhumantime-28a5c7939082a25f.rlib" "/opt/rustwide/target/debug/deps/libregex-68abae7efdb88f71.rlib" "/opt/rustwide/target/debug/deps/libregex_automata-24fd23fa667a8288.rlib" "/opt/rustwide/target/debug/deps/libaho_corasick-417a2760a2457731.rlib" "/opt/rustwide/target/debug/deps/libregex_syntax-fbaffb23719136b3.rlib" "/opt/rustwide/target/debug/deps/libcsv-1ca490f938d6c6df.rlib" "/opt/rustwide/target/debug/deps/libryu-2ae7af5af0bb88e0.rlib" "/opt/rustwide/target/debug/deps/libitoa-add5260810035b6e.rlib" "/opt/rustwide/target/debug/deps/libcsv_core-f6d4002bf054a674.rlib" "/opt/rustwide/target/debug/deps/libmemchr-c7ff0286392b94eb.rlib" "/opt/rustwide/target/debug/deps/libstatrs-988289baac73ad2a.rlib" "/opt/rustwide/target/debug/deps/libnalgebra-938da7cd4236ee12.rlib" "/opt/rustwide/target/debug/deps/librand_distr-2fbebe5c74f9618c.rlib" "/opt/rustwide/target/debug/deps/libmatrixmultiply-de4dbfa913939064.rlib" "/opt/rustwide/target/debug/deps/librawpointer-9a82b3d0237eca24.rlib" "/opt/rustwide/target/debug/deps/libnum_rational-14adc01324ce97d0.rlib" "/opt/rustwide/target/debug/deps/libnum_integer-e71030526d74f26a.rlib" "/opt/rustwide/target/debug/deps/libtypenum-5326f72807cfe834.rlib" "/opt/rustwide/target/debug/deps/libsimba-8229d866488ac80b.rlib" "/opt/rustwide/target/debug/deps/libwide-285c74ac54d4eef9.rlib" "/opt/rustwide/target/debug/deps/libsafe_arch-d756f9e67c25390f.rlib" "/opt/rustwide/target/debug/deps/libbytemuck-5606be9f679e0270.rlib" "/opt/rustwide/target/debug/deps/libnum_complex-db691ac8f46affeb.rlib" "/opt/rustwide/target/debug/deps/librand-4ba4d0be7f3c11b0.rlib" "/opt/rustwide/target/debug/deps/librand_chacha-eba0c0e050243b5c.rlib" "/opt/rustwide/target/debug/deps/libppv_lite86-905fd835b337451d.rlib" "/opt/rustwide/target/debug/deps/librand_core-77889abe69efb228.rlib" "/opt/rustwide/target/debug/deps/libgetrandom-838c6bdbc612a754.rlib" "/opt/rustwide/target/debug/deps/libbincode-31be0e9f5f3a9c9e.rlib" "/opt/rustwide/target/debug/deps/libserde-31d0c5090b001ee4.rlib" "/opt/rustwide/target/debug/deps/liblog-e7e7e8ec9ff686da.rlib" "/opt/rustwide/target/debug/deps/libitertools-36715a107a4e0f67.rlib" "/opt/rustwide/target/debug/deps/libpyo3-3bc725e8a1464c06.rlib" "/opt/rustwide/target/debug/deps/libmemoffset-8fb166f7d06174d0.rlib" "/opt/rustwide/target/debug/deps/libonce_cell-795d6939e3fe8636.rlib" "/opt/rustwide/target/debug/deps/libpyo3_ffi-687eb0cf78d063b9.rlib" "/opt/rustwide/target/debug/deps/liblibc-98dbae3fd83efd2b.rlib" "/opt/rustwide/target/debug/deps/libunindent-d4a81d586b9d0458.rlib" "/opt/rustwide/target/debug/deps/libextsort-c6f5b41e862129ba.rlib" "/opt/rustwide/target/debug/deps/libtempfile-115f5ef912ef6d64.rlib" "/opt/rustwide/target/debug/deps/libfastrand-73ab135c942e83f7.rlib" "/opt/rustwide/target/debug/deps/librustix-54b2d193e958bc27.rlib" "/opt/rustwide/target/debug/deps/libbitflags-2a54fc7d8f815a15.rlib" "/opt/rustwide/target/debug/deps/liblinux_raw_sys-b77fbec2cd3ef233.rlib" "/opt/rustwide/target/debug/deps/libcfg_if-57bf25c23e31efdb.rlib" "/opt/rustwide/target/debug/deps/librayon-9eef7b85944a64b9.rlib" "/opt/rustwide/target/debug/deps/librayon_core-a58a5f58eb9ad7db.rlib" "/opt/rustwide/target/debug/deps/libcrossbeam_deque-858959b96805030a.rlib" "/opt/rustwide/target/debug/deps/libcrossbeam_epoch-b5a33f884d5450b9.rlib" "/opt/rustwide/target/debug/deps/libcrossbeam_utils-fd980c92aed8cdbe.rlib" "/opt/rustwide/target/debug/deps/libeither-386a0ff0e76518e4.rlib" "/opt/rustwide/target/debug/deps/libapprox-c562db7468407b7b.rlib" "/opt/rustwide/target/debug/deps/libnum_traits-a3a38b2bbfcd825e.rlib" "/opt/rustwide/rustup-home/toolchains/nightly-2024-10-28-x86_64-unknown-linux-gnu/lib/rustlib/x86_64-unknown-linux-gnu/lib/libstd-fb8c387236db3c10.rlib" "/opt/rustwide/rustup-home/toolchains/nightly-2024-10-28-x86_64-unknown-linux-gnu/lib/rustlib/x86_64-unknown-linux-gnu/lib/libpanic_unwind-b251837809b2f64b.rlib" "/opt/rustwide/rustup-home/toolchains/nightly-2024-10-28-x86_64-unknown-linux-gnu/lib/rustlib/x86_64-unknown-linux-gnu/lib/libobject-cbef83eaa4e01f04.rlib" "/opt/rustwide/rustup-home/toolchains/nightly-2024-10-28-x86_64-unknown-linux-gnu/lib/rustlib/x86_64-unknown-linux-gnu/lib/libmemchr-12a772286de2fca7.rlib" "/opt/rustwide/rustup-home/toolchains/nightly-2024-10-28-x86_64-unknown-linux-gnu/lib/rustlib/x86_64-unknown-linux-gnu/lib/libaddr2line-023bbe5ada7abfc3.rlib" "/opt/rustwide/rustup-home/toolchains/nightly-2024-10-28-x86_64-unknown-linux-gnu/lib/rustlib/x86_64-unknown-linux-gnu/lib/libgimli-de2bcdf10ec69c2b.rlib" "/opt/rustwide/rustup-home/toolchains/nightly-2024-10-28-x86_64-unknown-linux-gnu/lib/rustlib/x86_64-unknown-linux-gnu/lib/librustc_demangle-8e1754df350800fd.rlib" "/opt/rustwide/rustup-home/toolchains/nightly-2024-10-28-x86_64-unknown-linux-gnu/lib/rustlib/x86_64-unknown-linux-gnu/lib/libstd_detect-06c2ab7b9c32e037.rlib" "/opt/rustwide/rustup-home/toolchains/nightly-2024-10-28-x86_64-unknown-linux-gnu/lib/rustlib/x86_64-unknown-linux-gnu/lib/libhashbrown-51d2621fc57a281b.rlib" "/opt/rustwide/rustup-home/toolchains/nightly-2024-10-28-x86_64-unknown-linux-gnu/lib/rustlib/x86_64-unknown-linux-gnu/lib/librustc_std_workspace_alloc-54a930408793772f.rlib" "/opt/rustwide/rustup-home/toolchains/nightly-2024-10-28-x86_64-unknown-linux-gnu/lib/rustlib/x86_64-unknown-linux-gnu/lib/libminiz_oxide-0c7d01cba400dcb2.rlib" "/opt/rustwide/rustup-home/toolchains/nightly-2024-10-28-x86_64-unknown-linux-gnu/lib/rustlib/x86_64-unknown-linux-gnu/lib/libadler-b9f84d69e331b75b.rlib" "/opt/rustwide/rustup-home/toolchains/nightly-2024-10-28-x86_64-unknown-linux-gnu/lib/rustlib/x86_64-unknown-linux-gnu/lib/libunwind-eec95493246aae39.rlib" "/opt/rustwide/rustup-home/toolchains/nightly-2024-10-28-x86_64-unknown-linux-gnu/lib/rustlib/x86_64-unknown-linux-gnu/lib/libcfg_if-6f6676c475e08ab0.rlib" "/opt/rustwide/rustup-home/toolchains/nightly-2024-10-28-x86_64-unknown-linux-gnu/lib/rustlib/x86_64-unknown-linux-gnu/lib/liblibc-799d520624f8b2e0.rlib" "/opt/rustwide/rustup-home/toolchains/nightly-2024-10-28-x86_64-unknown-linux-gnu/lib/rustlib/x86_64-unknown-linux-gnu/lib/liballoc-fcf93d4842acd9a9.rlib" "/opt/rustwide/rustup-home/toolchains/nightly-2024-10-28-x86_64-unknown-linux-gnu/lib/rustlib/x86_64-unknown-linux-gnu/lib/librustc_std_workspace_core-395a38b8e0851c9b.rlib" "/opt/rustwide/rustup-home/toolchains/nightly-2024-10-28-x86_64-unknown-linux-gnu/lib/rustlib/x86_64-unknown-linux-gnu/lib/libcore-d453bab70303062c.rlib" "/opt/rustwide/rustup-home/toolchains/nightly-2024-10-28-x86_64-unknown-linux-gnu/lib/rustlib/x86_64-unknown-linux-gnu/lib/libcompiler_builtins-0e6386368b0a24e8.rlib" "-Wl,-Bdynamic" "-lgcc_s" "-lutil" "-lrt" "-lpthread" "-lm" "-ldl" "-lc" "-B/opt/rustwide/rustup-home/toolchains/nightly-2024-10-28-x86_64-unknown-linux-gnu/lib/rustlib/x86_64-unknown-linux-gnu/bin/gcc-ld" "-fuse-ld=lld" "-Wl,--eh-frame-hdr" "-Wl,-z,noexecstack" "-L" "/opt/rustwide/rustup-home/toolchains/nightly-2024-10-28-x86_64-unknown-linux-gnu/lib/rustlib/x86_64-unknown-linux-gnu/lib" "-o" "/opt/rustwide/target/debug/deps/cpg_site_ids-0d5e5f82f2bb7000" "-Wl,--gc-sections" "-pie" "-Wl,-z,relro,-z,now" "-nodefaultlibs"
[INFO] [stdout]   = note: rust-lld: error: undefined symbol: PyObject_GetAttr
[INFO] [stdout]           >>> referenced by any.rs:1798 (src/types/any.rs:1798)
[INFO] [stdout]           >>>               pyo3-3bc725e8a1464c06.pyo3.cdcb06a4f24f1901-cgu.15.rcgu.o:(_$LT$pyo3..instance..Bound$LT$pyo3..types..any..PyAny$GT$$u20$as$u20$pyo3..types..any..PyAnyMethods$GT$::getattr::inner::h65442f2a1548eb13) in archive /opt/rustwide/target/debug/deps/libpyo3-3bc725e8a1464c06.rlib
[INFO] [stdout]           
[INFO] [stdout]           rust-lld: error: undefined symbol: Py_IsInitialized
[INFO] [stdout]           >>> referenced by gil.rs:80 (src/gil.rs:80)
[INFO] [stdout]           >>>               pyo3-3bc725e8a1464c06.pyo3.cdcb06a4f24f1901-cgu.11.rcgu.o:(pyo3::gil::prepare_freethreaded_python::_$u7b$$u7b$closure$u7d$$u7d$::he99ab02646eeb201) in archive /opt/rustwide/target/debug/deps/libpyo3-3bc725e8a1464c06.rlib
[INFO] [stdout]           >>> referenced by gil.rs:199 (src/gil.rs:199)
[INFO] [stdout]           >>>               pyo3-3bc725e8a1464c06.pyo3.cdcb06a4f24f1901-cgu.11.rcgu.o:(pyo3::gil::GILGuard::acquire::_$u7b$$u7b$closure$u7d$$u7d$::hcffedefb4fa9e19d) in archive /opt/rustwide/target/debug/deps/libpyo3-3bc725e8a1464c06.rlib
[INFO] [stdout]           
[INFO] [stdout]           rust-lld: error: undefined symbol: Py_InitializeEx
[INFO] [stdout]           >>> referenced by gil.rs:81 (src/gil.rs:81)
[INFO] [stdout]           >>>               pyo3-3bc725e8a1464c06.pyo3.cdcb06a4f24f1901-cgu.11.rcgu.o:(pyo3::gil::prepare_freethreaded_python::_$u7b$$u7b$closure$u7d$$u7d$::he99ab02646eeb201) in archive /opt/rustwide/target/debug/deps/libpyo3-3bc725e8a1464c06.rlib
[INFO] [stdout]           
[INFO] [stdout]           rust-lld: error: undefined symbol: PyEval_SaveThread
[INFO] [stdout]           >>> referenced by gil.rs:84 (src/gil.rs:84)
[INFO] [stdout]           >>>               pyo3-3bc725e8a1464c06.pyo3.cdcb06a4f24f1901-cgu.11.rcgu.o:(pyo3::gil::prepare_freethreaded_python::_$u7b$$u7b$closure$u7d$$u7d$::he99ab02646eeb201) in archive /opt/rustwide/target/debug/deps/libpyo3-3bc725e8a1464c06.rlib
[INFO] [stdout]           
[INFO] [stdout]           rust-lld: error: undefined symbol: PyGILState_Ensure
[INFO] [stdout]           >>> referenced by gil.rs:224 (src/gil.rs:224)
[INFO] [stdout]           >>>               pyo3-3bc725e8a1464c06.pyo3.cdcb06a4f24f1901-cgu.11.rcgu.o:(pyo3::gil::GILGuard::acquire_unchecked::h99d9b13d25cd8e20) in archive /opt/rustwide/target/debug/deps/libpyo3-3bc725e8a1464c06.rlib
[INFO] [stdout]           
[INFO] [stdout]           rust-lld: error: undefined symbol: PyGILState_Release
[INFO] [stdout]           >>> referenced by gil.rs:273 (src/gil.rs:273)
[INFO] [stdout]           >>>               pyo3-3bc725e8a1464c06.pyo3.cdcb06a4f24f1901-cgu.11.rcgu.o:(_$LT$pyo3..gil..GILGuard$u20$as$u20$core..ops..drop..Drop$GT$::drop::hb5fb3cfc01a04f6e) in archive /opt/rustwide/target/debug/deps/libpyo3-3bc725e8a1464c06.rlib
[INFO] [stdout]           
[INFO] [stdout]           rust-lld: error: undefined symbol: _Py_Dealloc
[INFO] [stdout]           >>> referenced by object.rs:620 (/opt/rustwide/cargo-home/registry/src/index.crates.io-6f17d22bba15001f/pyo3-ffi-0.22.2/src/object.rs:620)
[INFO] [stdout]           >>>               pyo3-3bc725e8a1464c06.pyo3.cdcb06a4f24f1901-cgu.11.rcgu.o:(pyo3::gil::ReferencePool::update_counts::hc55c3582a05e881c) in archive /opt/rustwide/target/debug/deps/libpyo3-3bc725e8a1464c06.rlib
[INFO] [stdout]           >>> referenced by object.rs:620 (/opt/rustwide/cargo-home/registry/src/index.crates.io-6f17d22bba15001f/pyo3-ffi-0.22.2/src/object.rs:620)
[INFO] [stdout]           >>>               pyo3-3bc725e8a1464c06.pyo3.cdcb06a4f24f1901-cgu.11.rcgu.o:(pyo3::gil::register_decref::h2e1e6c4030e6dc0e) in archive /opt/rustwide/target/debug/deps/libpyo3-3bc725e8a1464c06.rlib
[INFO] [stdout]           >>> referenced by object.rs:620 (/opt/rustwide/cargo-home/registry/src/index.crates.io-6f17d22bba15001f/pyo3-ffi-0.22.2/src/object.rs:620)
[INFO] [stdout]           >>>               pyo3-3bc725e8a1464c06.pyo3.cdcb06a4f24f1901-cgu.00.rcgu.o:(_$LT$pyo3..instance..Bound$LT$T$GT$$u20$as$u20$core..ops..drop..Drop$GT$::drop::h54a5dc6875fd9d53) in archive /opt/rustwide/target/debug/deps/libpyo3-3bc725e8a1464c06.rlib
[INFO] [stdout]           >>> referenced 5 more times
[INFO] [stdout]           
[INFO] [stdout]           rust-lld: error: undefined symbol: PyUnicode_FromStringAndSize
[INFO] [stdout]           >>> referenced by string.rs:167 (src/types/string.rs:167)
[INFO] [stdout]           >>>               pyo3-3bc725e8a1464c06.pyo3.cdcb06a4f24f1901-cgu.09.rcgu.o:(pyo3::types::string::PyString::new_bound::h90e4b61309af45b8) in archive /opt/rustwide/target/debug/deps/libpyo3-3bc725e8a1464c06.rlib
[INFO] [stdout]           >>> referenced by string.rs:185 (src/types/string.rs:185)
[INFO] [stdout]           >>>               pyo3-3bc725e8a1464c06.pyo3.cdcb06a4f24f1901-cgu.09.rcgu.o:(pyo3::types::string::PyString::intern_bound::hab23174f69138f73) in archive /opt/rustwide/target/debug/deps/libpyo3-3bc725e8a1464c06.rlib
[INFO] [stdout]           
[INFO] [stdout]           rust-lld: error: undefined symbol: PyUnicode_InternInPlace
[INFO] [stdout]           >>> referenced by string.rs:187 (src/types/string.rs:187)
[INFO] [stdout]           >>>               pyo3-3bc725e8a1464c06.pyo3.cdcb06a4f24f1901-cgu.09.rcgu.o:(pyo3::types::string::PyString::intern_bound::hab23174f69138f73) in archive /opt/rustwide/target/debug/deps/libpyo3-3bc725e8a1464c06.rlib
[INFO] [stdout]           
[INFO] [stdout]           rust-lld: error: undefined symbol: PyErr_NormalizeException
[INFO] [stdout]           >>> referenced by err_state.rs:167 (src/err/err_state.rs:167)
[INFO] [stdout]           >>>               pyo3-3bc725e8a1464c06.pyo3.cdcb06a4f24f1901-cgu.06.rcgu.o:(pyo3::err::err_state::PyErrState::normalize::h592832520801ee44) in archive /opt/rustwide/target/debug/deps/libpyo3-3bc725e8a1464c06.rlib
[INFO] [stdout]           >>> referenced by err_state.rs:225 (src/err/err_state.rs:225)
[INFO] [stdout]           >>>               pyo3-3bc725e8a1464c06.pyo3.cdcb06a4f24f1901-cgu.06.rcgu.o:(pyo3::err::err_state::lazy_into_normalized_ffi_tuple::h394d2396a4a4ee80) in archive /opt/rustwide/target/debug/deps/libpyo3-3bc725e8a1464c06.rlib
[INFO] [stdout]           
[INFO] [stdout]           rust-lld: error: undefined symbol: PyErr_Restore
[INFO] [stdout]           >>> referenced by err_state.rs:198 (src/err/err_state.rs:198)
[INFO] [stdout]           >>>               pyo3-3bc725e8a1464c06.pyo3.cdcb06a4f24f1901-cgu.06.rcgu.o:(pyo3::err::err_state::PyErrState::restore::ha16e79523d8d013b) in archive /opt/rustwide/target/debug/deps/libpyo3-3bc725e8a1464c06.rlib
[INFO] [stdout]           
[INFO] [stdout]           rust-lld: error: undefined symbol: PyErr_Fetch
[INFO] [stdout]           >>> referenced by err_state.rs:224 (src/err/err_state.rs:224)
[INFO] [stdout]           >>>               pyo3-3bc725e8a1464c06.pyo3.cdcb06a4f24f1901-cgu.06.rcgu.o:(pyo3::err::err_state::lazy_into_normalized_ffi_tuple::h394d2396a4a4ee80) in archive /opt/rustwide/target/debug/deps/libpyo3-3bc725e8a1464c06.rlib
[INFO] [stdout]           >>> referenced by mod.rs:403 (src/err/mod.rs:403)
[INFO] [stdout]           >>>               pyo3-3bc725e8a1464c06.pyo3.cdcb06a4f24f1901-cgu.04.rcgu.o:(pyo3::err::PyErr::_take::h03c90246d58dce2f) in archive /opt/rustwide/target/debug/deps/libpyo3-3bc725e8a1464c06.rlib
[INFO] [stdout]           
[INFO] [stdout]           rust-lld: error: undefined symbol: PyErr_SetString
[INFO] [stdout]           >>> referenced by err_state.rs:241 (src/err/err_state.rs:241)
[INFO] [stdout]           >>>               pyo3-3bc725e8a1464c06.pyo3.cdcb06a4f24f1901-cgu.06.rcgu.o:(pyo3::err::err_state::raise_lazy::h165f1a551fc4bf30) in archive /opt/rustwide/target/debug/deps/libpyo3-3bc725e8a1464c06.rlib
[INFO] [stdout]           
[INFO] [stdout]           rust-lld: error: undefined symbol: PyErr_SetObject
[INFO] [stdout]           >>> referenced by err_state.rs:246 (src/err/err_state.rs:246)
[INFO] [stdout]           >>>               pyo3-3bc725e8a1464c06.pyo3.cdcb06a4f24f1901-cgu.06.rcgu.o:(pyo3::err::err_state::raise_lazy::h165f1a551fc4bf30) in archive /opt/rustwide/target/debug/deps/libpyo3-3bc725e8a1464c06.rlib
[INFO] [stdout]           
[INFO] [stdout]           rust-lld: error: undefined symbol: PyExc_BaseException
[INFO] [stdout]           >>> referenced by exceptions.rs:309 (src/exceptions.rs:309)
[INFO] [stdout]           >>>               pyo3-3bc725e8a1464c06.pyo3.cdcb06a4f24f1901-cgu.06.rcgu.o:(_$LT$pyo3..exceptions..PyBaseException$u20$as$u20$pyo3..type_object..PyTypeInfo$GT$::type_object_raw::_$u7b$$u7b$closure$u7d$$u7d$::h440e356c1342f152) in archive /opt/rustwide/target/debug/deps/libpyo3-3bc725e8a1464c06.rlib
[INFO] [stdout]           
[INFO] [stdout]           rust-lld: error: undefined symbol: PyExc_OSError
[INFO] [stdout]           >>> referenced by exceptions.rs:309 (src/exceptions.rs:309)
[INFO] [stdout]           >>>               pyo3-3bc725e8a1464c06.pyo3.cdcb06a4f24f1901-cgu.06.rcgu.o:(_$LT$pyo3..exceptions..PyOSError$u20$as$u20$pyo3..type_object..PyTypeInfo$GT$::type_object_raw::_$u7b$$u7b$closure$u7d$$u7d$::h1297ad307c788f32) in archive /opt/rustwide/target/debug/deps/libpyo3-3bc725e8a1464c06.rlib
[INFO] [stdout]           
[INFO] [stdout]           rust-lld: error: undefined symbol: PyExc_TypeError
[INFO] [stdout]           >>> referenced by exceptions.rs:309 (src/exceptions.rs:309)
[INFO] [stdout]           >>>               pyo3-3bc725e8a1464c06.pyo3.cdcb06a4f24f1901-cgu.06.rcgu.o:(_$LT$pyo3..exceptions..PyTypeError$u20$as$u20$pyo3..type_object..PyTypeInfo$GT$::type_object_raw::_$u7b$$u7b$closure$u7d$$u7d$::h3819f1fa805595ca) in archive /opt/rustwide/target/debug/deps/libpyo3-3bc725e8a1464c06.rlib
[INFO] [stdout]           
[INFO] [stdout]           rust-lld: error: undefined symbol: PyExc_BlockingIOError
[INFO] [stdout]           >>> referenced by exceptions.rs:309 (src/exceptions.rs:309)
[INFO] [stdout]           >>>               pyo3-3bc725e8a1464c06.pyo3.cdcb06a4f24f1901-cgu.06.rcgu.o:(_$LT$pyo3..exceptions..PyBlockingIOError$u20$as$u20$pyo3..type_object..PyTypeInfo$GT$::type_object_raw::_$u7b$$u7b$closure$u7d$$u7d$::h42bb69e9e6d3b207) in archive /opt/rustwide/target/debug/deps/libpyo3-3bc725e8a1464c06.rlib
[INFO] [stdout]           
[INFO] [stdout]           rust-lld: error: undefined symbol: PyExc_BrokenPipeError
[INFO] [stdout]           >>> referenced by exceptions.rs:309 (src/exceptions.rs:309)
[INFO] [stdout]           >>>               pyo3-3bc725e8a1464c06.pyo3.cdcb06a4f24f1901-cgu.06.rcgu.o:(_$LT$pyo3..exceptions..PyBrokenPipeError$u20$as$u20$pyo3..type_object..PyTypeInfo$GT$::type_object_raw::_$u7b$$u7b$closure$u7d$$u7d$::he86eabf38933fd1b) in archive /opt/rustwide/target/debug/deps/libpyo3-3bc725e8a1464c06.rlib
[INFO] [stdout]           
[INFO] [stdout]           rust-lld: error: undefined symbol: PyExc_ConnectionAbortedError
[INFO] [stdout]           >>> referenced by exceptions.rs:309 (src/exceptions.rs:309)
[INFO] [stdout]           >>>               pyo3-3bc725e8a1464c06.pyo3.cdcb06a4f24f1901-cgu.06.rcgu.o:(_$LT$pyo3..exceptions..PyConnectionAbortedError$u20$as$u20$pyo3..type_object..PyTypeInfo$GT$::type_object_raw::_$u7b$$u7b$closure$u7d$$u7d$::h33264655c5fdbbe6) in archive /opt/rustwide/target/debug/deps/libpyo3-3bc725e8a1464c06.rlib
[INFO] [stdout]           
[INFO] [stdout]           rust-lld: error: too many errors emitted, stopping now (use --error-limit=0 to see all errors)
[INFO] [stdout]           collect2: error: ld returned 1 exit status
[INFO] [stdout]           
[INFO] [stdout] 
[INFO] [stdout] 
[INFO] [stderr] error: could not compile `ggca` (test "cpg_site_ids") due to 1 previous error
[INFO] [stdout] error: linking with `cc` failed: exit status: 1
[INFO] [stdout]   |
[INFO] [stdout]   = note: LC_ALL="C" PATH="/opt/rustwide/rustup-home/toolchains/nightly-2024-10-28-x86_64-unknown-linux-gnu/lib/rustlib/x86_64-unknown-linux-gnu/bin:/opt/rustwide/rustup-home/toolchains/nightly-2024-10-28-x86_64-unknown-linux-gnu/lib/rustlib/x86_64-unknown-linux-gnu/bin/self-contained:/opt/rustwide/cargo-home/bin:/usr/local/sbin:/usr/local/bin:/usr/sbin:/usr/bin:/sbin:/bin" VSLANG="1033" "cc" "-m64" "/tmp/rustcuWFxTx/symbols.o" "/opt/rustwide/target/debug/deps/kendall-2648c052139c69d1.kendall.189dee6c0b0c52ac-cgu.0.rcgu.o" "/opt/rustwide/target/debug/deps/kendall-2648c052139c69d1.kendall.189dee6c0b0c52ac-cgu.1.rcgu.o" "/opt/rustwide/target/debug/deps/kendall-2648c052139c69d1.kendall.189dee6c0b0c52ac-cgu.2.rcgu.o" "/opt/rustwide/target/debug/deps/kendall-2648c052139c69d1.kendall.189dee6c0b0c52ac-cgu.3.rcgu.o" "/opt/rustwide/target/debug/deps/kendall-2648c052139c69d1.8fiy29gt50hbwg8i0hpnbiiph.rcgu.o" "-Wl,--as-needed" "-Wl,-Bstatic" "/opt/rustwide/rustup-home/toolchains/nightly-2024-10-28-x86_64-unknown-linux-gnu/lib/rustlib/x86_64-unknown-linux-gnu/lib/libtest-a09fad3b5321e7d6.rlib" "/opt/rustwide/rustup-home/toolchains/nightly-2024-10-28-x86_64-unknown-linux-gnu/lib/rustlib/x86_64-unknown-linux-gnu/lib/libgetopts-f9c3dff41ad42661.rlib" "/opt/rustwide/rustup-home/toolchains/nightly-2024-10-28-x86_64-unknown-linux-gnu/lib/rustlib/x86_64-unknown-linux-gnu/lib/libunicode_width-ad2aef31af6addd3.rlib" "/opt/rustwide/rustup-home/toolchains/nightly-2024-10-28-x86_64-unknown-linux-gnu/lib/rustlib/x86_64-unknown-linux-gnu/lib/librustc_std_workspace_std-e3f907dc03deb913.rlib" "/opt/rustwide/target/debug/deps/liblazy_static-7af2f34f8b124b26.rlib" "/opt/rustwide/target/debug/deps/libggca.rlib" "/opt/rustwide/target/debug/deps/libfast_float-e8480e9d7b8be7b9.rlib" "/opt/rustwide/target/debug/deps/libenv_logger-2d31bda79de6d1d2.rlib" "/opt/rustwide/target/debug/deps/libatty-760c34c6de7fc7ed.rlib" "/opt/rustwide/target/debug/deps/libtermcolor-116a8f6e8f4ddb54.rlib" "/opt/rustwide/target/debug/deps/libhumantime-28a5c7939082a25f.rlib" "/opt/rustwide/target/debug/deps/libregex-68abae7efdb88f71.rlib" "/opt/rustwide/target/debug/deps/libregex_automata-24fd23fa667a8288.rlib" "/opt/rustwide/target/debug/deps/libaho_corasick-417a2760a2457731.rlib" "/opt/rustwide/target/debug/deps/libregex_syntax-fbaffb23719136b3.rlib" "/opt/rustwide/target/debug/deps/libcsv-1ca490f938d6c6df.rlib" "/opt/rustwide/target/debug/deps/libryu-2ae7af5af0bb88e0.rlib" "/opt/rustwide/target/debug/deps/libitoa-add5260810035b6e.rlib" "/opt/rustwide/target/debug/deps/libcsv_core-f6d4002bf054a674.rlib" "/opt/rustwide/target/debug/deps/libmemchr-c7ff0286392b94eb.rlib" "/opt/rustwide/target/debug/deps/libstatrs-988289baac73ad2a.rlib" "/opt/rustwide/target/debug/deps/libnalgebra-938da7cd4236ee12.rlib" "/opt/rustwide/target/debug/deps/librand_distr-2fbebe5c74f9618c.rlib" "/opt/rustwide/target/debug/deps/libmatrixmultiply-de4dbfa913939064.rlib" "/opt/rustwide/target/debug/deps/librawpointer-9a82b3d0237eca24.rlib" "/opt/rustwide/target/debug/deps/libnum_rational-14adc01324ce97d0.rlib" "/opt/rustwide/target/debug/deps/libnum_integer-e71030526d74f26a.rlib" "/opt/rustwide/target/debug/deps/libtypenum-5326f72807cfe834.rlib" "/opt/rustwide/target/debug/deps/libsimba-8229d866488ac80b.rlib" "/opt/rustwide/target/debug/deps/libwide-285c74ac54d4eef9.rlib" "/opt/rustwide/target/debug/deps/libsafe_arch-d756f9e67c25390f.rlib" "/opt/rustwide/target/debug/deps/libbytemuck-5606be9f679e0270.rlib" "/opt/rustwide/target/debug/deps/libnum_complex-db691ac8f46affeb.rlib" "/opt/rustwide/target/debug/deps/librand-4ba4d0be7f3c11b0.rlib" "/opt/rustwide/target/debug/deps/librand_chacha-eba0c0e050243b5c.rlib" "/opt/rustwide/target/debug/deps/libppv_lite86-905fd835b337451d.rlib" "/opt/rustwide/target/debug/deps/librand_core-77889abe69efb228.rlib" "/opt/rustwide/target/debug/deps/libgetrandom-838c6bdbc612a754.rlib" "/opt/rustwide/target/debug/deps/libbincode-31be0e9f5f3a9c9e.rlib" "/opt/rustwide/target/debug/deps/libserde-31d0c5090b001ee4.rlib" "/opt/rustwide/target/debug/deps/liblog-e7e7e8ec9ff686da.rlib" "/opt/rustwide/target/debug/deps/libitertools-36715a107a4e0f67.rlib" "/opt/rustwide/target/debug/deps/libpyo3-3bc725e8a1464c06.rlib" "/opt/rustwide/target/debug/deps/libmemoffset-8fb166f7d06174d0.rlib" "/opt/rustwide/target/debug/deps/libonce_cell-795d6939e3fe8636.rlib" "/opt/rustwide/target/debug/deps/libpyo3_ffi-687eb0cf78d063b9.rlib" "/opt/rustwide/target/debug/deps/liblibc-98dbae3fd83efd2b.rlib" "/opt/rustwide/target/debug/deps/libunindent-d4a81d586b9d0458.rlib" "/opt/rustwide/target/debug/deps/libextsort-c6f5b41e862129ba.rlib" "/opt/rustwide/target/debug/deps/libtempfile-115f5ef912ef6d64.rlib" "/opt/rustwide/target/debug/deps/libfastrand-73ab135c942e83f7.rlib" "/opt/rustwide/target/debug/deps/librustix-54b2d193e958bc27.rlib" "/opt/rustwide/target/debug/deps/libbitflags-2a54fc7d8f815a15.rlib" "/opt/rustwide/target/debug/deps/liblinux_raw_sys-b77fbec2cd3ef233.rlib" "/opt/rustwide/target/debug/deps/libcfg_if-57bf25c23e31efdb.rlib" "/opt/rustwide/target/debug/deps/librayon-9eef7b85944a64b9.rlib" "/opt/rustwide/target/debug/deps/librayon_core-a58a5f58eb9ad7db.rlib" "/opt/rustwide/target/debug/deps/libcrossbeam_deque-858959b96805030a.rlib" "/opt/rustwide/target/debug/deps/libcrossbeam_epoch-b5a33f884d5450b9.rlib" "/opt/rustwide/target/debug/deps/libcrossbeam_utils-fd980c92aed8cdbe.rlib" "/opt/rustwide/target/debug/deps/libeither-386a0ff0e76518e4.rlib" "/opt/rustwide/target/debug/deps/libapprox-c562db7468407b7b.rlib" "/opt/rustwide/target/debug/deps/libnum_traits-a3a38b2bbfcd825e.rlib" "/opt/rustwide/rustup-home/toolchains/nightly-2024-10-28-x86_64-unknown-linux-gnu/lib/rustlib/x86_64-unknown-linux-gnu/lib/libstd-fb8c387236db3c10.rlib" "/opt/rustwide/rustup-home/toolchains/nightly-2024-10-28-x86_64-unknown-linux-gnu/lib/rustlib/x86_64-unknown-linux-gnu/lib/libpanic_unwind-b251837809b2f64b.rlib" "/opt/rustwide/rustup-home/toolchains/nightly-2024-10-28-x86_64-unknown-linux-gnu/lib/rustlib/x86_64-unknown-linux-gnu/lib/libobject-cbef83eaa4e01f04.rlib" "/opt/rustwide/rustup-home/toolchains/nightly-2024-10-28-x86_64-unknown-linux-gnu/lib/rustlib/x86_64-unknown-linux-gnu/lib/libmemchr-12a772286de2fca7.rlib" "/opt/rustwide/rustup-home/toolchains/nightly-2024-10-28-x86_64-unknown-linux-gnu/lib/rustlib/x86_64-unknown-linux-gnu/lib/libaddr2line-023bbe5ada7abfc3.rlib" "/opt/rustwide/rustup-home/toolchains/nightly-2024-10-28-x86_64-unknown-linux-gnu/lib/rustlib/x86_64-unknown-linux-gnu/lib/libgimli-de2bcdf10ec69c2b.rlib" "/opt/rustwide/rustup-home/toolchains/nightly-2024-10-28-x86_64-unknown-linux-gnu/lib/rustlib/x86_64-unknown-linux-gnu/lib/librustc_demangle-8e1754df350800fd.rlib" "/opt/rustwide/rustup-home/toolchains/nightly-2024-10-28-x86_64-unknown-linux-gnu/lib/rustlib/x86_64-unknown-linux-gnu/lib/libstd_detect-06c2ab7b9c32e037.rlib" "/opt/rustwide/rustup-home/toolchains/nightly-2024-10-28-x86_64-unknown-linux-gnu/lib/rustlib/x86_64-unknown-linux-gnu/lib/libhashbrown-51d2621fc57a281b.rlib" "/opt/rustwide/rustup-home/toolchains/nightly-2024-10-28-x86_64-unknown-linux-gnu/lib/rustlib/x86_64-unknown-linux-gnu/lib/librustc_std_workspace_alloc-54a930408793772f.rlib" "/opt/rustwide/rustup-home/toolchains/nightly-2024-10-28-x86_64-unknown-linux-gnu/lib/rustlib/x86_64-unknown-linux-gnu/lib/libminiz_oxide-0c7d01cba400dcb2.rlib" "/opt/rustwide/rustup-home/toolchains/nightly-2024-10-28-x86_64-unknown-linux-gnu/lib/rustlib/x86_64-unknown-linux-gnu/lib/libadler-b9f84d69e331b75b.rlib" "/opt/rustwide/rustup-home/toolchains/nightly-2024-10-28-x86_64-unknown-linux-gnu/lib/rustlib/x86_64-unknown-linux-gnu/lib/libunwind-eec95493246aae39.rlib" "/opt/rustwide/rustup-home/toolchains/nightly-2024-10-28-x86_64-unknown-linux-gnu/lib/rustlib/x86_64-unknown-linux-gnu/lib/libcfg_if-6f6676c475e08ab0.rlib" "/opt/rustwide/rustup-home/toolchains/nightly-2024-10-28-x86_64-unknown-linux-gnu/lib/rustlib/x86_64-unknown-linux-gnu/lib/liblibc-799d520624f8b2e0.rlib" "/opt/rustwide/rustup-home/toolchains/nightly-2024-10-28-x86_64-unknown-linux-gnu/lib/rustlib/x86_64-unknown-linux-gnu/lib/liballoc-fcf93d4842acd9a9.rlib" "/opt/rustwide/rustup-home/toolchains/nightly-2024-10-28-x86_64-unknown-linux-gnu/lib/rustlib/x86_64-unknown-linux-gnu/lib/librustc_std_workspace_core-395a38b8e0851c9b.rlib" "/opt/rustwide/rustup-home/toolchains/nightly-2024-10-28-x86_64-unknown-linux-gnu/lib/rustlib/x86_64-unknown-linux-gnu/lib/libcore-d453bab70303062c.rlib" "/opt/rustwide/rustup-home/toolchains/nightly-2024-10-28-x86_64-unknown-linux-gnu/lib/rustlib/x86_64-unknown-linux-gnu/lib/libcompiler_builtins-0e6386368b0a24e8.rlib" "-Wl,-Bdynamic" "-lgcc_s" "-lutil" "-lrt" "-lpthread" "-lm" "-ldl" "-lc" "-B/opt/rustwide/rustup-home/toolchains/nightly-2024-10-28-x86_64-unknown-linux-gnu/lib/rustlib/x86_64-unknown-linux-gnu/bin/gcc-ld" "-fuse-ld=lld" "-Wl,--eh-frame-hdr" "-Wl,-z,noexecstack" "-L" "/opt/rustwide/rustup-home/toolchains/nightly-2024-10-28-x86_64-unknown-linux-gnu/lib/rustlib/x86_64-unknown-linux-gnu/lib" "-o" "/opt/rustwide/target/debug/deps/kendall-2648c052139c69d1" "-Wl,--gc-sections" "-pie" "-Wl,-z,relro,-z,now" "-nodefaultlibs"
[INFO] [stdout]   = note: rust-lld: error: undefined symbol: PyExc_Exception
[INFO] [stdout]           >>> referenced by exceptions.rs:309 (/opt/rustwide/cargo-home/registry/src/index.crates.io-6f17d22bba15001f/pyo3-0.22.2/src/exceptions.rs:309)
[INFO] [stdout]           >>>               ggca.ggca.3a72f9cac4fc9d58-cgu.02.rcgu.o:(_$LT$pyo3..exceptions..PyException$u20$as$u20$pyo3..type_object..PyTypeInfo$GT$::type_object_raw::_$u7b$$u7b$closure$u7d$$u7d$::hf06ec5236bb4b8da) in archive /opt/rustwide/target/debug/deps/libggca.rlib
[INFO] [stdout]           
[INFO] [stdout]           rust-lld: error: undefined symbol: PyObject_GetAttr
[INFO] [stdout]           >>> referenced by any.rs:1798 (src/types/any.rs:1798)
[INFO] [stdout]           >>>               pyo3-3bc725e8a1464c06.pyo3.cdcb06a4f24f1901-cgu.15.rcgu.o:(_$LT$pyo3..instance..Bound$LT$pyo3..types..any..PyAny$GT$$u20$as$u20$pyo3..types..any..PyAnyMethods$GT$::getattr::inner::h65442f2a1548eb13) in archive /opt/rustwide/target/debug/deps/libpyo3-3bc725e8a1464c06.rlib
[INFO] [stdout]           
[INFO] [stdout]           rust-lld: error: undefined symbol: Py_IsInitialized
[INFO] [stdout]           >>> referenced by gil.rs:80 (src/gil.rs:80)
[INFO] [stdout]           >>>               pyo3-3bc725e8a1464c06.pyo3.cdcb06a4f24f1901-cgu.11.rcgu.o:(pyo3::gil::prepare_freethreaded_python::_$u7b$$u7b$closure$u7d$$u7d$::he99ab02646eeb201) in archive /opt/rustwide/target/debug/deps/libpyo3-3bc725e8a1464c06.rlib
[INFO] [stdout]           >>> referenced by gil.rs:199 (src/gil.rs:199)
[INFO] [stdout]           >>>               pyo3-3bc725e8a1464c06.pyo3.cdcb06a4f24f1901-cgu.11.rcgu.o:(pyo3::gil::GILGuard::acquire::_$u7b$$u7b$closure$u7d$$u7d$::hcffedefb4fa9e19d) in archive /opt/rustwide/target/debug/deps/libpyo3-3bc725e8a1464c06.rlib
[INFO] [stdout]           
[INFO] [stdout]           rust-lld: error: undefined symbol: Py_InitializeEx
[INFO] [stdout]           >>> referenced by gil.rs:81 (src/gil.rs:81)
[INFO] [stdout]           >>>               pyo3-3bc725e8a1464c06.pyo3.cdcb06a4f24f1901-cgu.11.rcgu.o:(pyo3::gil::prepare_freethreaded_python::_$u7b$$u7b$closure$u7d$$u7d$::he99ab02646eeb201) in archive /opt/rustwide/target/debug/deps/libpyo3-3bc725e8a1464c06.rlib
[INFO] [stdout]           
[INFO] [stdout]           rust-lld: error: undefined symbol: PyEval_SaveThread
[INFO] [stdout]           >>> referenced by gil.rs:84 (src/gil.rs:84)
[INFO] [stdout]           >>>               pyo3-3bc725e8a1464c06.pyo3.cdcb06a4f24f1901-cgu.11.rcgu.o:(pyo3::gil::prepare_freethreaded_python::_$u7b$$u7b$closure$u7d$$u7d$::he99ab02646eeb201) in archive /opt/rustwide/target/debug/deps/libpyo3-3bc725e8a1464c06.rlib
[INFO] [stdout]           
[INFO] [stdout]           rust-lld: error: undefined symbol: PyGILState_Ensure
[INFO] [stdout]           >>> referenced by gil.rs:224 (src/gil.rs:224)
[INFO] [stdout]           >>>               pyo3-3bc725e8a1464c06.pyo3.cdcb06a4f24f1901-cgu.11.rcgu.o:(pyo3::gil::GILGuard::acquire_unchecked::h99d9b13d25cd8e20) in archive /opt/rustwide/target/debug/deps/libpyo3-3bc725e8a1464c06.rlib
[INFO] [stdout]           
[INFO] [stdout]           rust-lld: error: undefined symbol: PyUnicode_FromStringAndSize
[INFO] [stdout]           >>> referenced by string.rs:167 (src/types/string.rs:167)
[INFO] [stdout]           >>>               pyo3-3bc725e8a1464c06.pyo3.cdcb06a4f24f1901-cgu.09.rcgu.o:(pyo3::types::string::PyString::new_bound::h90e4b61309af45b8) in archive /opt/rustwide/target/debug/deps/libpyo3-3bc725e8a1464c06.rlib
[INFO] [stdout]           >>> referenced by string.rs:185 (src/types/string.rs:185)
[INFO] [stdout]           >>>               pyo3-3bc725e8a1464c06.pyo3.cdcb06a4f24f1901-cgu.09.rcgu.o:(pyo3::types::string::PyString::intern_bound::hab23174f69138f73) in archive /opt/rustwide/target/debug/deps/libpyo3-3bc725e8a1464c06.rlib
[INFO] [stdout]           
[INFO] [stdout]           rust-lld: error: undefined symbol: PyUnicode_InternInPlace
[INFO] [stdout]           >>> referenced by string.rs:187 (src/types/string.rs:187)
[INFO] [stdout]           >>>               pyo3-3bc725e8a1464c06.pyo3.cdcb06a4f24f1901-cgu.09.rcgu.o:(pyo3::types::string::PyString::intern_bound::hab23174f69138f73) in archive /opt/rustwide/target/debug/deps/libpyo3-3bc725e8a1464c06.rlib
[INFO] [stdout]           
[INFO] [stdout]           rust-lld: error: undefined symbol: PyGILState_Release
[INFO] [stdout]           >>> referenced by gil.rs:273 (src/gil.rs:273)
[INFO] [stdout]           >>>               pyo3-3bc725e8a1464c06.pyo3.cdcb06a4f24f1901-cgu.11.rcgu.o:(_$LT$pyo3..gil..GILGuard$u20$as$u20$core..ops..drop..Drop$GT$::drop::hb5fb3cfc01a04f6e) in archive /opt/rustwide/target/debug/deps/libpyo3-3bc725e8a1464c06.rlib
[INFO] [stdout]           
[INFO] [stdout]           rust-lld: error: undefined symbol: _Py_Dealloc
[INFO] [stdout]           >>> referenced by object.rs:620 (/opt/rustwide/cargo-home/registry/src/index.crates.io-6f17d22bba15001f/pyo3-ffi-0.22.2/src/object.rs:620)
[INFO] [stdout]           >>>               pyo3-3bc725e8a1464c06.pyo3.cdcb06a4f24f1901-cgu.11.rcgu.o:(pyo3::gil::ReferencePool::update_counts::hc55c3582a05e881c) in archive /opt/rustwide/target/debug/deps/libpyo3-3bc725e8a1464c06.rlib
[INFO] [stdout]           >>> referenced by object.rs:620 (/opt/rustwide/cargo-home/registry/src/index.crates.io-6f17d22bba15001f/pyo3-ffi-0.22.2/src/object.rs:620)
[INFO] [stdout]           >>>               pyo3-3bc725e8a1464c06.pyo3.cdcb06a4f24f1901-cgu.11.rcgu.o:(pyo3::gil::register_decref::h2e1e6c4030e6dc0e) in archive /opt/rustwide/target/debug/deps/libpyo3-3bc725e8a1464c06.rlib
[INFO] [stdout]           >>> referenced by object.rs:620 (/opt/rustwide/cargo-home/registry/src/index.crates.io-6f17d22bba15001f/pyo3-ffi-0.22.2/src/object.rs:620)
[INFO] [stdout]           >>>               pyo3-3bc725e8a1464c06.pyo3.cdcb06a4f24f1901-cgu.00.rcgu.o:(_$LT$pyo3..instance..Bound$LT$T$GT$$u20$as$u20$core..ops..drop..Drop$GT$::drop::h54a5dc6875fd9d53) in archive /opt/rustwide/target/debug/deps/libpyo3-3bc725e8a1464c06.rlib
[INFO] [stdout]           >>> referenced 5 more times
[INFO] [stdout]           
[INFO] [stdout]           rust-lld: error: undefined symbol: PyErr_NormalizeException
[INFO] [stdout]           >>> referenced by err_state.rs:167 (src/err/err_state.rs:167)
[INFO] [stdout]           >>>               pyo3-3bc725e8a1464c06.pyo3.cdcb06a4f24f1901-cgu.06.rcgu.o:(pyo3::err::err_state::PyErrState::normalize::h592832520801ee44) in archive /opt/rustwide/target/debug/deps/libpyo3-3bc725e8a1464c06.rlib
[INFO] [stdout]           >>> referenced by err_state.rs:225 (src/err/err_state.rs:225)
[INFO] [stdout]           >>>               pyo3-3bc725e8a1464c06.pyo3.cdcb06a4f24f1901-cgu.06.rcgu.o:(pyo3::err::err_state::lazy_into_normalized_ffi_tuple::h394d2396a4a4ee80) in archive /opt/rustwide/target/debug/deps/libpyo3-3bc725e8a1464c06.rlib
[INFO] [stdout]           
[INFO] [stdout]           rust-lld: error: undefined symbol: PyErr_Restore
[INFO] [stdout]           >>> referenced by err_state.rs:198 (src/err/err_state.rs:198)
[INFO] [stdout]           >>>               pyo3-3bc725e8a1464c06.pyo3.cdcb06a4f24f1901-cgu.06.rcgu.o:(pyo3::err::err_state::PyErrState::restore::ha16e79523d8d013b) in archive /opt/rustwide/target/debug/deps/libpyo3-3bc725e8a1464c06.rlib
[INFO] [stdout]           
[INFO] [stdout]           rust-lld: error: undefined symbol: PyErr_Fetch
[INFO] [stdout]           >>> referenced by err_state.rs:224 (src/err/err_state.rs:224)
[INFO] [stdout]           >>>               pyo3-3bc725e8a1464c06.pyo3.cdcb06a4f24f1901-cgu.06.rcgu.o:(pyo3::err::err_state::lazy_into_normalized_ffi_tuple::h394d2396a4a4ee80) in archive /opt/rustwide/target/debug/deps/libpyo3-3bc725e8a1464c06.rlib
[INFO] [stdout]           >>> referenced by mod.rs:403 (src/err/mod.rs:403)
[INFO] [stdout]           >>>               pyo3-3bc725e8a1464c06.pyo3.cdcb06a4f24f1901-cgu.04.rcgu.o:(pyo3::err::PyErr::_take::h03c90246d58dce2f) in archive /opt/rustwide/target/debug/deps/libpyo3-3bc725e8a1464c06.rlib
[INFO] [stdout]           
[INFO] [stdout]           rust-lld: error: undefined symbol: PyErr_SetString
[INFO] [stdout]           >>> referenced by err_state.rs:241 (src/err/err_state.rs:241)
[INFO] [stdout]           >>>               pyo3-3bc725e8a1464c06.pyo3.cdcb06a4f24f1901-cgu.06.rcgu.o:(pyo3::err::err_state::raise_lazy::h165f1a551fc4bf30) in archive /opt/rustwide/target/debug/deps/libpyo3-3bc725e8a1464c06.rlib
[INFO] [stdout]           
[INFO] [stdout]           rust-lld: error: undefined symbol: PyErr_SetObject
[INFO] [stdout]           >>> referenced by err_state.rs:246 (src/err/err_state.rs:246)
[INFO] [stdout]           >>>               pyo3-3bc725e8a1464c06.pyo3.cdcb06a4f24f1901-cgu.06.rcgu.o:(pyo3::err::err_state::raise_lazy::h165f1a551fc4bf30) in archive /opt/rustwide/target/debug/deps/libpyo3-3bc725e8a1464c06.rlib
[INFO] [stdout]           
[INFO] [stdout]           rust-lld: error: undefined symbol: PyExc_BaseException
[INFO] [stdout]           >>> referenced by exceptions.rs:309 (src/exceptions.rs:309)
[INFO] [stdout]           >>>               pyo3-3bc725e8a1464c06.pyo3.cdcb06a4f24f1901-cgu.06.rcgu.o:(_$LT$pyo3..exceptions..PyBaseException$u20$as$u20$pyo3..type_object..PyTypeInfo$GT$::type_object_raw::_$u7b$$u7b$closure$u7d$$u7d$::h440e356c1342f152) in archive /opt/rustwide/target/debug/deps/libpyo3-3bc725e8a1464c06.rlib
[INFO] [stdout]           
[INFO] [stdout]           rust-lld: error: undefined symbol: PyExc_OSError
[INFO] [stdout]           >>> referenced by exceptions.rs:309 (src/exceptions.rs:309)
[INFO] [stdout]           >>>               pyo3-3bc725e8a1464c06.pyo3.cdcb06a4f24f1901-cgu.06.rcgu.o:(_$LT$pyo3..exceptions..PyOSError$u20$as$u20$pyo3..type_object..PyTypeInfo$GT$::type_object_raw::_$u7b$$u7b$closure$u7d$$u7d$::h1297ad307c788f32) in archive /opt/rustwide/target/debug/deps/libpyo3-3bc725e8a1464c06.rlib
[INFO] [stdout]           
[INFO] [stdout]           rust-lld: error: undefined symbol: PyExc_TypeError
[INFO] [stdout]           >>> referenced by exceptions.rs:309 (src/exceptions.rs:309)
[INFO] [stdout]           >>>               pyo3-3bc725e8a1464c06.pyo3.cdcb06a4f24f1901-cgu.06.rcgu.o:(_$LT$pyo3..exceptions..PyTypeError$u20$as$u20$pyo3..type_object..PyTypeInfo$GT$::type_object_raw::_$u7b$$u7b$closure$u7d$$u7d$::h3819f1fa805595ca) in archive /opt/rustwide/target/debug/deps/libpyo3-3bc725e8a1464c06.rlib
[INFO] [stdout]           
[INFO] [stdout]           rust-lld: error: undefined symbol: PyExc_BlockingIOError
[INFO] [stdout]           >>> referenced by exceptions.rs:309 (src/exceptions.rs:309)
[INFO] [stdout]           >>>               pyo3-3bc725e8a1464c06.pyo3.cdcb06a4f24f1901-cgu.06.rcgu.o:(_$LT$pyo3..exceptions..PyBlockingIOError$u20$as$u20$pyo3..type_object..PyTypeInfo$GT$::type_object_raw::_$u7b$$u7b$closure$u7d$$u7d$::h42bb69e9e6d3b207) in archive /opt/rustwide/target/debug/deps/libpyo3-3bc725e8a1464c06.rlib
[INFO] [stdout]           
[INFO] [stdout]           rust-lld: error: undefined symbol: PyExc_BrokenPipeError
[INFO] [stdout]           >>> referenced by exceptions.rs:309 (src/exceptions.rs:309)
[INFO] [stdout]           >>>               pyo3-3bc725e8a1464c06.pyo3.cdcb06a4f24f1901-cgu.06.rcgu.o:(_$LT$pyo3..exceptions..PyBrokenPipeError$u20$as$u20$pyo3..type_object..PyTypeInfo$GT$::type_object_raw::_$u7b$$u7b$closure$u7d$$u7d$::he86eabf38933fd1b) in archive /opt/rustwide/target/debug/deps/libpyo3-3bc725e8a1464c06.rlib
[INFO] [stdout]           
[INFO] [stdout]           rust-lld: error: too many errors emitted, stopping now (use --error-limit=0 to see all errors)
[INFO] [stdout]           collect2: error: ld returned 1 exit status
[INFO] [stdout]           
[INFO] [stdout] 
[INFO] [stdout] 
[INFO] [stderr] error: could not compile `ggca` (test "kendall") due to 1 previous error
[INFO] [stdout] error: linking with `cc` failed: exit status: 1
[INFO] [stdout]   |
[INFO] [stdout]   = note: LC_ALL="C" PATH="/opt/rustwide/rustup-home/toolchains/nightly-2024-10-28-x86_64-unknown-linux-gnu/lib/rustlib/x86_64-unknown-linux-gnu/bin:/opt/rustwide/rustup-home/toolchains/nightly-2024-10-28-x86_64-unknown-linux-gnu/lib/rustlib/x86_64-unknown-linux-gnu/bin/self-contained:/opt/rustwide/cargo-home/bin:/usr/local/sbin:/usr/local/bin:/usr/sbin:/usr/bin:/sbin:/bin" VSLANG="1033" "cc" "-m64" "/tmp/rustcVvlsgB/symbols.o" "/opt/rustwide/target/debug/deps/spearman-adecf2d8675e5e18.spearman.7058cb29fb9739d8-cgu.0.rcgu.o" "/opt/rustwide/target/debug/deps/spearman-adecf2d8675e5e18.spearman.7058cb29fb9739d8-cgu.1.rcgu.o" "/opt/rustwide/target/debug/deps/spearman-adecf2d8675e5e18.spearman.7058cb29fb9739d8-cgu.2.rcgu.o" "/opt/rustwide/target/debug/deps/spearman-adecf2d8675e5e18.bbhh3q2a2mqwds717ubavvvkg.rcgu.o" "-Wl,--as-needed" "-Wl,-Bstatic" "/opt/rustwide/rustup-home/toolchains/nightly-2024-10-28-x86_64-unknown-linux-gnu/lib/rustlib/x86_64-unknown-linux-gnu/lib/libtest-a09fad3b5321e7d6.rlib" "/opt/rustwide/rustup-home/toolchains/nightly-2024-10-28-x86_64-unknown-linux-gnu/lib/rustlib/x86_64-unknown-linux-gnu/lib/libgetopts-f9c3dff41ad42661.rlib" "/opt/rustwide/rustup-home/toolchains/nightly-2024-10-28-x86_64-unknown-linux-gnu/lib/rustlib/x86_64-unknown-linux-gnu/lib/libunicode_width-ad2aef31af6addd3.rlib" "/opt/rustwide/rustup-home/toolchains/nightly-2024-10-28-x86_64-unknown-linux-gnu/lib/rustlib/x86_64-unknown-linux-gnu/lib/librustc_std_workspace_std-e3f907dc03deb913.rlib" "/opt/rustwide/target/debug/deps/liblazy_static-7af2f34f8b124b26.rlib" "/opt/rustwide/target/debug/deps/libggca.rlib" "/opt/rustwide/target/debug/deps/libfast_float-e8480e9d7b8be7b9.rlib" "/opt/rustwide/target/debug/deps/libenv_logger-2d31bda79de6d1d2.rlib" "/opt/rustwide/target/debug/deps/libatty-760c34c6de7fc7ed.rlib" "/opt/rustwide/target/debug/deps/libtermcolor-116a8f6e8f4ddb54.rlib" "/opt/rustwide/target/debug/deps/libhumantime-28a5c7939082a25f.rlib" "/opt/rustwide/target/debug/deps/libregex-68abae7efdb88f71.rlib" "/opt/rustwide/target/debug/deps/libregex_automata-24fd23fa667a8288.rlib" "/opt/rustwide/target/debug/deps/libaho_corasick-417a2760a2457731.rlib" "/opt/rustwide/target/debug/deps/libregex_syntax-fbaffb23719136b3.rlib" "/opt/rustwide/target/debug/deps/libcsv-1ca490f938d6c6df.rlib" "/opt/rustwide/target/debug/deps/libryu-2ae7af5af0bb88e0.rlib" "/opt/rustwide/target/debug/deps/libitoa-add5260810035b6e.rlib" "/opt/rustwide/target/debug/deps/libcsv_core-f6d4002bf054a674.rlib" "/opt/rustwide/target/debug/deps/libmemchr-c7ff0286392b94eb.rlib" "/opt/rustwide/target/debug/deps/libstatrs-988289baac73ad2a.rlib" "/opt/rustwide/target/debug/deps/libnalgebra-938da7cd4236ee12.rlib" "/opt/rustwide/target/debug/deps/librand_distr-2fbebe5c74f9618c.rlib" "/opt/rustwide/target/debug/deps/libmatrixmultiply-de4dbfa913939064.rlib" "/opt/rustwide/target/debug/deps/librawpointer-9a82b3d0237eca24.rlib" "/opt/rustwide/target/debug/deps/libnum_rational-14adc01324ce97d0.rlib" "/opt/rustwide/target/debug/deps/libnum_integer-e71030526d74f26a.rlib" "/opt/rustwide/target/debug/deps/libtypenum-5326f72807cfe834.rlib" "/opt/rustwide/target/debug/deps/libsimba-8229d866488ac80b.rlib" "/opt/rustwide/target/debug/deps/libwide-285c74ac54d4eef9.rlib" "/opt/rustwide/target/debug/deps/libsafe_arch-d756f9e67c25390f.rlib" "/opt/rustwide/target/debug/deps/libbytemuck-5606be9f679e0270.rlib" "/opt/rustwide/target/debug/deps/libnum_complex-db691ac8f46affeb.rlib" "/opt/rustwide/target/debug/deps/librand-4ba4d0be7f3c11b0.rlib" "/opt/rustwide/target/debug/deps/librand_chacha-eba0c0e050243b5c.rlib" "/opt/rustwide/target/debug/deps/libppv_lite86-905fd835b337451d.rlib" "/opt/rustwide/target/debug/deps/librand_core-77889abe69efb228.rlib" "/opt/rustwide/target/debug/deps/libgetrandom-838c6bdbc612a754.rlib" "/opt/rustwide/target/debug/deps/libbincode-31be0e9f5f3a9c9e.rlib" "/opt/rustwide/target/debug/deps/libserde-31d0c5090b001ee4.rlib" "/opt/rustwide/target/debug/deps/liblog-e7e7e8ec9ff686da.rlib" "/opt/rustwide/target/debug/deps/libitertools-36715a107a4e0f67.rlib" "/opt/rustwide/target/debug/deps/libpyo3-3bc725e8a1464c06.rlib" "/opt/rustwide/target/debug/deps/libmemoffset-8fb166f7d06174d0.rlib" "/opt/rustwide/target/debug/deps/libonce_cell-795d6939e3fe8636.rlib" "/opt/rustwide/target/debug/deps/libpyo3_ffi-687eb0cf78d063b9.rlib" "/opt/rustwide/target/debug/deps/liblibc-98dbae3fd83efd2b.rlib" "/opt/rustwide/target/debug/deps/libunindent-d4a81d586b9d0458.rlib" "/opt/rustwide/target/debug/deps/libextsort-c6f5b41e862129ba.rlib" "/opt/rustwide/target/debug/deps/libtempfile-115f5ef912ef6d64.rlib" "/opt/rustwide/target/debug/deps/libfastrand-73ab135c942e83f7.rlib" "/opt/rustwide/target/debug/deps/librustix-54b2d193e958bc27.rlib" "/opt/rustwide/target/debug/deps/libbitflags-2a54fc7d8f815a15.rlib" "/opt/rustwide/target/debug/deps/liblinux_raw_sys-b77fbec2cd3ef233.rlib" "/opt/rustwide/target/debug/deps/libcfg_if-57bf25c23e31efdb.rlib" "/opt/rustwide/target/debug/deps/librayon-9eef7b85944a64b9.rlib" "/opt/rustwide/target/debug/deps/librayon_core-a58a5f58eb9ad7db.rlib" "/opt/rustwide/target/debug/deps/libcrossbeam_deque-858959b96805030a.rlib" "/opt/rustwide/target/debug/deps/libcrossbeam_epoch-b5a33f884d5450b9.rlib" "/opt/rustwide/target/debug/deps/libcrossbeam_utils-fd980c92aed8cdbe.rlib" "/opt/rustwide/target/debug/deps/libeither-386a0ff0e76518e4.rlib" "/opt/rustwide/target/debug/deps/libapprox-c562db7468407b7b.rlib" "/opt/rustwide/target/debug/deps/libnum_traits-a3a38b2bbfcd825e.rlib" "/opt/rustwide/rustup-home/toolchains/nightly-2024-10-28-x86_64-unknown-linux-gnu/lib/rustlib/x86_64-unknown-linux-gnu/lib/libstd-fb8c387236db3c10.rlib" "/opt/rustwide/rustup-home/toolchains/nightly-2024-10-28-x86_64-unknown-linux-gnu/lib/rustlib/x86_64-unknown-linux-gnu/lib/libpanic_unwind-b251837809b2f64b.rlib" "/opt/rustwide/rustup-home/toolchains/nightly-2024-10-28-x86_64-unknown-linux-gnu/lib/rustlib/x86_64-unknown-linux-gnu/lib/libobject-cbef83eaa4e01f04.rlib" "/opt/rustwide/rustup-home/toolchains/nightly-2024-10-28-x86_64-unknown-linux-gnu/lib/rustlib/x86_64-unknown-linux-gnu/lib/libmemchr-12a772286de2fca7.rlib" "/opt/rustwide/rustup-home/toolchains/nightly-2024-10-28-x86_64-unknown-linux-gnu/lib/rustlib/x86_64-unknown-linux-gnu/lib/libaddr2line-023bbe5ada7abfc3.rlib" "/opt/rustwide/rustup-home/toolchains/nightly-2024-10-28-x86_64-unknown-linux-gnu/lib/rustlib/x86_64-unknown-linux-gnu/lib/libgimli-de2bcdf10ec69c2b.rlib" "/opt/rustwide/rustup-home/toolchains/nightly-2024-10-28-x86_64-unknown-linux-gnu/lib/rustlib/x86_64-unknown-linux-gnu/lib/librustc_demangle-8e1754df350800fd.rlib" "/opt/rustwide/rustup-home/toolchains/nightly-2024-10-28-x86_64-unknown-linux-gnu/lib/rustlib/x86_64-unknown-linux-gnu/lib/libstd_detect-06c2ab7b9c32e037.rlib" "/opt/rustwide/rustup-home/toolchains/nightly-2024-10-28-x86_64-unknown-linux-gnu/lib/rustlib/x86_64-unknown-linux-gnu/lib/libhashbrown-51d2621fc57a281b.rlib" "/opt/rustwide/rustup-home/toolchains/nightly-2024-10-28-x86_64-unknown-linux-gnu/lib/rustlib/x86_64-unknown-linux-gnu/lib/librustc_std_workspace_alloc-54a930408793772f.rlib" "/opt/rustwide/rustup-home/toolchains/nightly-2024-10-28-x86_64-unknown-linux-gnu/lib/rustlib/x86_64-unknown-linux-gnu/lib/libminiz_oxide-0c7d01cba400dcb2.rlib" "/opt/rustwide/rustup-home/toolchains/nightly-2024-10-28-x86_64-unknown-linux-gnu/lib/rustlib/x86_64-unknown-linux-gnu/lib/libadler-b9f84d69e331b75b.rlib" "/opt/rustwide/rustup-home/toolchains/nightly-2024-10-28-x86_64-unknown-linux-gnu/lib/rustlib/x86_64-unknown-linux-gnu/lib/libunwind-eec95493246aae39.rlib" "/opt/rustwide/rustup-home/toolchains/nightly-2024-10-28-x86_64-unknown-linux-gnu/lib/rustlib/x86_64-unknown-linux-gnu/lib/libcfg_if-6f6676c475e08ab0.rlib" "/opt/rustwide/rustup-home/toolchains/nightly-2024-10-28-x86_64-unknown-linux-gnu/lib/rustlib/x86_64-unknown-linux-gnu/lib/liblibc-799d520624f8b2e0.rlib" "/opt/rustwide/rustup-home/toolchains/nightly-2024-10-28-x86_64-unknown-linux-gnu/lib/rustlib/x86_64-unknown-linux-gnu/lib/liballoc-fcf93d4842acd9a9.rlib" "/opt/rustwide/rustup-home/toolchains/nightly-2024-10-28-x86_64-unknown-linux-gnu/lib/rustlib/x86_64-unknown-linux-gnu/lib/librustc_std_workspace_core-395a38b8e0851c9b.rlib" "/opt/rustwide/rustup-home/toolchains/nightly-2024-10-28-x86_64-unknown-linux-gnu/lib/rustlib/x86_64-unknown-linux-gnu/lib/libcore-d453bab70303062c.rlib" "/opt/rustwide/rustup-home/toolchains/nightly-2024-10-28-x86_64-unknown-linux-gnu/lib/rustlib/x86_64-unknown-linux-gnu/lib/libcompiler_builtins-0e6386368b0a24e8.rlib" "-Wl,-Bdynamic" "-lgcc_s" "-lutil" "-lrt" "-lpthread" "-lm" "-ldl" "-lc" "-B/opt/rustwide/rustup-home/toolchains/nightly-2024-10-28-x86_64-unknown-linux-gnu/lib/rustlib/x86_64-unknown-linux-gnu/bin/gcc-ld" "-fuse-ld=lld" "-Wl,--eh-frame-hdr" "-Wl,-z,noexecstack" "-L" "/opt/rustwide/rustup-home/toolchains/nightly-2024-10-28-x86_64-unknown-linux-gnu/lib/rustlib/x86_64-unknown-linux-gnu/lib" "-o" "/opt/rustwide/target/debug/deps/spearman-adecf2d8675e5e18" "-Wl,--gc-sections" "-pie" "-Wl,-z,relro,-z,now" "-nodefaultlibs"
[INFO] [stdout]   = note: rust-lld: error: undefined symbol: PyObject_GetAttr
[INFO] [stdout]           >>> referenced by any.rs:1798 (src/types/any.rs:1798)
[INFO] [stdout]           >>>               pyo3-3bc725e8a1464c06.pyo3.cdcb06a4f24f1901-cgu.15.rcgu.o:(_$LT$pyo3..instance..Bound$LT$pyo3..types..any..PyAny$GT$$u20$as$u20$pyo3..types..any..PyAnyMethods$GT$::getattr::inner::h65442f2a1548eb13) in archive /opt/rustwide/target/debug/deps/libpyo3-3bc725e8a1464c06.rlib
[INFO] [stdout]           
[INFO] [stdout]           rust-lld: error: undefined symbol: Py_IsInitialized
[INFO] [stdout]           >>> referenced by gil.rs:80 (src/gil.rs:80)
[INFO] [stdout]           >>>               pyo3-3bc725e8a1464c06.pyo3.cdcb06a4f24f1901-cgu.11.rcgu.o:(pyo3::gil::prepare_freethreaded_python::_$u7b$$u7b$closure$u7d$$u7d$::he99ab02646eeb201) in archive /opt/rustwide/target/debug/deps/libpyo3-3bc725e8a1464c06.rlib
[INFO] [stdout]           >>> referenced by gil.rs:199 (src/gil.rs:199)
[INFO] [stdout]           >>>               pyo3-3bc725e8a1464c06.pyo3.cdcb06a4f24f1901-cgu.11.rcgu.o:(pyo3::gil::GILGuard::acquire::_$u7b$$u7b$closure$u7d$$u7d$::hcffedefb4fa9e19d) in archive /opt/rustwide/target/debug/deps/libpyo3-3bc725e8a1464c06.rlib
[INFO] [stdout]           
[INFO] [stdout]           rust-lld: error: undefined symbol: Py_InitializeEx
[INFO] [stdout]           >>> referenced by gil.rs:81 (src/gil.rs:81)
[INFO] [stdout]           >>>               pyo3-3bc725e8a1464c06.pyo3.cdcb06a4f24f1901-cgu.11.rcgu.o:(pyo3::gil::prepare_freethreaded_python::_$u7b$$u7b$closure$u7d$$u7d$::he99ab02646eeb201) in archive /opt/rustwide/target/debug/deps/libpyo3-3bc725e8a1464c06.rlib
[INFO] [stdout]           
[INFO] [stdout]           rust-lld: error: undefined symbol: PyEval_SaveThread
[INFO] [stdout]           >>> referenced by gil.rs:84 (src/gil.rs:84)
[INFO] [stdout]           >>>               pyo3-3bc725e8a1464c06.pyo3.cdcb06a4f24f1901-cgu.11.rcgu.o:(pyo3::gil::prepare_freethreaded_python::_$u7b$$u7b$closure$u7d$$u7d$::he99ab02646eeb201) in archive /opt/rustwide/target/debug/deps/libpyo3-3bc725e8a1464c06.rlib
[INFO] [stdout]           
[INFO] [stdout]           rust-lld: error: undefined symbol: PyGILState_Ensure
[INFO] [stdout]           >>> referenced by gil.rs:224 (src/gil.rs:224)
[INFO] [stdout]           >>>               pyo3-3bc725e8a1464c06.pyo3.cdcb06a4f24f1901-cgu.11.rcgu.o:(pyo3::gil::GILGuard::acquire_unchecked::h99d9b13d25cd8e20) in archive /opt/rustwide/target/debug/deps/libpyo3-3bc725e8a1464c06.rlib
[INFO] [stdout]           
[INFO] [stdout]           rust-lld: error: undefined symbol: PyGILState_Release
[INFO] [stdout]           >>> referenced by gil.rs:273 (src/gil.rs:273)
[INFO] [stdout]           >>>               pyo3-3bc725e8a1464c06.pyo3.cdcb06a4f24f1901-cgu.11.rcgu.o:(_$LT$pyo3..gil..GILGuard$u20$as$u20$core..ops..drop..Drop$GT$::drop::hb5fb3cfc01a04f6e) in archive /opt/rustwide/target/debug/deps/libpyo3-3bc725e8a1464c06.rlib
[INFO] [stdout]           
[INFO] [stdout]           rust-lld: error: undefined symbol: _Py_Dealloc
[INFO] [stdout]           >>> referenced by object.rs:620 (/opt/rustwide/cargo-home/registry/src/index.crates.io-6f17d22bba15001f/pyo3-ffi-0.22.2/src/object.rs:620)
[INFO] [stdout]           >>>               pyo3-3bc725e8a1464c06.pyo3.cdcb06a4f24f1901-cgu.11.rcgu.o:(pyo3::gil::ReferencePool::update_counts::hc55c3582a05e881c) in archive /opt/rustwide/target/debug/deps/libpyo3-3bc725e8a1464c06.rlib
[INFO] [stdout]           >>> referenced by object.rs:620 (/opt/rustwide/cargo-home/registry/src/index.crates.io-6f17d22bba15001f/pyo3-ffi-0.22.2/src/object.rs:620)
[INFO] [stdout]           >>>               pyo3-3bc725e8a1464c06.pyo3.cdcb06a4f24f1901-cgu.11.rcgu.o:(pyo3::gil::register_decref::h2e1e6c4030e6dc0e) in archive /opt/rustwide/target/debug/deps/libpyo3-3bc725e8a1464c06.rlib
[INFO] [stdout]           >>> referenced by object.rs:620 (/opt/rustwide/cargo-home/registry/src/index.crates.io-6f17d22bba15001f/pyo3-ffi-0.22.2/src/object.rs:620)
[INFO] [stdout]           >>>               pyo3-3bc725e8a1464c06.pyo3.cdcb06a4f24f1901-cgu.00.rcgu.o:(_$LT$pyo3..instance..Bound$LT$T$GT$$u20$as$u20$core..ops..drop..Drop$GT$::drop::h54a5dc6875fd9d53) in archive /opt/rustwide/target/debug/deps/libpyo3-3bc725e8a1464c06.rlib
[INFO] [stdout]           >>> referenced 5 more times
[INFO] [stdout]           
[INFO] [stdout]           rust-lld: error: undefined symbol: PyUnicode_FromStringAndSize
[INFO] [stdout]           >>> referenced by string.rs:167 (src/types/string.rs:167)
[INFO] [stdout]           >>>               pyo3-3bc725e8a1464c06.pyo3.cdcb06a4f24f1901-cgu.09.rcgu.o:(pyo3::types::string::PyString::new_bound::h90e4b61309af45b8) in archive /opt/rustwide/target/debug/deps/libpyo3-3bc725e8a1464c06.rlib
[INFO] [stdout]           >>> referenced by string.rs:185 (src/types/string.rs:185)
[INFO] [stdout]           >>>               pyo3-3bc725e8a1464c06.pyo3.cdcb06a4f24f1901-cgu.09.rcgu.o:(pyo3::types::string::PyString::intern_bound::hab23174f69138f73) in archive /opt/rustwide/target/debug/deps/libpyo3-3bc725e8a1464c06.rlib
[INFO] [stdout]           
[INFO] [stdout]           rust-lld: error: undefined symbol: PyUnicode_InternInPlace
[INFO] [stdout]           >>> referenced by string.rs:187 (src/types/string.rs:187)
[INFO] [stdout]           >>>               pyo3-3bc725e8a1464c06.pyo3.cdcb06a4f24f1901-cgu.09.rcgu.o:(pyo3::types::string::PyString::intern_bound::hab23174f69138f73) in archive /opt/rustwide/target/debug/deps/libpyo3-3bc725e8a1464c06.rlib
[INFO] [stdout]           
[INFO] [stdout]           rust-lld: error: undefined symbol: PyErr_NormalizeException
[INFO] [stdout]           >>> referenced by err_state.rs:167 (src/err/err_state.rs:167)
[INFO] [stdout]           >>>               pyo3-3bc725e8a1464c06.pyo3.cdcb06a4f24f1901-cgu.06.rcgu.o:(pyo3::err::err_state::PyErrState::normalize::h592832520801ee44) in archive /opt/rustwide/target/debug/deps/libpyo3-3bc725e8a1464c06.rlib
[INFO] [stdout]           >>> referenced by err_state.rs:225 (src/err/err_state.rs:225)
[INFO] [stdout]           >>>               pyo3-3bc725e8a1464c06.pyo3.cdcb06a4f24f1901-cgu.06.rcgu.o:(pyo3::err::err_state::lazy_into_normalized_ffi_tuple::h394d2396a4a4ee80) in archive /opt/rustwide/target/debug/deps/libpyo3-3bc725e8a1464c06.rlib
[INFO] [stdout]           
[INFO] [stdout]           rust-lld: error: undefined symbol: PyErr_Restore
[INFO] [stdout]           >>> referenced by err_state.rs:198 (src/err/err_state.rs:198)
[INFO] [stdout]           >>>               pyo3-3bc725e8a1464c06.pyo3.cdcb06a4f24f1901-cgu.06.rcgu.o:(pyo3::err::err_state::PyErrState::restore::ha16e79523d8d013b) in archive /opt/rustwide/target/debug/deps/libpyo3-3bc725e8a1464c06.rlib
[INFO] [stdout]           
[INFO] [stdout]           rust-lld: error: undefined symbol: PyErr_Fetch
[INFO] [stdout]           >>> referenced by err_state.rs:224 (src/err/err_state.rs:224)
[INFO] [stdout]           >>>               pyo3-3bc725e8a1464c06.pyo3.cdcb06a4f24f1901-cgu.06.rcgu.o:(pyo3::err::err_state::lazy_into_normalized_ffi_tuple::h394d2396a4a4ee80) in archive /opt/rustwide/target/debug/deps/libpyo3-3bc725e8a1464c06.rlib
[INFO] [stdout]           >>> referenced by mod.rs:403 (src/err/mod.rs:403)
[INFO] [stdout]           >>>               pyo3-3bc725e8a1464c06.pyo3.cdcb06a4f24f1901-cgu.04.rcgu.o:(pyo3::err::PyErr::_take::h03c90246d58dce2f) in archive /opt/rustwide/target/debug/deps/libpyo3-3bc725e8a1464c06.rlib
[INFO] [stdout]           
[INFO] [stdout]           rust-lld: error: undefined symbol: PyErr_SetString
[INFO] [stdout]           >>> referenced by err_state.rs:241 (src/err/err_state.rs:241)
[INFO] [stdout]           >>>               pyo3-3bc725e8a1464c06.pyo3.cdcb06a4f24f1901-cgu.06.rcgu.o:(pyo3::err::err_state::raise_lazy::h165f1a551fc4bf30) in archive /opt/rustwide/target/debug/deps/libpyo3-3bc725e8a1464c06.rlib
[INFO] [stdout]           
[INFO] [stdout]           rust-lld: error: undefined symbol: PyErr_SetObject
[INFO] [stdout]           >>> referenced by err_state.rs:246 (src/err/err_state.rs:246)
[INFO] [stdout]           >>>               pyo3-3bc725e8a1464c06.pyo3.cdcb06a4f24f1901-cgu.06.rcgu.o:(pyo3::err::err_state::raise_lazy::h165f1a551fc4bf30) in archive /opt/rustwide/target/debug/deps/libpyo3-3bc725e8a1464c06.rlib
[INFO] [stdout]           
[INFO] [stdout]           rust-lld: error: undefined symbol: PyExc_BaseException
[INFO] [stdout]           >>> referenced by exceptions.rs:309 (src/exceptions.rs:309)
[INFO] [stdout]           >>>               pyo3-3bc725e8a1464c06.pyo3.cdcb06a4f24f1901-cgu.06.rcgu.o:(_$LT$pyo3..exceptions..PyBaseException$u20$as$u20$pyo3..type_object..PyTypeInfo$GT$::type_object_raw::_$u7b$$u7b$closure$u7d$$u7d$::h440e356c1342f152) in archive /opt/rustwide/target/debug/deps/libpyo3-3bc725e8a1464c06.rlib
[INFO] [stdout]           
[INFO] [stdout]           rust-lld: error: undefined symbol: PyExc_OSError
[INFO] [stdout]           >>> referenced by exceptions.rs:309 (src/exceptions.rs:309)
[INFO] [stdout]           >>>               pyo3-3bc725e8a1464c06.pyo3.cdcb06a4f24f1901-cgu.06.rcgu.o:(_$LT$pyo3..exceptions..PyOSError$u20$as$u20$pyo3..type_object..PyTypeInfo$GT$::type_object_raw::_$u7b$$u7b$closure$u7d$$u7d$::h1297ad307c788f32) in archive /opt/rustwide/target/debug/deps/libpyo3-3bc725e8a1464c06.rlib
[INFO] [stdout]           
[INFO] [stdout]           rust-lld: error: undefined symbol: PyExc_TypeError
[INFO] [stdout]           >>> referenced by exceptions.rs:309 (src/exceptions.rs:309)
[INFO] [stdout]           >>>               pyo3-3bc725e8a1464c06.pyo3.cdcb06a4f24f1901-cgu.06.rcgu.o:(_$LT$pyo3..exceptions..PyTypeError$u20$as$u20$pyo3..type_object..PyTypeInfo$GT$::type_object_raw::_$u7b$$u7b$closure$u7d$$u7d$::h3819f1fa805595ca) in archive /opt/rustwide/target/debug/deps/libpyo3-3bc725e8a1464c06.rlib
[INFO] [stdout]           
[INFO] [stdout]           rust-lld: error: undefined symbol: PyExc_BlockingIOError
[INFO] [stdout]           >>> referenced by exceptions.rs:309 (src/exceptions.rs:309)
[INFO] [stdout]           >>>               pyo3-3bc725e8a1464c06.pyo3.cdcb06a4f24f1901-cgu.06.rcgu.o:(_$LT$pyo3..exceptions..PyBlockingIOError$u20$as$u20$pyo3..type_object..PyTypeInfo$GT$::type_object_raw::_$u7b$$u7b$closure$u7d$$u7d$::h42bb69e9e6d3b207) in archive /opt/rustwide/target/debug/deps/libpyo3-3bc725e8a1464c06.rlib
[INFO] [stdout]           
[INFO] [stdout]           rust-lld: error: undefined symbol: PyExc_BrokenPipeError
[INFO] [stdout]           >>> referenced by exceptions.rs:309 (src/exceptions.rs:309)
[INFO] [stdout]           >>>               pyo3-3bc725e8a1464c06.pyo3.cdcb06a4f24f1901-cgu.06.rcgu.o:(_$LT$pyo3..exceptions..PyBrokenPipeError$u20$as$u20$pyo3..type_object..PyTypeInfo$GT$::type_object_raw::_$u7b$$u7b$closure$u7d$$u7d$::he86eabf38933fd1b) in archive /opt/rustwide/target/debug/deps/libpyo3-3bc725e8a1464c06.rlib
[INFO] [stdout]           
[INFO] [stdout]           rust-lld: error: undefined symbol: PyExc_ConnectionAbortedError
[INFO] [stdout]           >>> referenced by exceptions.rs:309 (src/exceptions.rs:309)
[INFO] [stdout]           >>>               pyo3-3bc725e8a1464c06.pyo3.cdcb06a4f24f1901-cgu.06.rcgu.o:(_$LT$pyo3..exceptions..PyConnectionAbortedError$u20$as$u20$pyo3..type_object..PyTypeInfo$GT$::type_object_raw::_$u7b$$u7b$closure$u7d$$u7d$::h33264655c5fdbbe6) in archive /opt/rustwide/target/debug/deps/libpyo3-3bc725e8a1464c06.rlib
[INFO] [stdout]           
[INFO] [stdout]           rust-lld: error: too many errors emitted, stopping now (use --error-limit=0 to see all errors)
[INFO] [stdout]           collect2: error: ld returned 1 exit status
[INFO] [stdout]           
[INFO] [stdout] 
[INFO] [stdout] 
[INFO] [stderr] error: could not compile `ggca` (test "spearman") due to 1 previous error
[INFO] running `Command { std: "docker" "inspect" "526ceff03a927f5e0776890777212f9e5b8d52d3506b004f3b338eedd95e7f97", kill_on_drop: false }`
[INFO] running `Command { std: "docker" "rm" "-f" "526ceff03a927f5e0776890777212f9e5b8d52d3506b004f3b338eedd95e7f97", kill_on_drop: false }`
[INFO] [stdout] 526ceff03a927f5e0776890777212f9e5b8d52d3506b004f3b338eedd95e7f97
