[INFO] fetching crate generic-bnp 0.1.0...
[INFO] testing generic-bnp-0.1.0 against nightly-2024-10-28 for randomize-layout
[INFO] extracting crate generic-bnp 0.1.0 into /workspace/builds/worker-0-tc1/source
[INFO] validating manifest of crates.io crate generic-bnp 0.1.0 on toolchain nightly-2024-10-28
[INFO] running `Command { std: CARGO_HOME="/workspace/cargo-home" RUSTUP_HOME="/workspace/rustup-home" "/workspace/cargo-home/bin/cargo" "+nightly-2024-10-28" "metadata" "--manifest-path" "Cargo.toml" "--no-deps", kill_on_drop: false }`
[INFO] started tweaking crates.io crate generic-bnp 0.1.0
[INFO] finished tweaking crates.io crate generic-bnp 0.1.0
[INFO] tweaked toml for crates.io crate generic-bnp 0.1.0 written to /workspace/builds/worker-0-tc1/source/Cargo.toml
[INFO] running `Command { std: CARGO_HOME="/workspace/cargo-home" RUSTUP_HOME="/workspace/rustup-home" "/workspace/cargo-home/bin/cargo" "+nightly-2024-10-28" "generate-lockfile" "--manifest-path" "Cargo.toml", kill_on_drop: false }`
[INFO] [stderr]     Updating crates.io index
[INFO] [stderr]      Locking 39 packages to latest compatible versions
[INFO] [stderr]       Adding itertools v0.11.0 (available: v0.13.0)
[INFO] [stderr]       Adding twox-hash v1.6.3 (available: v2.0.0)
[INFO] running `Command { std: CARGO_HOME="/workspace/cargo-home" RUSTUP_HOME="/workspace/rustup-home" "/workspace/cargo-home/bin/cargo" "+nightly-2024-10-28" "fetch" "--manifest-path" "Cargo.toml", kill_on_drop: false }`
[INFO] [stderr]  Downloading crates ...
[INFO] [stderr]   Downloaded gurobi v0.3.4
[INFO] [stderr]   Downloaded binary-heap-plus v0.5.0
[INFO] [stderr]   Downloaded compare v0.1.0
[INFO] [stderr]   Downloaded itertools v0.4.19
[INFO] [stderr]   Downloaded gurobi-sys v0.3.0
[INFO] running `Command { std: "docker" "create" "-v" "/var/lib/crater-agent-workspace/builds/worker-0-tc1/target:/opt/rustwide/target:rw,Z" "-v" "/var/lib/crater-agent-workspace/builds/worker-0-tc1/source:/opt/rustwide/workdir:ro,Z" "-v" "/var/lib/crater-agent-workspace/cargo-home:/opt/rustwide/cargo-home:ro,Z" "-v" "/var/lib/crater-agent-workspace/rustup-home:/opt/rustwide/rustup-home:ro,Z" "-e" "SOURCE_DIR=/opt/rustwide/workdir" "-e" "CARGO_TARGET_DIR=/opt/rustwide/target" "-e" "CARGO_HOME=/opt/rustwide/cargo-home" "-e" "RUSTUP_HOME=/opt/rustwide/rustup-home" "-w" "/opt/rustwide/workdir" "-m" "1610612736" "--user" "0:0" "--network" "none" "ghcr.io/rust-lang/crates-build-env/linux@sha256:4a844ea9eb2546a2d2c7022eacef16ef2e8229c7fbb2c7d4d55a9ceca922f72d" "/opt/rustwide/cargo-home/bin/cargo" "+nightly-2024-10-28" "metadata" "--no-deps" "--format-version=1", kill_on_drop: false }`
[INFO] [stdout] 5ac2b9383277fda5106c9faa34384f190ef84faeff96ad07520b6027a463205f
[INFO] running `Command { std: "docker" "start" "-a" "5ac2b9383277fda5106c9faa34384f190ef84faeff96ad07520b6027a463205f", kill_on_drop: false }`
[INFO] running `Command { std: "docker" "inspect" "5ac2b9383277fda5106c9faa34384f190ef84faeff96ad07520b6027a463205f", kill_on_drop: false }`
[INFO] running `Command { std: "docker" "rm" "-f" "5ac2b9383277fda5106c9faa34384f190ef84faeff96ad07520b6027a463205f", kill_on_drop: false }`
[INFO] [stdout] 5ac2b9383277fda5106c9faa34384f190ef84faeff96ad07520b6027a463205f
[INFO] running `Command { std: "docker" "create" "-v" "/var/lib/crater-agent-workspace/builds/worker-0-tc1/target:/opt/rustwide/target:rw,Z" "-v" "/var/lib/crater-agent-workspace/builds/worker-0-tc1/source:/opt/rustwide/workdir:ro,Z" "-v" "/var/lib/crater-agent-workspace/cargo-home:/opt/rustwide/cargo-home:ro,Z" "-v" "/var/lib/crater-agent-workspace/rustup-home:/opt/rustwide/rustup-home:ro,Z" "-e" "SOURCE_DIR=/opt/rustwide/workdir" "-e" "CARGO_TARGET_DIR=/opt/rustwide/target" "-e" "CARGO_INCREMENTAL=0" "-e" "RUST_BACKTRACE=full" "-e" "RUSTFLAGS=--cap-lints=forbid" "-e" "RUSTDOCFLAGS=--cap-lints=forbid" "-e" "CARGO_HOME=/opt/rustwide/cargo-home" "-e" "RUSTUP_HOME=/opt/rustwide/rustup-home" "-w" "/opt/rustwide/workdir" "-m" "1610612736" "--user" "0:0" "--network" "none" "ghcr.io/rust-lang/crates-build-env/linux@sha256:4a844ea9eb2546a2d2c7022eacef16ef2e8229c7fbb2c7d4d55a9ceca922f72d" "/opt/rustwide/cargo-home/bin/cargo" "+nightly-2024-10-28" "build" "--frozen" "--message-format=json", kill_on_drop: false }`
[INFO] [stdout] 169d02695fd53bf1bfdb150b8f74104837b82e68550e6c9ce9543d385e27e1ba
[INFO] running `Command { std: "docker" "start" "-a" "169d02695fd53bf1bfdb150b8f74104837b82e68550e6c9ce9543d385e27e1ba", kill_on_drop: false }`
[INFO] [stderr]    Compiling byteorder v1.5.0
[INFO] [stderr]    Compiling gurobi-sys v0.3.0
[INFO] [stderr]    Compiling compare v0.1.0
[INFO] [stderr]    Compiling static_assertions v1.1.0
[INFO] [stderr]    Compiling lazy_static v1.5.0
[INFO] [stderr]    Compiling either v1.13.0
[INFO] [stderr]    Compiling getrandom v0.2.15
[INFO] [stderr]    Compiling zerocopy-derive v0.7.35
[INFO] [stderr]    Compiling itertools v0.4.19
[INFO] [stderr]    Compiling unicode-width v0.1.14
[INFO] [stderr]    Compiling binary-heap-plus v0.5.0
[INFO] [stderr]    Compiling rand_core v0.6.4
[INFO] [stderr]    Compiling nohash-hasher v0.2.0
[INFO] [stderr]    Compiling itertools v0.11.0
[INFO] [stderr]    Compiling console v0.15.8
[INFO] [stderr]    Compiling zerocopy v0.7.35
[INFO] [stderr]    Compiling gurobi v0.3.4
[INFO] [stderr]    Compiling ppv-lite86 v0.2.20
[INFO] [stderr]    Compiling rand_chacha v0.3.1
[INFO] [stderr]    Compiling rand v0.8.5
[INFO] [stderr]    Compiling twox-hash v1.6.3
[INFO] [stderr]    Compiling generic-bnp v0.1.0 (/opt/rustwide/workdir)
[INFO] [stderr]     Finished `dev` profile [unoptimized + debuginfo] target(s) in 5.32s
[INFO] running `Command { std: "docker" "inspect" "169d02695fd53bf1bfdb150b8f74104837b82e68550e6c9ce9543d385e27e1ba", kill_on_drop: false }`
[INFO] running `Command { std: "docker" "rm" "-f" "169d02695fd53bf1bfdb150b8f74104837b82e68550e6c9ce9543d385e27e1ba", kill_on_drop: false }`
[INFO] [stdout] 169d02695fd53bf1bfdb150b8f74104837b82e68550e6c9ce9543d385e27e1ba
[INFO] running `Command { std: "docker" "create" "-v" "/var/lib/crater-agent-workspace/builds/worker-0-tc1/target:/opt/rustwide/target:rw,Z" "-v" "/var/lib/crater-agent-workspace/builds/worker-0-tc1/source:/opt/rustwide/workdir:ro,Z" "-v" "/var/lib/crater-agent-workspace/cargo-home:/opt/rustwide/cargo-home:ro,Z" "-v" "/var/lib/crater-agent-workspace/rustup-home:/opt/rustwide/rustup-home:ro,Z" "-e" "SOURCE_DIR=/opt/rustwide/workdir" "-e" "CARGO_TARGET_DIR=/opt/rustwide/target" "-e" "CARGO_INCREMENTAL=0" "-e" "RUST_BACKTRACE=full" "-e" "RUSTFLAGS=--cap-lints=forbid" "-e" "RUSTDOCFLAGS=--cap-lints=forbid" "-e" "CARGO_HOME=/opt/rustwide/cargo-home" "-e" "RUSTUP_HOME=/opt/rustwide/rustup-home" "-w" "/opt/rustwide/workdir" "-m" "1610612736" "--user" "0:0" "--network" "none" "ghcr.io/rust-lang/crates-build-env/linux@sha256:4a844ea9eb2546a2d2c7022eacef16ef2e8229c7fbb2c7d4d55a9ceca922f72d" "/opt/rustwide/cargo-home/bin/cargo" "+nightly-2024-10-28" "test" "--frozen" "--no-run" "--message-format=json", kill_on_drop: false }`
[INFO] [stdout] 51e4a22397fcd06fa93f80be9db976efbea7366997e90167cd8eb8b28fb9f014
[INFO] running `Command { std: "docker" "start" "-a" "51e4a22397fcd06fa93f80be9db976efbea7366997e90167cd8eb8b28fb9f014", kill_on_drop: false }`
[INFO] [stderr]    Compiling generic-bnp v0.1.0 (/opt/rustwide/workdir)
[INFO] [stdout] warning: unused imports: `MasterProblem`, `Phase`, `SharedState`, and `UIUserMessage`
[INFO] [stdout]   --> tests/cutting_stock.rs:13:9
[INFO] [stdout]    |
[INFO] [stdout] 13 |         MasterProblem, Phase, SharedState, StabilizationSettings, UISender, UIUserMessage,
[INFO] [stdout]    |         ^^^^^^^^^^^^^  ^^^^^  ^^^^^^^^^^^                                   ^^^^^^^^^^^^^
[INFO] [stdout]    |
[INFO] [stdout]    = note: `#[warn(unused_imports)]` on by default
[INFO] [stdout] 
[INFO] [stdout] 
[INFO] [stdout] warning: unused import: `std::cmp::Ordering`
[INFO] [stdout]   --> tests/cutting_stock.rs:19:9
[INFO] [stdout]    |
[INFO] [stdout] 19 |     use std::cmp::Ordering;
[INFO] [stdout]    |         ^^^^^^^^^^^^^^^^^^
[INFO] [stdout] 
[INFO] [stdout] 
[INFO] [stdout] warning: unused import: `Arc`
[INFO] [stdout]   --> tests/cutting_stock.rs:21:21
[INFO] [stdout]    |
[INFO] [stdout] 21 |     use std::sync::{Arc, RwLock};
[INFO] [stdout]    |                     ^^^
[INFO] [stdout] 
[INFO] [stdout] 
[INFO] [stdout] warning: unused import: `BnPFactory`
[INFO] [stdout]   --> tests/cutting_stock.rs:12:9
[INFO] [stdout]    |
[INFO] [stdout] 12 |         BnPFactory, BranchAndPrice, IBranchFilter, LDSSelection, LDSSettings, LPModel,
[INFO] [stdout]    |         ^^^^^^^^^^
[INFO] [stdout] 
[INFO] [stdout] 
[INFO] [stdout] warning: unused import: `itertools::Itertools`
[INFO] [stdout]   --> tests/cutting_stock.rs:17:9
[INFO] [stdout]    |
[INFO] [stdout] 17 |     use itertools::Itertools;
[INFO] [stdout]    |         ^^^^^^^^^^^^^^^^^^^^
[INFO] [stdout] 
[INFO] [stdout] 
[INFO] [stdout] warning: unused variable: `ui`
[INFO] [stdout]   --> tests/cutting_stock.rs:29:56
[INFO] [stdout]    |
[INFO] [stdout] 29 |         fn new(problem_instance: &CuttingStockProblem, ui: UISender) -> Self {
[INFO] [stdout]    |                                                        ^^ help: if this is intentional, prefix it with an underscore: `_ui`
[INFO] [stdout]    |
[INFO] [stdout]    = note: `#[warn(unused_variables)]` on by default
[INFO] [stdout] 
[INFO] [stdout] 
[INFO] [stdout] warning: unused variable: `active_filters`
[INFO] [stdout]   --> tests/cutting_stock.rs:38:29
[INFO] [stdout]    |
[INFO] [stdout] 38 |         fn solve(&mut self, active_filters: &[Branch], duals: &DualStorage) -> Vec<(f64, Column)> {
[INFO] [stdout]    |                             ^^^^^^^^^^^^^^ help: if this is intentional, prefix it with an underscore: `_active_filters`
[INFO] [stdout] 
[INFO] [stdout] 
[INFO] [stdout] warning: unused variable: `column`
[INFO] [stdout]   --> tests/cutting_stock.rs:90:38
[INFO] [stdout]    |
[INFO] [stdout] 90 |         fn primal_cost_column(&self, column: &Column) -> f64 {
[INFO] [stdout]    |                                      ^^^^^^ help: if this is intentional, prefix it with an underscore: `_column`
[INFO] [stdout] 
[INFO] [stdout] 
[INFO] [stdout] warning: unused variable: `best_int_obj`
[INFO] [stdout]    --> tests/cutting_stock.rs:104:13
[INFO] [stdout]     |
[INFO] [stdout] 104 |             best_int_obj: f64,
[INFO] [stdout]     |             ^^^^^^^^^^^^ help: if this is intentional, prefix it with an underscore: `_best_int_obj`
[INFO] [stdout] 
[INFO] [stdout] 
[INFO] [stdout] warning: unused variable: `current_best_used_columns`
[INFO] [stdout]    --> tests/cutting_stock.rs:105:13
[INFO] [stdout]     |
[INFO] [stdout] 105 |             current_best_used_columns: usize,
[INFO] [stdout]     |             ^^^^^^^^^^^^^^^^^^^^^^^^^ help: if this is intentional, prefix it with an underscore: `_current_best_used_columns`
[INFO] [stdout] 
[INFO] [stdout] 
[INFO] [stdout] warning: unused variable: `lower_bound`
[INFO] [stdout]    --> tests/cutting_stock.rs:195:13
[INFO] [stdout]     |
[INFO] [stdout] 195 |             lower_bound: f64,
[INFO] [stdout]     |             ^^^^^^^^^^^ help: if this is intentional, prefix it with an underscore: `_lower_bound`
[INFO] [stdout] 
[INFO] [stdout] 
[INFO] [stdout] warning: unused variable: `best_known`
[INFO] [stdout]    --> tests/cutting_stock.rs:196:13
[INFO] [stdout]     |
[INFO] [stdout] 196 |             best_known: &RwLock<(f64, Vec<(f64, ColumnId)>)>,
[INFO] [stdout]     |             ^^^^^^^^^^ help: if this is intentional, prefix it with an underscore: `_best_known`
[INFO] [stdout] 
[INFO] [stdout] 
[INFO] [stdout] warning: irrefutable `if let` pattern
[INFO] [stdout]    --> tests/cutting_stock.rs:274:16
[INFO] [stdout]     |
[INFO] [stdout] 274 |             if let Branch::ForceColumn(col_id, dir) = filter {
[INFO] [stdout]     |                ^^^^^^^^^^^^^^^^^^^^^^^^^^^^^^^^^^^^^^^^^^^^^
[INFO] [stdout]     |
[INFO] [stdout]     = note: this pattern will always match, so the `if let` is useless
[INFO] [stdout]     = help: consider replacing the `if let` with a `let`
[INFO] [stdout]     = note: `#[warn(irrefutable_let_patterns)]` on by default
[INFO] [stdout] 
[INFO] [stdout] 
[INFO] [stdout] warning: unused variable: `dir`
[INFO] [stdout]    --> tests/cutting_stock.rs:274:48
[INFO] [stdout]     |
[INFO] [stdout] 274 |             if let Branch::ForceColumn(col_id, dir) = filter {
[INFO] [stdout]     |                                                ^^^ help: if this is intentional, prefix it with an underscore: `_dir`
[INFO] [stdout] 
[INFO] [stdout] 
[INFO] [stdout] warning: unused variable: `solver`
[INFO] [stdout]    --> tests/cutting_stock.rs:285:13
[INFO] [stdout]     |
[INFO] [stdout] 285 |             solver: &PricingSolver,
[INFO] [stdout]     |             ^^^^^^ help: if this is intentional, prefix it with an underscore: `_solver`
[INFO] [stdout] 
[INFO] [stdout] 
[INFO] [stdout] warning: unused variable: `solver`
[INFO] [stdout]    --> tests/cutting_stock.rs:317:13
[INFO] [stdout]     |
[INFO] [stdout] 317 |             solver: &PricingSolver,
[INFO] [stdout]     |             ^^^^^^ help: if this is intentional, prefix it with an underscore: `_solver`
[INFO] [stdout] 
[INFO] [stdout] 
[INFO] [stdout] warning: unused variable: `active_filters`
[INFO] [stdout]    --> tests/cutting_stock.rs:318:13
[INFO] [stdout]     |
[INFO] [stdout] 318 |             active_filters: &[Branch],
[INFO] [stdout]     |             ^^^^^^^^^^^^^^ help: if this is intentional, prefix it with an underscore: `_active_filters`
[INFO] [stdout] 
[INFO] [stdout] 
[INFO] [stdout] warning: unused variable: `integer`
[INFO] [stdout]    --> tests/cutting_stock.rs:319:13
[INFO] [stdout]     |
[INFO] [stdout] 319 |             integer: bool,
[INFO] [stdout]     |             ^^^^^^^ help: if this is intentional, prefix it with an underscore: `_integer`
[INFO] [stdout] 
[INFO] [stdout] 
[INFO] [stdout] warning: irrefutable `if let` pattern
[INFO] [stdout]    --> tests/cutting_stock.rs:352:20
[INFO] [stdout]     |
[INFO] [stdout] 352 |                 if let Branch::ForceColumn(col, dir) = filter {
[INFO] [stdout]     |                    ^^^^^^^^^^^^^^^^^^^^^^^^^^^^^^^^^^^^^^^^^^
[INFO] [stdout]     |
[INFO] [stdout]     = note: this pattern will always match, so the `if let` is useless
[INFO] [stdout]     = help: consider replacing the `if let` with a `let`
[INFO] [stdout] 
[INFO] [stdout] 
[INFO] [stdout] warning: unused variable: `solver`
[INFO] [stdout]    --> tests/cutting_stock.rs:346:13
[INFO] [stdout]     |
[INFO] [stdout] 346 |             solver: &PricingSolver,
[INFO] [stdout]     |             ^^^^^^ help: if this is intentional, prefix it with an underscore: `_solver`
[INFO] [stdout] 
[INFO] [stdout] 
[INFO] [stdout] warning: unused variable: `solver`
[INFO] [stdout]    --> tests/cutting_stock.rs:373:13
[INFO] [stdout]     |
[INFO] [stdout] 373 |             solver: &PricingSolver,
[INFO] [stdout]     |             ^^^^^^ help: if this is intentional, prefix it with an underscore: `_solver`
[INFO] [stdout] 
[INFO] [stdout] 
[INFO] [stdout] warning: unused variable: `solver`
[INFO] [stdout]    --> tests/cutting_stock.rs:388:13
[INFO] [stdout]     |
[INFO] [stdout] 388 |             solver: &PricingSolver,
[INFO] [stdout]     |             ^^^^^^ help: if this is intentional, prefix it with an underscore: `_solver`
[INFO] [stdout] 
[INFO] [stdout] 
[INFO] [stdout] warning: unused variable: `active_filters`
[INFO] [stdout]    --> tests/cutting_stock.rs:389:13
[INFO] [stdout]     |
[INFO] [stdout] 389 |             active_filters: &[Branch],
[INFO] [stdout]     |             ^^^^^^^^^^^^^^ help: if this is intentional, prefix it with an underscore: `_active_filters`
[INFO] [stdout] 
[INFO] [stdout] 
[INFO] [stdout] warning: unused variable: `column_pool`
[INFO] [stdout]    --> tests/cutting_stock.rs:390:13
[INFO] [stdout]     |
[INFO] [stdout] 390 |             column_pool: &ColumnPool<Column, Branch>,
[INFO] [stdout]     |             ^^^^^^^^^^^ help: if this is intentional, prefix it with an underscore: `_column_pool`
[INFO] [stdout] 
[INFO] [stdout] 
[INFO] [stdout] warning: unused variable: `patterns`
[INFO] [stdout]    --> tests/cutting_stock.rs:391:13
[INFO] [stdout]     |
[INFO] [stdout] 391 |             patterns: &Vec<(f64, ColumnId)>,
[INFO] [stdout]     |             ^^^^^^^^ help: if this is intentional, prefix it with an underscore: `_patterns`
[INFO] [stdout] 
[INFO] [stdout] 
[INFO] [stdout] warning: unused variable: `filters`
[INFO] [stdout]    --> tests/cutting_stock.rs:400:13
[INFO] [stdout]     |
[INFO] [stdout] 400 |             filters: &[Branch],
[INFO] [stdout]     |             ^^^^^^^ help: if this is intentional, prefix it with an underscore: `_filters`
[INFO] [stdout] 
[INFO] [stdout] 
[INFO] [stdout] error: linking with `cc` failed: exit status: 1
[INFO] [stdout]   |
[INFO] [stdout]   = note: LC_ALL="C" PATH="/opt/rustwide/rustup-home/toolchains/nightly-2024-10-28-x86_64-unknown-linux-gnu/lib/rustlib/x86_64-unknown-linux-gnu/bin:/opt/rustwide/rustup-home/toolchains/nightly-2024-10-28-x86_64-unknown-linux-gnu/lib/rustlib/x86_64-unknown-linux-gnu/bin/self-contained:/opt/rustwide/cargo-home/bin:/usr/local/sbin:/usr/local/bin:/usr/sbin:/usr/bin:/sbin:/bin" VSLANG="1033" "cc" "-m64" "/tmp/rustcmquLeI/symbols.o" "/opt/rustwide/target/debug/deps/cutting_stock-0e27b515b69425d1.cutting_stock.43fb656b2fb4ee-cgu.00.rcgu.o" "/opt/rustwide/target/debug/deps/cutting_stock-0e27b515b69425d1.cutting_stock.43fb656b2fb4ee-cgu.01.rcgu.o" "/opt/rustwide/target/debug/deps/cutting_stock-0e27b515b69425d1.cutting_stock.43fb656b2fb4ee-cgu.02.rcgu.o" "/opt/rustwide/target/debug/deps/cutting_stock-0e27b515b69425d1.cutting_stock.43fb656b2fb4ee-cgu.03.rcgu.o" "/opt/rustwide/target/debug/deps/cutting_stock-0e27b515b69425d1.cutting_stock.43fb656b2fb4ee-cgu.04.rcgu.o" "/opt/rustwide/target/debug/deps/cutting_stock-0e27b515b69425d1.cutting_stock.43fb656b2fb4ee-cgu.05.rcgu.o" "/opt/rustwide/target/debug/deps/cutting_stock-0e27b515b69425d1.cutting_stock.43fb656b2fb4ee-cgu.06.rcgu.o" "/opt/rustwide/target/debug/deps/cutting_stock-0e27b515b69425d1.cutting_stock.43fb656b2fb4ee-cgu.07.rcgu.o" "/opt/rustwide/target/debug/deps/cutting_stock-0e27b515b69425d1.cutting_stock.43fb656b2fb4ee-cgu.08.rcgu.o" "/opt/rustwide/target/debug/deps/cutting_stock-0e27b515b69425d1.cutting_stock.43fb656b2fb4ee-cgu.09.rcgu.o" "/opt/rustwide/target/debug/deps/cutting_stock-0e27b515b69425d1.cutting_stock.43fb656b2fb4ee-cgu.10.rcgu.o" "/opt/rustwide/target/debug/deps/cutting_stock-0e27b515b69425d1.cutting_stock.43fb656b2fb4ee-cgu.11.rcgu.o" "/opt/rustwide/target/debug/deps/cutting_stock-0e27b515b69425d1.cutting_stock.43fb656b2fb4ee-cgu.12.rcgu.o" "/opt/rustwide/target/debug/deps/cutting_stock-0e27b515b69425d1.cutting_stock.43fb656b2fb4ee-cgu.13.rcgu.o" "/opt/rustwide/target/debug/deps/cutting_stock-0e27b515b69425d1.cutting_stock.43fb656b2fb4ee-cgu.14.rcgu.o" "/opt/rustwide/target/debug/deps/cutting_stock-0e27b515b69425d1.cutting_stock.43fb656b2fb4ee-cgu.15.rcgu.o" "/opt/rustwide/target/debug/deps/cutting_stock-0e27b515b69425d1.cyj94fyzwmb8rkjeriaaudnbj.rcgu.o" "-Wl,--as-needed" "-Wl,-Bstatic" "/opt/rustwide/rustup-home/toolchains/nightly-2024-10-28-x86_64-unknown-linux-gnu/lib/rustlib/x86_64-unknown-linux-gnu/lib/libtest-a09fad3b5321e7d6.rlib" "/opt/rustwide/rustup-home/toolchains/nightly-2024-10-28-x86_64-unknown-linux-gnu/lib/rustlib/x86_64-unknown-linux-gnu/lib/libgetopts-f9c3dff41ad42661.rlib" "/opt/rustwide/rustup-home/toolchains/nightly-2024-10-28-x86_64-unknown-linux-gnu/lib/rustlib/x86_64-unknown-linux-gnu/lib/libunicode_width-ad2aef31af6addd3.rlib" "/opt/rustwide/rustup-home/toolchains/nightly-2024-10-28-x86_64-unknown-linux-gnu/lib/rustlib/x86_64-unknown-linux-gnu/lib/librustc_std_workspace_std-e3f907dc03deb913.rlib" "/opt/rustwide/target/debug/deps/libitertools-25171374bbdf21bc.rlib" "/opt/rustwide/target/debug/deps/libeither-386a0ff0e76518e4.rlib" "/opt/rustwide/target/debug/deps/libgeneric_bnp-4539d8788fc095f7.rlib" "/opt/rustwide/target/debug/deps/libgurobi-21b0edf771c97ee8.rlib" "/opt/rustwide/target/debug/deps/libitertools-02571f5ec8e313d1.rlib" "/opt/rustwide/target/debug/deps/libgurobi_sys-4c78a901656795ad.rlib" "/opt/rustwide/target/debug/deps/libconsole-c115a9116a780ee4.rlib" "/opt/rustwide/target/debug/deps/libunicode_width-496d455ef4b56198.rlib" "/opt/rustwide/target/debug/deps/liblazy_static-7af2f34f8b124b26.rlib" "/opt/rustwide/target/debug/deps/libnohash_hasher-e4b97100d27703d2.rlib" "/opt/rustwide/target/debug/deps/libtwox_hash-1115699ad5677e43.rlib" "/opt/rustwide/target/debug/deps/librand-fc1917c9d4602548.rlib" "/opt/rustwide/target/debug/deps/librand_chacha-159c9807c7ac95c1.rlib" "/opt/rustwide/target/debug/deps/libppv_lite86-9227cdc9e09ec6a2.rlib" "/opt/rustwide/target/debug/deps/libzerocopy-eeaf851a59e44100.rlib" "/opt/rustwide/target/debug/deps/libbyteorder-7817d47eb31dfb0c.rlib" "/opt/rustwide/target/debug/deps/librand_core-0300dee92e55e3b5.rlib" "/opt/rustwide/target/debug/deps/libgetrandom-54cd17dd5507d029.rlib" "/opt/rustwide/target/debug/deps/liblibc-663f09ba3db1840e.rlib" "/opt/rustwide/target/debug/deps/libstatic_assertions-14a197ae77f98fdb.rlib" "/opt/rustwide/target/debug/deps/libcfg_if-57bf25c23e31efdb.rlib" "/opt/rustwide/target/debug/deps/libbinary_heap_plus-b1b4090f3ec4d6ed.rlib" "/opt/rustwide/target/debug/deps/libcompare-57cfa54b7c2c5fd4.rlib" "/opt/rustwide/rustup-home/toolchains/nightly-2024-10-28-x86_64-unknown-linux-gnu/lib/rustlib/x86_64-unknown-linux-gnu/lib/libstd-fb8c387236db3c10.rlib" "/opt/rustwide/rustup-home/toolchains/nightly-2024-10-28-x86_64-unknown-linux-gnu/lib/rustlib/x86_64-unknown-linux-gnu/lib/libpanic_unwind-b251837809b2f64b.rlib" "/opt/rustwide/rustup-home/toolchains/nightly-2024-10-28-x86_64-unknown-linux-gnu/lib/rustlib/x86_64-unknown-linux-gnu/lib/libobject-cbef83eaa4e01f04.rlib" "/opt/rustwide/rustup-home/toolchains/nightly-2024-10-28-x86_64-unknown-linux-gnu/lib/rustlib/x86_64-unknown-linux-gnu/lib/libmemchr-12a772286de2fca7.rlib" "/opt/rustwide/rustup-home/toolchains/nightly-2024-10-28-x86_64-unknown-linux-gnu/lib/rustlib/x86_64-unknown-linux-gnu/lib/libaddr2line-023bbe5ada7abfc3.rlib" "/opt/rustwide/rustup-home/toolchains/nightly-2024-10-28-x86_64-unknown-linux-gnu/lib/rustlib/x86_64-unknown-linux-gnu/lib/libgimli-de2bcdf10ec69c2b.rlib" "/opt/rustwide/rustup-home/toolchains/nightly-2024-10-28-x86_64-unknown-linux-gnu/lib/rustlib/x86_64-unknown-linux-gnu/lib/librustc_demangle-8e1754df350800fd.rlib" "/opt/rustwide/rustup-home/toolchains/nightly-2024-10-28-x86_64-unknown-linux-gnu/lib/rustlib/x86_64-unknown-linux-gnu/lib/libstd_detect-06c2ab7b9c32e037.rlib" "/opt/rustwide/rustup-home/toolchains/nightly-2024-10-28-x86_64-unknown-linux-gnu/lib/rustlib/x86_64-unknown-linux-gnu/lib/libhashbrown-51d2621fc57a281b.rlib" "/opt/rustwide/rustup-home/toolchains/nightly-2024-10-28-x86_64-unknown-linux-gnu/lib/rustlib/x86_64-unknown-linux-gnu/lib/librustc_std_workspace_alloc-54a930408793772f.rlib" "/opt/rustwide/rustup-home/toolchains/nightly-2024-10-28-x86_64-unknown-linux-gnu/lib/rustlib/x86_64-unknown-linux-gnu/lib/libminiz_oxide-0c7d01cba400dcb2.rlib" "/opt/rustwide/rustup-home/toolchains/nightly-2024-10-28-x86_64-unknown-linux-gnu/lib/rustlib/x86_64-unknown-linux-gnu/lib/libadler-b9f84d69e331b75b.rlib" "/opt/rustwide/rustup-home/toolchains/nightly-2024-10-28-x86_64-unknown-linux-gnu/lib/rustlib/x86_64-unknown-linux-gnu/lib/libunwind-eec95493246aae39.rlib" "/opt/rustwide/rustup-home/toolchains/nightly-2024-10-28-x86_64-unknown-linux-gnu/lib/rustlib/x86_64-unknown-linux-gnu/lib/libcfg_if-6f6676c475e08ab0.rlib" "/opt/rustwide/rustup-home/toolchains/nightly-2024-10-28-x86_64-unknown-linux-gnu/lib/rustlib/x86_64-unknown-linux-gnu/lib/liblibc-799d520624f8b2e0.rlib" "/opt/rustwide/rustup-home/toolchains/nightly-2024-10-28-x86_64-unknown-linux-gnu/lib/rustlib/x86_64-unknown-linux-gnu/lib/liballoc-fcf93d4842acd9a9.rlib" "/opt/rustwide/rustup-home/toolchains/nightly-2024-10-28-x86_64-unknown-linux-gnu/lib/rustlib/x86_64-unknown-linux-gnu/lib/librustc_std_workspace_core-395a38b8e0851c9b.rlib" "/opt/rustwide/rustup-home/toolchains/nightly-2024-10-28-x86_64-unknown-linux-gnu/lib/rustlib/x86_64-unknown-linux-gnu/lib/libcore-d453bab70303062c.rlib" "/opt/rustwide/rustup-home/toolchains/nightly-2024-10-28-x86_64-unknown-linux-gnu/lib/rustlib/x86_64-unknown-linux-gnu/lib/libcompiler_builtins-0e6386368b0a24e8.rlib" "-Wl,-Bdynamic" "-lgcc_s" "-lutil" "-lrt" "-lpthread" "-lm" "-ldl" "-lc" "-B/opt/rustwide/rustup-home/toolchains/nightly-2024-10-28-x86_64-unknown-linux-gnu/lib/rustlib/x86_64-unknown-linux-gnu/bin/gcc-ld" "-fuse-ld=lld" "-Wl,--eh-frame-hdr" "-Wl,-z,noexecstack" "-L" "/opt/rustwide/rustup-home/toolchains/nightly-2024-10-28-x86_64-unknown-linux-gnu/lib/rustlib/x86_64-unknown-linux-gnu/lib" "-o" "/opt/rustwide/target/debug/deps/cutting_stock-0e27b515b69425d1" "-Wl,--gc-sections" "-pie" "-Wl,-z,relro,-z,now" "-nodefaultlibs"
[INFO] [stdout]   = note: rust-lld: error: undefined symbol: GRBgetenv
[INFO] [stdout]           >>> referenced by model.rs:299 (src/model.rs:299)
[INFO] [stdout]           >>>               gurobi-21b0edf771c97ee8.gurobi.2483f4b27924886-cgu.3.rcgu.o:(_$LT$gurobi..model..Model$u20$as$u20$gurobi..model..FromRaw$GT$::from_raw::hf8b478fad31aa62c) in archive /opt/rustwide/target/debug/deps/libgurobi-21b0edf771c97ee8.rlib
[INFO] [stdout]           
[INFO] [stdout]           rust-lld: error: undefined symbol: GRBgetintparam
[INFO] [stdout]           >>> referenced by param.rs:44 (src/param.rs:44)
[INFO] [stdout]           >>>               gurobi-21b0edf771c97ee8.gurobi.2483f4b27924886-cgu.4.rcgu.o:(_$LT$gurobi_sys..IntParam$u20$as$u20$gurobi..parameter..Param$GT$::get_param::hf4c4f62dfb07b000) in archive /opt/rustwide/target/debug/deps/libgurobi-21b0edf771c97ee8.rlib
[INFO] [stdout]           
[INFO] [stdout]           rust-lld: error: undefined symbol: GRBsetintparam
[INFO] [stdout]           >>> referenced by param.rs:48 (src/param.rs:48)
[INFO] [stdout]           >>>               gurobi-21b0edf771c97ee8.gurobi.2483f4b27924886-cgu.4.rcgu.o:(_$LT$gurobi_sys..IntParam$u20$as$u20$gurobi..parameter..Param$GT$::set_param::hf6d77559ac192ffb) in archive /opt/rustwide/target/debug/deps/libgurobi-21b0edf771c97ee8.rlib
[INFO] [stdout]           
[INFO] [stdout]           rust-lld: error: undefined symbol: GRBsetdblparam
[INFO] [stdout]           >>> referenced by param.rs:63 (src/param.rs:63)
[INFO] [stdout]           >>>               gurobi-21b0edf771c97ee8.gurobi.2483f4b27924886-cgu.4.rcgu.o:(_$LT$gurobi_sys..DoubleParam$u20$as$u20$gurobi..parameter..Param$GT$::set_param::h605460fe674c1723) in archive /opt/rustwide/target/debug/deps/libgurobi-21b0edf771c97ee8.rlib
[INFO] [stdout]           
[INFO] [stdout]           rust-lld: error: undefined symbol: GRBgetintattr
[INFO] [stdout]           >>> referenced by attr.rs:40 (src/attr.rs:40)
[INFO] [stdout]           >>>               gurobi-21b0edf771c97ee8.gurobi.2483f4b27924886-cgu.4.rcgu.o:(_$LT$gurobi_sys..IntAttr$u20$as$u20$gurobi..attribute..Attr$GT$::get_attr::he58b3b974103a862) in archive /opt/rustwide/target/debug/deps/libgurobi-21b0edf771c97ee8.rlib
[INFO] [stdout]           
[INFO] [stdout]           rust-lld: error: undefined symbol: GRBsetintattr
[INFO] [stdout]           >>> referenced by attr.rs:44 (src/attr.rs:44)
[INFO] [stdout]           >>>               gurobi-21b0edf771c97ee8.gurobi.2483f4b27924886-cgu.4.rcgu.o:(_$LT$gurobi_sys..IntAttr$u20$as$u20$gurobi..attribute..Attr$GT$::set_attr::hcce4ae28772ed93f) in archive /opt/rustwide/target/debug/deps/libgurobi-21b0edf771c97ee8.rlib
[INFO] [stdout]           
[INFO] [stdout]           rust-lld: error: undefined symbol: GRBnewmodel
[INFO] [stdout]           >>> referenced by model.rs:346 (src/model.rs:346)
[INFO] [stdout]           >>>               gurobi-21b0edf771c97ee8.gurobi.2483f4b27924886-cgu.3.rcgu.o:(gurobi::model::Model::new::h84a832115f5c42d7) in archive /opt/rustwide/target/debug/deps/libgurobi-21b0edf771c97ee8.rlib
[INFO] [stdout]           
[INFO] [stdout]           rust-lld: error: undefined symbol: GRBgetdblattr
[INFO] [stdout]           >>> referenced by attr.rs:55 (src/attr.rs:55)
[INFO] [stdout]           >>>               gurobi-21b0edf771c97ee8.gurobi.2483f4b27924886-cgu.4.rcgu.o:(_$LT$gurobi_sys..DoubleAttr$u20$as$u20$gurobi..attribute..Attr$GT$::get_attr::h9793c2719053b84b) in archive /opt/rustwide/target/debug/deps/libgurobi-21b0edf771c97ee8.rlib
[INFO] [stdout]           
[INFO] [stdout]           rust-lld: error: undefined symbol: GRBgetdblattrlist
[INFO] [stdout]           >>> referenced by attr.rs:157 (src/attr.rs:157)
[INFO] [stdout]           >>>               gurobi-21b0edf771c97ee8.gurobi.2483f4b27924886-cgu.4.rcgu.o:(_$LT$gurobi_sys..DoubleAttr$u20$as$u20$gurobi..attribute..AttrArray$GT$::get_attrlist::h32df845d068bfecf) in archive /opt/rustwide/target/debug/deps/libgurobi-21b0edf771c97ee8.rlib
[INFO] [stdout]           
[INFO] [stdout]           rust-lld: error: undefined symbol: GRBsetdblattrlist
[INFO] [stdout]           >>> referenced by attr.rs:163 (src/attr.rs:163)
[INFO] [stdout]           >>>               gurobi-21b0edf771c97ee8.gurobi.2483f4b27924886-cgu.4.rcgu.o:(_$LT$gurobi_sys..DoubleAttr$u20$as$u20$gurobi..attribute..AttrArray$GT$::set_attrlist::hdf3645a73705f4ac) in archive /opt/rustwide/target/debug/deps/libgurobi-21b0edf771c97ee8.rlib
[INFO] [stdout]           
[INFO] [stdout]           rust-lld: error: undefined symbol: GRBdelvars
[INFO] [stdout]           >>> referenced by model.rs:449 (src/model.rs:449)
[INFO] [stdout]           >>>               gurobi-21b0edf771c97ee8.gurobi.2483f4b27924886-cgu.3.rcgu.o:(gurobi::model::Model::update::h46509e4177124154) in archive /opt/rustwide/target/debug/deps/libgurobi-21b0edf771c97ee8.rlib
[INFO] [stdout]           
[INFO] [stdout]           rust-lld: error: undefined symbol: GRBdelconstrs
[INFO] [stdout]           >>> referenced by model.rs:454 (src/model.rs:454)
[INFO] [stdout]           >>>               gurobi-21b0edf771c97ee8.gurobi.2483f4b27924886-cgu.3.rcgu.o:(gurobi::model::Model::update::h46509e4177124154) in archive /opt/rustwide/target/debug/deps/libgurobi-21b0edf771c97ee8.rlib
[INFO] [stdout]           
[INFO] [stdout]           rust-lld: error: undefined symbol: GRBdelqconstrs
[INFO] [stdout]           >>> referenced by model.rs:459 (src/model.rs:459)
[INFO] [stdout]           >>>               gurobi-21b0edf771c97ee8.gurobi.2483f4b27924886-cgu.3.rcgu.o:(gurobi::model::Model::update::h46509e4177124154) in archive /opt/rustwide/target/debug/deps/libgurobi-21b0edf771c97ee8.rlib
[INFO] [stdout]           
[INFO] [stdout]           rust-lld: error: undefined symbol: GRBupdatemodel
[INFO] [stdout]           >>> referenced by model.rs:468 (src/model.rs:468)
[INFO] [stdout]           >>>               gurobi-21b0edf771c97ee8.gurobi.2483f4b27924886-cgu.3.rcgu.o:(gurobi::model::Model::update::h46509e4177124154) in archive /opt/rustwide/target/debug/deps/libgurobi-21b0edf771c97ee8.rlib
[INFO] [stdout]           
[INFO] [stdout]           rust-lld: error: undefined symbol: GRBdelsos
[INFO] [stdout]           >>> referenced by model.rs:464 (src/model.rs:464)
[INFO] [stdout]           >>>               gurobi-21b0edf771c97ee8.gurobi.2483f4b27924886-cgu.3.rcgu.o:(gurobi::model::Model::update::h46509e4177124154) in archive /opt/rustwide/target/debug/deps/libgurobi-21b0edf771c97ee8.rlib
[INFO] [stdout]           
[INFO] [stdout]           rust-lld: error: undefined symbol: GRBloadenv
[INFO] [stdout]           >>> referenced by env.rs:27 (src/env.rs:27)
[INFO] [stdout]           >>>               gurobi-21b0edf771c97ee8.gurobi.2483f4b27924886-cgu.2.rcgu.o:(gurobi::env::Env::new::hc4cb9c79be65aeba) in archive /opt/rustwide/target/debug/deps/libgurobi-21b0edf771c97ee8.rlib
[INFO] [stdout]           
[INFO] [stdout]           rust-lld: error: undefined symbol: GRBoptimize
[INFO] [stdout]           >>> referenced by model.rs:498 (src/model.rs:498)
[INFO] [stdout]           >>>               gurobi-21b0edf771c97ee8.gurobi.2483f4b27924886-cgu.3.rcgu.o:(gurobi::model::Model::optimize::hbffa3d5b7b1ba5ef) in archive /opt/rustwide/target/debug/deps/libgurobi-21b0edf771c97ee8.rlib
[INFO] [stdout]           
[INFO] [stdout]           rust-lld: error: undefined symbol: GRBwrite
[INFO] [stdout]           >>> referenced by model.rs:593 (src/model.rs:593)
[INFO] [stdout]           >>>               gurobi-21b0edf771c97ee8.gurobi.2483f4b27924886-cgu.3.rcgu.o:(gurobi::model::Model::write::hc5524a1081cdc8a3) in archive /opt/rustwide/target/debug/deps/libgurobi-21b0edf771c97ee8.rlib
[INFO] [stdout]           
[INFO] [stdout]           rust-lld: error: undefined symbol: GRBaddvar
[INFO] [stdout]           >>> referenced by model.rs:619 (src/model.rs:619)
[INFO] [stdout]           >>>               gurobi-21b0edf771c97ee8.gurobi.2483f4b27924886-cgu.3.rcgu.o:(gurobi::model::Model::add_var::h307f17645f9c703a) in archive /opt/rustwide/target/debug/deps/libgurobi-21b0edf771c97ee8.rlib
[INFO] [stdout]           
[INFO] [stdout]           rust-lld: error: undefined symbol: GRBaddconstr
[INFO] [stdout]           >>> referenced by model.rs:728 (src/model.rs:728)
[INFO] [stdout]           >>>               gurobi-21b0edf771c97ee8.gurobi.2483f4b27924886-cgu.3.rcgu.o:(gurobi::model::Model::add_constr::h0ddbac528f79c832) in archive /opt/rustwide/target/debug/deps/libgurobi-21b0edf771c97ee8.rlib
[INFO] [stdout]           
[INFO] [stdout]           rust-lld: error: too many errors emitted, stopping now (use --error-limit=0 to see all errors)
[INFO] [stdout]           collect2: error: ld returned 1 exit status
[INFO] [stdout]           
[INFO] [stdout] 
[INFO] [stdout] 
[INFO] [stderr] error: could not compile `generic-bnp` (test "cutting_stock") due to 1 previous error; 26 warnings emitted
[INFO] running `Command { std: "docker" "inspect" "51e4a22397fcd06fa93f80be9db976efbea7366997e90167cd8eb8b28fb9f014", kill_on_drop: false }`
[INFO] running `Command { std: "docker" "rm" "-f" "51e4a22397fcd06fa93f80be9db976efbea7366997e90167cd8eb8b28fb9f014", kill_on_drop: false }`
[INFO] [stdout] 51e4a22397fcd06fa93f80be9db976efbea7366997e90167cd8eb8b28fb9f014
