[INFO] fetching crate gelf 0.5.0...
[INFO] testing gelf-0.5.0 against nightly-2024-10-28 for randomize-layout
[INFO] extracting crate gelf 0.5.0 into /workspace/builds/worker-0-tc1/source
[INFO] validating manifest of crates.io crate gelf 0.5.0 on toolchain nightly-2024-10-28
[INFO] running `Command { std: CARGO_HOME="/workspace/cargo-home" RUSTUP_HOME="/workspace/rustup-home" "/workspace/cargo-home/bin/cargo" "+nightly-2024-10-28" "metadata" "--manifest-path" "Cargo.toml" "--no-deps", kill_on_drop: false }`
[INFO] started tweaking crates.io crate gelf 0.5.0
[INFO] finished tweaking crates.io crate gelf 0.5.0
[INFO] tweaked toml for crates.io crate gelf 0.5.0 written to /workspace/builds/worker-0-tc1/source/Cargo.toml
[INFO] crate crates.io crate gelf 0.5.0 already has a lockfile, it will not be regenerated
[INFO] running `Command { std: CARGO_HOME="/workspace/cargo-home" RUSTUP_HOME="/workspace/rustup-home" "/workspace/cargo-home/bin/cargo" "+nightly-2024-10-28" "fetch" "--manifest-path" "Cargo.toml", kill_on_drop: false }`
[INFO] [stderr]     Updating crates.io index
[INFO] [stderr]  Downloading crates ...
[INFO] [stderr]   Downloaded serde_with_macros v1.1.0
[INFO] [stderr]   Downloaded log v0.4.5
[INFO] [stderr]   Downloaded ryu v0.2.6
[INFO] [stderr]   Downloaded serde_with v1.4.0
[INFO] [stderr]   Downloaded hostname v0.1.5
[INFO] [stderr]   Downloaded hermit-abi v0.1.6
[INFO] [stderr]   Downloaded winutil v0.1.1
[INFO] [stderr]   Downloaded failure_derive v0.1.3
[INFO] [stderr]   Downloaded crossbeam-deque v0.7.2
[INFO] [stderr]   Downloaded redox_syscall v0.1.40
[INFO] [stderr]   Downloaded num-integer v0.1.39
[INFO] [stderr]   Downloaded jemallocator v0.3.2
[INFO] [stderr]   Downloaded time v0.1.40
[INFO] [stderr]   Downloaded proc-macro2 v0.4.20
[INFO] [stderr]   Downloaded rayon-core v1.7.0
[INFO] [stderr]   Downloaded criterion v0.3.1
[INFO] [stderr]   Downloaded chrono v0.4.6
[INFO] [stderr]   Downloaded syn v0.15.13
[INFO] [stderr]   Downloaded libdeflater v0.2.0
[INFO] [stderr]   Downloaded bumpalo v3.1.2
[INFO] [stderr]   Downloaded regex v1.3.4
[INFO] [stderr]   Downloaded rayon v1.3.0
[INFO] [stderr]   Downloaded regex-syntax v0.6.14
[INFO] [stderr]   Downloaded bstr v0.2.11
[INFO] [stderr]   Downloaded syn v1.0.14
[INFO] [stderr]   Downloaded fs_extra v1.1.0
[INFO] [stderr]   Downloaded cc v1.0.25
[INFO] [stderr]   Downloaded num-traits v0.2.6
[INFO] [stderr]   Downloaded memchr v2.3.0
[INFO] [stderr]   Downloaded backtrace-sys v0.1.24
[INFO] [stderr]   Downloaded crossbeam-epoch v0.8.0
[INFO] [stderr]   Downloaded tinytemplate v1.0.3
[INFO] [stderr]   Downloaded backtrace v0.3.9
[INFO] [stderr]   Downloaded failure v0.1.3
[INFO] [stderr]   Downloaded oorandom v11.1.0
[INFO] [stderr]   Downloaded csv v1.1.3
[INFO] [stderr]   Downloaded crossbeam-utils v0.7.0
[INFO] [stderr]   Downloaded rustc-demangle v0.1.9
[INFO] [stderr]   Downloaded quote v0.6.8
[INFO] [stderr]   Downloaded criterion-plot v0.4.1
[INFO] [stderr]   Downloaded synstructure v0.10.0
[INFO] [stderr]   Downloaded jemalloc-sys v0.3.2
[INFO] [stderr]   Downloaded loom v0.2.14
[INFO] [stderr]   Downloaded generator v0.6.20
[INFO] [stderr]   Downloaded serde_json v1.0.32
[INFO] running `Command { std: "docker" "create" "-v" "/var/lib/crater-agent-workspace/builds/worker-0-tc1/target:/opt/rustwide/target:rw,Z" "-v" "/var/lib/crater-agent-workspace/builds/worker-0-tc1/source:/opt/rustwide/workdir:ro,Z" "-v" "/var/lib/crater-agent-workspace/cargo-home:/opt/rustwide/cargo-home:ro,Z" "-v" "/var/lib/crater-agent-workspace/rustup-home:/opt/rustwide/rustup-home:ro,Z" "-e" "SOURCE_DIR=/opt/rustwide/workdir" "-e" "CARGO_TARGET_DIR=/opt/rustwide/target" "-e" "CARGO_HOME=/opt/rustwide/cargo-home" "-e" "RUSTUP_HOME=/opt/rustwide/rustup-home" "-w" "/opt/rustwide/workdir" "-m" "1610612736" "--user" "0:0" "--network" "none" "ghcr.io/rust-lang/crates-build-env/linux@sha256:4a844ea9eb2546a2d2c7022eacef16ef2e8229c7fbb2c7d4d55a9ceca922f72d" "/opt/rustwide/cargo-home/bin/cargo" "+nightly-2024-10-28" "metadata" "--no-deps" "--format-version=1", kill_on_drop: false }`
[INFO] [stdout] 900c8425a13e7b7daa901443ec326baf70435b5d79c44a543847c5762d5d06ee
[INFO] running `Command { std: "docker" "start" "-a" "900c8425a13e7b7daa901443ec326baf70435b5d79c44a543847c5762d5d06ee", kill_on_drop: false }`
[INFO] running `Command { std: "docker" "inspect" "900c8425a13e7b7daa901443ec326baf70435b5d79c44a543847c5762d5d06ee", kill_on_drop: false }`
[INFO] running `Command { std: "docker" "rm" "-f" "900c8425a13e7b7daa901443ec326baf70435b5d79c44a543847c5762d5d06ee", kill_on_drop: false }`
[INFO] [stdout] 900c8425a13e7b7daa901443ec326baf70435b5d79c44a543847c5762d5d06ee
[INFO] running `Command { std: "docker" "create" "-v" "/var/lib/crater-agent-workspace/builds/worker-0-tc1/target:/opt/rustwide/target:rw,Z" "-v" "/var/lib/crater-agent-workspace/builds/worker-0-tc1/source:/opt/rustwide/workdir:ro,Z" "-v" "/var/lib/crater-agent-workspace/cargo-home:/opt/rustwide/cargo-home:ro,Z" "-v" "/var/lib/crater-agent-workspace/rustup-home:/opt/rustwide/rustup-home:ro,Z" "-e" "SOURCE_DIR=/opt/rustwide/workdir" "-e" "CARGO_TARGET_DIR=/opt/rustwide/target" "-e" "CARGO_INCREMENTAL=0" "-e" "RUST_BACKTRACE=full" "-e" "RUSTFLAGS=--cap-lints=forbid" "-e" "RUSTDOCFLAGS=--cap-lints=forbid" "-e" "CARGO_HOME=/opt/rustwide/cargo-home" "-e" "RUSTUP_HOME=/opt/rustwide/rustup-home" "-w" "/opt/rustwide/workdir" "-m" "1610612736" "--user" "0:0" "--network" "none" "ghcr.io/rust-lang/crates-build-env/linux@sha256:4a844ea9eb2546a2d2c7022eacef16ef2e8229c7fbb2c7d4d55a9ceca922f72d" "/opt/rustwide/cargo-home/bin/cargo" "+nightly-2024-10-28" "build" "--frozen" "--message-format=json", kill_on_drop: false }`
[INFO] [stdout] 27a428342dccf5a31bfe5f0c178390b148356f76e117cf816044afd3ab36c0ae
[INFO] running `Command { std: "docker" "start" "-a" "27a428342dccf5a31bfe5f0c178390b148356f76e117cf816044afd3ab36c0ae", kill_on_drop: false }`
[INFO] [stderr]    Compiling libc v0.2.66
[INFO] [stderr]    Compiling proc-macro2 v1.0.8
[INFO] [stderr]    Compiling unicode-xid v0.2.0
[INFO] [stderr]    Compiling syn v1.0.14
[INFO] [stderr]    Compiling cc v1.0.25
[INFO] [stderr]    Compiling proc-macro2 v0.4.20
[INFO] [stderr]    Compiling cfg-if v0.1.10
[INFO] [stderr]    Compiling unicode-xid v0.1.0
[INFO] [stderr]    Compiling getrandom v0.1.14
[INFO] [stderr]    Compiling serde v1.0.104
[INFO] [stderr]    Compiling num-traits v0.2.6
[INFO] [stderr]    Compiling byteorder v1.3.2
[INFO] [stderr]    Compiling ppv-lite86 v0.2.6
[INFO] [stderr]    Compiling ryu v0.2.6
[INFO] [stderr]    Compiling num-integer v0.1.39
[INFO] [stderr]    Compiling failure_derive v0.1.3
[INFO] [stderr]    Compiling rustc-demangle v0.1.9
[INFO] [stderr]    Compiling itoa v0.4.3
[INFO] [stderr]    Compiling log v0.4.5
[INFO] [stderr]    Compiling c2-chacha v0.2.3
[INFO] [stderr]    Compiling backtrace-sys v0.1.24
[INFO] [stderr]    Compiling libdeflater v0.2.0
[INFO] [stderr]    Compiling iovec v0.1.4
[INFO] [stderr]    Compiling time v0.1.40
[INFO] [stderr]    Compiling hostname v0.1.5
[INFO] [stderr]    Compiling quote v0.6.8
[INFO] [stderr]    Compiling quote v1.0.2
[INFO] [stderr]    Compiling bytes v0.4.12
[INFO] [stderr]    Compiling rand_core v0.5.1
[INFO] [stderr]    Compiling syn v0.15.13
[INFO] [stderr]    Compiling rand_chacha v0.2.1
[INFO] [stderr]    Compiling rand v0.7.3
[INFO] [stderr]    Compiling backtrace v0.3.9
[INFO] [stderr]    Compiling synstructure v0.10.0
[INFO] [stderr]    Compiling failure v0.1.3
[INFO] [stderr]    Compiling serde_derive v1.0.104
[INFO] [stderr]    Compiling serde_with_macros v1.1.0
[INFO] [stderr]    Compiling serde_json v1.0.32
[INFO] [stderr]    Compiling serde_with v1.4.0
[INFO] [stderr]    Compiling chrono v0.4.6
[INFO] [stderr]    Compiling gelf v0.5.0 (/opt/rustwide/workdir)
[INFO] [stdout] warning: elided lifetime has a name
[INFO] [stdout]    --> src/message/chunked_message.rs:103:40
[INFO] [stdout]     |
[INFO] [stdout] 101 | impl<'a> ChunkedMessageIterator<'a> {
[INFO] [stdout]     |      -- lifetime `'a` declared here
[INFO] [stdout] 102 |     /// Create a new ChunkedMessageIterator
[INFO] [stdout] 103 |     fn new(msg: &'a ChunkedMessage) -> ChunkedMessageIterator {
[INFO] [stdout]     |                                        ^^^^^^^^^^^^^^^^^^^^^^ this elided lifetime gets resolved as `'a`
[INFO] [stdout]     |
[INFO] [stdout]     = note: `#[warn(elided_named_lifetimes)]` on by default
[INFO] [stdout] 
[INFO] [stdout] 
[INFO] [stdout] warning: non-local `impl` definition, `impl` blocks should be written at the same level as their item
[INFO] [stdout]  --> src/errors.rs:5:24
[INFO] [stdout]   |
[INFO] [stdout] 5 | #[derive(Clone, Debug, Fail)]
[INFO] [stdout]   |                        ^---
[INFO] [stdout]   |                        |
[INFO] [stdout]   |                        `Fail` is not local
[INFO] [stdout]   |                        move the `impl` block outside of this constant `_DERIVE_failure_Fail_FOR_Error`
[INFO] [stdout] 6 | pub enum Error {
[INFO] [stdout]   |          ----- `Error` is not local
[INFO] [stdout]   |
[INFO] [stdout]   = note: the derive macro `Fail` defines the non-local `impl`, and may need to be changed
[INFO] [stdout]   = note: the derive macro `Fail` may come from an old version of the `failure_derive` crate, try updating your dependency with `cargo update -p failure_derive`
[INFO] [stdout]   = note: an `impl` is never scoped, even when it is nested inside an item, as it may impact type checking outside of that item, which can be the case if neither the trait or the self type are at the same nesting level as the `impl`
[INFO] [stdout]   = note: items in an anonymous const item (`const _: () = { ... }`) are treated as in the same scope as the anonymous const's declaration for the purpose of this lint
[INFO] [stdout]   = note: `#[warn(non_local_definitions)]` on by default
[INFO] [stdout]   = note: this warning originates in the derive macro `Fail` (in Nightly builds, run with -Z macro-backtrace for more info)
[INFO] [stdout] 
[INFO] [stdout] 
[INFO] [stdout] warning: non-local `impl` definition, `impl` blocks should be written at the same level as their item
[INFO] [stdout]  --> src/errors.rs:5:24
[INFO] [stdout]   |
[INFO] [stdout] 5 | #[derive(Clone, Debug, Fail)]
[INFO] [stdout]   |                        ^---
[INFO] [stdout]   |                        |
[INFO] [stdout]   |                        `Display` is not local
[INFO] [stdout]   |                        move the `impl` block outside of this constant `_DERIVE_failure_core_fmt_Display_FOR_Error`
[INFO] [stdout] 6 | pub enum Error {
[INFO] [stdout]   |          ----- `Error` is not local
[INFO] [stdout]   |
[INFO] [stdout]   = note: the derive macro `Fail` defines the non-local `impl`, and may need to be changed
[INFO] [stdout]   = note: the derive macro `Fail` may come from an old version of the `failure_derive` crate, try updating your dependency with `cargo update -p failure_derive`
[INFO] [stdout]   = note: an `impl` is never scoped, even when it is nested inside an item, as it may impact type checking outside of that item, which can be the case if neither the trait or the self type are at the same nesting level as the `impl`
[INFO] [stdout]   = note: items in an anonymous const item (`const _: () = { ... }`) are treated as in the same scope as the anonymous const's declaration for the purpose of this lint
[INFO] [stdout]   = note: this warning originates in the derive macro `Fail` (in Nightly builds, run with -Z macro-backtrace for more info)
[INFO] [stdout] 
[INFO] [stdout] 
[INFO] [stdout] warning: panic message is not a string literal
[INFO] [stdout]   --> src/logger.rs:74:20
[INFO] [stdout]    |
[INFO] [stdout] 74 |             panic!(result.unwrap_err());
[INFO] [stdout]    |                    ^^^^^^^^^^^^^^^^^^^
[INFO] [stdout]    |
[INFO] [stdout]    = note: this usage of `panic!()` is deprecated; it will be a hard error in Rust 2021
[INFO] [stdout]    = note: for more information, see <https://doc.rust-lang.org/nightly/edition-guide/rust-2021/panic-macro-consistency.html>
[INFO] [stdout]    = note: `#[warn(non_fmt_panics)]` on by default
[INFO] [stdout] help: add a "{}" format string to `Display` the message
[INFO] [stdout]    |
[INFO] [stdout] 74 |             panic!("{}", result.unwrap_err());
[INFO] [stdout]    |                    +++++
[INFO] [stdout] help: or use std::panic::panic_any instead
[INFO] [stdout]    |
[INFO] [stdout] 74 |             std::panic::panic_any(result.unwrap_err());
[INFO] [stdout]    |             ~~~~~~~~~~~~~~~~~~~~~
[INFO] [stdout] 
[INFO] [stdout] 
[INFO] [stdout] warning: non-local `impl` definition, `impl` blocks should be written at the same level as their item
[INFO] [stdout]   --> src/message/mod.rs:28:35
[INFO] [stdout]    |
[INFO] [stdout] 28 | #[derive(Clone, Debug, PartialEq, Deserialize, Serialize)]
[INFO] [stdout]    |                                   ^----------
[INFO] [stdout]    |                                   |
[INFO] [stdout]    |                                   `Deserialize` is not local
[INFO] [stdout]    |                                   move the `impl` block outside of this constant `_IMPL_DESERIALIZE_FOR_Message`
[INFO] [stdout] 29 | pub struct Message<'a> {
[INFO] [stdout]    |            ------- `Message` is not local
[INFO] [stdout]    |
[INFO] [stdout]    = note: the derive macro `Deserialize` defines the non-local `impl`, and may need to be changed
[INFO] [stdout]    = note: the derive macro `Deserialize` may come from an old version of the `serde_derive` crate, try updating your dependency with `cargo update -p serde_derive`
[INFO] [stdout]    = note: an `impl` is never scoped, even when it is nested inside an item, as it may impact type checking outside of that item, which can be the case if neither the trait or the self type are at the same nesting level as the `impl`
[INFO] [stdout]    = note: items in an anonymous const item (`const _: () = { ... }`) are treated as in the same scope as the anonymous const's declaration for the purpose of this lint
[INFO] [stdout]    = note: this warning originates in the derive macro `Deserialize` (in Nightly builds, run with -Z macro-backtrace for more info)
[INFO] [stdout] 
[INFO] [stdout] 
[INFO] [stdout] warning: non-local `impl` definition, `impl` blocks should be written at the same level as their item
[INFO] [stdout]   --> src/message/mod.rs:28:48
[INFO] [stdout]    |
[INFO] [stdout] 28 | #[derive(Clone, Debug, PartialEq, Deserialize, Serialize)]
[INFO] [stdout]    |                                                ^--------
[INFO] [stdout]    |                                                |
[INFO] [stdout]    |                                                `Serialize` is not local
[INFO] [stdout]    |                                                move the `impl` block outside of this constant `_IMPL_SERIALIZE_FOR_Message`
[INFO] [stdout] 29 | pub struct Message<'a> {
[INFO] [stdout]    |            ------- `Message` is not local
[INFO] [stdout]    |
[INFO] [stdout]    = note: the derive macro `Serialize` defines the non-local `impl`, and may need to be changed
[INFO] [stdout]    = note: the derive macro `Serialize` may come from an old version of the `serde_derive` crate, try updating your dependency with `cargo update -p serde_derive`
[INFO] [stdout]    = note: an `impl` is never scoped, even when it is nested inside an item, as it may impact type checking outside of that item, which can be the case if neither the trait or the self type are at the same nesting level as the `impl`
[INFO] [stdout]    = note: items in an anonymous const item (`const _: () = { ... }`) are treated as in the same scope as the anonymous const's declaration for the purpose of this lint
[INFO] [stdout]    = note: this warning originates in the derive macro `Serialize` (in Nightly builds, run with -Z macro-backtrace for more info)
[INFO] [stdout] 
[INFO] [stdout] 
[INFO] [stderr]     Finished `dev` profile [unoptimized + debuginfo] target(s) in 7.45s
[INFO] running `Command { std: "docker" "inspect" "27a428342dccf5a31bfe5f0c178390b148356f76e117cf816044afd3ab36c0ae", kill_on_drop: false }`
[INFO] running `Command { std: "docker" "rm" "-f" "27a428342dccf5a31bfe5f0c178390b148356f76e117cf816044afd3ab36c0ae", kill_on_drop: false }`
[INFO] [stdout] 27a428342dccf5a31bfe5f0c178390b148356f76e117cf816044afd3ab36c0ae
[INFO] running `Command { std: "docker" "create" "-v" "/var/lib/crater-agent-workspace/builds/worker-0-tc1/target:/opt/rustwide/target:rw,Z" "-v" "/var/lib/crater-agent-workspace/builds/worker-0-tc1/source:/opt/rustwide/workdir:ro,Z" "-v" "/var/lib/crater-agent-workspace/cargo-home:/opt/rustwide/cargo-home:ro,Z" "-v" "/var/lib/crater-agent-workspace/rustup-home:/opt/rustwide/rustup-home:ro,Z" "-e" "SOURCE_DIR=/opt/rustwide/workdir" "-e" "CARGO_TARGET_DIR=/opt/rustwide/target" "-e" "CARGO_INCREMENTAL=0" "-e" "RUST_BACKTRACE=full" "-e" "RUSTFLAGS=--cap-lints=forbid" "-e" "RUSTDOCFLAGS=--cap-lints=forbid" "-e" "CARGO_HOME=/opt/rustwide/cargo-home" "-e" "RUSTUP_HOME=/opt/rustwide/rustup-home" "-w" "/opt/rustwide/workdir" "-m" "1610612736" "--user" "0:0" "--network" "none" "ghcr.io/rust-lang/crates-build-env/linux@sha256:4a844ea9eb2546a2d2c7022eacef16ef2e8229c7fbb2c7d4d55a9ceca922f72d" "/opt/rustwide/cargo-home/bin/cargo" "+nightly-2024-10-28" "test" "--frozen" "--no-run" "--message-format=json", kill_on_drop: false }`
[INFO] [stdout] 817c9734bd7e02758fd5f98c4aa2644f87a7f93dd747c76043b96277306beacc
[INFO] running `Command { std: "docker" "start" "-a" "817c9734bd7e02758fd5f98c4aa2644f87a7f93dd747c76043b96277306beacc", kill_on_drop: false }`
[INFO] [stderr]    Compiling semver-parser v0.7.0
[INFO] [stderr]    Compiling autocfg v0.1.7
[INFO] [stderr]    Compiling memchr v2.3.0
[INFO] [stderr]    Compiling scopeguard v1.0.0
[INFO] [stderr]    Compiling ryu v1.0.2
[INFO] [stderr]    Compiling either v1.5.3
[INFO] [stderr]    Compiling rayon-core v1.7.0
[INFO] [stderr]    Compiling fs_extra v1.1.0
[INFO] [stderr]    Compiling regex-automata v0.1.8
[INFO] [stderr]    Compiling num_cpus v1.12.0
[INFO] [stderr]    Compiling unicode-width v0.1.7
[INFO] [stderr]    Compiling regex-syntax v0.6.14
[INFO] [stderr]    Compiling bitflags v1.0.4
[INFO] [stderr]    Compiling walkdir v2.3.1
[INFO] [stderr]    Compiling tinytemplate v1.0.3
[INFO] [stderr]    Compiling plotters v0.2.12
[INFO] [stderr]    Compiling atty v0.2.14
[INFO] [stderr]    Compiling oorandom v11.1.0
[INFO] [stderr]    Compiling textwrap v0.11.0
[INFO] [stderr]    Compiling itertools v0.8.2
[INFO] [stderr]    Compiling scoped-tls v0.1.2
[INFO] [stderr]    Compiling semver v0.9.0
[INFO] [stdout] warning: elided lifetime has a name
[INFO] [stdout]    --> src/message/chunked_message.rs:103:40
[INFO] [stdout]     |
[INFO] [stdout] 101 | impl<'a> ChunkedMessageIterator<'a> {
[INFO] [stdout]     |      -- lifetime `'a` declared here
[INFO] [stdout] 102 |     /// Create a new ChunkedMessageIterator
[INFO] [stdout] 103 |     fn new(msg: &'a ChunkedMessage) -> ChunkedMessageIterator {
[INFO] [stdout]     |                                        ^^^^^^^^^^^^^^^^^^^^^^ this elided lifetime gets resolved as `'a`
[INFO] [stdout]     |
[INFO] [stdout]     = note: `#[warn(elided_named_lifetimes)]` on by default
[INFO] [stdout] 
[INFO] [stdout] 
[INFO] [stdout] warning: non-local `impl` definition, `impl` blocks should be written at the same level as their item
[INFO] [stdout]  --> src/errors.rs:5:24
[INFO] [stdout]   |
[INFO] [stdout] 5 | #[derive(Clone, Debug, Fail)]
[INFO] [stdout]   |                        ^---
[INFO] [stdout]   |                        |
[INFO] [stdout]   |                        `Fail` is not local
[INFO] [stdout]   |                        move the `impl` block outside of this constant `_DERIVE_failure_Fail_FOR_Error`
[INFO] [stdout] 6 | pub enum Error {
[INFO] [stdout]   |          ----- `Error` is not local
[INFO] [stdout]   |
[INFO] [stdout]   = note: the derive macro `Fail` defines the non-local `impl`, and may need to be changed
[INFO] [stdout]   = note: the derive macro `Fail` may come from an old version of the `failure_derive` crate, try updating your dependency with `cargo update -p failure_derive`
[INFO] [stdout]   = note: an `impl` is never scoped, even when it is nested inside an item, as it may impact type checking outside of that item, which can be the case if neither the trait or the self type are at the same nesting level as the `impl`
[INFO] [stdout]   = note: items in an anonymous const item (`const _: () = { ... }`) are treated as in the same scope as the anonymous const's declaration for the purpose of this lint
[INFO] [stdout]   = note: `#[warn(non_local_definitions)]` on by default
[INFO] [stdout]   = note: this warning originates in the derive macro `Fail` (in Nightly builds, run with -Z macro-backtrace for more info)
[INFO] [stdout] 
[INFO] [stdout] 
[INFO] [stdout] warning: non-local `impl` definition, `impl` blocks should be written at the same level as their item
[INFO] [stdout]  --> src/errors.rs:5:24
[INFO] [stdout]   |
[INFO] [stdout] 5 | #[derive(Clone, Debug, Fail)]
[INFO] [stdout]   |                        ^---
[INFO] [stdout]   |                        |
[INFO] [stdout]   |                        `Display` is not local
[INFO] [stdout]   |                        move the `impl` block outside of this constant `_DERIVE_failure_core_fmt_Display_FOR_Error`
[INFO] [stdout] 6 | pub enum Error {
[INFO] [stdout]   |          ----- `Error` is not local
[INFO] [stdout]   |
[INFO] [stdout]   = note: the derive macro `Fail` defines the non-local `impl`, and may need to be changed
[INFO] [stdout]   = note: the derive macro `Fail` may come from an old version of the `failure_derive` crate, try updating your dependency with `cargo update -p failure_derive`
[INFO] [stdout]   = note: an `impl` is never scoped, even when it is nested inside an item, as it may impact type checking outside of that item, which can be the case if neither the trait or the self type are at the same nesting level as the `impl`
[INFO] [stdout]   = note: items in an anonymous const item (`const _: () = { ... }`) are treated as in the same scope as the anonymous const's declaration for the purpose of this lint
[INFO] [stdout]   = note: this warning originates in the derive macro `Fail` (in Nightly builds, run with -Z macro-backtrace for more info)
[INFO] [stdout] 
[INFO] [stdout] 
[INFO] [stdout] warning: panic message is not a string literal
[INFO] [stdout]   --> src/logger.rs:74:20
[INFO] [stdout]    |
[INFO] [stdout] 74 |             panic!(result.unwrap_err());
[INFO] [stdout]    |                    ^^^^^^^^^^^^^^^^^^^
[INFO] [stdout]    |
[INFO] [stdout]    = note: this usage of `panic!()` is deprecated; it will be a hard error in Rust 2021
[INFO] [stdout]    = note: for more information, see <https://doc.rust-lang.org/nightly/edition-guide/rust-2021/panic-macro-consistency.html>
[INFO] [stdout]    = note: `#[warn(non_fmt_panics)]` on by default
[INFO] [stdout] help: add a "{}" format string to `Display` the message
[INFO] [stdout]    |
[INFO] [stdout] 74 |             panic!("{}", result.unwrap_err());
[INFO] [stdout]    |                    +++++
[INFO] [stdout] help: or use std::panic::panic_any instead
[INFO] [stdout]    |
[INFO] [stdout] 74 |             std::panic::panic_any(result.unwrap_err());
[INFO] [stdout]    |             ~~~~~~~~~~~~~~~~~~~~~
[INFO] [stdout] 
[INFO] [stdout] 
[INFO] [stdout] warning: non-local `impl` definition, `impl` blocks should be written at the same level as their item
[INFO] [stdout]   --> src/message/mod.rs:28:35
[INFO] [stdout]    |
[INFO] [stdout] 28 | #[derive(Clone, Debug, PartialEq, Deserialize, Serialize)]
[INFO] [stdout]    |                                   ^----------
[INFO] [stdout]    |                                   |
[INFO] [stdout]    |                                   `Deserialize` is not local
[INFO] [stdout]    |                                   move the `impl` block outside of this constant `_IMPL_DESERIALIZE_FOR_Message`
[INFO] [stdout] 29 | pub struct Message<'a> {
[INFO] [stdout]    |            ------- `Message` is not local
[INFO] [stdout]    |
[INFO] [stdout]    = note: the derive macro `Deserialize` defines the non-local `impl`, and may need to be changed
[INFO] [stdout]    = note: the derive macro `Deserialize` may come from an old version of the `serde_derive` crate, try updating your dependency with `cargo update -p serde_derive`
[INFO] [stdout]    = note: an `impl` is never scoped, even when it is nested inside an item, as it may impact type checking outside of that item, which can be the case if neither the trait or the self type are at the same nesting level as the `impl`
[INFO] [stdout]    = note: items in an anonymous const item (`const _: () = { ... }`) are treated as in the same scope as the anonymous const's declaration for the purpose of this lint
[INFO] [stdout]    = note: this warning originates in the derive macro `Deserialize` (in Nightly builds, run with -Z macro-backtrace for more info)
[INFO] [stdout] 
[INFO] [stdout] 
[INFO] [stdout] warning: non-local `impl` definition, `impl` blocks should be written at the same level as their item
[INFO] [stdout]   --> src/message/mod.rs:28:48
[INFO] [stdout]    |
[INFO] [stdout] 28 | #[derive(Clone, Debug, PartialEq, Deserialize, Serialize)]
[INFO] [stdout]    |                                                ^--------
[INFO] [stdout]    |                                                |
[INFO] [stdout]    |                                                `Serialize` is not local
[INFO] [stdout]    |                                                move the `impl` block outside of this constant `_IMPL_SERIALIZE_FOR_Message`
[INFO] [stdout] 29 | pub struct Message<'a> {
[INFO] [stdout]    |            ------- `Message` is not local
[INFO] [stdout]    |
[INFO] [stdout]    = note: the derive macro `Serialize` defines the non-local `impl`, and may need to be changed
[INFO] [stdout]    = note: the derive macro `Serialize` may come from an old version of the `serde_derive` crate, try updating your dependency with `cargo update -p serde_derive`
[INFO] [stdout]    = note: an `impl` is never scoped, even when it is nested inside an item, as it may impact type checking outside of that item, which can be the case if neither the trait or the self type are at the same nesting level as the `impl`
[INFO] [stdout]    = note: items in an anonymous const item (`const _: () = { ... }`) are treated as in the same scope as the anonymous const's declaration for the purpose of this lint
[INFO] [stdout]    = note: this warning originates in the derive macro `Serialize` (in Nightly builds, run with -Z macro-backtrace for more info)
[INFO] [stdout] 
[INFO] [stdout] 
[INFO] [stderr]    Compiling clap v2.33.0
[INFO] [stderr]    Compiling crossbeam-utils v0.7.0
[INFO] [stderr]    Compiling crossbeam-epoch v0.8.0
[INFO] [stderr]    Compiling jemalloc-sys v0.3.2
[INFO] [stderr]    Compiling rustc_version v0.2.3
[INFO] [stderr]    Compiling bstr v0.2.11
[INFO] [stderr]    Compiling csv-core v0.1.6
[INFO] [stderr]    Compiling memoffset v0.5.3
[INFO] [stderr]    Compiling cast v0.2.3
[INFO] [stderr]    Compiling generator v0.6.20
[INFO] [stderr]    Compiling crossbeam-queue v0.2.1
[INFO] [stdout] error: cannot find macro `asm` in this scope
[INFO] [stdout]   --> /opt/rustwide/cargo-home/registry/src/index.crates.io-6f17d22bba15001f/generator-0.6.20/src/detail/x86_64_unix.rs:19:9
[INFO] [stdout]    |
[INFO] [stdout] 19 |         asm!(
[INFO] [stdout]    |         ^^^
[INFO] [stdout]    |
[INFO] [stdout] help: consider importing this macro
[INFO] [stdout]    |
[INFO] [stdout] 15 +     use std::arch::asm;
[INFO] [stdout]    |
[INFO] [stdout] 
[INFO] [stdout] 
[INFO] [stdout] error: cannot find macro `asm` in this scope
[INFO] [stdout]   --> /opt/rustwide/cargo-home/registry/src/index.crates.io-6f17d22bba15001f/generator-0.6.20/src/detail/x86_64_unix.rs:31:9
[INFO] [stdout]    |
[INFO] [stdout] 31 |         asm!(
[INFO] [stdout]    |         ^^^
[INFO] [stdout]    |
[INFO] [stdout] help: consider importing this macro
[INFO] [stdout]    |
[INFO] [stdout] 15 +     use std::arch::asm;
[INFO] [stdout]    |
[INFO] [stdout] 
[INFO] [stdout] 
[INFO] [stdout] error: cannot find macro `asm` in this scope
[INFO] [stdout]   --> /opt/rustwide/cargo-home/registry/src/index.crates.io-6f17d22bba15001f/generator-0.6.20/src/detail/x86_64_unix.rs:49:9
[INFO] [stdout]    |
[INFO] [stdout] 49 |         asm!(
[INFO] [stdout]    |         ^^^
[INFO] [stdout]    |
[INFO] [stdout] help: consider importing this macro
[INFO] [stdout]    |
[INFO] [stdout] 15 +     use std::arch::asm;
[INFO] [stdout]    |
[INFO] [stdout] 
[INFO] [stdout] 
[INFO] [stdout] error: cannot find macro `asm` in this scope
[INFO] [stdout]   --> /opt/rustwide/cargo-home/registry/src/index.crates.io-6f17d22bba15001f/generator-0.6.20/src/detail/x86_64_unix.rs:61:13
[INFO] [stdout]    |
[INFO] [stdout] 61 |             asm!(
[INFO] [stdout]    |             ^^^
[INFO] [stdout]    |
[INFO] [stdout] help: consider importing this macro
[INFO] [stdout]    |
[INFO] [stdout] 15 +     use std::arch::asm;
[INFO] [stdout]    |
[INFO] [stdout] 
[INFO] [stdout] 
[INFO] [stdout] error[E0736]: attribute incompatible with `#[naked]`
[INFO] [stdout]   --> /opt/rustwide/cargo-home/registry/src/index.crates.io-6f17d22bba15001f/generator-0.6.20/src/detail/x86_64_unix.rs:29:5
[INFO] [stdout]    |
[INFO] [stdout] 28 |     #[naked]
[INFO] [stdout]    |     -------- function marked with `#[naked]` here
[INFO] [stdout] 29 |     #[inline(never)]
[INFO] [stdout]    |     ^^^^^^^^^^^^^^^^ the `inline` attribute is incompatible with `#[naked]`
[INFO] [stdout] 
[INFO] [stdout] 
[INFO] [stdout] error[E0736]: attribute incompatible with `#[naked]`
[INFO] [stdout]   --> /opt/rustwide/cargo-home/registry/src/index.crates.io-6f17d22bba15001f/generator-0.6.20/src/detail/x86_64_unix.rs:46:5
[INFO] [stdout]    |
[INFO] [stdout] 45 |     #[naked]
[INFO] [stdout]    |     -------- function marked with `#[naked]` here
[INFO] [stdout] 46 |     #[inline(never)]
[INFO] [stdout]    |     ^^^^^^^^^^^^^^^^ the `inline` attribute is incompatible with `#[naked]`
[INFO] [stdout] 
[INFO] [stdout] 
[INFO] [stdout] error[E0787]: naked functions must contain a single `naked_asm!` invocation
[INFO] [stdout]   --> /opt/rustwide/cargo-home/registry/src/index.crates.io-6f17d22bba15001f/generator-0.6.20/src/detail/x86_64_unix.rs:47:5
[INFO] [stdout]    |
[INFO] [stdout] 47 |     pub unsafe extern "C" fn swap_registers(out_regs: *mut Registers, in_regs: *const Registers) {
[INFO] [stdout]    |     ^^^^^^^^^^^^^^^^^^^^^^^^^^^^^^^^^^^^^^^^^^^^^^^^^^^^^^^^^^^^^^^^^^^^^^^^^^^^^^^^^^^^^^^^^^^^
[INFO] [stdout] ...
[INFO] [stdout] 90 |         _swap_reg()
[INFO] [stdout]    |         ----------- not allowed in naked functions
[INFO] [stdout] 
[INFO] [stdout] 
[INFO] [stderr]    Compiling criterion-plot v0.4.1
[INFO] [stdout] Some errors have detailed explanations: E0736, E0787.
[INFO] [stdout] 
[INFO] [stdout] For more information about an error, try `rustc --explain E0736`.
[INFO] [stdout] 
[INFO] [stderr]    Compiling crossbeam-deque v0.7.2
[INFO] [stderr] error: could not compile `generator` (lib) due to 7 previous errors
[INFO] [stderr] warning: build failed, waiting for other jobs to finish...
[INFO] running `Command { std: "docker" "inspect" "817c9734bd7e02758fd5f98c4aa2644f87a7f93dd747c76043b96277306beacc", kill_on_drop: false }`
[INFO] running `Command { std: "docker" "rm" "-f" "817c9734bd7e02758fd5f98c4aa2644f87a7f93dd747c76043b96277306beacc", kill_on_drop: false }`
[INFO] [stdout] 817c9734bd7e02758fd5f98c4aa2644f87a7f93dd747c76043b96277306beacc
