[INFO] fetching crate gear-pwasm-utils 0.19.0...
[INFO] testing gear-pwasm-utils-0.19.0 against nightly-2024-10-28+rustflags=-Zrandomize-layout for randomize-layout
[INFO] extracting crate gear-pwasm-utils 0.19.0 into /workspace/builds/worker-4-tc2/source
[INFO] validating manifest of crates.io crate gear-pwasm-utils 0.19.0 on toolchain nightly-2024-10-28
[INFO] running `Command { std: CARGO_HOME="/workspace/cargo-home" RUSTUP_HOME="/workspace/rustup-home" "/workspace/cargo-home/bin/cargo" "+nightly-2024-10-28" "metadata" "--manifest-path" "Cargo.toml" "--no-deps", kill_on_drop: false }`
[INFO] started tweaking crates.io crate gear-pwasm-utils 0.19.0
[INFO] finished tweaking crates.io crate gear-pwasm-utils 0.19.0
[INFO] tweaked toml for crates.io crate gear-pwasm-utils 0.19.0 written to /workspace/builds/worker-4-tc2/source/Cargo.toml
[INFO] crate crates.io crate gear-pwasm-utils 0.19.0 already has a lockfile, it will not be regenerated
[INFO] running `Command { std: CARGO_HOME="/workspace/cargo-home" RUSTUP_HOME="/workspace/rustup-home" "/workspace/cargo-home/bin/cargo" "+nightly-2024-10-28" "fetch" "--manifest-path" "Cargo.toml", kill_on_drop: false }`
[INFO] running `Command { std: "docker" "create" "-v" "/var/lib/crater-agent-workspace/builds/worker-4-tc2/target:/opt/rustwide/target:rw,Z" "-v" "/var/lib/crater-agent-workspace/builds/worker-4-tc2/source:/opt/rustwide/workdir:ro,Z" "-v" "/var/lib/crater-agent-workspace/cargo-home:/opt/rustwide/cargo-home:ro,Z" "-v" "/var/lib/crater-agent-workspace/rustup-home:/opt/rustwide/rustup-home:ro,Z" "-e" "SOURCE_DIR=/opt/rustwide/workdir" "-e" "CARGO_TARGET_DIR=/opt/rustwide/target" "-e" "CARGO_HOME=/opt/rustwide/cargo-home" "-e" "RUSTUP_HOME=/opt/rustwide/rustup-home" "-w" "/opt/rustwide/workdir" "-m" "1610612736" "--user" "0:0" "--network" "none" "ghcr.io/rust-lang/crates-build-env/linux@sha256:4a844ea9eb2546a2d2c7022eacef16ef2e8229c7fbb2c7d4d55a9ceca922f72d" "/opt/rustwide/cargo-home/bin/cargo" "+nightly-2024-10-28" "metadata" "--no-deps" "--format-version=1", kill_on_drop: false }`
[INFO] [stdout] 34f24cc0541afde72c1bbc1fad643ee4dd608f256acd70e316b0cacc1e67dcd2
[INFO] running `Command { std: "docker" "start" "-a" "34f24cc0541afde72c1bbc1fad643ee4dd608f256acd70e316b0cacc1e67dcd2", kill_on_drop: false }`
[INFO] running `Command { std: "docker" "inspect" "34f24cc0541afde72c1bbc1fad643ee4dd608f256acd70e316b0cacc1e67dcd2", kill_on_drop: false }`
[INFO] running `Command { std: "docker" "rm" "-f" "34f24cc0541afde72c1bbc1fad643ee4dd608f256acd70e316b0cacc1e67dcd2", kill_on_drop: false }`
[INFO] [stdout] 34f24cc0541afde72c1bbc1fad643ee4dd608f256acd70e316b0cacc1e67dcd2
[INFO] running `Command { std: "docker" "create" "-v" "/var/lib/crater-agent-workspace/builds/worker-4-tc2/target:/opt/rustwide/target:rw,Z" "-v" "/var/lib/crater-agent-workspace/builds/worker-4-tc2/source:/opt/rustwide/workdir:ro,Z" "-v" "/var/lib/crater-agent-workspace/cargo-home:/opt/rustwide/cargo-home:ro,Z" "-v" "/var/lib/crater-agent-workspace/rustup-home:/opt/rustwide/rustup-home:ro,Z" "-e" "SOURCE_DIR=/opt/rustwide/workdir" "-e" "CARGO_TARGET_DIR=/opt/rustwide/target" "-e" "CARGO_INCREMENTAL=0" "-e" "RUST_BACKTRACE=full" "-e" "RUSTFLAGS=--cap-lints=forbid -Zrandomize-layout" "-e" "RUSTDOCFLAGS=--cap-lints=forbid" "-e" "CARGO_HOME=/opt/rustwide/cargo-home" "-e" "RUSTUP_HOME=/opt/rustwide/rustup-home" "-w" "/opt/rustwide/workdir" "-m" "1610612736" "--user" "0:0" "--network" "none" "ghcr.io/rust-lang/crates-build-env/linux@sha256:4a844ea9eb2546a2d2c7022eacef16ef2e8229c7fbb2c7d4d55a9ceca922f72d" "/opt/rustwide/cargo-home/bin/cargo" "+nightly-2024-10-28" "build" "--frozen" "--message-format=json", kill_on_drop: false }`
[INFO] [stdout] 13f1ec76cb856f9a79bd6d798152733126981f4814b8e8477036aa52a16021be
[INFO] running `Command { std: "docker" "start" "-a" "13f1ec76cb856f9a79bd6d798152733126981f4814b8e8477036aa52a16021be", kill_on_drop: false }`
[INFO] [stderr]    Compiling log v0.4.20
[INFO] [stderr]    Compiling gear-wasm v0.45.1
[INFO] [stderr]    Compiling byteorder v1.5.0
[INFO] [stderr]    Compiling gear-pwasm-utils v0.19.0 (/opt/rustwide/workdir)
[INFO] [stdout] warning: unexpected `cfg` condition name: `features`
[INFO] [stdout]  --> src/rules.rs:1:11
[INFO] [stdout]   |
[INFO] [stdout] 1 | #[cfg(not(features = "std"))]
[INFO] [stdout]   |           ^^^^^^^^^^^^^^^^
[INFO] [stdout]   |
[INFO] [stdout]   = note: see <https://doc.rust-lang.org/nightly/rustc/check-cfg/cargo-specifics.html> for more information about checking conditional configuration
[INFO] [stdout]   = note: `#[warn(unexpected_cfgs)]` on by default
[INFO] [stdout] help: there is a config with a similar name and value
[INFO] [stdout]   |
[INFO] [stdout] 1 | #[cfg(not(feature = "std"))]
[INFO] [stdout]   |           ~~~~~~~
[INFO] [stdout] 
[INFO] [stdout] 
[INFO] [stdout] warning: unexpected `cfg` condition name: `features`
[INFO] [stdout]  --> src/rules.rs:3:7
[INFO] [stdout]   |
[INFO] [stdout] 3 | #[cfg(features = "std")]
[INFO] [stdout]   |       ^^^^^^^^^^^^^^^^
[INFO] [stdout]   |
[INFO] [stdout]   = note: see <https://doc.rust-lang.org/nightly/rustc/check-cfg/cargo-specifics.html> for more information about checking conditional configuration
[INFO] [stdout] help: there is a config with a similar name and value
[INFO] [stdout]   |
[INFO] [stdout] 3 | #[cfg(feature = "std")]
[INFO] [stdout]   |       ~~~~~~~
[INFO] [stdout] 
[INFO] [stdout] 
[INFO] [stdout] warning: unexpected `cfg` condition name: `features`
[INFO] [stdout]  --> src/optimizer.rs:1:11
[INFO] [stdout]   |
[INFO] [stdout] 1 | #[cfg(not(features = "std"))]
[INFO] [stdout]   |           ^^^^^^^^^^^^^^^^
[INFO] [stdout]   |
[INFO] [stdout]   = note: see <https://doc.rust-lang.org/nightly/rustc/check-cfg/cargo-specifics.html> for more information about checking conditional configuration
[INFO] [stdout] help: there is a config with a similar name and value
[INFO] [stdout]   |
[INFO] [stdout] 1 | #[cfg(not(feature = "std"))]
[INFO] [stdout]   |           ~~~~~~~
[INFO] [stdout] 
[INFO] [stdout] 
[INFO] [stdout] warning: unexpected `cfg` condition name: `features`
[INFO] [stdout]  --> src/optimizer.rs:3:7
[INFO] [stdout]   |
[INFO] [stdout] 3 | #[cfg(features = "std")]
[INFO] [stdout]   |       ^^^^^^^^^^^^^^^^
[INFO] [stdout]   |
[INFO] [stdout]   = note: see <https://doc.rust-lang.org/nightly/rustc/check-cfg/cargo-specifics.html> for more information about checking conditional configuration
[INFO] [stdout] help: there is a config with a similar name and value
[INFO] [stdout]   |
[INFO] [stdout] 3 | #[cfg(feature = "std")]
[INFO] [stdout]   |       ~~~~~~~
[INFO] [stdout] 
[INFO] [stdout] 
[INFO] [stdout] warning: unexpected `cfg` condition name: `features`
[INFO] [stdout]  --> src/symbols.rs:1:11
[INFO] [stdout]   |
[INFO] [stdout] 1 | #[cfg(not(features = "std"))]
[INFO] [stdout]   |           ^^^^^^^^^^^^^^^^
[INFO] [stdout]   |
[INFO] [stdout]   = note: see <https://doc.rust-lang.org/nightly/rustc/check-cfg/cargo-specifics.html> for more information about checking conditional configuration
[INFO] [stdout] help: there is a config with a similar name and value
[INFO] [stdout]   |
[INFO] [stdout] 1 | #[cfg(not(feature = "std"))]
[INFO] [stdout]   |           ~~~~~~~
[INFO] [stdout] 
[INFO] [stdout] 
[INFO] [stdout] warning: unexpected `cfg` condition name: `features`
[INFO] [stdout]  --> src/symbols.rs:3:7
[INFO] [stdout]   |
[INFO] [stdout] 3 | #[cfg(features = "std")]
[INFO] [stdout]   |       ^^^^^^^^^^^^^^^^
[INFO] [stdout]   |
[INFO] [stdout]   = note: see <https://doc.rust-lang.org/nightly/rustc/check-cfg/cargo-specifics.html> for more information about checking conditional configuration
[INFO] [stdout] help: there is a config with a similar name and value
[INFO] [stdout]   |
[INFO] [stdout] 3 | #[cfg(feature = "std")]
[INFO] [stdout]   |       ~~~~~~~
[INFO] [stdout] 
[INFO] [stdout] 
[INFO] [stdout] warning: unexpected `cfg` condition name: `features`
[INFO] [stdout]  --> src/stack_height/thunk.rs:1:11
[INFO] [stdout]   |
[INFO] [stdout] 1 | #[cfg(not(features = "std"))]
[INFO] [stdout]   |           ^^^^^^^^^^^^^^^^
[INFO] [stdout]   |
[INFO] [stdout]   = note: see <https://doc.rust-lang.org/nightly/rustc/check-cfg/cargo-specifics.html> for more information about checking conditional configuration
[INFO] [stdout] help: there is a config with a similar name and value
[INFO] [stdout]   |
[INFO] [stdout] 1 | #[cfg(not(feature = "std"))]
[INFO] [stdout]   |           ~~~~~~~
[INFO] [stdout] 
[INFO] [stdout] 
[INFO] [stdout] warning: unexpected `cfg` condition name: `features`
[INFO] [stdout]  --> src/stack_height/thunk.rs:3:7
[INFO] [stdout]   |
[INFO] [stdout] 3 | #[cfg(features = "std")]
[INFO] [stdout]   |       ^^^^^^^^^^^^^^^^
[INFO] [stdout]   |
[INFO] [stdout]   = note: see <https://doc.rust-lang.org/nightly/rustc/check-cfg/cargo-specifics.html> for more information about checking conditional configuration
[INFO] [stdout] help: there is a config with a similar name and value
[INFO] [stdout]   |
[INFO] [stdout] 3 | #[cfg(feature = "std")]
[INFO] [stdout]   |       ~~~~~~~
[INFO] [stdout] 
[INFO] [stdout] 
[INFO] [stdout] warning: field `0` is never read
[INFO] [stdout]   --> src/stack_height/mod.rs:94:18
[INFO] [stdout]    |
[INFO] [stdout] 94 | pub struct Error(String);
[INFO] [stdout]    |            ----- ^^^^^^
[INFO] [stdout]    |            |
[INFO] [stdout]    |            field in this struct
[INFO] [stdout]    |
[INFO] [stdout]    = help: consider removing this field
[INFO] [stdout]    = note: `Error` has a derived impl for the trait `Debug`, but this is intentionally ignored during dead code analysis
[INFO] [stdout]    = note: `#[warn(dead_code)]` on by default
[INFO] [stdout] 
[INFO] [stdout] 
[INFO] [stderr]     Finished `dev` profile [unoptimized + debuginfo] target(s) in 3.21s
[INFO] running `Command { std: "docker" "inspect" "13f1ec76cb856f9a79bd6d798152733126981f4814b8e8477036aa52a16021be", kill_on_drop: false }`
[INFO] running `Command { std: "docker" "rm" "-f" "13f1ec76cb856f9a79bd6d798152733126981f4814b8e8477036aa52a16021be", kill_on_drop: false }`
[INFO] [stdout] 13f1ec76cb856f9a79bd6d798152733126981f4814b8e8477036aa52a16021be
[INFO] running `Command { std: "docker" "create" "-v" "/var/lib/crater-agent-workspace/builds/worker-4-tc2/target:/opt/rustwide/target:rw,Z" "-v" "/var/lib/crater-agent-workspace/builds/worker-4-tc2/source:/opt/rustwide/workdir:ro,Z" "-v" "/var/lib/crater-agent-workspace/cargo-home:/opt/rustwide/cargo-home:ro,Z" "-v" "/var/lib/crater-agent-workspace/rustup-home:/opt/rustwide/rustup-home:ro,Z" "-e" "SOURCE_DIR=/opt/rustwide/workdir" "-e" "CARGO_TARGET_DIR=/opt/rustwide/target" "-e" "CARGO_INCREMENTAL=0" "-e" "RUST_BACKTRACE=full" "-e" "RUSTFLAGS=--cap-lints=forbid -Zrandomize-layout" "-e" "RUSTDOCFLAGS=--cap-lints=forbid" "-e" "CARGO_HOME=/opt/rustwide/cargo-home" "-e" "RUSTUP_HOME=/opt/rustwide/rustup-home" "-w" "/opt/rustwide/workdir" "-m" "1610612736" "--user" "0:0" "--network" "none" "ghcr.io/rust-lang/crates-build-env/linux@sha256:4a844ea9eb2546a2d2c7022eacef16ef2e8229c7fbb2c7d4d55a9ceca922f72d" "/opt/rustwide/cargo-home/bin/cargo" "+nightly-2024-10-28" "test" "--frozen" "--no-run" "--message-format=json", kill_on_drop: false }`
[INFO] [stdout] 1056a9a3a7ee04fc7d6b11eb111b4a2ae51e4eb07236b0af6f339f9a39282d8c
[INFO] running `Command { std: "docker" "start" "-a" "1056a9a3a7ee04fc7d6b11eb111b4a2ae51e4eb07236b0af6f339f9a39282d8c", kill_on_drop: false }`
[INFO] [stderr]    Compiling libc v0.2.150
[INFO] [stderr]    Compiling memchr v2.6.4
[INFO] [stderr]    Compiling proc-macro2 v1.0.69
[INFO] [stderr]    Compiling regex-syntax v0.8.2
[INFO] [stderr]    Compiling unicode-segmentation v1.10.1
[INFO] [stderr]    Compiling serde v1.0.193
[INFO] [stderr]    Compiling serde_json v1.0.108
[INFO] [stderr]    Compiling ryu v1.0.15
[INFO] [stderr]    Compiling itoa v1.0.9
[INFO] [stderr]    Compiling heck v0.3.3
[INFO] [stderr]    Compiling remove_dir_all v0.5.3
[INFO] [stderr]    Compiling diff v0.1.13
[INFO] [stderr]    Compiling indoc v1.0.9
[INFO] [stderr]    Compiling aho-corasick v1.1.2
[INFO] [stderr]    Compiling quote v1.0.33
[INFO] [stdout] warning: unexpected `cfg` condition name: `features`
[INFO] [stdout]  --> src/rules.rs:1:11
[INFO] [stdout]   |
[INFO] [stdout] 1 | #[cfg(not(features = "std"))]
[INFO] [stdout]   |           ^^^^^^^^^^^^^^^^
[INFO] [stdout]   |
[INFO] [stdout]   = note: see <https://doc.rust-lang.org/nightly/rustc/check-cfg/cargo-specifics.html> for more information about checking conditional configuration
[INFO] [stdout]   = note: `#[warn(unexpected_cfgs)]` on by default
[INFO] [stdout] help: there is a config with a similar name and value
[INFO] [stdout]   |
[INFO] [stdout] 1 | #[cfg(not(feature = "std"))]
[INFO] [stdout]   |           ~~~~~~~
[INFO] [stdout] 
[INFO] [stdout] 
[INFO] [stdout] warning: unexpected `cfg` condition name: `features`
[INFO] [stdout]  --> src/rules.rs:3:7
[INFO] [stdout]   |
[INFO] [stdout] 3 | #[cfg(features = "std")]
[INFO] [stdout]   |       ^^^^^^^^^^^^^^^^
[INFO] [stdout]   |
[INFO] [stdout]   = note: see <https://doc.rust-lang.org/nightly/rustc/check-cfg/cargo-specifics.html> for more information about checking conditional configuration
[INFO] [stdout] help: there is a config with a similar name and value
[INFO] [stdout]   |
[INFO] [stdout] 3 | #[cfg(feature = "std")]
[INFO] [stdout]   |       ~~~~~~~
[INFO] [stdout] 
[INFO] [stdout] 
[INFO] [stdout] warning: unexpected `cfg` condition name: `features`
[INFO] [stdout]  --> src/optimizer.rs:1:11
[INFO] [stdout]   |
[INFO] [stdout] 1 | #[cfg(not(features = "std"))]
[INFO] [stdout]   |           ^^^^^^^^^^^^^^^^
[INFO] [stdout]   |
[INFO] [stdout]   = note: see <https://doc.rust-lang.org/nightly/rustc/check-cfg/cargo-specifics.html> for more information about checking conditional configuration
[INFO] [stdout] help: there is a config with a similar name and value
[INFO] [stdout]   |
[INFO] [stdout] 1 | #[cfg(not(feature = "std"))]
[INFO] [stdout]   |           ~~~~~~~
[INFO] [stdout] 
[INFO] [stdout] 
[INFO] [stdout] warning: unexpected `cfg` condition name: `features`
[INFO] [stdout]  --> src/optimizer.rs:3:7
[INFO] [stdout]   |
[INFO] [stdout] 3 | #[cfg(features = "std")]
[INFO] [stdout]   |       ^^^^^^^^^^^^^^^^
[INFO] [stdout]   |
[INFO] [stdout]   = note: see <https://doc.rust-lang.org/nightly/rustc/check-cfg/cargo-specifics.html> for more information about checking conditional configuration
[INFO] [stdout] help: there is a config with a similar name and value
[INFO] [stdout]   |
[INFO] [stdout] 3 | #[cfg(feature = "std")]
[INFO] [stdout]   |       ~~~~~~~
[INFO] [stdout] 
[INFO] [stdout] 
[INFO] [stdout] warning: unexpected `cfg` condition name: `features`
[INFO] [stdout]  --> src/symbols.rs:1:11
[INFO] [stdout]   |
[INFO] [stdout] 1 | #[cfg(not(features = "std"))]
[INFO] [stdout]   |           ^^^^^^^^^^^^^^^^
[INFO] [stdout]   |
[INFO] [stdout]   = note: see <https://doc.rust-lang.org/nightly/rustc/check-cfg/cargo-specifics.html> for more information about checking conditional configuration
[INFO] [stdout] help: there is a config with a similar name and value
[INFO] [stdout]   |
[INFO] [stdout] 1 | #[cfg(not(feature = "std"))]
[INFO] [stdout]   |           ~~~~~~~
[INFO] [stdout] 
[INFO] [stdout] 
[INFO] [stdout] warning: unexpected `cfg` condition name: `features`
[INFO] [stdout]  --> src/symbols.rs:3:7
[INFO] [stdout]   |
[INFO] [stdout] 3 | #[cfg(features = "std")]
[INFO] [stdout]   |       ^^^^^^^^^^^^^^^^
[INFO] [stdout]   |
[INFO] [stdout]   = note: see <https://doc.rust-lang.org/nightly/rustc/check-cfg/cargo-specifics.html> for more information about checking conditional configuration
[INFO] [stdout] help: there is a config with a similar name and value
[INFO] [stdout]   |
[INFO] [stdout] 3 | #[cfg(feature = "std")]
[INFO] [stdout]   |       ~~~~~~~
[INFO] [stdout] 
[INFO] [stdout] 
[INFO] [stdout] warning: unexpected `cfg` condition name: `features`
[INFO] [stdout]  --> src/stack_height/thunk.rs:1:11
[INFO] [stdout]   |
[INFO] [stdout] 1 | #[cfg(not(features = "std"))]
[INFO] [stdout]   |           ^^^^^^^^^^^^^^^^
[INFO] [stdout]   |
[INFO] [stdout]   = note: see <https://doc.rust-lang.org/nightly/rustc/check-cfg/cargo-specifics.html> for more information about checking conditional configuration
[INFO] [stdout] help: there is a config with a similar name and value
[INFO] [stdout]   |
[INFO] [stdout] 1 | #[cfg(not(feature = "std"))]
[INFO] [stdout]   |           ~~~~~~~
[INFO] [stdout] 
[INFO] [stdout] 
[INFO] [stdout] warning: unexpected `cfg` condition name: `features`
[INFO] [stdout]  --> src/stack_height/thunk.rs:3:7
[INFO] [stdout]   |
[INFO] [stdout] 3 | #[cfg(features = "std")]
[INFO] [stdout]   |       ^^^^^^^^^^^^^^^^
[INFO] [stdout]   |
[INFO] [stdout]   = note: see <https://doc.rust-lang.org/nightly/rustc/check-cfg/cargo-specifics.html> for more information about checking conditional configuration
[INFO] [stdout] help: there is a config with a similar name and value
[INFO] [stdout]   |
[INFO] [stdout] 3 | #[cfg(feature = "std")]
[INFO] [stdout]   |       ~~~~~~~
[INFO] [stdout] 
[INFO] [stdout] 
[INFO] [stdout] warning: field `0` is never read
[INFO] [stdout]   --> src/stack_height/mod.rs:94:18
[INFO] [stdout]    |
[INFO] [stdout] 94 | pub struct Error(String);
[INFO] [stdout]    |            ----- ^^^^^^
[INFO] [stdout]    |            |
[INFO] [stdout]    |            field in this struct
[INFO] [stdout]    |
[INFO] [stdout]    = help: consider removing this field
[INFO] [stdout]    = note: `Error` has a derived impl for the trait `Debug`, but this is intentionally ignored during dead code analysis
[INFO] [stdout]    = note: `#[warn(dead_code)]` on by default
[INFO] [stdout] 
[INFO] [stdout] 
[INFO] [stderr]    Compiling getrandom v0.2.11
[INFO] [stderr]    Compiling cc v1.0.83
[INFO] [stderr]    Compiling rand v0.4.6
[INFO] [stderr]    Compiling rand_core v0.6.4
[INFO] [stderr]    Compiling syn v2.0.39
[INFO] [stderr]    Compiling rand_chacha v0.3.1
[INFO] [stderr]    Compiling rand v0.8.5
[INFO] [stderr]    Compiling cmake v0.1.50
[INFO] [stderr]    Compiling tempdir v0.3.7
[INFO] [stderr]    Compiling regex-automata v0.4.3
[INFO] [stderr]    Compiling wabt-sys v0.8.0
[INFO] [stderr]    Compiling serde_derive v1.0.193
[INFO] [stderr]    Compiling regex v1.10.2
[INFO] [stderr]    Compiling binaryen-sys v0.12.0
[INFO] [stderr] error: failed to run custom build command for `wabt-sys v0.8.0`
[INFO] [stderr] note: To improve backtraces for build dependencies, set the CARGO_PROFILE_TEST_BUILD_OVERRIDE_DEBUG=true environment variable to enable debug information generation.
[INFO] [stderr] 
[INFO] [stderr] Caused by:
[INFO] [stderr]   process didn't exit successfully: `/opt/rustwide/target/debug/build/wabt-sys-b70300d82a21c885/build-script-build` (exit status: 101)
[INFO] [stderr]   --- stdout
[INFO] [stderr]   cargo:rerun-if-env-changed=WABT_CXXSTDLIB
[INFO] [stderr]   cargo:rerun-if-env-changed=CXXSTDLIB
[INFO] [stderr]   CMAKE_TOOLCHAIN_FILE_x86_64-unknown-linux-gnu = None
[INFO] [stderr]   CMAKE_TOOLCHAIN_FILE_x86_64_unknown_linux_gnu = None
[INFO] [stderr]   HOST_CMAKE_TOOLCHAIN_FILE = None
[INFO] [stderr]   CMAKE_TOOLCHAIN_FILE = None
[INFO] [stderr]   CMAKE_GENERATOR_x86_64-unknown-linux-gnu = None
[INFO] [stderr]   CMAKE_GENERATOR_x86_64_unknown_linux_gnu = None
[INFO] [stderr]   HOST_CMAKE_GENERATOR = None
[INFO] [stderr]   CMAKE_GENERATOR = None
[INFO] [stderr]   CMAKE_PREFIX_PATH_x86_64-unknown-linux-gnu = None
[INFO] [stderr]   CMAKE_PREFIX_PATH_x86_64_unknown_linux_gnu = None
[INFO] [stderr]   HOST_CMAKE_PREFIX_PATH = None
[INFO] [stderr]   CMAKE_PREFIX_PATH = None
[INFO] [stderr]   CMAKE_x86_64-unknown-linux-gnu = None
[INFO] [stderr]   CMAKE_x86_64_unknown_linux_gnu = None
[INFO] [stderr]   HOST_CMAKE = None
[INFO] [stderr]   CMAKE = None
[INFO] [stderr]   running: cd "/opt/rustwide/target/debug/build/wabt-sys-a40d353d4212c67f/out/build" && CMAKE_PREFIX_PATH="" "cmake" "/opt/rustwide/cargo-home/registry/src/index.crates.io-6f17d22bba15001f/wabt-sys-0.8.0/wabt" "-DBUILD_TESTS=OFF" "-DBUILD_TOOLS=OFF" "-DCMAKE_INSTALL_PREFIX=/opt/rustwide/target/debug/build/wabt-sys-a40d353d4212c67f/out" "-DCMAKE_C_FLAGS= -ffunction-sections -fdata-sections -fPIC -m64" "-DCMAKE_C_COMPILER=/usr/bin/cc" "-DCMAKE_CXX_FLAGS= -ffunction-sections -fdata-sections -fPIC -m64" "-DCMAKE_CXX_COMPILER=/usr/bin/c++" "-DCMAKE_ASM_FLAGS= -ffunction-sections -fdata-sections -fPIC -m64" "-DCMAKE_ASM_COMPILER=/usr/bin/cc" "-DCMAKE_BUILD_TYPE=Debug"
[INFO] [stderr]   -- The C compiler identification is GNU 11.4.0
[INFO] [stderr]   -- The CXX compiler identification is GNU 11.4.0
[INFO] [stderr]   -- Detecting C compiler ABI info
[INFO] [stderr]   -- Detecting C compiler ABI info - done
[INFO] [stderr]   -- Check for working C compiler: /usr/bin/cc - skipped
[INFO] [stderr]   -- Detecting C compile features
[INFO] [stderr]   -- Detecting C compile features - done
[INFO] [stderr]   -- Detecting CXX compiler ABI info
[INFO] [stderr]   -- Detecting CXX compiler ABI info - done
[INFO] [stderr]   -- Check for working CXX compiler: /usr/bin/c++ - skipped
[INFO] [stderr]   -- Detecting CXX compile features
[INFO] [stderr]   -- Detecting CXX compile features - done
[INFO] [stderr]   -- Looking for alloca.h
[INFO] [stderr]   -- Looking for alloca.h - found
[INFO] [stderr]   -- Looking for unistd.h
[INFO] [stderr]   -- Looking for unistd.h - found
[INFO] [stderr]   -- Looking for snprintf
[INFO] [stderr]   -- Looking for snprintf - found
[INFO] [stderr]   -- Looking for strcasecmp
[INFO] [stderr]   -- Looking for strcasecmp - found
[INFO] [stderr]   -- Looking for sys/types.h
[INFO] [stderr]   -- Looking for sys/types.h - found
[INFO] [stderr]   -- Looking for stdint.h
[INFO] [stderr]   -- Looking for stdint.h - found
[INFO] [stderr]   -- Looking for stddef.h
[INFO] [stderr]   -- Looking for stddef.h - found
[INFO] [stderr]   -- Check size of ssize_t
[INFO] [stderr]   -- Check size of ssize_t - done
[INFO] [stderr]   -- Check size of size_t
[INFO] [stderr]   -- Check size of size_t - done
[INFO] [stderr]   -- Found PythonInterp: /usr/bin/python3 (found suitable version "3.10.12", minimum required is "3.5") 
[INFO] [stderr]   -- Looking for pthread.h
[INFO] [stderr]   -- Looking for pthread.h - found
[INFO] [stderr]   -- Performing Test CMAKE_HAVE_LIBC_PTHREAD
[INFO] [stderr]   -- Performing Test CMAKE_HAVE_LIBC_PTHREAD - Success
[INFO] [stderr]   -- Found Threads: TRUE  
[INFO] [stderr]   -- Configuring done
[INFO] [stderr]   -- Generating done
[INFO] [stderr]   -- Build files have been written to: /opt/rustwide/target/debug/build/wabt-sys-a40d353d4212c67f/out/build
[INFO] [stderr]   running: cd "/opt/rustwide/target/debug/build/wabt-sys-a40d353d4212c67f/out/build" && MAKEFLAGS="-j --jobserver-fds=8,9 --jobserver-auth=8,9" "cmake" "--build" "." "--config" "Debug"
[INFO] [stderr]   [  1%] Building CXX object CMakeFiles/wabt.dir/src/apply-names.cc.o
[INFO] [stderr]   [  2%] Building CXX object CMakeFiles/wabt.dir/src/binary.cc.o
[INFO] [stderr]   [  3%] Building CXX object CMakeFiles/wabt.dir/src/binary-reader.cc.o
[INFO] [stderr]   [  4%] Building CXX object CMakeFiles/wabt.dir/src/binary-reader-ir.cc.o
[INFO] [stderr]   [  5%] Building CXX object CMakeFiles/wabt.dir/src/binary-reader-logging.cc.o
[INFO] [stderr]   [  6%] Building CXX object CMakeFiles/wabt.dir/src/binary-writer.cc.o
[INFO] [stderr]   [  7%] Building CXX object CMakeFiles/wabt.dir/src/binding-hash.cc.o
[INFO] [stderr]   [  8%] Building CXX object CMakeFiles/wabt.dir/src/binary-writer-spec.cc.o
[INFO] [stderr]   [ 10%] Building CXX object CMakeFiles/wabt.dir/src/color.cc.o
[INFO] [stderr]   [ 11%] Building CXX object CMakeFiles/wabt.dir/src/common.cc.o
[INFO] [stderr]   [ 12%] Building CXX object CMakeFiles/wabt.dir/src/config.cc.o
[INFO] [stderr]   [ 13%] Building CXX object CMakeFiles/wabt.dir/src/decompiler.cc.o
[INFO] [stderr]   [ 14%] Building CXX object CMakeFiles/wabt.dir/src/error-formatter.cc.o
[INFO] [stderr]   [ 15%] Building CXX object CMakeFiles/wabt.dir/src/expr-visitor.cc.o
[INFO] [stderr] 
[INFO] [stderr]   --- stderr
[INFO] [stderr]   CMake Warning (dev) at CMakeLists.txt:325 (add_library):
[INFO] [stderr]     Policy CMP0115 is not set: Source file extensions must be explicit.  Run
[INFO] [stderr]     "cmake --help-policy CMP0115" for policy details.  Use the cmake_policy
[INFO] [stderr]     command to set the policy and suppress this warning.
[INFO] [stderr] 
[INFO] [stderr]     File:
[INFO] [stderr] 
[INFO] [stderr]       /opt/rustwide/cargo-home/registry/src/index.crates.io-6f17d22bba15001f/wabt-sys-0.8.0/wabt/src/config.h.in
[INFO] [stderr]   This warning is for project developers.  Use -Wno-dev to suppress it.
[INFO] [stderr] 
[INFO] [stderr]   CMake Warning:
[INFO] [stderr]     Manually-specified variables were not used by the project:
[INFO] [stderr] 
[INFO] [stderr]       CMAKE_ASM_COMPILER
[INFO] [stderr]       CMAKE_ASM_FLAGS
[INFO] [stderr] 
[INFO] [stderr] 
[INFO] [stderr]   c++: fatal error: Killed signal terminated program cc1plus
[INFO] [stderr]   compilation terminated.
[INFO] [stderr]   gmake[2]: *** [CMakeFiles/wabt.dir/build.make:118: CMakeFiles/wabt.dir/src/binary-reader-ir.cc.o] Error 1
[INFO] [stderr]   gmake[1]: *** [CMakeFiles/Makefile2:112: CMakeFiles/wabt.dir/all] Error 2
[INFO] [stderr]   gmake: *** [Makefile:91: all] Error 2
[INFO] [stderr]   thread 'main' panicked at /opt/rustwide/cargo-home/registry/src/index.crates.io-6f17d22bba15001f/cmake-0.1.50/src/lib.rs:1098:5:
[INFO] [stderr] 
[INFO] [stderr]   command did not execute successfully, got: exit status: 2
[INFO] [stderr] 
[INFO] [stderr]   build script failed, must exit now
[INFO] [stderr]   stack backtrace:
[INFO] [stderr]      0:     0x64275110418a - std::backtrace_rs::backtrace::libunwind::trace::h207520d6e9873551
[INFO] [stderr]                                  at /rustc/df4ca44d3fbc9301ee17f30f4d474e6ae4b05252/library/std/src/../../backtrace/src/backtrace/libunwind.rs:116:5
[INFO] [stderr]      1:     0x64275110418a - std::backtrace_rs::backtrace::trace_unsynchronized::h2ed7433f370e3eca
[INFO] [stderr]                                  at /rustc/df4ca44d3fbc9301ee17f30f4d474e6ae4b05252/library/std/src/../../backtrace/src/backtrace/mod.rs:66:5
[INFO] [stderr]      2:     0x64275110418a - std::sys::backtrace::_print_fmt::h916fac51166b18d7
[INFO] [stderr]                                  at /rustc/df4ca44d3fbc9301ee17f30f4d474e6ae4b05252/library/std/src/sys/backtrace.rs:66:9
[INFO] [stderr]      3:     0x64275110418a - <std::sys::backtrace::BacktraceLock::print::DisplayBacktrace as core::fmt::Display>::fmt::ha0a4c9b8ce3802e6
[INFO] [stderr]                                  at /rustc/df4ca44d3fbc9301ee17f30f4d474e6ae4b05252/library/std/src/sys/backtrace.rs:39:26
[INFO] [stderr]      4:     0x642751128f03 - core::fmt::rt::Argument::fmt::h4cfc8587d52b3eb5
[INFO] [stderr]                                  at /rustc/df4ca44d3fbc9301ee17f30f4d474e6ae4b05252/library/core/src/fmt/rt.rs:177:76
[INFO] [stderr]      5:     0x642751128f03 - core::fmt::write::h522cc39e5b36ae9f
[INFO] [stderr]                                  at /rustc/df4ca44d3fbc9301ee17f30f4d474e6ae4b05252/library/core/src/fmt/mod.rs:1190:21
[INFO] [stderr]      6:     0x6427511004a3 - std::io::Write::write_fmt::hf1c1dcc8cc1287f0
[INFO] [stderr]                                  at /rustc/df4ca44d3fbc9301ee17f30f4d474e6ae4b05252/library/std/src/io/mod.rs:1839:15
[INFO] [stderr]      7:     0x642751103fd2 - std::sys::backtrace::BacktraceLock::print::h4b9e00b29e9c0942
[INFO] [stderr]                                  at /rustc/df4ca44d3fbc9301ee17f30f4d474e6ae4b05252/library/std/src/sys/backtrace.rs:42:9
[INFO] [stderr]      8:     0x6427511051cc - std::panicking::default_hook::{{closure}}::hb59b88280d0324d9
[INFO] [stderr]                                  at /rustc/df4ca44d3fbc9301ee17f30f4d474e6ae4b05252/library/std/src/panicking.rs:268:22
[INFO] [stderr]      9:     0x642751105012 - std::panicking::default_hook::he1dd496665be4a29
[INFO] [stderr]                                  at /rustc/df4ca44d3fbc9301ee17f30f4d474e6ae4b05252/library/std/src/panicking.rs:295:9
[INFO] [stderr]     10:     0x642751105807 - std::panicking::rust_panic_with_hook::h2ff17fe8f26dfcf8
[INFO] [stderr]                                  at /rustc/df4ca44d3fbc9301ee17f30f4d474e6ae4b05252/library/std/src/panicking.rs:801:13
[INFO] [stderr]     11:     0x64275110569a - std::panicking::begin_panic_handler::{{closure}}::h4fad77951c07e101
[INFO] [stderr]                                  at /rustc/df4ca44d3fbc9301ee17f30f4d474e6ae4b05252/library/std/src/panicking.rs:674:13
[INFO] [stderr]     12:     0x642751104669 - std::sys::backtrace::__rust_end_short_backtrace::hb1a25b3da5d0ea08
[INFO] [stderr]                                  at /rustc/df4ca44d3fbc9301ee17f30f4d474e6ae4b05252/library/std/src/sys/backtrace.rs:170:18
[INFO] [stderr]     13:     0x64275110532c - rust_begin_unwind
[INFO] [stderr]                                  at /rustc/df4ca44d3fbc9301ee17f30f4d474e6ae4b05252/library/std/src/panicking.rs:665:5
[INFO] [stderr]     14:     0x642751127d50 - core::panicking::panic_fmt::ha9db07b529f9b256
[INFO] [stderr]                                  at /rustc/df4ca44d3fbc9301ee17f30f4d474e6ae4b05252/library/core/src/panicking.rs:75:14
[INFO] [stderr]     15:     0x642751087292 - cmake::fail::h101cb013285b2833
[INFO] [stderr]     16:     0x642751086a69 - cmake::run::h1ceae594c1c4395e
[INFO] [stderr]     17:     0x6427510833f6 - cmake::Config::build::h1b317d16a209f52e
[INFO] [stderr]     18:     0x642751070a54 - build_script_build::main::ha2489374d2a8052d
[INFO] [stderr]     19:     0x64275106eaf3 - core::ops::function::FnOnce::call_once::hc5110f9132dfb6be
[INFO] [stderr]     20:     0x64275106e9f6 - std::sys::backtrace::__rust_begin_short_backtrace::h1525306b523f3d72
[INFO] [stderr]     21:     0x64275106e919 - std::rt::lang_start::{{closure}}::h3d5340876cc9de18
[INFO] [stderr]     22:     0x6427510fc317 - core::ops::function::impls::<impl core::ops::function::FnOnce<A> for &F>::call_once::hd87d66b906e0ccaf
[INFO] [stderr]                                  at /rustc/df4ca44d3fbc9301ee17f30f4d474e6ae4b05252/library/core/src/ops/function.rs:284:13
[INFO] [stderr]     23:     0x6427510fc317 - std::panicking::try::do_call::hae3703de71fc9e3a
[INFO] [stderr]                                  at /rustc/df4ca44d3fbc9301ee17f30f4d474e6ae4b05252/library/std/src/panicking.rs:557:40
[INFO] [stderr]     24:     0x6427510fc317 - std::panicking::try::h1178330e9a2b2645
[INFO] [stderr]                                  at /rustc/df4ca44d3fbc9301ee17f30f4d474e6ae4b05252/library/std/src/panicking.rs:520:19
[INFO] [stderr]     25:     0x6427510fc317 - std::panic::catch_unwind::h0acf49d2305d32ad
[INFO] [stderr]                                  at /rustc/df4ca44d3fbc9301ee17f30f4d474e6ae4b05252/library/std/src/panic.rs:358:14
[INFO] [stderr]     26:     0x6427510fc317 - std::rt::lang_start_internal::{{closure}}::h2d95182d798177be
[INFO] [stderr]                                  at /rustc/df4ca44d3fbc9301ee17f30f4d474e6ae4b05252/library/std/src/rt.rs:174:48
[INFO] [stderr]     27:     0x6427510fc317 - std::panicking::try::do_call::hb506f5bfe11fd30c
[INFO] [stderr]                                  at /rustc/df4ca44d3fbc9301ee17f30f4d474e6ae4b05252/library/std/src/panicking.rs:557:40
[INFO] [stderr]     28:     0x6427510fc317 - std::panicking::try::h54d825c46bd0fa95
[INFO] [stderr]                                  at /rustc/df4ca44d3fbc9301ee17f30f4d474e6ae4b05252/library/std/src/panicking.rs:520:19
[INFO] [stderr]     29:     0x6427510fc317 - std::panic::catch_unwind::hffbb0ad20c4e9fac
[INFO] [stderr]                                  at /rustc/df4ca44d3fbc9301ee17f30f4d474e6ae4b05252/library/std/src/panic.rs:358:14
[INFO] [stderr]     30:     0x6427510fc317 - std::rt::lang_start_internal::h52c291ef1962c925
[INFO] [stderr]                                  at /rustc/df4ca44d3fbc9301ee17f30f4d474e6ae4b05252/library/std/src/rt.rs:174:20
[INFO] [stderr]     31:     0x64275106e8f7 - std::rt::lang_start::hb29977d72d266985
[INFO] [stderr]     32:     0x642751071835 - main
[INFO] [stderr]     33:     0x79e873ae9d90 - <unknown>
[INFO] [stderr]     34:     0x79e873ae9e40 - __libc_start_main
[INFO] [stderr]     35:     0x64275106e435 - _start
[INFO] [stderr]     36:                0x0 - <unknown>
[INFO] [stderr] warning: build failed, waiting for other jobs to finish...
[INFO] [stderr] error: failed to run custom build command for `binaryen-sys v0.12.0`
[INFO] [stderr] note: To improve backtraces for build dependencies, set the CARGO_PROFILE_TEST_BUILD_OVERRIDE_DEBUG=true environment variable to enable debug information generation.
[INFO] [stderr] 
[INFO] [stderr] Caused by:
[INFO] [stderr]   process didn't exit successfully: `/opt/rustwide/target/debug/build/binaryen-sys-e65ed3057af0e28e/build-script-build` (exit status: 101)
[INFO] [stderr]   --- stdout
[INFO] [stderr]   CMAKE_TOOLCHAIN_FILE_x86_64-unknown-linux-gnu = None
[INFO] [stderr]   CMAKE_TOOLCHAIN_FILE_x86_64_unknown_linux_gnu = None
[INFO] [stderr]   HOST_CMAKE_TOOLCHAIN_FILE = None
[INFO] [stderr]   CMAKE_TOOLCHAIN_FILE = None
[INFO] [stderr]   CMAKE_GENERATOR_x86_64-unknown-linux-gnu = None
[INFO] [stderr]   CMAKE_GENERATOR_x86_64_unknown_linux_gnu = None
[INFO] [stderr]   HOST_CMAKE_GENERATOR = None
[INFO] [stderr]   CMAKE_GENERATOR = None
[INFO] [stderr]   CMAKE_PREFIX_PATH_x86_64-unknown-linux-gnu = None
[INFO] [stderr]   CMAKE_PREFIX_PATH_x86_64_unknown_linux_gnu = None
[INFO] [stderr]   HOST_CMAKE_PREFIX_PATH = None
[INFO] [stderr]   CMAKE_PREFIX_PATH = None
[INFO] [stderr]   CMAKE_x86_64-unknown-linux-gnu = None
[INFO] [stderr]   CMAKE_x86_64_unknown_linux_gnu = None
[INFO] [stderr]   HOST_CMAKE = None
[INFO] [stderr]   CMAKE = None
[INFO] [stderr]   running: cd "/opt/rustwide/target/debug/build/binaryen-sys-1280008d0f4fe857/out/build" && CMAKE_PREFIX_PATH="" "cmake" "/opt/rustwide/cargo-home/registry/src/index.crates.io-6f17d22bba15001f/binaryen-sys-0.12.0/binaryen" "-DBUILD_STATIC_LIB=ON" "-DENABLE_WERROR=OFF" "-DCMAKE_INSTALL_PREFIX=/opt/rustwide/target/debug/build/binaryen-sys-1280008d0f4fe857/out" "-DCMAKE_C_FLAGS= -ffunction-sections -fdata-sections -fPIC -m64" "-DCMAKE_C_COMPILER=/usr/bin/cc" "-DCMAKE_CXX_FLAGS= -ffunction-sections -fdata-sections -fPIC -m64" "-DCMAKE_CXX_COMPILER=/usr/bin/c++" "-DCMAKE_ASM_FLAGS= -ffunction-sections -fdata-sections -fPIC -m64" "-DCMAKE_ASM_COMPILER=/usr/bin/cc" "-DCMAKE_BUILD_TYPE=Debug"
[INFO] [stderr]   -- The C compiler identification is GNU 11.4.0
[INFO] [stderr]   -- The CXX compiler identification is GNU 11.4.0
[INFO] [stderr]   -- Detecting C compiler ABI info
[INFO] [stderr]   -- Detecting C compiler ABI info - done
[INFO] [stderr]   -- Check for working C compiler: /usr/bin/cc - skipped
[INFO] [stderr]   -- Detecting C compile features
[INFO] [stderr]   -- Detecting C compile features - done
[INFO] [stderr]   -- Detecting CXX compiler ABI info
[INFO] [stderr]   -- Detecting CXX compiler ABI info - done
[INFO] [stderr]   -- Check for working CXX compiler: /usr/bin/c++ - skipped
[INFO] [stderr]   -- Detecting CXX compile features
[INFO] [stderr]   -- Detecting CXX compile features - done
[INFO] [stderr]   -- Building with -DBUILD_LLVM_DWARF
[INFO] [stderr]   -- Looking for pthread.h
[INFO] [stderr]   -- Looking for pthread.h - found
[INFO] [stderr]   -- Performing Test CMAKE_HAVE_LIBC_PTHREAD
[INFO] [stderr]   -- Performing Test CMAKE_HAVE_LIBC_PTHREAD - Success
[INFO] [stderr]   -- Found Threads: TRUE  
[INFO] [stderr]   -- Building with -std=c++14
[INFO] [stderr]   -- Building with -Wall
[INFO] [stderr]   -- Building with -Wextra
[INFO] [stderr]   -- Building with -Wno-unused-parameter
[INFO] [stderr]   -- Building with -fno-omit-frame-pointer
[INFO] [stderr]   -- Building with -Wno-implicit-int-float-conversion
[INFO] [stderr]   -- Building with -Wno-unknown-warning-option
[INFO] [stderr]   -- Building with -Wswitch
[INFO] [stderr]   -- Building with -fPIC
[INFO] [stderr]   -- Building with -O0
[INFO] [stderr]   -- Building with -g3
[INFO] [stderr]   -- Found PythonInterp: /usr/bin/python3 (found suitable version "3.10.12", minimum required is "3.5") 
[INFO] [stderr]   -- Building libbinaryen as statically linked library.
[INFO] [stderr]   -- Configuring done
[INFO] [stderr]   -- Generating done
[INFO] [stderr]   -- Build files have been written to: /opt/rustwide/target/debug/build/binaryen-sys-1280008d0f4fe857/out/build
[INFO] [stderr]   running: cd "/opt/rustwide/target/debug/build/binaryen-sys-1280008d0f4fe857/out/build" && MAKEFLAGS="-j --jobserver-fds=8,9 --jobserver-auth=8,9" "cmake" "--build" "." "--target" "install" "--config" "Debug"
[INFO] [stderr]   [  0%] Building CXX object third_party/llvm-project/CMakeFiles/llvm_dwarf.dir/Binary.cpp.o
[INFO] [stderr]   [  1%] Building CXX object third_party/llvm-project/CMakeFiles/llvm_dwarf.dir/ConvertUTF.cpp.o
[INFO] [stderr]   [  2%] Building CXX object src/ir/CMakeFiles/ir.dir/ExpressionAnalyzer.cpp.o
[INFO] [stderr]   [  2%] Building CXX object third_party/llvm-project/CMakeFiles/llvm_dwarf.dir/DataExtractor.cpp.o
[INFO] [stderr]   [  3%] Building CXX object third_party/llvm-project/CMakeFiles/llvm_dwarf.dir/Debug.cpp.o
[INFO] [stderr]   [  3%] Building CXX object third_party/llvm-project/CMakeFiles/llvm_dwarf.dir/DJB.cpp.o
[INFO] [stderr]   [  3%] Building CXX object src/ir/CMakeFiles/ir.dir/ExpressionManipulator.cpp.o
[INFO] [stderr]   [  3%] Building CXX object src/asmjs/CMakeFiles/asmjs.dir/asm_v_wasm.cpp.o
[INFO] [stderr]   [  4%] Building CXX object src/cfg/CMakeFiles/cfg.dir/Relooper.cpp.o
[INFO] [stderr]   [  5%] Building CXX object third_party/llvm-project/CMakeFiles/llvm_dwarf.dir/Dwarf.cpp.o
[INFO] [stderr]   [  6%] Building CXX object src/ir/CMakeFiles/ir.dir/LocalGraph.cpp.o
[INFO] [stderr]   [  7%] Building CXX object src/asmjs/CMakeFiles/asmjs.dir/asmangle.cpp.o
[INFO] [stderr]   [  7%] Building CXX object src/ir/CMakeFiles/ir.dir/ReFinalize.cpp.o
[INFO] [stderr]   [  7%] Building CXX object third_party/llvm-project/CMakeFiles/llvm_dwarf.dir/dwarf2yaml.cpp.o
[INFO] [stderr]   [  7%] Building CXX object src/asmjs/CMakeFiles/asmjs.dir/shared-constants.cpp.o
[INFO] [stderr]   [  8%] Building CXX object third_party/llvm-project/CMakeFiles/llvm_dwarf.dir/DWARFAbbreviationDeclaration.cpp.o
[INFO] [stderr]   [  8%] Building CXX object src/emscripten-optimizer/CMakeFiles/emscripten-optimizer.dir/optimizer-shared.cpp.o
[INFO] [stderr]   [  8%] Generating WasmIntrinsics.cpp
[INFO] [stderr]   [  8%] Built target asmjs
[INFO] [stderr]   [  9%] Building CXX object src/passes/CMakeFiles/passes.dir/pass.cpp.o
[INFO] [stderr]   [ 10%] Building CXX object src/support/CMakeFiles/support.dir/archive.cpp.o
[INFO] [stderr]   [ 11%] Building CXX object third_party/llvm-project/CMakeFiles/llvm_dwarf.dir/DWARFAcceleratorTable.cpp.o
[INFO] [stderr]   [ 12%] Building CXX object src/emscripten-optimizer/CMakeFiles/emscripten-optimizer.dir/parser.cpp.o
[INFO] [stderr]   [ 12%] Building CXX object src/support/CMakeFiles/support.dir/bits.cpp.o
[INFO] [stderr]   [ 12%] Building CXX object third_party/llvm-project/CMakeFiles/llvm_dwarf.dir/DWARFAddressRange.cpp.o
[INFO] [stderr]   [ 12%] Building CXX object src/passes/CMakeFiles/passes.dir/AlignmentLowering.cpp.o
[INFO] [stderr]   [ 13%] Building CXX object src/support/CMakeFiles/support.dir/colors.cpp.o
[INFO] [stderr]   [ 13%] Building CXX object src/support/CMakeFiles/support.dir/command-line.cpp.o
[INFO] [stderr]   [ 13%] Building CXX object src/emscripten-optimizer/CMakeFiles/emscripten-optimizer.dir/simple_ast.cpp.o
[INFO] [stderr]   [ 14%] Building CXX object src/support/CMakeFiles/support.dir/debug.cpp.o
[INFO] [stderr]   [ 15%] Building CXX object src/ir/CMakeFiles/ir.dir/stack-utils.cpp.o
[INFO] [stderr]   [ 15%] Building CXX object src/support/CMakeFiles/support.dir/file.cpp.o
[INFO] [stderr]   [ 16%] Building CXX object src/passes/CMakeFiles/passes.dir/Asyncify.cpp.o
[INFO] [stderr]   [ 17%] Building CXX object src/support/CMakeFiles/support.dir/path.cpp.o
[INFO] [stderr]   [ 17%] Building CXX object src/support/CMakeFiles/support.dir/safe_integer.cpp.o
[INFO] [stderr]   [ 17%] Built target emscripten-optimizer
[INFO] [stderr]   [ 18%] Building CXX object src/support/CMakeFiles/support.dir/threads.cpp.o
[INFO] [stderr]   [ 18%] Building CXX object src/support/CMakeFiles/support.dir/utilities.cpp.o
[INFO] [stderr]   [ 18%] Building CXX object src/passes/CMakeFiles/passes.dir/AvoidReinterprets.cpp.o
[INFO] [stderr]   [ 19%] Building CXX object src/passes/CMakeFiles/passes.dir/CoalesceLocals.cpp.o
[INFO] [stderr]   [ 19%] Building CXX object src/passes/CMakeFiles/passes.dir/CodePushing.cpp.o
[INFO] [stderr]   [ 20%] Building CXX object src/passes/CMakeFiles/passes.dir/CodeFolding.cpp.o
[INFO] [stderr]   [ 21%] Building CXX object src/passes/CMakeFiles/passes.dir/ConstHoisting.cpp.o
[INFO] [stderr]   [ 21%] Built target support
[INFO] [stderr]   [ 21%] Building CXX object src/passes/CMakeFiles/passes.dir/DataFlowOpts.cpp.o
[INFO] [stderr]   [ 21%] Built target ir
[INFO] [stderr]   [ 22%] Building CXX object src/passes/CMakeFiles/passes.dir/DeadArgumentElimination.cpp.o
[INFO] [stderr] 
[INFO] [stderr]   --- stderr
[INFO] [stderr]   fatal: not a git repository (or any parent up to mount point /opt/rustwide)
[INFO] [stderr]   Stopping at filesystem boundary (GIT_DISCOVERY_ACROSS_FILESYSTEM not set).
[INFO] [stderr]   CMake Warning:
[INFO] [stderr]     Manually-specified variables were not used by the project:
[INFO] [stderr] 
[INFO] [stderr]       CMAKE_ASM_COMPILER
[INFO] [stderr]       CMAKE_ASM_FLAGS
[INFO] [stderr] 
[INFO] [stderr] 
[INFO] [stderr]   c++: fatal error: Killed signal terminated program cc1plus
[INFO] [stderr]   compilation terminated.
[INFO] [stderr]   gmake[2]: *** [src/cfg/CMakeFiles/cfg.dir/build.make:76: src/cfg/CMakeFiles/cfg.dir/Relooper.cpp.o] Error 1
[INFO] [stderr]   gmake[1]: *** [CMakeFiles/Makefile2:578: src/cfg/CMakeFiles/cfg.dir/all] Error 2
[INFO] [stderr]   gmake[1]: *** Waiting for unfinished jobs....
[INFO] [stderr]   c++: fatal error: Killed signal terminated program cc1plus
[INFO] [stderr]   compilation terminated.
[INFO] [stderr]   gmake[2]: *** [third_party/llvm-project/CMakeFiles/llvm_dwarf.dir/build.make:160: third_party/llvm-project/CMakeFiles/llvm_dwarf.dir/dwarf2yaml.cpp.o] Error 1
[INFO] [stderr]   gmake[2]: *** Waiting for unfinished jobs....
[INFO] [stderr]   gmake[1]: *** [CMakeFiles/Makefile2:708: third_party/llvm-project/CMakeFiles/llvm_dwarf.dir/all] Error 2
[INFO] [stderr]   c++: fatal error: Killed signal terminated program cc1plus
[INFO] [stderr]   compilation terminated.
[INFO] [stderr]   gmake[2]: *** [src/passes/CMakeFiles/passes.dir/build.make:109: src/passes/CMakeFiles/passes.dir/Asyncify.cpp.o] Error 1
[INFO] [stderr]   gmake[2]: *** Waiting for unfinished jobs....
[INFO] [stderr]   c++: fatal error: Killed signal terminated program cc1plus
[INFO] [stderr]   compilation terminated.
[INFO] [stderr]   gmake[2]: *** [src/passes/CMakeFiles/passes.dir/build.make:123: src/passes/CMakeFiles/passes.dir/AvoidReinterprets.cpp.o] Error 1
[INFO] [stderr]   c++: fatal error: Killed signal terminated program cc1plus
[INFO] [stderr]   compilation terminated.
[INFO] [stderr]   gmake[2]: *** [src/passes/CMakeFiles/passes.dir/build.make:137: src/passes/CMakeFiles/passes.dir/CoalesceLocals.cpp.o] Error 1
[INFO] [stderr]   gmake[1]: *** [CMakeFiles/Makefile2:630: src/passes/CMakeFiles/passes.dir/all] Error 2
[INFO] [stderr]   gmake: *** [Makefile:136: all] Error 2
[INFO] [stderr]   thread 'main' panicked at /opt/rustwide/cargo-home/registry/src/index.crates.io-6f17d22bba15001f/cmake-0.1.50/src/lib.rs:1098:5:
[INFO] [stderr] 
[INFO] [stderr]   command did not execute successfully, got: exit status: 2
[INFO] [stderr] 
[INFO] [stderr]   build script failed, must exit now
[INFO] [stderr]   stack backtrace:
[INFO] [stderr]      0:     0x58d424946d3a - std::backtrace_rs::backtrace::libunwind::trace::h207520d6e9873551
[INFO] [stderr]                                  at /rustc/df4ca44d3fbc9301ee17f30f4d474e6ae4b05252/library/std/src/../../backtrace/src/backtrace/libunwind.rs:116:5
[INFO] [stderr]      1:     0x58d424946d3a - std::backtrace_rs::backtrace::trace_unsynchronized::h2ed7433f370e3eca
[INFO] [stderr]                                  at /rustc/df4ca44d3fbc9301ee17f30f4d474e6ae4b05252/library/std/src/../../backtrace/src/backtrace/mod.rs:66:5
[INFO] [stderr]      2:     0x58d424946d3a - std::sys::backtrace::_print_fmt::h916fac51166b18d7
[INFO] [stderr]                                  at /rustc/df4ca44d3fbc9301ee17f30f4d474e6ae4b05252/library/std/src/sys/backtrace.rs:66:9
[INFO] [stderr]      3:     0x58d424946d3a - <std::sys::backtrace::BacktraceLock::print::DisplayBacktrace as core::fmt::Display>::fmt::ha0a4c9b8ce3802e6
[INFO] [stderr]                                  at /rustc/df4ca44d3fbc9301ee17f30f4d474e6ae4b05252/library/std/src/sys/backtrace.rs:39:26
[INFO] [stderr]      4:     0x58d42496c443 - core::fmt::rt::Argument::fmt::h4cfc8587d52b3eb5
[INFO] [stderr]                                  at /rustc/df4ca44d3fbc9301ee17f30f4d474e6ae4b05252/library/core/src/fmt/rt.rs:177:76
[INFO] [stderr]      5:     0x58d42496c443 - core::fmt::write::h522cc39e5b36ae9f
[INFO] [stderr]                                  at /rustc/df4ca44d3fbc9301ee17f30f4d474e6ae4b05252/library/core/src/fmt/mod.rs:1190:21
[INFO] [stderr]      6:     0x58d424943053 - std::io::Write::write_fmt::hf1c1dcc8cc1287f0
[INFO] [stderr]                                  at /rustc/df4ca44d3fbc9301ee17f30f4d474e6ae4b05252/library/std/src/io/mod.rs:1839:15
[INFO] [stderr]      7:     0x58d424946b82 - std::sys::backtrace::BacktraceLock::print::h4b9e00b29e9c0942
[INFO] [stderr]                                  at /rustc/df4ca44d3fbc9301ee17f30f4d474e6ae4b05252/library/std/src/sys/backtrace.rs:42:9
[INFO] [stderr]      8:     0x58d424947d7c - std::panicking::default_hook::{{closure}}::hb59b88280d0324d9
[INFO] [stderr]                                  at /rustc/df4ca44d3fbc9301ee17f30f4d474e6ae4b05252/library/std/src/panicking.rs:268:22
[INFO] [stderr]      9:     0x58d424947bc2 - std::panicking::default_hook::he1dd496665be4a29
[INFO] [stderr]                                  at /rustc/df4ca44d3fbc9301ee17f30f4d474e6ae4b05252/library/std/src/panicking.rs:295:9
[INFO] [stderr]     10:     0x58d4249483b7 - std::panicking::rust_panic_with_hook::h2ff17fe8f26dfcf8
[INFO] [stderr]                                  at /rustc/df4ca44d3fbc9301ee17f30f4d474e6ae4b05252/library/std/src/panicking.rs:801:13
[INFO] [stderr]     11:     0x58d42494824a - std::panicking::begin_panic_handler::{{closure}}::h4fad77951c07e101
[INFO] [stderr]                                  at /rustc/df4ca44d3fbc9301ee17f30f4d474e6ae4b05252/library/std/src/panicking.rs:674:13
[INFO] [stderr]     12:     0x58d424947219 - std::sys::backtrace::__rust_end_short_backtrace::hb1a25b3da5d0ea08
[INFO] [stderr]                                  at /rustc/df4ca44d3fbc9301ee17f30f4d474e6ae4b05252/library/std/src/sys/backtrace.rs:170:18
[INFO] [stderr]     13:     0x58d424947edc - rust_begin_unwind
[INFO] [stderr]                                  at /rustc/df4ca44d3fbc9301ee17f30f4d474e6ae4b05252/library/std/src/panicking.rs:665:5
[INFO] [stderr]     14:     0x58d42496b180 - core::panicking::panic_fmt::ha9db07b529f9b256
[INFO] [stderr]                                  at /rustc/df4ca44d3fbc9301ee17f30f4d474e6ae4b05252/library/core/src/panicking.rs:75:14
[INFO] [stderr]     15:     0x58d4248c9602 - cmake::fail::h101cb013285b2833
[INFO] [stderr]     16:     0x58d4248c8dd9 - cmake::run::h1ceae594c1c4395e
[INFO] [stderr]     17:     0x58d4248c5766 - cmake::Config::build::h1b317d16a209f52e
[INFO] [stderr]     18:     0x58d42468ed55 - build_script_build::main::hb9565df7cc2ae559
[INFO] [stderr]     19:     0x58d424687f43 - core::ops::function::FnOnce::call_once::hf878896dab59419d
[INFO] [stderr]     20:     0x58d424687676 - std::sys::backtrace::__rust_begin_short_backtrace::h3096115f07a8a111
[INFO] [stderr]     21:     0x58d4246875d9 - std::rt::lang_start::{{closure}}::hec1b397a68cefcad
[INFO] [stderr]     22:     0x58d42493e687 - core::ops::function::impls::<impl core::ops::function::FnOnce<A> for &F>::call_once::hd87d66b906e0ccaf
[INFO] [stderr]                                  at /rustc/df4ca44d3fbc9301ee17f30f4d474e6ae4b05252/library/core/src/ops/function.rs:284:13
[INFO] [stderr]     23:     0x58d42493e687 - std::panicking::try::do_call::hae3703de71fc9e3a
[INFO] [stderr]                                  at /rustc/df4ca44d3fbc9301ee17f30f4d474e6ae4b05252/library/std/src/panicking.rs:557:40
[INFO] [stderr]     24:     0x58d42493e687 - std::panicking::try::h1178330e9a2b2645
[INFO] [stderr]                                  at /rustc/df4ca44d3fbc9301ee17f30f4d474e6ae4b05252/library/std/src/panicking.rs:520:19
[INFO] [stderr]     25:     0x58d42493e687 - std::panic::catch_unwind::h0acf49d2305d32ad
[INFO] [stderr]                                  at /rustc/df4ca44d3fbc9301ee17f30f4d474e6ae4b05252/library/std/src/panic.rs:358:14
[INFO] [stderr]     26:     0x58d42493e687 - std::rt::lang_start_internal::{{closure}}::h2d95182d798177be
[INFO] [stderr]                                  at /rustc/df4ca44d3fbc9301ee17f30f4d474e6ae4b05252/library/std/src/rt.rs:174:48
[INFO] [stderr]     27:     0x58d42493e687 - std::panicking::try::do_call::hb506f5bfe11fd30c
[INFO] [stderr]                                  at /rustc/df4ca44d3fbc9301ee17f30f4d474e6ae4b05252/library/std/src/panicking.rs:557:40
[INFO] [stderr]     28:     0x58d42493e687 - std::panicking::try::h54d825c46bd0fa95
[INFO] [stderr]                                  at /rustc/df4ca44d3fbc9301ee17f30f4d474e6ae4b05252/library/std/src/panicking.rs:520:19
[INFO] [stderr]     29:     0x58d42493e687 - std::panic::catch_unwind::hffbb0ad20c4e9fac
[INFO] [stderr]                                  at /rustc/df4ca44d3fbc9301ee17f30f4d474e6ae4b05252/library/std/src/panic.rs:358:14
[INFO] [stderr]     30:     0x58d42493e687 - std::rt::lang_start_internal::h52c291ef1962c925
[INFO] [stderr]                                  at /rustc/df4ca44d3fbc9301ee17f30f4d474e6ae4b05252/library/std/src/rt.rs:174:20
[INFO] [stderr]     31:     0x58d4246875b7 - std::rt::lang_start::heb3eed5811413aed
[INFO] [stderr]     32:     0x58d42468f995 - main
[INFO] [stderr]     33:     0x7fe7f5b7fd90 - <unknown>
[INFO] [stderr]     34:     0x7fe7f5b7fe40 - __libc_start_main
[INFO] [stderr]     35:     0x58d424684bb5 - _start
[INFO] [stderr]     36:                0x0 - <unknown>
[INFO] running `Command { std: "docker" "inspect" "1056a9a3a7ee04fc7d6b11eb111b4a2ae51e4eb07236b0af6f339f9a39282d8c", kill_on_drop: false }`
[INFO] running `Command { std: "docker" "rm" "-f" "1056a9a3a7ee04fc7d6b11eb111b4a2ae51e4eb07236b0af6f339f9a39282d8c", kill_on_drop: false }`
[INFO] [stdout] 1056a9a3a7ee04fc7d6b11eb111b4a2ae51e4eb07236b0af6f339f9a39282d8c
