[INFO] fetching crate gdnative_tweener 0.5.9...
[INFO] testing gdnative_tweener-0.5.9 against nightly-2024-10-28+rustflags=-Zrandomize-layout for randomize-layout
[INFO] extracting crate gdnative_tweener 0.5.9 into /workspace/builds/worker-3-tc2/source
[INFO] validating manifest of crates.io crate gdnative_tweener 0.5.9 on toolchain nightly-2024-10-28
[INFO] running `Command { std: CARGO_HOME="/workspace/cargo-home" RUSTUP_HOME="/workspace/rustup-home" "/workspace/cargo-home/bin/cargo" "+nightly-2024-10-28" "metadata" "--manifest-path" "Cargo.toml" "--no-deps", kill_on_drop: false }`
[INFO] started tweaking crates.io crate gdnative_tweener 0.5.9
[INFO] finished tweaking crates.io crate gdnative_tweener 0.5.9
[INFO] tweaked toml for crates.io crate gdnative_tweener 0.5.9 written to /workspace/builds/worker-3-tc2/source/Cargo.toml
[INFO] running `Command { std: CARGO_HOME="/workspace/cargo-home" RUSTUP_HOME="/workspace/rustup-home" "/workspace/cargo-home/bin/cargo" "+nightly-2024-10-28" "generate-lockfile" "--manifest-path" "Cargo.toml", kill_on_drop: false }`
[INFO] [stderr]     Updating crates.io index
[INFO] [stderr]      Locking 102 packages to latest compatible versions
[INFO] [stderr]       Adding houtamelo_utils v2.1.0 (available: v3.0.0)
[INFO] running `Command { std: CARGO_HOME="/workspace/cargo-home" RUSTUP_HOME="/workspace/rustup-home" "/workspace/cargo-home/bin/cargo" "+nightly-2024-10-28" "fetch" "--manifest-path" "Cargo.toml", kill_on_drop: false }`
[INFO] running `Command { std: "docker" "create" "-v" "/var/lib/crater-agent-workspace/builds/worker-3-tc2/target:/opt/rustwide/target:rw,Z" "-v" "/var/lib/crater-agent-workspace/builds/worker-3-tc2/source:/opt/rustwide/workdir:ro,Z" "-v" "/var/lib/crater-agent-workspace/cargo-home:/opt/rustwide/cargo-home:ro,Z" "-v" "/var/lib/crater-agent-workspace/rustup-home:/opt/rustwide/rustup-home:ro,Z" "-e" "SOURCE_DIR=/opt/rustwide/workdir" "-e" "CARGO_TARGET_DIR=/opt/rustwide/target" "-e" "CARGO_HOME=/opt/rustwide/cargo-home" "-e" "RUSTUP_HOME=/opt/rustwide/rustup-home" "-w" "/opt/rustwide/workdir" "-m" "1610612736" "--user" "0:0" "--network" "none" "ghcr.io/rust-lang/crates-build-env/linux@sha256:4a844ea9eb2546a2d2c7022eacef16ef2e8229c7fbb2c7d4d55a9ceca922f72d" "/opt/rustwide/cargo-home/bin/cargo" "+nightly-2024-10-28" "metadata" "--no-deps" "--format-version=1", kill_on_drop: false }`
[INFO] [stdout] 8f5574939b776ba3b919dfa9daa15189846998b3e2f2993bca2e831cfe363d16
[INFO] running `Command { std: "docker" "start" "-a" "8f5574939b776ba3b919dfa9daa15189846998b3e2f2993bca2e831cfe363d16", kill_on_drop: false }`
[INFO] running `Command { std: "docker" "inspect" "8f5574939b776ba3b919dfa9daa15189846998b3e2f2993bca2e831cfe363d16", kill_on_drop: false }`
[INFO] running `Command { std: "docker" "rm" "-f" "8f5574939b776ba3b919dfa9daa15189846998b3e2f2993bca2e831cfe363d16", kill_on_drop: false }`
[INFO] [stdout] 8f5574939b776ba3b919dfa9daa15189846998b3e2f2993bca2e831cfe363d16
[INFO] running `Command { std: "docker" "create" "-v" "/var/lib/crater-agent-workspace/builds/worker-3-tc2/target:/opt/rustwide/target:rw,Z" "-v" "/var/lib/crater-agent-workspace/builds/worker-3-tc2/source:/opt/rustwide/workdir:ro,Z" "-v" "/var/lib/crater-agent-workspace/cargo-home:/opt/rustwide/cargo-home:ro,Z" "-v" "/var/lib/crater-agent-workspace/rustup-home:/opt/rustwide/rustup-home:ro,Z" "-e" "SOURCE_DIR=/opt/rustwide/workdir" "-e" "CARGO_TARGET_DIR=/opt/rustwide/target" "-e" "CARGO_INCREMENTAL=0" "-e" "RUST_BACKTRACE=full" "-e" "RUSTFLAGS=--cap-lints=forbid -Zrandomize-layout" "-e" "RUSTDOCFLAGS=--cap-lints=forbid" "-e" "CARGO_HOME=/opt/rustwide/cargo-home" "-e" "RUSTUP_HOME=/opt/rustwide/rustup-home" "-w" "/opt/rustwide/workdir" "-m" "1610612736" "--user" "0:0" "--network" "none" "ghcr.io/rust-lang/crates-build-env/linux@sha256:4a844ea9eb2546a2d2c7022eacef16ef2e8229c7fbb2c7d4d55a9ceca922f72d" "/opt/rustwide/cargo-home/bin/cargo" "+nightly-2024-10-28" "build" "--frozen" "--message-format=json", kill_on_drop: false }`
[INFO] [stdout] d99e8a51f46f2a6a94ce8826427020e88a16b51c30197732b9a9949339bebffd
[INFO] running `Command { std: "docker" "start" "-a" "d99e8a51f46f2a6a94ce8826427020e88a16b51c30197732b9a9949339bebffd", kill_on_drop: false }`
[INFO] [stderr]    Compiling memchr v2.7.4
[INFO] [stderr]    Compiling regex-syntax v0.8.5
[INFO] [stderr]    Compiling libc v0.2.161
[INFO] [stderr]    Compiling itoa v1.0.11
[INFO] [stderr]    Compiling libm v0.2.11
[INFO] [stderr]    Compiling ryu v1.0.18
[INFO] [stderr]    Compiling minimal-lexical v0.2.1
[INFO] [stderr]    Compiling byteorder v1.5.0
[INFO] [stderr]    Compiling num-traits v0.2.19
[INFO] [stderr]    Compiling bindgen v0.63.0
[INFO] [stderr]    Compiling semver v1.0.23
[INFO] [stderr]    Compiling syn v1.0.109
[INFO] [stderr]    Compiling getrandom v0.2.15
[INFO] [stderr]    Compiling hashbrown v0.15.0
[INFO] [stderr]    Compiling equivalent v1.0.1
[INFO] [stderr]    Compiling mini-internal v0.1.40
[INFO] [stderr]    Compiling peeking_take_while v0.1.2
[INFO] [stderr]    Compiling lazycell v1.3.0
[INFO] [stderr]    Compiling xmlparser v0.13.6
[INFO] [stderr]    Compiling zerocopy v0.7.35
[INFO] [stderr]    Compiling toml_datetime v0.6.8
[INFO] [stderr]    Compiling winnow v0.5.40
[INFO] [stderr]    Compiling ahash v0.8.11
[INFO] [stderr]    Compiling indexmap v1.9.3
[INFO] [stderr]    Compiling heck v0.4.1
[INFO] [stderr]    Compiling unindent v0.2.3
[INFO] [stderr]    Compiling rand_core v0.6.4
[INFO] [stderr]    Compiling proc-macro-error-attr v1.0.4
[INFO] [stderr]    Compiling anyhow v1.0.92
[INFO] [stderr]    Compiling atomic-take v1.1.0
[INFO] [stderr]    Compiling glam v0.22.0
[INFO] [stderr]    Compiling roxmltree v0.17.0
[INFO] [stderr]    Compiling aho-corasick v1.1.3
[INFO] [stderr]    Compiling nom v7.1.3
[INFO] [stderr]    Compiling proc-macro-error v1.0.4
[INFO] [stderr]    Compiling miniserde v0.1.40
[INFO] [stderr]    Compiling indexmap v2.6.0
[INFO] [stderr]    Compiling ppv-lite86 v0.2.20
[INFO] [stderr]    Compiling bimap v0.6.3
[INFO] [stderr]    Compiling pluck v0.1.1
[INFO] [stderr]    Compiling rand_xoshiro v0.6.0
[INFO] [stderr]    Compiling nameof v1.2.2
[INFO] [stderr]    Compiling mint v0.5.9
[INFO] [stderr]    Compiling clang-sys v1.8.1
[INFO] [stderr]    Compiling enum_dispatch v0.3.13
[INFO] [stderr]    Compiling downcast-rs v1.2.1
[INFO] [stderr]    Compiling rand_chacha v0.3.1
[INFO] [stderr]    Compiling approx v0.5.1
[INFO] [stderr]    Compiling float-cmp v0.9.0
[INFO] [stderr]    Compiling keyframe v1.1.1
[INFO] [stderr]    Compiling rand v0.8.5
[INFO] [stderr]    Compiling houtamelo_utils v2.1.0
[INFO] [stderr]    Compiling regex-automata v0.4.8
[INFO] [stderr]    Compiling toml_edit v0.19.15
[INFO] [stderr]    Compiling cexpr v0.6.0
[INFO] [stderr]    Compiling proc-macro-crate v1.3.1
[INFO] [stderr]    Compiling regex v1.11.1
[INFO] [stderr]    Compiling gdnative_bindings_generator v0.11.3
[INFO] [stderr]    Compiling gdnative-impl-proc-macros v0.11.3
[INFO] [stderr]    Compiling gdnative-derive v0.11.3
[INFO] [stderr]    Compiling gdnative_export_node_as_path v0.1.2
[INFO] [stderr]    Compiling inline_format v0.2.3
[INFO] [stderr]    Compiling keyframe_derive v1.0.0
[INFO] [stderr]    Compiling gdnative-bindings v0.11.3
[INFO] [stderr]    Compiling gdnative-sys v0.11.3
[INFO] [stderr]    Compiling gdnative-core v0.11.3
[INFO] [stderr]    Compiling gdnative v0.11.3
[INFO] [stderr]    Compiling houtamelo_utils_gdnative v2.0.7
[INFO] [stderr]    Compiling gdnative_tweener v0.5.9 (/opt/rustwide/workdir)
[INFO] [stdout] warning: the feature `is_none_or` has been stable since 1.82.0 and no longer requires an attribute to enable
[INFO] [stdout]  --> src/lib.rs:9:12
[INFO] [stdout]   |
[INFO] [stdout] 9 | #![feature(is_none_or)]
[INFO] [stdout]   |            ^^^^^^^^^^
[INFO] [stdout]   |
[INFO] [stdout]   = note: `#[warn(stable_features)]` on by default
[INFO] [stdout] 
[INFO] [stdout] 
[INFO] [stderr]     Finished `dev` profile [unoptimized + debuginfo] target(s) in 51.30s
[INFO] running `Command { std: "docker" "inspect" "d99e8a51f46f2a6a94ce8826427020e88a16b51c30197732b9a9949339bebffd", kill_on_drop: false }`
[INFO] running `Command { std: "docker" "rm" "-f" "d99e8a51f46f2a6a94ce8826427020e88a16b51c30197732b9a9949339bebffd", kill_on_drop: false }`
[INFO] [stdout] d99e8a51f46f2a6a94ce8826427020e88a16b51c30197732b9a9949339bebffd
[INFO] running `Command { std: "docker" "create" "-v" "/var/lib/crater-agent-workspace/builds/worker-3-tc2/target:/opt/rustwide/target:rw,Z" "-v" "/var/lib/crater-agent-workspace/builds/worker-3-tc2/source:/opt/rustwide/workdir:ro,Z" "-v" "/var/lib/crater-agent-workspace/cargo-home:/opt/rustwide/cargo-home:ro,Z" "-v" "/var/lib/crater-agent-workspace/rustup-home:/opt/rustwide/rustup-home:ro,Z" "-e" "SOURCE_DIR=/opt/rustwide/workdir" "-e" "CARGO_TARGET_DIR=/opt/rustwide/target" "-e" "CARGO_INCREMENTAL=0" "-e" "RUST_BACKTRACE=full" "-e" "RUSTFLAGS=--cap-lints=forbid -Zrandomize-layout" "-e" "RUSTDOCFLAGS=--cap-lints=forbid" "-e" "CARGO_HOME=/opt/rustwide/cargo-home" "-e" "RUSTUP_HOME=/opt/rustwide/rustup-home" "-w" "/opt/rustwide/workdir" "-m" "1610612736" "--user" "0:0" "--network" "none" "ghcr.io/rust-lang/crates-build-env/linux@sha256:4a844ea9eb2546a2d2c7022eacef16ef2e8229c7fbb2c7d4d55a9ceca922f72d" "/opt/rustwide/cargo-home/bin/cargo" "+nightly-2024-10-28" "test" "--frozen" "--no-run" "--message-format=json", kill_on_drop: false }`
[INFO] [stdout] a65bc1c549375d8d528610b922a49d37bbaf5bdcee6d38553d20e6d69d464fba
[INFO] running `Command { std: "docker" "start" "-a" "a65bc1c549375d8d528610b922a49d37bbaf5bdcee6d38553d20e6d69d464fba", kill_on_drop: false }`
[INFO] [stdout] warning: the feature `is_none_or` has been stable since 1.82.0 and no longer requires an attribute to enable
[INFO] [stdout]  --> src/lib.rs:9:12
[INFO] [stdout]   |
[INFO] [stdout] 9 | #![feature(is_none_or)]
[INFO] [stdout]   |            ^^^^^^^^^^
[INFO] [stdout]   |
[INFO] [stdout]   = note: `#[warn(stable_features)]` on by default
[INFO] [stdout] 
[INFO] [stdout] 
[INFO] [stderr]    Compiling gdnative_tweener v0.5.9 (/opt/rustwide/workdir)
[INFO] [stdout] warning: the feature `is_none_or` has been stable since 1.82.0 and no longer requires an attribute to enable
[INFO] [stdout]  --> src/lib.rs:9:12
[INFO] [stdout]   |
[INFO] [stdout] 9 | #![feature(is_none_or)]
[INFO] [stdout]   |            ^^^^^^^^^^
[INFO] [stdout]   |
[INFO] [stdout]   = note: `#[warn(stable_features)]` on by default
[INFO] [stdout] 
[INFO] [stdout] 
[INFO] [stdout] error[E0277]: the `?` operator can only be applied to values that implement `Try`
[INFO] [stdout]   --> src/property/canvas_item.rs:66:3
[INFO] [stdout]    |
[INFO] [stdout] 66 |         node_direct.do_color_r( 1., 5.)?;
[INFO] [stdout]    |         ^^^^^^^^^^^^^^^^^^^^^^^^^^^^^^^^ the `?` operator cannot be applied to type `tweens::property::tween_typed::TweenProperty_f64`
[INFO] [stdout]    |
[INFO] [stdout]    = help: the trait `Try` is not implemented for `tweens::property::tween_typed::TweenProperty_f64`
[INFO] [stdout] 
[INFO] [stdout] 
[INFO] [stdout] error[E0277]: the `?` operator can only be applied to values that implement `Try`
[INFO] [stdout]   --> src/property/canvas_item.rs:67:3
[INFO] [stdout]    |
[INFO] [stdout] 67 |         node_ref.do_color_r(1., 5.)?;
[INFO] [stdout]    |         ^^^^^^^^^^^^^^^^^^^^^^^^^^^^ the `?` operator cannot be applied to type `tweens::property::tween_typed::TweenProperty_f64`
[INFO] [stdout]    |
[INFO] [stdout]    = help: the trait `Try` is not implemented for `tweens::property::tween_typed::TweenProperty_f64`
[INFO] [stdout] 
[INFO] [stdout] 
[INFO] [stdout] error[E0277]: the `?` operator can only be applied to values that implement `Try`
[INFO] [stdout]   --> src/property/canvas_item.rs:68:3
[INFO] [stdout]    |
[INFO] [stdout] 68 |         node_tref.do_color_r(1., 5.)?;
[INFO] [stdout]    |         ^^^^^^^^^^^^^^^^^^^^^^^^^^^^^ the `?` operator cannot be applied to type `tweens::property::tween_typed::TweenProperty_f64`
[INFO] [stdout]    |
[INFO] [stdout]    = help: the trait `Try` is not implemented for `tweens::property::tween_typed::TweenProperty_f64`
[INFO] [stdout] 
[INFO] [stdout] 
[INFO] [stdout] error[E0277]: the `?` operator can only be applied to values that implement `Try`
[INFO] [stdout]   --> src/property/canvas_item.rs:70:3
[INFO] [stdout]    |
[INFO] [stdout] 70 |         node_direct.do_color_g(1., 5.)?;
[INFO] [stdout]    |         ^^^^^^^^^^^^^^^^^^^^^^^^^^^^^^^ the `?` operator cannot be applied to type `tweens::property::tween_typed::TweenProperty_f64`
[INFO] [stdout]    |
[INFO] [stdout]    = help: the trait `Try` is not implemented for `tweens::property::tween_typed::TweenProperty_f64`
[INFO] [stdout] 
[INFO] [stdout] 
[INFO] [stdout] error[E0277]: the `?` operator can only be applied to values that implement `Try`
[INFO] [stdout]   --> src/property/canvas_item.rs:71:3
[INFO] [stdout]    |
[INFO] [stdout] 71 |         node_ref.do_color_g(1., 5.)?;
[INFO] [stdout]    |         ^^^^^^^^^^^^^^^^^^^^^^^^^^^^ the `?` operator cannot be applied to type `tweens::property::tween_typed::TweenProperty_f64`
[INFO] [stdout]    |
[INFO] [stdout]    = help: the trait `Try` is not implemented for `tweens::property::tween_typed::TweenProperty_f64`
[INFO] [stdout] 
[INFO] [stdout] 
[INFO] [stdout] error[E0277]: the `?` operator can only be applied to values that implement `Try`
[INFO] [stdout]   --> src/property/canvas_item.rs:72:3
[INFO] [stdout]    |
[INFO] [stdout] 72 |         node_tref.do_color_g(1., 5.)?;
[INFO] [stdout]    |         ^^^^^^^^^^^^^^^^^^^^^^^^^^^^^ the `?` operator cannot be applied to type `tweens::property::tween_typed::TweenProperty_f64`
[INFO] [stdout]    |
[INFO] [stdout]    = help: the trait `Try` is not implemented for `tweens::property::tween_typed::TweenProperty_f64`
[INFO] [stdout] 
[INFO] [stdout] 
[INFO] [stdout] error[E0277]: the `?` operator can only be applied to values that implement `Try`
[INFO] [stdout]   --> src/property/canvas_item.rs:74:3
[INFO] [stdout]    |
[INFO] [stdout] 74 |         node_direct.do_color_b(1., 5.)?;
[INFO] [stdout]    |         ^^^^^^^^^^^^^^^^^^^^^^^^^^^^^^^ the `?` operator cannot be applied to type `tweens::property::tween_typed::TweenProperty_f64`
[INFO] [stdout]    |
[INFO] [stdout]    = help: the trait `Try` is not implemented for `tweens::property::tween_typed::TweenProperty_f64`
[INFO] [stdout] 
[INFO] [stdout] 
[INFO] [stdout] error[E0277]: the `?` operator can only be applied to values that implement `Try`
[INFO] [stdout]   --> src/property/canvas_item.rs:75:3
[INFO] [stdout]    |
[INFO] [stdout] 75 |         node_ref.do_color_b(1., 5.)?;
[INFO] [stdout]    |         ^^^^^^^^^^^^^^^^^^^^^^^^^^^^ the `?` operator cannot be applied to type `tweens::property::tween_typed::TweenProperty_f64`
[INFO] [stdout]    |
[INFO] [stdout]    = help: the trait `Try` is not implemented for `tweens::property::tween_typed::TweenProperty_f64`
[INFO] [stdout] 
[INFO] [stdout] 
[INFO] [stdout] error[E0277]: the `?` operator can only be applied to values that implement `Try`
[INFO] [stdout]   --> src/property/canvas_item.rs:76:3
[INFO] [stdout]    |
[INFO] [stdout] 76 |         node_tref.do_color_b(1., 5.)?;
[INFO] [stdout]    |         ^^^^^^^^^^^^^^^^^^^^^^^^^^^^^ the `?` operator cannot be applied to type `tweens::property::tween_typed::TweenProperty_f64`
[INFO] [stdout]    |
[INFO] [stdout]    = help: the trait `Try` is not implemented for `tweens::property::tween_typed::TweenProperty_f64`
[INFO] [stdout] 
[INFO] [stdout] 
[INFO] [stdout] error[E0277]: the `?` operator can only be applied to values that implement `Try`
[INFO] [stdout]   --> src/property/canvas_item.rs:78:3
[INFO] [stdout]    |
[INFO] [stdout] 78 |         node_direct.do_color_a( 1., 5.)?;
[INFO] [stdout]    |         ^^^^^^^^^^^^^^^^^^^^^^^^^^^^^^^^ the `?` operator cannot be applied to type `tweens::property::tween_typed::TweenProperty_f64`
[INFO] [stdout]    |
[INFO] [stdout]    = help: the trait `Try` is not implemented for `tweens::property::tween_typed::TweenProperty_f64`
[INFO] [stdout] 
[INFO] [stdout] 
[INFO] [stdout] error[E0277]: the `?` operator can only be applied to values that implement `Try`
[INFO] [stdout]   --> src/property/canvas_item.rs:79:3
[INFO] [stdout]    |
[INFO] [stdout] 79 |         node_ref.do_color_a(1., 5.)?;
[INFO] [stdout]    |         ^^^^^^^^^^^^^^^^^^^^^^^^^^^^ the `?` operator cannot be applied to type `tweens::property::tween_typed::TweenProperty_f64`
[INFO] [stdout]    |
[INFO] [stdout]    = help: the trait `Try` is not implemented for `tweens::property::tween_typed::TweenProperty_f64`
[INFO] [stdout] 
[INFO] [stdout] 
[INFO] [stdout] error[E0277]: the `?` operator can only be applied to values that implement `Try`
[INFO] [stdout]   --> src/property/canvas_item.rs:80:3
[INFO] [stdout]    |
[INFO] [stdout] 80 |         node_tref.do_color_a(1., 5.)?;
[INFO] [stdout]    |         ^^^^^^^^^^^^^^^^^^^^^^^^^^^^^ the `?` operator cannot be applied to type `tweens::property::tween_typed::TweenProperty_f64`
[INFO] [stdout]    |
[INFO] [stdout]    = help: the trait `Try` is not implemented for `tweens::property::tween_typed::TweenProperty_f64`
[INFO] [stdout] 
[INFO] [stdout] 
[INFO] [stdout] error[E0277]: the `?` operator can only be applied to values that implement `Try`
[INFO] [stdout]   --> src/property/canvas_item.rs:82:3
[INFO] [stdout]    |
[INFO] [stdout] 82 |         node_direct.do_fade(1., 5.)?;
[INFO] [stdout]    |         ^^^^^^^^^^^^^^^^^^^^^^^^^^^^ the `?` operator cannot be applied to type `tweens::property::tween_typed::TweenProperty_f64`
[INFO] [stdout]    |
[INFO] [stdout]    = help: the trait `Try` is not implemented for `tweens::property::tween_typed::TweenProperty_f64`
[INFO] [stdout] 
[INFO] [stdout] 
[INFO] [stdout] error[E0277]: the `?` operator can only be applied to values that implement `Try`
[INFO] [stdout]   --> src/property/canvas_item.rs:83:3
[INFO] [stdout]    |
[INFO] [stdout] 83 |         node_ref.do_fade(1., 5.)?;
[INFO] [stdout]    |         ^^^^^^^^^^^^^^^^^^^^^^^^^ the `?` operator cannot be applied to type `tweens::property::tween_typed::TweenProperty_f64`
[INFO] [stdout]    |
[INFO] [stdout]    = help: the trait `Try` is not implemented for `tweens::property::tween_typed::TweenProperty_f64`
[INFO] [stdout] 
[INFO] [stdout] 
[INFO] [stdout] error[E0277]: the `?` operator can only be applied to values that implement `Try`
[INFO] [stdout]   --> src/property/canvas_item.rs:84:3
[INFO] [stdout]    |
[INFO] [stdout] 84 |         node_tref.do_fade(1., 5.)?;
[INFO] [stdout]    |         ^^^^^^^^^^^^^^^^^^^^^^^^^^ the `?` operator cannot be applied to type `tweens::property::tween_typed::TweenProperty_f64`
[INFO] [stdout]    |
[INFO] [stdout]    = help: the trait `Try` is not implemented for `tweens::property::tween_typed::TweenProperty_f64`
[INFO] [stdout] 
[INFO] [stdout] 
[INFO] [stdout] error[E0277]: the `?` operator can only be applied to values that implement `Try`
[INFO] [stdout]   --> src/property/canvas_item.rs:87:3
[INFO] [stdout]    |
[INFO] [stdout] 87 |         node_direct.do_color(color, 5.)?;
[INFO] [stdout]    |         ^^^^^^^^^^^^^^^^^^^^^^^^^^^^^^^^ the `?` operator cannot be applied to type `tweens::property::tween_typed::TweenProperty_Color`
[INFO] [stdout]    |
[INFO] [stdout]    = help: the trait `Try` is not implemented for `tweens::property::tween_typed::TweenProperty_Color`
[INFO] [stdout] 
[INFO] [stdout] 
[INFO] [stdout] error[E0277]: the `?` operator can only be applied to values that implement `Try`
[INFO] [stdout]   --> src/property/canvas_item.rs:88:3
[INFO] [stdout]    |
[INFO] [stdout] 88 |         node_ref.do_color(color, 5.)?;
[INFO] [stdout]    |         ^^^^^^^^^^^^^^^^^^^^^^^^^^^^^ the `?` operator cannot be applied to type `tweens::property::tween_typed::TweenProperty_Color`
[INFO] [stdout]    |
[INFO] [stdout]    = help: the trait `Try` is not implemented for `tweens::property::tween_typed::TweenProperty_Color`
[INFO] [stdout] 
[INFO] [stdout] 
[INFO] [stdout] error[E0277]: the `?` operator can only be applied to values that implement `Try`
[INFO] [stdout]   --> src/property/canvas_item.rs:89:3
[INFO] [stdout]    |
[INFO] [stdout] 89 |         node_tref.do_color(color, 5.)?;
[INFO] [stdout]    |         ^^^^^^^^^^^^^^^^^^^^^^^^^^^^^^ the `?` operator cannot be applied to type `tweens::property::tween_typed::TweenProperty_Color`
[INFO] [stdout]    |
[INFO] [stdout]    = help: the trait `Try` is not implemented for `tweens::property::tween_typed::TweenProperty_Color`
[INFO] [stdout] 
[INFO] [stdout] 
[INFO] [stdout] For more information about this error, try `rustc --explain E0277`.
[INFO] [stdout] 
[INFO] [stderr] error: could not compile `gdnative_tweener` (lib test) due to 18 previous errors; 1 warning emitted
[INFO] running `Command { std: "docker" "inspect" "a65bc1c549375d8d528610b922a49d37bbaf5bdcee6d38553d20e6d69d464fba", kill_on_drop: false }`
[INFO] running `Command { std: "docker" "rm" "-f" "a65bc1c549375d8d528610b922a49d37bbaf5bdcee6d38553d20e6d69d464fba", kill_on_drop: false }`
[INFO] [stdout] a65bc1c549375d8d528610b922a49d37bbaf5bdcee6d38553d20e6d69d464fba
