[INFO] fetching crate gba_test 0.1.4...
[INFO] testing gba_test-0.1.4 against nightly-2024-10-28+rustflags=-Zrandomize-layout for randomize-layout
[INFO] extracting crate gba_test 0.1.4 into /workspace/builds/worker-4-tc2/source
[INFO] validating manifest of crates.io crate gba_test 0.1.4 on toolchain nightly-2024-10-28
[INFO] running `Command { std: CARGO_HOME="/workspace/cargo-home" RUSTUP_HOME="/workspace/rustup-home" "/workspace/cargo-home/bin/cargo" "+nightly-2024-10-28" "metadata" "--manifest-path" "Cargo.toml" "--no-deps", kill_on_drop: false }`
[INFO] removed /workspace/builds/worker-4-tc2/source/.cargo/config.toml
[INFO] started tweaking crates.io crate gba_test 0.1.4
[INFO] finished tweaking crates.io crate gba_test 0.1.4
[INFO] tweaked toml for crates.io crate gba_test 0.1.4 written to /workspace/builds/worker-4-tc2/source/Cargo.toml
[INFO] running `Command { std: CARGO_HOME="/workspace/cargo-home" RUSTUP_HOME="/workspace/rustup-home" "/workspace/cargo-home/bin/cargo" "+nightly-2024-10-28" "generate-lockfile" "--manifest-path" "Cargo.toml", kill_on_drop: false }`
[INFO] [stderr]     Updating crates.io index
[INFO] [stderr]      Locking 9 packages to latest compatible versions
[INFO] running `Command { std: CARGO_HOME="/workspace/cargo-home" RUSTUP_HOME="/workspace/rustup-home" "/workspace/cargo-home/bin/cargo" "+nightly-2024-10-28" "fetch" "--manifest-path" "Cargo.toml", kill_on_drop: false }`
[INFO] running `Command { std: "docker" "create" "-v" "/var/lib/crater-agent-workspace/builds/worker-4-tc2/target:/opt/rustwide/target:rw,Z" "-v" "/var/lib/crater-agent-workspace/builds/worker-4-tc2/source:/opt/rustwide/workdir:ro,Z" "-v" "/var/lib/crater-agent-workspace/cargo-home:/opt/rustwide/cargo-home:ro,Z" "-v" "/var/lib/crater-agent-workspace/rustup-home:/opt/rustwide/rustup-home:ro,Z" "-e" "SOURCE_DIR=/opt/rustwide/workdir" "-e" "CARGO_TARGET_DIR=/opt/rustwide/target" "-e" "CARGO_HOME=/opt/rustwide/cargo-home" "-e" "RUSTUP_HOME=/opt/rustwide/rustup-home" "-w" "/opt/rustwide/workdir" "-m" "1610612736" "--user" "0:0" "--network" "none" "ghcr.io/rust-lang/crates-build-env/linux@sha256:4a844ea9eb2546a2d2c7022eacef16ef2e8229c7fbb2c7d4d55a9ceca922f72d" "/opt/rustwide/cargo-home/bin/cargo" "+nightly-2024-10-28" "metadata" "--no-deps" "--format-version=1", kill_on_drop: false }`
[INFO] [stdout] 53a5f531230cc8a2a9fa1b1338f25345d713cb9f0c4664ee618ac952dc3fae6f
[INFO] running `Command { std: "docker" "start" "-a" "53a5f531230cc8a2a9fa1b1338f25345d713cb9f0c4664ee618ac952dc3fae6f", kill_on_drop: false }`
[INFO] running `Command { std: "docker" "inspect" "53a5f531230cc8a2a9fa1b1338f25345d713cb9f0c4664ee618ac952dc3fae6f", kill_on_drop: false }`
[INFO] running `Command { std: "docker" "rm" "-f" "53a5f531230cc8a2a9fa1b1338f25345d713cb9f0c4664ee618ac952dc3fae6f", kill_on_drop: false }`
[INFO] [stdout] 53a5f531230cc8a2a9fa1b1338f25345d713cb9f0c4664ee618ac952dc3fae6f
[INFO] running `Command { std: "docker" "create" "-v" "/var/lib/crater-agent-workspace/builds/worker-4-tc2/target:/opt/rustwide/target:rw,Z" "-v" "/var/lib/crater-agent-workspace/builds/worker-4-tc2/source:/opt/rustwide/workdir:ro,Z" "-v" "/var/lib/crater-agent-workspace/cargo-home:/opt/rustwide/cargo-home:ro,Z" "-v" "/var/lib/crater-agent-workspace/rustup-home:/opt/rustwide/rustup-home:ro,Z" "-e" "SOURCE_DIR=/opt/rustwide/workdir" "-e" "CARGO_TARGET_DIR=/opt/rustwide/target" "-e" "CARGO_INCREMENTAL=0" "-e" "RUST_BACKTRACE=full" "-e" "RUSTFLAGS=--cap-lints=forbid -Zrandomize-layout" "-e" "RUSTDOCFLAGS=--cap-lints=forbid" "-e" "CARGO_HOME=/opt/rustwide/cargo-home" "-e" "RUSTUP_HOME=/opt/rustwide/rustup-home" "-w" "/opt/rustwide/workdir" "-m" "1610612736" "--user" "0:0" "--network" "none" "ghcr.io/rust-lang/crates-build-env/linux@sha256:4a844ea9eb2546a2d2c7022eacef16ef2e8229c7fbb2c7d4d55a9ceca922f72d" "/opt/rustwide/cargo-home/bin/cargo" "+nightly-2024-10-28" "build" "--frozen" "--message-format=json", kill_on_drop: false }`
[INFO] [stdout] 6a690b2774b75607e7d3b3173ba1f3d5052cbc1c3ef910fbc9979a4423031e5b
[INFO] running `Command { std: "docker" "start" "-a" "6a690b2774b75607e7d3b3173ba1f3d5052cbc1c3ef910fbc9979a4423031e5b", kill_on_drop: false }`
[INFO] [stderr]    Compiling gba_test v0.1.4 (/opt/rustwide/workdir)
[INFO] [stderr]    Compiling syn v2.0.86
[INFO] [stderr]    Compiling gba_test_macros v0.1.1
[INFO] [stdout] error: invalid register `r0`: unknown register
[INFO] [stdout]   --> src/runner.rs:48:13
[INFO] [stdout]    |
[INFO] [stdout] 48 |             in("r0") 0xFC,
[INFO] [stdout]    |             ^^^^^^^^^^^^^
[INFO] [stdout] 
[INFO] [stdout] 
[INFO] [stdout] error: invalid register `r0`: unknown register
[INFO] [stdout]   --> src/runner.rs:78:13
[INFO] [stdout]    |
[INFO] [stdout] 78 |             in("r0") result,
[INFO] [stdout]    |             ^^^^^^^^^^^^^^^
[INFO] [stdout] 
[INFO] [stdout] 
[INFO] [stdout] error: invalid register `r2`: unknown register
[INFO] [stdout]   --> src/runner.rs:79:13
[INFO] [stdout]    |
[INFO] [stdout] 79 |             in("r2") 0x00,
[INFO] [stdout]    |             ^^^^^^^^^^^^^
[INFO] [stdout] 
[INFO] [stdout] 
[INFO] [stdout] error: invalid register `r0`: unknown register
[INFO] [stdout]   --> src/ui/mod.rs:57:13
[INFO] [stdout]    |
[INFO] [stdout] 57 |             out("r0") _,
[INFO] [stdout]    |             ^^^^^^^^^^^
[INFO] [stdout] 
[INFO] [stdout] 
[INFO] [stdout] error: invalid register `r1`: unknown register
[INFO] [stdout]   --> src/ui/mod.rs:58:13
[INFO] [stdout]    |
[INFO] [stdout] 58 |             out("r1") _,
[INFO] [stdout]    |             ^^^^^^^^^^^
[INFO] [stdout] 
[INFO] [stdout] 
[INFO] [stdout] error: invalid register `r3`: unknown register
[INFO] [stdout]   --> src/ui/mod.rs:59:13
[INFO] [stdout]    |
[INFO] [stdout] 59 |             out("r3") _,
[INFO] [stdout]    |             ^^^^^^^^^^^
[INFO] [stdout] 
[INFO] [stdout] 
[INFO] [stdout] error[E0779]: target does not support `#[instruction_set]`
[INFO] [stdout]   --> src/runner.rs:41:1
[INFO] [stdout]    |
[INFO] [stdout] 41 | #[instruction_set(arm::t32)]
[INFO] [stdout]    | ^^^^^^^^^^^^^^^^^^^^^^^^^^^^
[INFO] [stdout] 
[INFO] [stdout] 
[INFO] [stdout] error[E0779]: target does not support `#[instruction_set]`
[INFO] [stdout]   --> src/runner.rs:73:1
[INFO] [stdout]    |
[INFO] [stdout] 73 | #[instruction_set(arm::t32)]
[INFO] [stdout]    | ^^^^^^^^^^^^^^^^^^^^^^^^^^^^
[INFO] [stdout] 
[INFO] [stdout] 
[INFO] [stdout] error[E0779]: target does not support `#[instruction_set]`
[INFO] [stdout]   --> src/ui/mod.rs:52:1
[INFO] [stdout]    |
[INFO] [stdout] 52 | #[instruction_set(arm::t32)]
[INFO] [stdout]    | ^^^^^^^^^^^^^^^^^^^^^^^^^^^^
[INFO] [stdout] 
[INFO] [stdout] 
[INFO] [stdout] For more information about this error, try `rustc --explain E0779`.
[INFO] [stdout] 
[INFO] [stderr] error: could not compile `gba_test` (lib) due to 9 previous errors
[INFO] running `Command { std: "docker" "inspect" "6a690b2774b75607e7d3b3173ba1f3d5052cbc1c3ef910fbc9979a4423031e5b", kill_on_drop: false }`
[INFO] running `Command { std: "docker" "rm" "-f" "6a690b2774b75607e7d3b3173ba1f3d5052cbc1c3ef910fbc9979a4423031e5b", kill_on_drop: false }`
[INFO] [stdout] 6a690b2774b75607e7d3b3173ba1f3d5052cbc1c3ef910fbc9979a4423031e5b
