[INFO] fetching crate futures-executor-preview 0.3.0-alpha.19...
[INFO] testing futures-executor-preview-0.3.0-alpha.19 against nightly-2024-10-28 for randomize-layout
[INFO] extracting crate futures-executor-preview 0.3.0-alpha.19 into /workspace/builds/worker-0-tc1/source
[INFO] validating manifest of crates.io crate futures-executor-preview 0.3.0-alpha.19 on toolchain nightly-2024-10-28
[INFO] running `Command { std: CARGO_HOME="/workspace/cargo-home" RUSTUP_HOME="/workspace/rustup-home" "/workspace/cargo-home/bin/cargo" "+nightly-2024-10-28" "metadata" "--manifest-path" "Cargo.toml" "--no-deps", kill_on_drop: false }`
[INFO] started tweaking crates.io crate futures-executor-preview 0.3.0-alpha.19
[INFO] finished tweaking crates.io crate futures-executor-preview 0.3.0-alpha.19
[INFO] tweaked toml for crates.io crate futures-executor-preview 0.3.0-alpha.19 written to /workspace/builds/worker-0-tc1/source/Cargo.toml
[INFO] running `Command { std: CARGO_HOME="/workspace/cargo-home" RUSTUP_HOME="/workspace/rustup-home" "/workspace/cargo-home/bin/cargo" "+nightly-2024-10-28" "generate-lockfile" "--manifest-path" "Cargo.toml", kill_on_drop: false }`
[INFO] [stderr]     Updating crates.io index
[INFO] [stderr]      Locking 8 packages to latest compatible versions
[INFO] running `Command { std: CARGO_HOME="/workspace/cargo-home" RUSTUP_HOME="/workspace/rustup-home" "/workspace/cargo-home/bin/cargo" "+nightly-2024-10-28" "fetch" "--manifest-path" "Cargo.toml", kill_on_drop: false }`
[INFO] [stderr]  Downloading crates ...
[INFO] [stderr]   Downloaded futures-core-preview v0.3.0-alpha.19
[INFO] [stderr]   Downloaded futures-util-preview v0.3.0-alpha.19
[INFO] running `Command { std: "docker" "create" "-v" "/var/lib/crater-agent-workspace/builds/worker-0-tc1/target:/opt/rustwide/target:rw,Z" "-v" "/var/lib/crater-agent-workspace/builds/worker-0-tc1/source:/opt/rustwide/workdir:ro,Z" "-v" "/var/lib/crater-agent-workspace/cargo-home:/opt/rustwide/cargo-home:ro,Z" "-v" "/var/lib/crater-agent-workspace/rustup-home:/opt/rustwide/rustup-home:ro,Z" "-e" "SOURCE_DIR=/opt/rustwide/workdir" "-e" "CARGO_TARGET_DIR=/opt/rustwide/target" "-e" "CARGO_HOME=/opt/rustwide/cargo-home" "-e" "RUSTUP_HOME=/opt/rustwide/rustup-home" "-w" "/opt/rustwide/workdir" "-m" "1610612736" "--user" "0:0" "--network" "none" "ghcr.io/rust-lang/crates-build-env/linux@sha256:4a844ea9eb2546a2d2c7022eacef16ef2e8229c7fbb2c7d4d55a9ceca922f72d" "/opt/rustwide/cargo-home/bin/cargo" "+nightly-2024-10-28" "metadata" "--no-deps" "--format-version=1", kill_on_drop: false }`
[INFO] [stdout] 006f1342954c5c6450c8f5322e7e1e08cffef3ebaa813b895984a2823480169c
[INFO] running `Command { std: "docker" "start" "-a" "006f1342954c5c6450c8f5322e7e1e08cffef3ebaa813b895984a2823480169c", kill_on_drop: false }`
[INFO] running `Command { std: "docker" "inspect" "006f1342954c5c6450c8f5322e7e1e08cffef3ebaa813b895984a2823480169c", kill_on_drop: false }`
[INFO] running `Command { std: "docker" "rm" "-f" "006f1342954c5c6450c8f5322e7e1e08cffef3ebaa813b895984a2823480169c", kill_on_drop: false }`
[INFO] [stdout] 006f1342954c5c6450c8f5322e7e1e08cffef3ebaa813b895984a2823480169c
[INFO] running `Command { std: "docker" "create" "-v" "/var/lib/crater-agent-workspace/builds/worker-0-tc1/target:/opt/rustwide/target:rw,Z" "-v" "/var/lib/crater-agent-workspace/builds/worker-0-tc1/source:/opt/rustwide/workdir:ro,Z" "-v" "/var/lib/crater-agent-workspace/cargo-home:/opt/rustwide/cargo-home:ro,Z" "-v" "/var/lib/crater-agent-workspace/rustup-home:/opt/rustwide/rustup-home:ro,Z" "-e" "SOURCE_DIR=/opt/rustwide/workdir" "-e" "CARGO_TARGET_DIR=/opt/rustwide/target" "-e" "CARGO_INCREMENTAL=0" "-e" "RUST_BACKTRACE=full" "-e" "RUSTFLAGS=--cap-lints=forbid" "-e" "RUSTDOCFLAGS=--cap-lints=forbid" "-e" "CARGO_HOME=/opt/rustwide/cargo-home" "-e" "RUSTUP_HOME=/opt/rustwide/rustup-home" "-w" "/opt/rustwide/workdir" "-m" "1610612736" "--user" "0:0" "--network" "none" "ghcr.io/rust-lang/crates-build-env/linux@sha256:4a844ea9eb2546a2d2c7022eacef16ef2e8229c7fbb2c7d4d55a9ceca922f72d" "/opt/rustwide/cargo-home/bin/cargo" "+nightly-2024-10-28" "build" "--frozen" "--message-format=json", kill_on_drop: false }`
[INFO] [stdout] 64abb480ed7cdc0a3b6de19910129582b510e17069111721f12ae3e81bd4757f
[INFO] running `Command { std: "docker" "start" "-a" "64abb480ed7cdc0a3b6de19910129582b510e17069111721f12ae3e81bd4757f", kill_on_drop: false }`
[INFO] [stderr]    Compiling autocfg v1.4.0
[INFO] [stderr]    Compiling pin-utils v0.1.0
[INFO] [stderr]    Compiling futures-core-preview v0.3.0-alpha.19
[INFO] [stderr]    Compiling num_cpus v1.16.0
[INFO] [stderr]    Compiling slab v0.4.9
[INFO] [stderr]    Compiling futures-util-preview v0.3.0-alpha.19
[INFO] [stderr]    Compiling futures-executor-preview v0.3.0-alpha.19 (/opt/rustwide/workdir)
[INFO] [stdout] warning: trait `AssertSendSync` is never used
[INFO] [stdout]   --> src/thread_pool.rs:36:7
[INFO] [stdout]    |
[INFO] [stdout] 36 | trait AssertSendSync: Send + Sync {}
[INFO] [stdout]    |       ^^^^^^^^^^^^^^
[INFO] [stdout]    |
[INFO] [stdout]    = note: `#[warn(dead_code)]` on by default
[INFO] [stdout] 
[INFO] [stdout] 
[INFO] [stderr]     Finished `dev` profile [unoptimized + debuginfo] target(s) in 2.63s
[INFO] running `Command { std: "docker" "inspect" "64abb480ed7cdc0a3b6de19910129582b510e17069111721f12ae3e81bd4757f", kill_on_drop: false }`
[INFO] running `Command { std: "docker" "rm" "-f" "64abb480ed7cdc0a3b6de19910129582b510e17069111721f12ae3e81bd4757f", kill_on_drop: false }`
[INFO] [stdout] 64abb480ed7cdc0a3b6de19910129582b510e17069111721f12ae3e81bd4757f
[INFO] running `Command { std: "docker" "create" "-v" "/var/lib/crater-agent-workspace/builds/worker-0-tc1/target:/opt/rustwide/target:rw,Z" "-v" "/var/lib/crater-agent-workspace/builds/worker-0-tc1/source:/opt/rustwide/workdir:ro,Z" "-v" "/var/lib/crater-agent-workspace/cargo-home:/opt/rustwide/cargo-home:ro,Z" "-v" "/var/lib/crater-agent-workspace/rustup-home:/opt/rustwide/rustup-home:ro,Z" "-e" "SOURCE_DIR=/opt/rustwide/workdir" "-e" "CARGO_TARGET_DIR=/opt/rustwide/target" "-e" "CARGO_INCREMENTAL=0" "-e" "RUST_BACKTRACE=full" "-e" "RUSTFLAGS=--cap-lints=forbid" "-e" "RUSTDOCFLAGS=--cap-lints=forbid" "-e" "CARGO_HOME=/opt/rustwide/cargo-home" "-e" "RUSTUP_HOME=/opt/rustwide/rustup-home" "-w" "/opt/rustwide/workdir" "-m" "1610612736" "--user" "0:0" "--network" "none" "ghcr.io/rust-lang/crates-build-env/linux@sha256:4a844ea9eb2546a2d2c7022eacef16ef2e8229c7fbb2c7d4d55a9ceca922f72d" "/opt/rustwide/cargo-home/bin/cargo" "+nightly-2024-10-28" "test" "--frozen" "--no-run" "--message-format=json", kill_on_drop: false }`
[INFO] [stdout] c80a9e04b55f868709d8841b8c9321c07bc8e657151b3eb9ac3d0961ba1ce211
[INFO] running `Command { std: "docker" "start" "-a" "c80a9e04b55f868709d8841b8c9321c07bc8e657151b3eb9ac3d0961ba1ce211", kill_on_drop: false }`
[INFO] [stderr]    Compiling futures-executor-preview v0.3.0-alpha.19 (/opt/rustwide/workdir)
[INFO] [stdout] warning: trait `AssertSendSync` is never used
[INFO] [stdout]   --> src/thread_pool.rs:36:7
[INFO] [stdout]    |
[INFO] [stdout] 36 | trait AssertSendSync: Send + Sync {}
[INFO] [stdout]    |       ^^^^^^^^^^^^^^
[INFO] [stdout]    |
[INFO] [stdout]    = note: `#[warn(dead_code)]` on by default
[INFO] [stdout] 
[INFO] [stdout] 
[INFO] [stdout] error[E0433]: failed to resolve: use of undeclared crate or module `futures`
[INFO] [stdout]  --> tests/local_pool.rs:1:5
[INFO] [stdout]   |
[INFO] [stdout] 1 | use futures::channel::oneshot;
[INFO] [stdout]   |     ^^^^^^^ use of undeclared crate or module `futures`
[INFO] [stdout] 
[INFO] [stdout] 
[INFO] [stdout] error[E0433]: failed to resolve: use of undeclared crate or module `futures`
[INFO] [stdout]  --> tests/local_pool.rs:2:5
[INFO] [stdout]   |
[INFO] [stdout] 2 | use futures::executor::LocalPool;
[INFO] [stdout]   |     ^^^^^^^ use of undeclared crate or module `futures`
[INFO] [stdout] 
[INFO] [stdout] 
[INFO] [stdout] error[E0433]: failed to resolve: use of undeclared crate or module `futures`
[INFO] [stdout]  --> tests/local_pool.rs:3:5
[INFO] [stdout]   |
[INFO] [stdout] 3 | use futures::future::{Future, lazy, poll_fn};
[INFO] [stdout]   |     ^^^^^^^ use of undeclared crate or module `futures`
[INFO] [stdout] 
[INFO] [stdout] 
[INFO] [stdout] error[E0433]: failed to resolve: use of undeclared crate or module `futures`
[INFO] [stdout]  --> tests/local_pool.rs:4:5
[INFO] [stdout]   |
[INFO] [stdout] 4 | use futures::task::{Context, Poll, Spawn, LocalSpawn, Waker};
[INFO] [stdout]   |     ^^^^^^^ use of undeclared crate or module `futures`
[INFO] [stdout] 
[INFO] [stdout] 
[INFO] [stdout] For more information about this error, try `rustc --explain E0433`.
[INFO] [stdout] 
[INFO] [stderr] error: could not compile `futures-executor-preview` (test "local_pool") due to 4 previous errors
[INFO] [stderr] warning: build failed, waiting for other jobs to finish...
[INFO] [stdout] warning: trait `AssertSendSync` is never used
[INFO] [stdout]   --> src/thread_pool.rs:36:7
[INFO] [stdout]    |
[INFO] [stdout] 36 | trait AssertSendSync: Send + Sync {}
[INFO] [stdout]    |       ^^^^^^^^^^^^^^
[INFO] [stdout]    |
[INFO] [stdout]    = note: `#[warn(dead_code)]` on by default
[INFO] [stdout] 
[INFO] [stdout] 
[INFO] running `Command { std: "docker" "inspect" "c80a9e04b55f868709d8841b8c9321c07bc8e657151b3eb9ac3d0961ba1ce211", kill_on_drop: false }`
[INFO] running `Command { std: "docker" "rm" "-f" "c80a9e04b55f868709d8841b8c9321c07bc8e657151b3eb9ac3d0961ba1ce211", kill_on_drop: false }`
[INFO] [stdout] c80a9e04b55f868709d8841b8c9321c07bc8e657151b3eb9ac3d0961ba1ce211
