[INFO] fetching crate fusen-macro 0.6.3...
[INFO] testing fusen-macro-0.6.3 against nightly-2024-10-28 for randomize-layout
[INFO] extracting crate fusen-macro 0.6.3 into /workspace/builds/worker-1-tc1/source
[INFO] validating manifest of crates.io crate fusen-macro 0.6.3 on toolchain nightly-2024-10-28
[INFO] running `Command { std: CARGO_HOME="/workspace/cargo-home" RUSTUP_HOME="/workspace/rustup-home" "/workspace/cargo-home/bin/cargo" "+nightly-2024-10-28" "metadata" "--manifest-path" "Cargo.toml" "--no-deps", kill_on_drop: false }`
[INFO] started tweaking crates.io crate fusen-macro 0.6.3
[INFO] finished tweaking crates.io crate fusen-macro 0.6.3
[INFO] tweaked toml for crates.io crate fusen-macro 0.6.3 written to /workspace/builds/worker-1-tc1/source/Cargo.toml
[INFO] running `Command { std: CARGO_HOME="/workspace/cargo-home" RUSTUP_HOME="/workspace/rustup-home" "/workspace/cargo-home/bin/cargo" "+nightly-2024-10-28" "generate-lockfile" "--manifest-path" "Cargo.toml", kill_on_drop: false }`
[INFO] [stderr]     Updating crates.io index
[INFO] [stderr]      Locking 221 packages to latest compatible versions
[INFO] [stderr]       Adding fusen-common v0.6.13 (available: v0.7.1)
[INFO] running `Command { std: CARGO_HOME="/workspace/cargo-home" RUSTUP_HOME="/workspace/rustup-home" "/workspace/cargo-home/bin/cargo" "+nightly-2024-10-28" "fetch" "--manifest-path" "Cargo.toml", kill_on_drop: false }`
[INFO] [stderr]  Downloading crates ...
[INFO] [stderr]   Downloaded prost-derive v0.13.3
[INFO] [stderr]   Downloaded prost v0.13.3
[INFO] [stderr]   Downloaded fusen-procedural-macro v0.6.13
[INFO] [stderr]   Downloaded nacos-sdk v0.4.2
[INFO] [stderr]   Downloaded fusen-common v0.6.13
[INFO] [stderr]   Downloaded local-ip-address v0.6.3
[INFO] [stderr]   Downloaded tonic v0.12.3
[INFO] [stderr]   Downloaded prost-types v0.13.3
[INFO] [stderr]   Downloaded opentelemetry-otlp v0.26.0
[INFO] [stderr]   Downloaded opentelemetry-proto v0.26.1
[INFO] [stderr]   Downloaded tracing-appender v0.2.3
[INFO] [stderr]   Downloaded fusen-derive-macro v0.6.13
[INFO] running `Command { std: "docker" "create" "-v" "/var/lib/crater-agent-workspace/builds/worker-1-tc1/target:/opt/rustwide/target:rw,Z" "-v" "/var/lib/crater-agent-workspace/builds/worker-1-tc1/source:/opt/rustwide/workdir:ro,Z" "-v" "/var/lib/crater-agent-workspace/cargo-home:/opt/rustwide/cargo-home:ro,Z" "-v" "/var/lib/crater-agent-workspace/rustup-home:/opt/rustwide/rustup-home:ro,Z" "-e" "SOURCE_DIR=/opt/rustwide/workdir" "-e" "CARGO_TARGET_DIR=/opt/rustwide/target" "-e" "CARGO_HOME=/opt/rustwide/cargo-home" "-e" "RUSTUP_HOME=/opt/rustwide/rustup-home" "-w" "/opt/rustwide/workdir" "-m" "1610612736" "--user" "0:0" "--network" "none" "ghcr.io/rust-lang/crates-build-env/linux@sha256:4a844ea9eb2546a2d2c7022eacef16ef2e8229c7fbb2c7d4d55a9ceca922f72d" "/opt/rustwide/cargo-home/bin/cargo" "+nightly-2024-10-28" "metadata" "--no-deps" "--format-version=1", kill_on_drop: false }`
[INFO] [stdout] e084178e0a246d66c441671b6ffcf762a42ccf2d93914bc3322e06b00c1bad36
[INFO] running `Command { std: "docker" "start" "-a" "e084178e0a246d66c441671b6ffcf762a42ccf2d93914bc3322e06b00c1bad36", kill_on_drop: false }`
[INFO] running `Command { std: "docker" "inspect" "e084178e0a246d66c441671b6ffcf762a42ccf2d93914bc3322e06b00c1bad36", kill_on_drop: false }`
[INFO] running `Command { std: "docker" "rm" "-f" "e084178e0a246d66c441671b6ffcf762a42ccf2d93914bc3322e06b00c1bad36", kill_on_drop: false }`
[INFO] [stdout] e084178e0a246d66c441671b6ffcf762a42ccf2d93914bc3322e06b00c1bad36
[INFO] running `Command { std: "docker" "create" "-v" "/var/lib/crater-agent-workspace/builds/worker-1-tc1/target:/opt/rustwide/target:rw,Z" "-v" "/var/lib/crater-agent-workspace/builds/worker-1-tc1/source:/opt/rustwide/workdir:ro,Z" "-v" "/var/lib/crater-agent-workspace/cargo-home:/opt/rustwide/cargo-home:ro,Z" "-v" "/var/lib/crater-agent-workspace/rustup-home:/opt/rustwide/rustup-home:ro,Z" "-e" "SOURCE_DIR=/opt/rustwide/workdir" "-e" "CARGO_TARGET_DIR=/opt/rustwide/target" "-e" "CARGO_INCREMENTAL=0" "-e" "RUST_BACKTRACE=full" "-e" "RUSTFLAGS=--cap-lints=forbid" "-e" "RUSTDOCFLAGS=--cap-lints=forbid" "-e" "CARGO_HOME=/opt/rustwide/cargo-home" "-e" "RUSTUP_HOME=/opt/rustwide/rustup-home" "-w" "/opt/rustwide/workdir" "-m" "1610612736" "--user" "0:0" "--network" "none" "ghcr.io/rust-lang/crates-build-env/linux@sha256:4a844ea9eb2546a2d2c7022eacef16ef2e8229c7fbb2c7d4d55a9ceca922f72d" "/opt/rustwide/cargo-home/bin/cargo" "+nightly-2024-10-28" "build" "--frozen" "--message-format=json", kill_on_drop: false }`
[INFO] [stdout] f8b2bbd1b27840d5e7eb07825cb35f8b89c2afea389b8562b17c29b533e54808
[INFO] running `Command { std: "docker" "start" "-a" "f8b2bbd1b27840d5e7eb07825cb35f8b89c2afea389b8562b17c29b533e54808", kill_on_drop: false }`
[INFO] [stderr]    Compiling proc-macro2 v1.0.89
[INFO] [stderr]    Compiling unicode-ident v1.0.13
[INFO] [stderr]    Compiling autocfg v1.4.0
[INFO] [stderr]    Compiling libc v0.2.161
[INFO] [stderr]    Compiling pin-project-lite v0.2.15
[INFO] [stderr]    Compiling memchr v2.7.4
[INFO] [stderr]    Compiling cfg-if v1.0.0
[INFO] [stderr]    Compiling futures-core v0.3.31
[INFO] [stderr]    Compiling serde v1.0.214
[INFO] [stderr]    Compiling itoa v1.0.11
[INFO] [stderr]    Compiling once_cell v1.20.2
[INFO] [stderr]    Compiling futures-sink v0.3.31
[INFO] [stderr]    Compiling bytes v1.8.0
[INFO] [stderr]    Compiling log v0.4.22
[INFO] [stderr]    Compiling smallvec v1.13.2
[INFO] [stderr]    Compiling parking_lot_core v0.9.10
[INFO] [stderr]    Compiling futures-io v0.3.31
[INFO] [stderr]    Compiling pin-utils v0.1.0
[INFO] [stderr]    Compiling futures-task v0.3.31
[INFO] [stderr]    Compiling futures-channel v0.3.31
[INFO] [stderr]    Compiling scopeguard v1.2.0
[INFO] [stderr]    Compiling fnv v1.0.7
[INFO] [stderr]    Compiling equivalent v1.0.1
[INFO] [stderr]    Compiling hashbrown v0.15.0
[INFO] [stderr]    Compiling tracing-core v0.1.32
[INFO] [stderr]    Compiling byteorder v1.5.0
[INFO] [stderr]    Compiling ryu v1.0.18
[INFO] [stderr]    Compiling tower-service v0.3.3
[INFO] [stderr]    Compiling percent-encoding v2.3.1
[INFO] [stderr]    Compiling either v1.13.0
[INFO] [stderr]    Compiling httparse v1.9.5
[INFO] [stderr]    Compiling thiserror v1.0.66
[INFO] [stderr]    Compiling syn v1.0.109
[INFO] [stderr]    Compiling serde_json v1.0.132
[INFO] [stderr]    Compiling atomic-waker v1.1.2
[INFO] [stderr]    Compiling try-lock v0.2.5
[INFO] [stderr]    Compiling anyhow v1.0.92
[INFO] [stderr]    Compiling want v0.3.1
[INFO] [stderr]    Compiling tower-layer v0.3.3
[INFO] [stderr]    Compiling rustversion v1.0.18
[INFO] [stderr]    Compiling httpdate v1.0.3
[INFO] [stderr]    Compiling http v1.1.0
[INFO] [stderr]    Compiling slab v0.4.9
[INFO] [stderr]    Compiling lock_api v0.4.12
[INFO] [stderr]    Compiling aho-corasick v1.1.3
[INFO] [stderr]    Compiling indexmap v1.9.3
[INFO] [stderr]    Compiling itertools v0.13.0
[INFO] [stderr]    Compiling sync_wrapper v1.0.1
[INFO] [stderr]    Compiling regex-syntax v0.8.5
[INFO] [stderr]    Compiling mime v0.3.17
[INFO] [stderr]    Compiling hashbrown v0.12.3
[INFO] [stderr]    Compiling sync_wrapper v0.1.2
[INFO] [stderr]    Compiling quote v1.0.37
[INFO] [stderr]    Compiling indexmap v2.6.0
[INFO] [stderr]    Compiling tinyvec_macros v0.1.1
[INFO] [stderr]    Compiling base64 v0.22.1
[INFO] [stderr]    Compiling regex-syntax v0.6.29
[INFO] [stderr]    Compiling tinyvec v1.8.0
[INFO] [stderr]    Compiling socket2 v0.5.7
[INFO] [stderr]    Compiling syn v2.0.86
[INFO] [stderr]    Compiling mio v1.0.2
[INFO] [stderr]    Compiling signal-hook-registry v1.4.2
[INFO] [stderr]    Compiling getrandom v0.2.15
[INFO] [stderr]    Compiling parking_lot v0.12.3
[INFO] [stderr]    Compiling matchit v0.7.3
[INFO] [stderr]    Compiling http-body v1.0.1
[INFO] [stderr]    Compiling rand_core v0.6.4
[INFO] [stderr]    Compiling ident_case v1.0.1
[INFO] [stderr]    Compiling strsim v0.10.0
[INFO] [stderr]    Compiling lazy_static v1.5.0
[INFO] [stderr]    Compiling form_urlencoded v1.2.1
[INFO] [stderr]    Compiling crossbeam-utils v0.8.20
[INFO] [stderr]    Compiling overload v0.1.1
[INFO] [stderr]    Compiling unicode-bidi v0.3.17
[INFO] [stderr]    Compiling glob v0.3.1
[INFO] [stderr]    Compiling nu-ansi-term v0.46.0
[INFO] [stderr]    Compiling sharded-slab v0.1.7
[INFO] [stderr]    Compiling tracing-log v0.2.0
[INFO] [stderr]    Compiling num-traits v0.2.19
[INFO] [stderr]    Compiling unicode-normalization v0.1.24
[INFO] [stderr]    Compiling thread_local v1.1.8
[INFO] [stderr]    Compiling powerfmt v0.2.0
[INFO] [stderr]    Compiling is-terminal v0.4.13
[INFO] [stderr]    Compiling deranged v0.3.11
[INFO] [stderr]    Compiling humantime v2.1.0
[INFO] [stderr]    Compiling time-core v0.1.2
[INFO] [stderr]    Compiling ipnet v2.10.1
[INFO] [stderr]    Compiling num-conv v0.1.0
[INFO] [stderr]    Compiling winnow v0.6.20
[INFO] [stderr]    Compiling termcolor v1.4.1
[INFO] [stderr]    Compiling hashbrown v0.14.5
[INFO] [stderr]    Compiling regex-automata v0.4.8
[INFO] [stderr]    Compiling idna v0.5.0
[INFO] [stderr]    Compiling crossbeam-channel v0.5.13
[INFO] [stderr]    Compiling local_ipaddress v0.1.3
[INFO] [stderr]    Compiling fusen-derive-macro v0.6.13
[INFO] [stderr]    Compiling arc-swap v1.7.1
[INFO] [stderr]    Compiling iana-time-zone v0.1.61
[INFO] [stderr]    Compiling unsafe-libyaml v0.2.11
[INFO] [stderr]    Compiling dotenvy v0.15.7
[INFO] [stderr]    Compiling home v0.5.9
[INFO] [stderr]    Compiling dashmap v5.5.3
[INFO] [stderr]    Compiling url v2.5.2
[INFO] [stderr]    Compiling time v0.3.36
[INFO] [stderr]    Compiling uuid v1.11.0
[INFO] [stderr]    Compiling regex-automata v0.1.10
[INFO] [stderr]    Compiling chrono v0.4.38
[INFO] [stderr]    Compiling matchers v0.1.0
[INFO] [stderr]    Compiling darling_core v0.14.4
[INFO] [stderr]    Compiling regex v1.11.1
[INFO] [stderr]    Compiling env_logger v0.10.2
[INFO] [stderr]    Compiling serde_derive v1.0.214
[INFO] [stderr]    Compiling futures-macro v0.3.31
[INFO] [stderr]    Compiling tracing-attributes v0.1.27
[INFO] [stderr]    Compiling tokio-macros v2.4.0
[INFO] [stderr]    Compiling zerocopy-derive v0.7.35
[INFO] [stderr]    Compiling thiserror-impl v1.0.66
[INFO] [stderr]    Compiling async-trait v0.1.83
[INFO] [stderr]    Compiling pin-project-internal v1.1.7
[INFO] [stderr]    Compiling prost-derive v0.13.3
[INFO] [stderr]    Compiling async-stream-impl v0.3.6
[INFO] [stderr]    Compiling pretty_env_logger v0.5.0
[INFO] [stderr]    Compiling async-stream v0.3.6
[INFO] [stderr]    Compiling tokio v1.41.0
[INFO] [stderr]    Compiling darling_macro v0.14.4
[INFO] [stderr]    Compiling futures-util v0.3.31
[INFO] [stderr]    Compiling zerocopy v0.7.35
[INFO] [stderr]    Compiling darling v0.14.4
[INFO] [stderr]    Compiling nacos-macro v0.1.1
[INFO] [stderr]    Compiling opentelemetry v0.26.0
[INFO] [stderr]    Compiling pin-project v1.1.7
[INFO] [stderr]    Compiling tracing v0.1.40
[INFO] [stderr]    Compiling tracing-futures v0.2.5
[INFO] [stderr]    Compiling prost v0.13.3
[INFO] [stderr]    Compiling ppv-lite86 v0.2.20
[INFO] [stderr]    Compiling prost-types v0.13.3
[INFO] [stderr]    Compiling rand_chacha v0.3.1
[INFO] [stderr]    Compiling rand v0.8.5
[INFO] [stderr]    Compiling http-body-util v0.1.2
[INFO] [stderr]    Compiling futures-executor v0.3.31
[INFO] [stderr]    Compiling tower v0.5.1
[INFO] [stderr]    Compiling futures v0.3.31
[INFO] [stderr]    Compiling axum-core v0.4.5
[INFO] [stderr]    Compiling tokio-util v0.7.12
[INFO] [stderr]    Compiling tokio-stream v0.1.16
[INFO] [stderr]    Compiling tracing-serde v0.1.3
[INFO] [stderr]    Compiling serde_urlencoded v0.7.1
[INFO] [stderr]    Compiling serde_spanned v0.6.8
[INFO] [stderr]    Compiling toml_datetime v0.6.8
[INFO] [stderr]    Compiling serde_yaml v0.9.34+deprecated
[INFO] [stderr]    Compiling neli-proc-macros v0.1.3
[INFO] [stderr]    Compiling toml_edit v0.22.22
[INFO] [stderr]    Compiling h2 v0.4.6
[INFO] [stderr]    Compiling tower v0.4.13
[INFO] [stderr]    Compiling neli v0.6.4
[INFO] [stderr]    Compiling opentelemetry_sdk v0.26.0
[INFO] [stderr]    Compiling tracing-subscriber v0.3.18
[INFO] [stderr]    Compiling axum v0.7.7
[INFO] [stderr]    Compiling fusen-procedural-macro v0.6.13
[INFO] [stderr]    Compiling local-ip-address v0.6.3
[INFO] [stderr]    Compiling toml v0.8.19
[INFO] [stderr]    Compiling tracing-opentelemetry v0.27.0
[INFO] [stderr]    Compiling tracing-appender v0.2.3
[INFO] [stderr]    Compiling hyper v1.5.0
[INFO] [stderr]    Compiling hyper-util v0.1.10
[INFO] [stderr]    Compiling hyper-timeout v0.5.1
[INFO] [stderr]    Compiling reqwest v0.12.9
[INFO] [stderr]    Compiling tonic v0.12.3
[INFO] [stderr]    Compiling opentelemetry-proto v0.26.1
[INFO] [stderr]    Compiling nacos-sdk v0.4.2
[INFO] [stderr]    Compiling opentelemetry-otlp v0.26.0
[INFO] [stderr]    Compiling fusen-common v0.6.13
[INFO] [stderr]    Compiling fusen-macro v0.6.3 (/opt/rustwide/workdir)
[INFO] [stdout] error[E0451]: field `path` of struct `MethodResource` is private
[INFO] [stdout]   --> src/trait_macro.rs:23:38
[INFO] [stdout]    |
[INFO] [stdout] 23 |                 let MethodResource { path, name, method } = e;
[INFO] [stdout]    |                                      ^^^^ private field
[INFO] [stdout] 
[INFO] [stdout] 
[INFO] [stdout] error[E0451]: field `name` of struct `MethodResource` is private
[INFO] [stdout]   --> src/trait_macro.rs:23:44
[INFO] [stdout]    |
[INFO] [stdout] 23 |                 let MethodResource { path, name, method } = e;
[INFO] [stdout]    |                                            ^^^^ private field
[INFO] [stdout] 
[INFO] [stdout] 
[INFO] [stdout] error[E0451]: field `method` of struct `MethodResource` is private
[INFO] [stdout]   --> src/trait_macro.rs:23:50
[INFO] [stdout]    |
[INFO] [stdout] 23 |                 let MethodResource { path, name, method } = e;
[INFO] [stdout]    |                                                  ^^^^^^ private field
[INFO] [stdout] 
[INFO] [stdout] 
[INFO] [stdout] For more information about this error, try `rustc --explain E0451`.
[INFO] [stdout] 
[INFO] [stderr] error: could not compile `fusen-macro` (lib) due to 3 previous errors
[INFO] running `Command { std: "docker" "inspect" "f8b2bbd1b27840d5e7eb07825cb35f8b89c2afea389b8562b17c29b533e54808", kill_on_drop: false }`
[INFO] running `Command { std: "docker" "rm" "-f" "f8b2bbd1b27840d5e7eb07825cb35f8b89c2afea389b8562b17c29b533e54808", kill_on_drop: false }`
[INFO] [stdout] f8b2bbd1b27840d5e7eb07825cb35f8b89c2afea389b8562b17c29b533e54808
