[INFO] fetching crate fuel-core-types 0.40.0...
[INFO] testing fuel-core-types-0.40.0 against nightly-2024-10-28+rustflags=-Zrandomize-layout for randomize-layout
[INFO] extracting crate fuel-core-types 0.40.0 into /workspace/builds/worker-7-tc2/source
[INFO] validating manifest of crates.io crate fuel-core-types 0.40.0 on toolchain nightly-2024-10-28
[INFO] running `Command { std: CARGO_HOME="/workspace/cargo-home" RUSTUP_HOME="/workspace/rustup-home" "/workspace/cargo-home/bin/cargo" "+nightly-2024-10-28" "metadata" "--manifest-path" "Cargo.toml" "--no-deps", kill_on_drop: false }`
[INFO] started tweaking crates.io crate fuel-core-types 0.40.0
[INFO] finished tweaking crates.io crate fuel-core-types 0.40.0
[INFO] tweaked toml for crates.io crate fuel-core-types 0.40.0 written to /workspace/builds/worker-7-tc2/source/Cargo.toml
[INFO] running `Command { std: CARGO_HOME="/workspace/cargo-home" RUSTUP_HOME="/workspace/rustup-home" "/workspace/cargo-home/bin/cargo" "+nightly-2024-10-28" "generate-lockfile" "--manifest-path" "Cargo.toml", kill_on_drop: false }`
[INFO] [stderr]     Updating crates.io index
[INFO] [stderr]      Locking 186 packages to latest compatible versions
[INFO] [stderr]       Adding derive_more v0.99.18 (available: v1.0.0)
[INFO] [stderr]       Adding secrecy v0.8.0 (available: v0.10.3)
[INFO] running `Command { std: CARGO_HOME="/workspace/cargo-home" RUSTUP_HOME="/workspace/rustup-home" "/workspace/cargo-home/bin/cargo" "+nightly-2024-10-28" "fetch" "--manifest-path" "Cargo.toml", kill_on_drop: false }`
[INFO] [stderr]     Blocking waiting for file lock on package cache
[INFO] running `Command { std: "docker" "create" "-v" "/var/lib/crater-agent-workspace/builds/worker-7-tc2/target:/opt/rustwide/target:rw,Z" "-v" "/var/lib/crater-agent-workspace/builds/worker-7-tc2/source:/opt/rustwide/workdir:ro,Z" "-v" "/var/lib/crater-agent-workspace/cargo-home:/opt/rustwide/cargo-home:ro,Z" "-v" "/var/lib/crater-agent-workspace/rustup-home:/opt/rustwide/rustup-home:ro,Z" "-e" "SOURCE_DIR=/opt/rustwide/workdir" "-e" "CARGO_TARGET_DIR=/opt/rustwide/target" "-e" "CARGO_HOME=/opt/rustwide/cargo-home" "-e" "RUSTUP_HOME=/opt/rustwide/rustup-home" "-w" "/opt/rustwide/workdir" "-m" "1610612736" "--user" "0:0" "--network" "none" "ghcr.io/rust-lang/crates-build-env/linux@sha256:4a844ea9eb2546a2d2c7022eacef16ef2e8229c7fbb2c7d4d55a9ceca922f72d" "/opt/rustwide/cargo-home/bin/cargo" "+nightly-2024-10-28" "metadata" "--no-deps" "--format-version=1", kill_on_drop: false }`
[INFO] [stdout] 92ebef359ef2acc094467dc0d1d304919cf89131d3ae72e33eaf22736f7c93d4
[INFO] running `Command { std: "docker" "start" "-a" "92ebef359ef2acc094467dc0d1d304919cf89131d3ae72e33eaf22736f7c93d4", kill_on_drop: false }`
[INFO] running `Command { std: "docker" "inspect" "92ebef359ef2acc094467dc0d1d304919cf89131d3ae72e33eaf22736f7c93d4", kill_on_drop: false }`
[INFO] running `Command { std: "docker" "rm" "-f" "92ebef359ef2acc094467dc0d1d304919cf89131d3ae72e33eaf22736f7c93d4", kill_on_drop: false }`
[INFO] [stdout] 92ebef359ef2acc094467dc0d1d304919cf89131d3ae72e33eaf22736f7c93d4
[INFO] running `Command { std: "docker" "create" "-v" "/var/lib/crater-agent-workspace/builds/worker-7-tc2/target:/opt/rustwide/target:rw,Z" "-v" "/var/lib/crater-agent-workspace/builds/worker-7-tc2/source:/opt/rustwide/workdir:ro,Z" "-v" "/var/lib/crater-agent-workspace/cargo-home:/opt/rustwide/cargo-home:ro,Z" "-v" "/var/lib/crater-agent-workspace/rustup-home:/opt/rustwide/rustup-home:ro,Z" "-e" "SOURCE_DIR=/opt/rustwide/workdir" "-e" "CARGO_TARGET_DIR=/opt/rustwide/target" "-e" "CARGO_INCREMENTAL=0" "-e" "RUST_BACKTRACE=full" "-e" "RUSTFLAGS=--cap-lints=forbid -Zrandomize-layout" "-e" "RUSTDOCFLAGS=--cap-lints=forbid" "-e" "CARGO_HOME=/opt/rustwide/cargo-home" "-e" "RUSTUP_HOME=/opt/rustwide/rustup-home" "-w" "/opt/rustwide/workdir" "-m" "1610612736" "--user" "0:0" "--network" "none" "ghcr.io/rust-lang/crates-build-env/linux@sha256:4a844ea9eb2546a2d2c7022eacef16ef2e8229c7fbb2c7d4d55a9ceca922f72d" "/opt/rustwide/cargo-home/bin/cargo" "+nightly-2024-10-28" "build" "--frozen" "--message-format=json", kill_on_drop: false }`
[INFO] [stdout] 2f5016e3b816876cd680a35f57e76ea0bdd69b53b445b0707e0e02ab0c5c3647
[INFO] running `Command { std: "docker" "start" "-a" "2f5016e3b816876cd680a35f57e76ea0bdd69b53b445b0707e0e02ab0c5c3647", kill_on_drop: false }`
[INFO] [stderr]    Compiling version_check v0.9.5
[INFO] [stderr]    Compiling typenum v1.17.0
[INFO] [stderr]    Compiling cfg-if v1.0.0
[INFO] [stderr]    Compiling subtle v2.6.1
[INFO] [stderr]    Compiling const-oid v0.9.6
[INFO] [stderr]    Compiling libc v0.2.161
[INFO] [stderr]    Compiling byteorder v1.5.0
[INFO] [stderr]    Compiling syn v2.0.86
[INFO] [stderr]    Compiling serde v1.0.214
[INFO] [stderr]    Compiling semver v1.0.23
[INFO] [stderr]    Compiling cpufeatures v0.2.14
[INFO] [stderr]    Compiling base16ct v0.2.0
[INFO] [stderr]    Compiling hex v0.4.3
[INFO] [stderr]    Compiling generic-array v0.14.7
[INFO] [stderr]    Compiling once_cell v1.20.2
[INFO] [stderr]    Compiling syn v1.0.109
[INFO] [stderr]    Compiling shlex v1.3.0
[INFO] [stderr]    Compiling lock_api v0.4.12
[INFO] [stderr]    Compiling rustc_version v0.4.1
[INFO] [stderr]    Compiling cc v1.1.31
[INFO] [stderr]    Compiling thiserror v1.0.66
[INFO] [stderr]    Compiling ahash v0.8.11
[INFO] [stderr]    Compiling rustversion v1.0.18
[INFO] [stderr]    Compiling keccak v0.1.5
[INFO] [stderr]    Compiling radium v0.7.0
[INFO] [stderr]    Compiling curve25519-dalek v4.1.3
[INFO] [stderr]    Compiling scopeguard v1.2.0
[INFO] [stderr]    Compiling getrandom v0.2.15
[INFO] [stderr]    Compiling bech32 v0.9.1
[INFO] [stderr]    Compiling tap v1.0.1
[INFO] [stderr]    Compiling base64 v0.21.7
[INFO] [stderr]    Compiling wyz v0.5.1
[INFO] [stderr]    Compiling rand_core v0.6.4
[INFO] [stderr]    Compiling ff v0.13.0
[INFO] [stderr]    Compiling group v0.13.0
[INFO] [stderr]    Compiling heapless v0.7.17
[INFO] [stderr]    Compiling funty v2.0.0
[INFO] [stderr]    Compiling crunchy v0.2.2
[INFO] [stderr]    Compiling heck v0.4.1
[INFO] [stderr]    Compiling spin v0.9.8
[INFO] [stderr]    Compiling hash32 v0.2.1
[INFO] [stderr]    Compiling static_assertions v1.1.0
[INFO] [stderr]    Compiling convert_case v0.4.0
[INFO] [stderr]    Compiling stable_deref_trait v1.2.0
[INFO] [stderr]    Compiling lazy_static v1.5.0
[INFO] [stderr]    Compiling paste v1.0.15
[INFO] [stderr]    Compiling libm v0.2.11
[INFO] [stderr]    Compiling allocator-api2 v0.2.18
[INFO] [stderr]    Compiling bitvec v1.0.1
[INFO] [stderr]    Compiling either v1.13.0
[INFO] [stderr]    Compiling fuel-storage v0.58.2
[INFO] [stderr]    Compiling cobs v0.2.3
[INFO] [stderr]    Compiling itertools v0.10.5
[INFO] [stderr]    Compiling secp256k1-sys v0.10.1
[INFO] [stderr]    Compiling uint v0.9.5
[INFO] [stderr]    Compiling fixed-hash v0.8.0
[INFO] [stderr]    Compiling anyhow v1.0.92
[INFO] [stderr]    Compiling primitive-types v0.12.2
[INFO] [stderr]    Compiling percent-encoding v2.3.1
[INFO] [stderr]    Compiling ethnum v1.5.0
[INFO] [stderr]    Compiling synstructure v0.13.1
[INFO] [stderr]    Compiling strum_macros v0.24.3
[INFO] [stderr]    Compiling derivative v2.2.0
[INFO] [stderr]    Compiling zeroize_derive v1.4.2
[INFO] [stderr]    Compiling zerocopy-derive v0.7.35
[INFO] [stderr]    Compiling serde_derive v1.0.214
[INFO] [stderr]    Compiling thiserror-impl v1.0.66
[INFO] [stderr]    Compiling curve25519-dalek-derive v0.1.1
[INFO] [stderr]    Compiling fuel-derive v0.58.2
[INFO] [stderr]    Compiling zeroize v1.8.1
[INFO] [stderr]    Compiling der v0.7.9
[INFO] [stderr]    Compiling zerocopy v0.7.35
[INFO] [stderr]    Compiling strum v0.24.1
[INFO] [stderr]    Compiling derive_more v0.99.18
[INFO] [stderr]    Compiling crypto-common v0.1.6
[INFO] [stderr]    Compiling block-buffer v0.10.4
[INFO] [stderr]    Compiling crypto-bigint v0.5.5
[INFO] [stderr]    Compiling async-trait v0.1.83
[INFO] [stderr]    Compiling digest v0.10.7
[INFO] [stderr]    Compiling secrecy v0.8.0
[INFO] [stderr]    Compiling sha2 v0.10.8
[INFO] [stderr]    Compiling hmac v0.12.1
[INFO] [stderr]    Compiling signature v2.2.0
[INFO] [stderr]    Compiling spki v0.7.3
[INFO] [stderr]    Compiling sec1 v0.7.3
[INFO] [stderr]    Compiling pkcs8 v0.10.2
[INFO] [stderr]    Compiling rfc6979 v0.4.0
[INFO] [stderr]    Compiling ppv-lite86 v0.2.20
[INFO] [stderr]    Compiling bs58 v0.5.1
[INFO] [stderr]    Compiling sha3 v0.10.8
[INFO] [stderr]    Compiling ripemd v0.1.3
[INFO] [stderr]    Compiling pbkdf2 v0.12.2
[INFO] [stderr]    Compiling ed25519 v2.2.3
[INFO] [stderr]    Compiling rand_chacha v0.3.1
[INFO] [stderr]    Compiling hashbrown v0.13.2
[INFO] [stderr]    Compiling hashbrown v0.14.5
[INFO] [stderr]    Compiling rand v0.8.5
[INFO] [stderr]    Compiling elliptic-curve v0.13.8
[INFO] [stderr]    Compiling ecdsa v0.16.9
[INFO] [stderr]    Compiling primeorder v0.13.6
[INFO] [stderr]    Compiling secp256k1 v0.29.1
[INFO] [stderr]    Compiling ed25519-dalek v2.1.1
[INFO] [stderr]    Compiling fuel-merkle v0.58.2
[INFO] [stderr]    Compiling k256 v0.13.4
[INFO] [stderr]    Compiling p256 v0.13.2
[INFO] [stderr]    Compiling coins-core v0.8.7
[INFO] [stderr]    Compiling fuel-types v0.58.2
[INFO] [stderr]    Compiling bitflags v2.6.0
[INFO] [stderr]    Compiling tai64 v4.1.0
[INFO] [stderr]    Compiling coins-bip32 v0.8.7
[INFO] [stderr]    Compiling postcard v1.0.10
[INFO] [stderr]    Compiling fuel-asm v0.58.2
[INFO] [stderr]    Compiling coins-bip39 v0.8.7
[INFO] [stderr]    Compiling fuel-crypto v0.58.2
[INFO] [stderr]    Compiling fuel-tx v0.58.2
[INFO] [stderr]    Compiling fuel-vm v0.58.2
[INFO] [stderr]    Compiling fuel-core-types v0.40.0 (/opt/rustwide/workdir)
[INFO] [stderr]     Finished `dev` profile [unoptimized + debuginfo] target(s) in 1m 13s
[INFO] running `Command { std: "docker" "inspect" "2f5016e3b816876cd680a35f57e76ea0bdd69b53b445b0707e0e02ab0c5c3647", kill_on_drop: false }`
[INFO] running `Command { std: "docker" "rm" "-f" "2f5016e3b816876cd680a35f57e76ea0bdd69b53b445b0707e0e02ab0c5c3647", kill_on_drop: false }`
[INFO] [stdout] 2f5016e3b816876cd680a35f57e76ea0bdd69b53b445b0707e0e02ab0c5c3647
[INFO] running `Command { std: "docker" "create" "-v" "/var/lib/crater-agent-workspace/builds/worker-7-tc2/target:/opt/rustwide/target:rw,Z" "-v" "/var/lib/crater-agent-workspace/builds/worker-7-tc2/source:/opt/rustwide/workdir:ro,Z" "-v" "/var/lib/crater-agent-workspace/cargo-home:/opt/rustwide/cargo-home:ro,Z" "-v" "/var/lib/crater-agent-workspace/rustup-home:/opt/rustwide/rustup-home:ro,Z" "-e" "SOURCE_DIR=/opt/rustwide/workdir" "-e" "CARGO_TARGET_DIR=/opt/rustwide/target" "-e" "CARGO_INCREMENTAL=0" "-e" "RUST_BACKTRACE=full" "-e" "RUSTFLAGS=--cap-lints=forbid -Zrandomize-layout" "-e" "RUSTDOCFLAGS=--cap-lints=forbid" "-e" "CARGO_HOME=/opt/rustwide/cargo-home" "-e" "RUSTUP_HOME=/opt/rustwide/rustup-home" "-w" "/opt/rustwide/workdir" "-m" "1610612736" "--user" "0:0" "--network" "none" "ghcr.io/rust-lang/crates-build-env/linux@sha256:4a844ea9eb2546a2d2c7022eacef16ef2e8229c7fbb2c7d4d55a9ceca922f72d" "/opt/rustwide/cargo-home/bin/cargo" "+nightly-2024-10-28" "test" "--frozen" "--no-run" "--message-format=json", kill_on_drop: false }`
[INFO] [stdout] c38379e78c1afcdb556e086def6fdd2bfa26212e73c53ae7b63f1aa4ba476f97
[INFO] running `Command { std: "docker" "start" "-a" "c38379e78c1afcdb556e086def6fdd2bfa26212e73c53ae7b63f1aa4ba476f97", kill_on_drop: false }`
[INFO] [stderr]    Compiling fuel-core-types v0.40.0 (/opt/rustwide/workdir)
[INFO] [stdout] error[E0599]: no method named `consensus_mut` found for enum `BlockHeader` in the current scope
[INFO] [stdout]    --> src/blockchain/header.rs:277:17
[INFO] [stdout]     |
[INFO] [stdout] 28  | pub enum BlockHeader {
[INFO] [stdout]     | -------------------- method `consensus_mut` not found for this enum
[INFO] [stdout] ...
[INFO] [stdout] 277 |         default.consensus_mut().height = height;
[INFO] [stdout]     |                 ^^^^^^^^^^^^^
[INFO] [stdout]     |
[INFO] [stdout] help: there is a method `_consensus_mut` with a similar name
[INFO] [stdout]     |
[INFO] [stdout] 277 |         default._consensus_mut().height = height;
[INFO] [stdout]     |                 ~~~~~~~~~~~~~~
[INFO] [stdout] 
[INFO] [stdout] 
[INFO] [stdout] error[E0599]: no method named `consensus_mut` found for enum `BlockHeader` in the current scope
[INFO] [stdout]    --> src/blockchain/header.rs:278:17
[INFO] [stdout]     |
[INFO] [stdout] 28  | pub enum BlockHeader {
[INFO] [stdout]     | -------------------- method `consensus_mut` not found for this enum
[INFO] [stdout] ...
[INFO] [stdout] 278 |         default.consensus_mut().time = time;
[INFO] [stdout]     |                 ^^^^^^^^^^^^^
[INFO] [stdout]     |
[INFO] [stdout] help: there is a method `_consensus_mut` with a similar name
[INFO] [stdout]     |
[INFO] [stdout] 278 |         default._consensus_mut().time = time;
[INFO] [stdout]     |                 ~~~~~~~~~~~~~~
[INFO] [stdout] 
[INFO] [stdout] 
[INFO] [stdout] error[E0277]: the trait bound `Transaction: Default` is not satisfied
[INFO] [stdout]   --> src/services/block_importer.rs:37:5
[INFO] [stdout]    |
[INFO] [stdout] 34 | #[cfg_attr(any(test, feature = "test-helpers"), derive(Default))]
[INFO] [stdout]    |                                                        ------- in this derive macro expansion
[INFO] [stdout] ...
[INFO] [stdout] 37 |     pub sealed_block: SealedBlock,
[INFO] [stdout]    |     ^^^^^^^^^^^^^^^^^^^^^^^^^^^^^ the trait `Default` is not implemented for `Transaction`, which is required by `Sealed<Block>: Default`
[INFO] [stdout]    |
[INFO] [stdout]    = help: the trait `Default` is implemented for `Sealed<Entity>`
[INFO] [stdout] note: required for `Block` to implement `Default`
[INFO] [stdout]   --> src/blockchain/block.rs:45:18
[INFO] [stdout]    |
[INFO] [stdout] 45 | impl<T: Default> Default for Block<T> {
[INFO] [stdout]    |         -------  ^^^^^^^     ^^^^^^^^
[INFO] [stdout]    |         |
[INFO] [stdout]    |         unsatisfied trait bound introduced here
[INFO] [stdout]    = note: 1 redundant requirement hidden
[INFO] [stdout]    = note: required for `Sealed<Block>` to implement `Default`
[INFO] [stdout]    = note: this error originates in the derive macro `Default` (in Nightly builds, run with -Z macro-backtrace for more info)
[INFO] [stdout] 
[INFO] [stdout] 
[INFO] [stdout] error[E0277]: the trait bound `Transaction: Default` is not satisfied
[INFO] [stdout]   --> src/services/executor.rs:72:20
[INFO] [stdout]    |
[INFO] [stdout] 72 |             block: Block::default(),
[INFO] [stdout]    |                    ^^^^^ the trait `Default` is not implemented for `Transaction`, which is required by `Block<_>: Default`
[INFO] [stdout]    |
[INFO] [stdout]    = help: the trait `Default` is implemented for `Block<T>`
[INFO] [stdout] note: required for `Block` to implement `Default`
[INFO] [stdout]   --> src/blockchain/block.rs:45:18
[INFO] [stdout]    |
[INFO] [stdout] 45 | impl<T: Default> Default for Block<T> {
[INFO] [stdout]    |         -------  ^^^^^^^     ^^^^^^^^
[INFO] [stdout]    |         |
[INFO] [stdout]    |         unsatisfied trait bound introduced here
[INFO] [stdout] 
[INFO] [stdout] 
[INFO] [stdout] Some errors have detailed explanations: E0277, E0599.
[INFO] [stdout] 
[INFO] [stdout] For more information about an error, try `rustc --explain E0277`.
[INFO] [stdout] 
[INFO] [stderr] error: could not compile `fuel-core-types` (lib test) due to 4 previous errors
[INFO] running `Command { std: "docker" "inspect" "c38379e78c1afcdb556e086def6fdd2bfa26212e73c53ae7b63f1aa4ba476f97", kill_on_drop: false }`
[INFO] running `Command { std: "docker" "rm" "-f" "c38379e78c1afcdb556e086def6fdd2bfa26212e73c53ae7b63f1aa4ba476f97", kill_on_drop: false }`
[INFO] [stdout] c38379e78c1afcdb556e086def6fdd2bfa26212e73c53ae7b63f1aa4ba476f97
