[INFO] fetching crate fuel-core-txpool 0.40.0...
[INFO] testing fuel-core-txpool-0.40.0 against nightly-2024-10-28+rustflags=-Zrandomize-layout for randomize-layout
[INFO] extracting crate fuel-core-txpool 0.40.0 into /workspace/builds/worker-2-tc2/source
[INFO] validating manifest of crates.io crate fuel-core-txpool 0.40.0 on toolchain nightly-2024-10-28
[INFO] running `Command { std: CARGO_HOME="/workspace/cargo-home" RUSTUP_HOME="/workspace/rustup-home" "/workspace/cargo-home/bin/cargo" "+nightly-2024-10-28" "metadata" "--manifest-path" "Cargo.toml" "--no-deps", kill_on_drop: false }`
[INFO] started tweaking crates.io crate fuel-core-txpool 0.40.0
[INFO] finished tweaking crates.io crate fuel-core-txpool 0.40.0
[INFO] tweaked toml for crates.io crate fuel-core-txpool 0.40.0 written to /workspace/builds/worker-2-tc2/source/Cargo.toml
[INFO] running `Command { std: CARGO_HOME="/workspace/cargo-home" RUSTUP_HOME="/workspace/rustup-home" "/workspace/cargo-home/bin/cargo" "+nightly-2024-10-28" "generate-lockfile" "--manifest-path" "Cargo.toml", kill_on_drop: false }`
[INFO] [stderr]     Updating crates.io index
[INFO] [stderr]      Locking 277 packages to latest compatible versions
[INFO] [stderr]       Adding derive_more v0.99.18 (available: v1.0.0)
[INFO] [stderr]       Adding mockall v0.11.4 (available: v0.13.0)
[INFO] [stderr]       Adding test-strategy v0.3.1 (available: v0.4.0)
[INFO] running `Command { std: CARGO_HOME="/workspace/cargo-home" RUSTUP_HOME="/workspace/rustup-home" "/workspace/cargo-home/bin/cargo" "+nightly-2024-10-28" "fetch" "--manifest-path" "Cargo.toml", kill_on_drop: false }`
[INFO] running `Command { std: "docker" "create" "-v" "/var/lib/crater-agent-workspace/builds/worker-2-tc2/target:/opt/rustwide/target:rw,Z" "-v" "/var/lib/crater-agent-workspace/builds/worker-2-tc2/source:/opt/rustwide/workdir:ro,Z" "-v" "/var/lib/crater-agent-workspace/cargo-home:/opt/rustwide/cargo-home:ro,Z" "-v" "/var/lib/crater-agent-workspace/rustup-home:/opt/rustwide/rustup-home:ro,Z" "-e" "SOURCE_DIR=/opt/rustwide/workdir" "-e" "CARGO_TARGET_DIR=/opt/rustwide/target" "-e" "CARGO_HOME=/opt/rustwide/cargo-home" "-e" "RUSTUP_HOME=/opt/rustwide/rustup-home" "-w" "/opt/rustwide/workdir" "-m" "1610612736" "--user" "0:0" "--network" "none" "ghcr.io/rust-lang/crates-build-env/linux@sha256:4a844ea9eb2546a2d2c7022eacef16ef2e8229c7fbb2c7d4d55a9ceca922f72d" "/opt/rustwide/cargo-home/bin/cargo" "+nightly-2024-10-28" "metadata" "--no-deps" "--format-version=1", kill_on_drop: false }`
[INFO] [stdout] 8359c6f984f240c7248c535d0416af89006333b7dcb91232dc156a5213a00a47
[INFO] running `Command { std: "docker" "start" "-a" "8359c6f984f240c7248c535d0416af89006333b7dcb91232dc156a5213a00a47", kill_on_drop: false }`
[INFO] running `Command { std: "docker" "inspect" "8359c6f984f240c7248c535d0416af89006333b7dcb91232dc156a5213a00a47", kill_on_drop: false }`
[INFO] running `Command { std: "docker" "rm" "-f" "8359c6f984f240c7248c535d0416af89006333b7dcb91232dc156a5213a00a47", kill_on_drop: false }`
[INFO] [stdout] 8359c6f984f240c7248c535d0416af89006333b7dcb91232dc156a5213a00a47
[INFO] running `Command { std: "docker" "create" "-v" "/var/lib/crater-agent-workspace/builds/worker-2-tc2/target:/opt/rustwide/target:rw,Z" "-v" "/var/lib/crater-agent-workspace/builds/worker-2-tc2/source:/opt/rustwide/workdir:ro,Z" "-v" "/var/lib/crater-agent-workspace/cargo-home:/opt/rustwide/cargo-home:ro,Z" "-v" "/var/lib/crater-agent-workspace/rustup-home:/opt/rustwide/rustup-home:ro,Z" "-e" "SOURCE_DIR=/opt/rustwide/workdir" "-e" "CARGO_TARGET_DIR=/opt/rustwide/target" "-e" "CARGO_INCREMENTAL=0" "-e" "RUST_BACKTRACE=full" "-e" "RUSTFLAGS=--cap-lints=forbid -Zrandomize-layout" "-e" "RUSTDOCFLAGS=--cap-lints=forbid" "-e" "CARGO_HOME=/opt/rustwide/cargo-home" "-e" "RUSTUP_HOME=/opt/rustwide/rustup-home" "-w" "/opt/rustwide/workdir" "-m" "1610612736" "--user" "0:0" "--network" "none" "ghcr.io/rust-lang/crates-build-env/linux@sha256:4a844ea9eb2546a2d2c7022eacef16ef2e8229c7fbb2c7d4d55a9ceca922f72d" "/opt/rustwide/cargo-home/bin/cargo" "+nightly-2024-10-28" "build" "--frozen" "--message-format=json", kill_on_drop: false }`
[INFO] [stdout] 80b00593740efa54b073e26ac300b6a904aadaf1a590e870eb8bb8c8a4551b99
[INFO] running `Command { std: "docker" "start" "-a" "80b00593740efa54b073e26ac300b6a904aadaf1a590e870eb8bb8c8a4551b99", kill_on_drop: false }`
[INFO] [stderr]    Compiling subtle v2.6.1
[INFO] [stderr]    Compiling const-oid v0.9.6
[INFO] [stderr]    Compiling base16ct v0.2.0
[INFO] [stderr]    Compiling generic-array v0.14.7
[INFO] [stderr]    Compiling semver v1.0.23
[INFO] [stderr]    Compiling radium v0.7.0
[INFO] [stderr]    Compiling syn v2.0.86
[INFO] [stderr]    Compiling secp256k1-sys v0.10.1
[INFO] [stderr]    Compiling tap v1.0.1
[INFO] [stderr]    Compiling fnv v1.0.7
[INFO] [stderr]    Compiling bech32 v0.9.1
[INFO] [stderr]    Compiling ident_case v1.0.1
[INFO] [stderr]    Compiling strsim v0.11.1
[INFO] [stderr]    Compiling crunchy v0.2.2
[INFO] [stderr]    Compiling funty v2.0.0
[INFO] [stderr]    Compiling spin v0.9.8
[INFO] [stderr]    Compiling wyz v0.5.1
[INFO] [stderr]    Compiling strum_macros v0.24.3
[INFO] [stderr]    Compiling hash32 v0.2.1
[INFO] [stderr]    Compiling ff v0.13.0
[INFO] [stderr]    Compiling stable_deref_trait v1.2.0
[INFO] [stderr]    Compiling static_assertions v1.1.0
[INFO] [stderr]    Compiling convert_case v0.4.0
[INFO] [stderr]    Compiling num-traits v0.2.19
[INFO] [stderr]    Compiling toml_datetime v0.6.8
[INFO] [stderr]    Compiling fuel-storage v0.58.2
[INFO] [stderr]    Compiling rustc_version v0.4.1
[INFO] [stderr]    Compiling group v0.13.0
[INFO] [stderr]    Compiling winnow v0.6.20
[INFO] [stderr]    Compiling libm v0.2.11
[INFO] [stderr]    Compiling allocator-api2 v0.2.18
[INFO] [stderr]    Compiling cobs v0.2.3
[INFO] [stderr]    Compiling uint v0.9.5
[INFO] [stderr]    Compiling futures-channel v0.3.31
[INFO] [stderr]    Compiling fixed-hash v0.8.0
[INFO] [stderr]    Compiling derivative v2.2.0
[INFO] [stderr]    Compiling proc-macro-error-attr2 v2.0.0
[INFO] [stderr]    Compiling prometheus-client v0.22.3
[INFO] [stderr]    Compiling regex-automata v0.4.8
[INFO] [stderr]    Compiling primitive-types v0.12.2
[INFO] [stderr]    Compiling bitvec v1.0.1
[INFO] [stderr]    Compiling impl-tools v0.10.1
[INFO] [stderr]    Compiling curve25519-dalek v4.1.3
[INFO] [stderr]    Compiling heapless v0.7.17
[INFO] [stderr]    Compiling strum v0.25.0
[INFO] [stderr]    Compiling ethnum v1.5.0
[INFO] [stderr]    Compiling proc-macro-error2 v2.0.1
[INFO] [stderr]    Compiling dtoa v1.0.9
[INFO] [stderr]    Compiling percent-encoding v2.3.1
[INFO] [stderr]    Compiling itertools v0.12.1
[INFO] [stderr]    Compiling fixedbitset v0.4.2
[INFO] [stderr]    Compiling petgraph v0.6.5
[INFO] [stderr]    Compiling num-integer v0.1.46
[INFO] [stderr]    Compiling num-bigint v0.4.6
[INFO] [stderr]    Compiling strum v0.24.1
[INFO] [stderr]    Compiling toml_edit v0.22.22
[INFO] [stderr]    Compiling num-rational v0.4.2
[INFO] [stderr]    Compiling regex v1.11.1
[INFO] [stderr]    Compiling synstructure v0.13.1
[INFO] [stderr]    Compiling darling_core v0.20.10
[INFO] [stderr]    Compiling impl-tools-lib v0.10.1
[INFO] [stderr]    Compiling proc-macro-crate v3.2.0
[INFO] [stderr]    Compiling zeroize_derive v1.4.2
[INFO] [stderr]    Compiling serde_derive v1.0.214
[INFO] [stderr]    Compiling zerocopy-derive v0.7.35
[INFO] [stderr]    Compiling thiserror-impl v1.0.66
[INFO] [stderr]    Compiling fuel-derive v0.58.2
[INFO] [stderr]    Compiling curve25519-dalek-derive v0.1.1
[INFO] [stderr]    Compiling derive_more v0.99.18
[INFO] [stderr]    Compiling async-trait v0.1.83
[INFO] [stderr]    Compiling futures-macro v0.3.31
[INFO] [stderr]    Compiling tracing-attributes v0.1.27
[INFO] [stderr]    Compiling prometheus-client-derive-encode v0.4.2
[INFO] [stderr]    Compiling strum_macros v0.25.3
[INFO] [stderr]    Compiling tokio-macros v2.4.0
[INFO] [stderr]    Compiling num_enum_derive v0.7.3
[INFO] [stderr]    Compiling enum-iterator-derive v1.4.0
[INFO] [stderr]    Compiling tokio v1.41.0
[INFO] [stderr]    Compiling zeroize v1.8.1
[INFO] [stderr]    Compiling zerocopy v0.7.35
[INFO] [stderr]    Compiling der v0.7.9
[INFO] [stderr]    Compiling futures-util v0.3.31
[INFO] [stderr]    Compiling secrecy v0.8.0
[INFO] [stderr]    Compiling crypto-common v0.1.6
[INFO] [stderr]    Compiling block-buffer v0.10.4
[INFO] [stderr]    Compiling crypto-bigint v0.5.5
[INFO] [stderr]    Compiling ppv-lite86 v0.2.20
[INFO] [stderr]    Compiling ahash v0.8.11
[INFO] [stderr]    Compiling tracing v0.1.40
[INFO] [stderr]    Compiling digest v0.10.7
[INFO] [stderr]    Compiling thiserror v1.0.66
[INFO] [stderr]    Compiling enum-iterator v1.5.0
[INFO] [stderr]    Compiling num_enum v0.7.3
[INFO] [stderr]    Compiling fuel-core-metrics v0.40.0
[INFO] [stderr]    Compiling sha2 v0.10.8
[INFO] [stderr]    Compiling signature v2.2.0
[INFO] [stderr]    Compiling hmac v0.12.1
[INFO] [stderr]    Compiling ripemd v0.1.3
[INFO] [stderr]    Compiling sha3 v0.10.8
[INFO] [stderr]    Compiling rfc6979 v0.4.0
[INFO] [stderr]    Compiling pbkdf2 v0.12.2
[INFO] [stderr]    Compiling spki v0.7.3
[INFO] [stderr]    Compiling sec1 v0.7.3
[INFO] [stderr]    Compiling rand_chacha v0.3.1
[INFO] [stderr]    Compiling darling_macro v0.20.10
[INFO] [stderr]    Compiling pkcs8 v0.10.2
[INFO] [stderr]    Compiling bs58 v0.5.1
[INFO] [stderr]    Compiling rand v0.8.5
[INFO] [stderr]    Compiling ed25519 v2.2.3
[INFO] [stderr]    Compiling darling v0.20.10
[INFO] [stderr]    Compiling hashbrown v0.13.2
[INFO] [stderr]    Compiling serde_with_macros v3.11.0
[INFO] [stderr]    Compiling ed25519-dalek v2.1.1
[INFO] [stderr]    Compiling secp256k1 v0.29.1
[INFO] [stderr]    Compiling serde v1.0.214
[INFO] [stderr]    Compiling elliptic-curve v0.13.8
[INFO] [stderr]    Compiling ecdsa v0.16.9
[INFO] [stderr]    Compiling primeorder v0.13.6
[INFO] [stderr]    Compiling k256 v0.13.4
[INFO] [stderr]    Compiling p256 v0.13.2
[INFO] [stderr]    Compiling futures-executor v0.3.31
[INFO] [stderr]    Compiling futures v0.3.31
[INFO] [stderr]    Compiling fuel-core-services v0.40.0
[INFO] [stderr]    Compiling tokio-stream v0.1.16
[INFO] [stderr]    Compiling coins-core v0.8.7
[INFO] [stderr]    Compiling fuel-types v0.58.2
[INFO] [stderr]    Compiling bitflags v2.6.0
[INFO] [stderr]    Compiling fuel-merkle v0.58.2
[INFO] [stderr]    Compiling hashbrown v0.14.5
[INFO] [stderr]    Compiling tai64 v4.1.0
[INFO] [stderr]    Compiling serde_with v3.11.0
[INFO] [stderr]    Compiling coins-bip32 v0.8.7
[INFO] [stderr]    Compiling postcard v1.0.10
[INFO] [stderr]    Compiling fuel-asm v0.58.2
[INFO] [stderr]    Compiling coins-bip39 v0.8.7
[INFO] [stderr]    Compiling fuel-crypto v0.58.2
[INFO] [stderr]    Compiling fuel-tx v0.58.2
[INFO] [stderr]    Compiling fuel-vm v0.58.2
[INFO] [stderr]    Compiling fuel-core-types v0.40.0
[INFO] [stderr]    Compiling fuel-core-storage v0.40.0
[INFO] [stderr]    Compiling fuel-core-txpool v0.40.0 (/opt/rustwide/workdir)
[INFO] [stderr]     Finished `dev` profile [unoptimized + debuginfo] target(s) in 21.52s
[INFO] running `Command { std: "docker" "inspect" "80b00593740efa54b073e26ac300b6a904aadaf1a590e870eb8bb8c8a4551b99", kill_on_drop: false }`
[INFO] running `Command { std: "docker" "rm" "-f" "80b00593740efa54b073e26ac300b6a904aadaf1a590e870eb8bb8c8a4551b99", kill_on_drop: false }`
[INFO] [stdout] 80b00593740efa54b073e26ac300b6a904aadaf1a590e870eb8bb8c8a4551b99
[INFO] running `Command { std: "docker" "create" "-v" "/var/lib/crater-agent-workspace/builds/worker-2-tc2/target:/opt/rustwide/target:rw,Z" "-v" "/var/lib/crater-agent-workspace/builds/worker-2-tc2/source:/opt/rustwide/workdir:ro,Z" "-v" "/var/lib/crater-agent-workspace/cargo-home:/opt/rustwide/cargo-home:ro,Z" "-v" "/var/lib/crater-agent-workspace/rustup-home:/opt/rustwide/rustup-home:ro,Z" "-e" "SOURCE_DIR=/opt/rustwide/workdir" "-e" "CARGO_TARGET_DIR=/opt/rustwide/target" "-e" "CARGO_INCREMENTAL=0" "-e" "RUST_BACKTRACE=full" "-e" "RUSTFLAGS=--cap-lints=forbid -Zrandomize-layout" "-e" "RUSTDOCFLAGS=--cap-lints=forbid" "-e" "CARGO_HOME=/opt/rustwide/cargo-home" "-e" "RUSTUP_HOME=/opt/rustwide/rustup-home" "-w" "/opt/rustwide/workdir" "-m" "1610612736" "--user" "0:0" "--network" "none" "ghcr.io/rust-lang/crates-build-env/linux@sha256:4a844ea9eb2546a2d2c7022eacef16ef2e8229c7fbb2c7d4d55a9ceca922f72d" "/opt/rustwide/cargo-home/bin/cargo" "+nightly-2024-10-28" "test" "--frozen" "--no-run" "--message-format=json", kill_on_drop: false }`
[INFO] [stdout] f5069564f3b12adfc34d1bea6cf4de85c6684500b430abb9dec8ba0a061ea2aa
[INFO] running `Command { std: "docker" "start" "-a" "f5069564f3b12adfc34d1bea6cf4de85c6684500b430abb9dec8ba0a061ea2aa", kill_on_drop: false }`
[INFO] [stderr]    Compiling libm v0.2.11
[INFO] [stderr]    Compiling num-traits v0.2.19
[INFO] [stderr]    Compiling syn v1.0.109
[INFO] [stderr]    Compiling darling_core v0.20.10
[INFO] [stderr]    Compiling bitflags v2.6.0
[INFO] [stderr]    Compiling predicates-core v1.0.8
[INFO] [stderr]    Compiling difflib v0.4.0
[INFO] [stderr]    Compiling termtree v0.4.1
[INFO] [stderr]    Compiling normalize-line-endings v0.3.0
[INFO] [stderr]    Compiling tokio v1.41.0
[INFO] [stderr]    Compiling downcast v0.11.0
[INFO] [stderr]    Compiling fragile v2.0.0
[INFO] [stderr]    Compiling structmeta-derive v0.2.0
[INFO] [stderr]    Compiling wait-timeout v0.2.0
[INFO] [stderr]    Compiling bit-vec v0.6.3
[INFO] [stderr]    Compiling quick-error v1.2.3
[INFO] [stderr]    Compiling rand_xorshift v0.3.0
[INFO] [stderr]    Compiling unarray v0.1.4
[INFO] [stderr]    Compiling predicates-tree v1.0.11
[INFO] [stderr]    Compiling rustix v0.38.38
[INFO] [stderr]    Compiling bit-set v0.5.3
[INFO] [stderr]    Compiling structmeta v0.2.0
[INFO] [stderr]    Compiling test-strategy v0.3.1
[INFO] [stderr]    Compiling float-cmp v0.9.0
[INFO] [stderr]    Compiling num-integer v0.1.46
[INFO] [stderr]    Compiling predicates v2.1.5
[INFO] [stderr]    Compiling num-bigint v0.4.6
[INFO] [stderr]    Compiling darling_macro v0.20.10
[INFO] [stderr]    Compiling tempfile v3.13.0
[INFO] [stderr]    Compiling darling v0.20.10
[INFO] [stderr]    Compiling serde_with_macros v3.11.0
[INFO] [stderr]    Compiling rusty-fork v0.3.0
[INFO] [stderr]    Compiling proptest v1.5.0
[INFO] [stderr]    Compiling num-rational v0.4.2
[INFO] [stderr]    Compiling serde_with v3.11.0
[INFO] [stderr]    Compiling strum_macros v0.24.3
[INFO] [stderr]    Compiling derivative v2.2.0
[INFO] [stderr]    Compiling mockall_derive v0.11.4
[INFO] [stderr]    Compiling fuel-core-services v0.40.0
[INFO] [stderr]    Compiling tokio-stream v0.1.16
[INFO] [stderr]    Compiling strum v0.24.1
[INFO] [stderr]    Compiling fuel-asm v0.58.2
[INFO] [stderr]    Compiling mockall v0.11.4
[INFO] [stderr]    Compiling fuel-tx v0.58.2
[INFO] [stderr]    Compiling fuel-vm v0.58.2
[INFO] [stderr]    Compiling fuel-core-types v0.40.0
[INFO] [stderr]    Compiling fuel-core-storage v0.40.0
[INFO] [stderr]    Compiling fuel-core-txpool v0.40.0 (/opt/rustwide/workdir)
[INFO] [stdout] error[E0433]: failed to resolve: use of undeclared crate or module `fuel_core_trace`
[INFO] [stdout]   --> src/lib.rs:25:1
[INFO] [stdout]    |
[INFO] [stdout] 25 | fuel_core_trace::enable_tracing!();
[INFO] [stdout]    | ^^^^^^^^^^^^^^^ use of undeclared crate or module `fuel_core_trace`
[INFO] [stdout] 
[INFO] [stdout] 
[INFO] [stdout] error[E0277]: the trait bound `config::Config: Default` is not satisfied
[INFO] [stdout]    --> src/tests/stability_test.rs:217:11
[INFO] [stdout]     |
[INFO] [stdout] 217 |         ..Default::default()
[INFO] [stdout]     |           ^^^^^^^^^^^^^^^^^^ the trait `Default` is not implemented for `config::Config`
[INFO] [stdout] 
[INFO] [stdout] 
[INFO] [stdout] error[E0277]: the trait bound `config::Config: Default` is not satisfied
[INFO] [stdout]    --> src/tests/stability_test.rs:239:11
[INFO] [stdout]     |
[INFO] [stdout] 239 |         ..Default::default()
[INFO] [stdout]     |           ^^^^^^^^^^^^^^^^^^ the trait `Default` is not implemented for `config::Config`
[INFO] [stdout] 
[INFO] [stdout] 
[INFO] [stdout] error[E0277]: the trait bound `config::Config: Default` is not satisfied
[INFO] [stdout]    --> src/tests/stability_test.rs:260:11
[INFO] [stdout]     |
[INFO] [stdout] 260 |         ..Default::default()
[INFO] [stdout]     |           ^^^^^^^^^^^^^^^^^^ the trait `Default` is not implemented for `config::Config`
[INFO] [stdout] 
[INFO] [stdout] 
[INFO] [stdout] error[E0277]: the trait bound `config::Config: Default` is not satisfied
[INFO] [stdout]    --> src/tests/stability_test.rs:286:11
[INFO] [stdout]     |
[INFO] [stdout] 286 |         ..Default::default()
[INFO] [stdout]     |           ^^^^^^^^^^^^^^^^^^ the trait `Default` is not implemented for `config::Config`
[INFO] [stdout] 
[INFO] [stdout] 
[INFO] [stdout] error[E0277]: the trait bound `config::Config: Default` is not satisfied
[INFO] [stdout]    --> src/tests/stability_test.rs:313:11
[INFO] [stdout]     |
[INFO] [stdout] 313 |         ..Default::default()
[INFO] [stdout]     |           ^^^^^^^^^^^^^^^^^^ the trait `Default` is not implemented for `config::Config`
[INFO] [stdout] 
[INFO] [stdout] 
[INFO] [stdout] error[E0277]: the trait bound `config::Config: Default` is not satisfied
[INFO] [stdout]    --> src/tests/stability_test.rs:340:11
[INFO] [stdout]     |
[INFO] [stdout] 340 |         ..Default::default()
[INFO] [stdout]     |           ^^^^^^^^^^^^^^^^^^ the trait `Default` is not implemented for `config::Config`
[INFO] [stdout] 
[INFO] [stdout] 
[INFO] [stdout] error[E0277]: the trait bound `config::Config: Default` is not satisfied
[INFO] [stdout]    --> src/tests/stability_test.rs:367:11
[INFO] [stdout]     |
[INFO] [stdout] 367 |         ..Default::default()
[INFO] [stdout]     |           ^^^^^^^^^^^^^^^^^^ the trait `Default` is not implemented for `config::Config`
[INFO] [stdout] 
[INFO] [stdout] 
[INFO] [stdout] error[E0277]: the trait bound `config::Config: Default` is not satisfied
[INFO] [stdout]    --> src/tests/tests_pool.rs:283:11
[INFO] [stdout]     |
[INFO] [stdout] 283 |         ..Default::default()
[INFO] [stdout]     |           ^^^^^^^^^^^^^^^^^^ the trait `Default` is not implemented for `config::Config`
[INFO] [stdout] 
[INFO] [stdout] 
[INFO] [stdout] error[E0277]: the trait bound `config::Config: Default` is not satisfied
[INFO] [stdout]    --> src/tests/tests_pool.rs:484:11
[INFO] [stdout]     |
[INFO] [stdout] 484 |         ..Default::default()
[INFO] [stdout]     |           ^^^^^^^^^^^^^^^^^^ the trait `Default` is not implemented for `config::Config`
[INFO] [stdout] 
[INFO] [stdout] 
[INFO] [stdout] error[E0277]: the trait bound `config::Config: Default` is not satisfied
[INFO] [stdout]    --> src/tests/tests_pool.rs:522:11
[INFO] [stdout]     |
[INFO] [stdout] 522 |         ..Default::default()
[INFO] [stdout]     |           ^^^^^^^^^^^^^^^^^^ the trait `Default` is not implemented for `config::Config`
[INFO] [stdout] 
[INFO] [stdout] 
[INFO] [stdout] error[E0277]: the trait bound `config::Config: Default` is not satisfied
[INFO] [stdout]    --> src/tests/tests_pool.rs:556:11
[INFO] [stdout]     |
[INFO] [stdout] 556 |         ..Default::default()
[INFO] [stdout]     |           ^^^^^^^^^^^^^^^^^^ the trait `Default` is not implemented for `config::Config`
[INFO] [stdout] 
[INFO] [stdout] 
[INFO] [stdout] error[E0277]: the trait bound `config::Config: Default` is not satisfied
[INFO] [stdout]    --> src/tests/tests_pool.rs:573:11
[INFO] [stdout]     |
[INFO] [stdout] 573 |         ..Default::default()
[INFO] [stdout]     |           ^^^^^^^^^^^^^^^^^^ the trait `Default` is not implemented for `config::Config`
[INFO] [stdout] 
[INFO] [stdout] 
[INFO] [stdout] error[E0277]: the trait bound `config::Config: Default` is not satisfied
[INFO] [stdout]    --> src/tests/tests_pool.rs:796:11
[INFO] [stdout]     |
[INFO] [stdout] 796 |         ..Default::default()
[INFO] [stdout]     |           ^^^^^^^^^^^^^^^^^^ the trait `Default` is not implemented for `config::Config`
[INFO] [stdout] 
[INFO] [stdout] 
[INFO] [stdout] error[E0277]: the trait bound `config::Config: Default` is not satisfied
[INFO] [stdout]    --> src/tests/tests_pool.rs:974:11
[INFO] [stdout]     |
[INFO] [stdout] 974 |         ..Default::default()
[INFO] [stdout]     |           ^^^^^^^^^^^^^^^^^^ the trait `Default` is not implemented for `config::Config`
[INFO] [stdout] 
[INFO] [stdout] 
[INFO] [stdout] error[E0277]: the trait bound `config::Config: Default` is not satisfied
[INFO] [stdout]     --> src/tests/tests_pool.rs:1002:11
[INFO] [stdout]      |
[INFO] [stdout] 1002 |         ..Default::default()
[INFO] [stdout]      |           ^^^^^^^^^^^^^^^^^^ the trait `Default` is not implemented for `config::Config`
[INFO] [stdout] 
[INFO] [stdout] 
[INFO] [stdout] error[E0277]: the trait bound `config::Config: Default` is not satisfied
[INFO] [stdout]     --> src/tests/tests_pool.rs:1044:11
[INFO] [stdout]      |
[INFO] [stdout] 1044 |         ..Default::default()
[INFO] [stdout]      |           ^^^^^^^^^^^^^^^^^^ the trait `Default` is not implemented for `config::Config`
[INFO] [stdout] 
[INFO] [stdout] 
[INFO] [stdout] error[E0277]: the trait bound `config::Config: Default` is not satisfied
[INFO] [stdout]     --> src/tests/tests_pool.rs:1077:11
[INFO] [stdout]      |
[INFO] [stdout] 1077 |         ..Default::default()
[INFO] [stdout]      |           ^^^^^^^^^^^^^^^^^^ the trait `Default` is not implemented for `config::Config`
[INFO] [stdout] 
[INFO] [stdout] 
[INFO] [stdout] error[E0277]: the trait bound `config::Config: Default` is not satisfied
[INFO] [stdout]     --> src/tests/tests_pool.rs:1101:11
[INFO] [stdout]      |
[INFO] [stdout] 1101 |         ..Default::default()
[INFO] [stdout]      |           ^^^^^^^^^^^^^^^^^^ the trait `Default` is not implemented for `config::Config`
[INFO] [stdout] 
[INFO] [stdout] 
[INFO] [stdout] error[E0277]: the trait bound `config::Config: Default` is not satisfied
[INFO] [stdout]     --> src/tests/tests_pool.rs:1137:11
[INFO] [stdout]      |
[INFO] [stdout] 1137 |         ..Default::default()
[INFO] [stdout]      |           ^^^^^^^^^^^^^^^^^^ the trait `Default` is not implemented for `config::Config`
[INFO] [stdout] 
[INFO] [stdout] 
[INFO] [stdout] error[E0277]: the trait bound `config::Config: Default` is not satisfied
[INFO] [stdout]     --> src/tests/tests_pool.rs:1175:11
[INFO] [stdout]      |
[INFO] [stdout] 1175 |         ..Default::default()
[INFO] [stdout]      |           ^^^^^^^^^^^^^^^^^^ the trait `Default` is not implemented for `config::Config`
[INFO] [stdout] 
[INFO] [stdout] 
[INFO] [stdout] error[E0277]: the trait bound `config::Config: Default` is not satisfied
[INFO] [stdout]     --> src/tests/tests_pool.rs:1239:11
[INFO] [stdout]      |
[INFO] [stdout] 1239 |         ..Default::default()
[INFO] [stdout]      |           ^^^^^^^^^^^^^^^^^^ the trait `Default` is not implemented for `config::Config`
[INFO] [stdout] 
[INFO] [stdout] 
[INFO] [stdout] error[E0277]: the trait bound `config::Config: Default` is not satisfied
[INFO] [stdout]   --> src/tests/tests_service.rs:75:11
[INFO] [stdout]    |
[INFO] [stdout] 75 |         ..Default::default()
[INFO] [stdout]    |           ^^^^^^^^^^^^^^^^^^ the trait `Default` is not implemented for `config::Config`
[INFO] [stdout] 
[INFO] [stdout] 
[INFO] [stdout] error[E0277]: the trait bound `config::Config: Default` is not satisfied
[INFO] [stdout]    --> src/tests/tests_service.rs:143:11
[INFO] [stdout]     |
[INFO] [stdout] 143 |         ..Default::default()
[INFO] [stdout]     |           ^^^^^^^^^^^^^^^^^^ the trait `Default` is not implemented for `config::Config`
[INFO] [stdout] 
[INFO] [stdout] 
[INFO] [stdout] error[E0277]: the trait bound `config::Config: Default` is not satisfied
[INFO] [stdout]    --> src/tests/tests_service.rs:245:11
[INFO] [stdout]     |
[INFO] [stdout] 245 |         ..Default::default()
[INFO] [stdout]     |           ^^^^^^^^^^^^^^^^^^ the trait `Default` is not implemented for `config::Config`
[INFO] [stdout] 
[INFO] [stdout] 
[INFO] [stdout] error[E0277]: the trait bound `config::Config: Default` is not satisfied
[INFO] [stdout]    --> src/tests/universe.rs:106:21
[INFO] [stdout]     |
[INFO] [stdout] 106 |             config: Default::default(),
[INFO] [stdout]     |                     ^^^^^^^^^^^^^^^^^^ the trait `Default` is not implemented for `config::Config`
[INFO] [stdout] 
[INFO] [stdout] 
[INFO] [stdout] Some errors have detailed explanations: E0277, E0433.
[INFO] [stdout] 
[INFO] [stdout] For more information about an error, try `rustc --explain E0277`.
[INFO] [stdout] 
[INFO] [stderr] error: could not compile `fuel-core-txpool` (lib test) due to 26 previous errors
[INFO] running `Command { std: "docker" "inspect" "f5069564f3b12adfc34d1bea6cf4de85c6684500b430abb9dec8ba0a061ea2aa", kill_on_drop: false }`
[INFO] running `Command { std: "docker" "rm" "-f" "f5069564f3b12adfc34d1bea6cf4de85c6684500b430abb9dec8ba0a061ea2aa", kill_on_drop: false }`
[INFO] [stdout] f5069564f3b12adfc34d1bea6cf4de85c6684500b430abb9dec8ba0a061ea2aa
