[INFO] fetching crate fuel-core-p2p 0.40.0...
[INFO] testing fuel-core-p2p-0.40.0 against nightly-2024-10-28 for randomize-layout
[INFO] extracting crate fuel-core-p2p 0.40.0 into /workspace/builds/worker-2-tc1/source
[INFO] validating manifest of crates.io crate fuel-core-p2p 0.40.0 on toolchain nightly-2024-10-28
[INFO] running `Command { std: CARGO_HOME="/workspace/cargo-home" RUSTUP_HOME="/workspace/rustup-home" "/workspace/cargo-home/bin/cargo" "+nightly-2024-10-28" "metadata" "--manifest-path" "Cargo.toml" "--no-deps", kill_on_drop: false }`
[INFO] started tweaking crates.io crate fuel-core-p2p 0.40.0
[INFO] finished tweaking crates.io crate fuel-core-p2p 0.40.0
[INFO] tweaked toml for crates.io crate fuel-core-p2p 0.40.0 written to /workspace/builds/worker-2-tc1/source/Cargo.toml
[INFO] running `Command { std: CARGO_HOME="/workspace/cargo-home" RUSTUP_HOME="/workspace/rustup-home" "/workspace/cargo-home/bin/cargo" "+nightly-2024-10-28" "generate-lockfile" "--manifest-path" "Cargo.toml", kill_on_drop: false }`
[INFO] [stderr]     Updating crates.io index
[INFO] [stderr]      Locking 482 packages to latest compatible versions
[INFO] [stderr]       Adding ctor v0.1.26 (available: v0.2.8)
[INFO] [stderr]       Adding libp2p v0.53.2 (available: v0.54.1)
[INFO] [stderr]       Adding libp2p-mplex v0.41.0 (available: v0.42.0)
[INFO] [stderr]       Adding libp2p-swarm-test v0.3.0 (available: v0.4.0)
[INFO] running `Command { std: CARGO_HOME="/workspace/cargo-home" RUSTUP_HOME="/workspace/rustup-home" "/workspace/cargo-home/bin/cargo" "+nightly-2024-10-28" "fetch" "--manifest-path" "Cargo.toml", kill_on_drop: false }`
[INFO] [stderr]  Downloading crates ...
[INFO] [stderr]   Downloaded asynchronous-codec v0.7.0
[INFO] [stderr]   Downloaded quick-protobuf-codec v0.3.1
[INFO] [stderr]   Downloaded libp2p-swarm-test v0.3.0
[INFO] [stderr]   Downloaded libp2p-yamux v0.45.2
[INFO] [stderr]   Downloaded prometheus-client v0.22.3
[INFO] [stderr]   Downloaded fuel-derive v0.58.2
[INFO] [stderr]   Downloaded enum-iterator v1.5.0
[INFO] [stderr]   Downloaded futures-bounded v0.2.4
[INFO] [stderr]   Downloaded libp2p-swarm-derive v0.34.2
[INFO] [stderr]   Downloaded libp2p-allow-block-list v0.3.0
[INFO] [stderr]   Downloaded yamux v0.13.3
[INFO] [stderr]   Downloaded libp2p-dns v0.41.1
[INFO] [stderr]   Downloaded fuel-storage v0.58.2
[INFO] [stderr]   Downloaded futures-rustls v0.26.0
[INFO] [stderr]   Downloaded fuel-core-metrics v0.40.0
[INFO] [stderr]   Downloaded futures-ticker v0.0.3
[INFO] [stderr]   Downloaded libp2p-tcp v0.41.0
[INFO] [stderr]   Downloaded libp2p-connection-limits v0.3.1
[INFO] [stderr]   Downloaded fuel-core-chain-config v0.40.0
[INFO] [stderr]   Downloaded fuel-core-services v0.40.0
[INFO] [stderr]   Downloaded fuel-core-types v0.40.0
[INFO] [stderr]   Downloaded libp2p-request-response v0.26.3
[INFO] [stderr]   Downloaded libp2p-mdns v0.45.1
[INFO] [stderr]   Downloaded rcgen v0.11.3
[INFO] [stderr]   Downloaded fuel-merkle v0.58.2
[INFO] [stderr]   Downloaded libp2p-kad v0.45.3
[INFO] [stderr]   Downloaded hickory-resolver v0.24.1
[INFO] [stderr]   Downloaded libp2p-gossipsub v0.46.1
[INFO] [stderr]   Downloaded fuel-tx v0.58.2
[INFO] [stderr]   Downloaded libp2p-swarm v0.44.2
[INFO] [stderr]   Downloaded libp2p-tls v0.4.1
[INFO] [stderr]   Downloaded fuel-vm v0.58.2
[INFO] [stderr]   Downloaded libp2p-quic v0.10.3
[INFO] [stderr]   Downloaded libp2p-websocket v0.43.2
[INFO] [stderr]   Downloaded libp2p-mplex v0.41.0
[INFO] [stderr]   Downloaded libp2p-core v0.41.3
[INFO] [stderr]   Downloaded impl-tools-lib v0.10.1
[INFO] [stderr]   Downloaded impl-tools v0.10.1
[INFO] [stderr]   Downloaded fuel-asm v0.58.2
[INFO] [stderr]   Downloaded hickory-proto v0.24.1
[INFO] [stderr]   Downloaded fuel-crypto v0.58.2
[INFO] [stderr]   Downloaded fuel-types v0.58.2
[INFO] [stderr]   Downloaded libp2p-identify v0.44.2
[INFO] [stderr]   Downloaded libp2p-metrics v0.14.1
[INFO] [stderr]   Downloaded libp2p-noise v0.44.0
[INFO] [stderr]   Downloaded libp2p-upnp v0.2.2
[INFO] [stderr]   Downloaded fuel-core-storage v0.40.0
[INFO] [stderr]   Downloaded tai64 v4.1.0
[INFO] [stderr]   Downloaded libp2p v0.53.2
[INFO] [stderr]   Downloaded libp2p-plaintext v0.41.0
[INFO] running `Command { std: "docker" "create" "-v" "/var/lib/crater-agent-workspace/builds/worker-2-tc1/target:/opt/rustwide/target:rw,Z" "-v" "/var/lib/crater-agent-workspace/builds/worker-2-tc1/source:/opt/rustwide/workdir:ro,Z" "-v" "/var/lib/crater-agent-workspace/cargo-home:/opt/rustwide/cargo-home:ro,Z" "-v" "/var/lib/crater-agent-workspace/rustup-home:/opt/rustwide/rustup-home:ro,Z" "-e" "SOURCE_DIR=/opt/rustwide/workdir" "-e" "CARGO_TARGET_DIR=/opt/rustwide/target" "-e" "CARGO_HOME=/opt/rustwide/cargo-home" "-e" "RUSTUP_HOME=/opt/rustwide/rustup-home" "-w" "/opt/rustwide/workdir" "-m" "1610612736" "--user" "0:0" "--network" "none" "ghcr.io/rust-lang/crates-build-env/linux@sha256:4a844ea9eb2546a2d2c7022eacef16ef2e8229c7fbb2c7d4d55a9ceca922f72d" "/opt/rustwide/cargo-home/bin/cargo" "+nightly-2024-10-28" "metadata" "--no-deps" "--format-version=1", kill_on_drop: false }`
[INFO] [stdout] 59e883d8e14a138e1672afc6a858f1031a703bbfee7192ea655656740c8b9bed
[INFO] running `Command { std: "docker" "start" "-a" "59e883d8e14a138e1672afc6a858f1031a703bbfee7192ea655656740c8b9bed", kill_on_drop: false }`
[INFO] running `Command { std: "docker" "inspect" "59e883d8e14a138e1672afc6a858f1031a703bbfee7192ea655656740c8b9bed", kill_on_drop: false }`
[INFO] running `Command { std: "docker" "rm" "-f" "59e883d8e14a138e1672afc6a858f1031a703bbfee7192ea655656740c8b9bed", kill_on_drop: false }`
[INFO] [stdout] 59e883d8e14a138e1672afc6a858f1031a703bbfee7192ea655656740c8b9bed
[INFO] running `Command { std: "docker" "create" "-v" "/var/lib/crater-agent-workspace/builds/worker-2-tc1/target:/opt/rustwide/target:rw,Z" "-v" "/var/lib/crater-agent-workspace/builds/worker-2-tc1/source:/opt/rustwide/workdir:ro,Z" "-v" "/var/lib/crater-agent-workspace/cargo-home:/opt/rustwide/cargo-home:ro,Z" "-v" "/var/lib/crater-agent-workspace/rustup-home:/opt/rustwide/rustup-home:ro,Z" "-e" "SOURCE_DIR=/opt/rustwide/workdir" "-e" "CARGO_TARGET_DIR=/opt/rustwide/target" "-e" "CARGO_INCREMENTAL=0" "-e" "RUST_BACKTRACE=full" "-e" "RUSTFLAGS=--cap-lints=forbid" "-e" "RUSTDOCFLAGS=--cap-lints=forbid" "-e" "CARGO_HOME=/opt/rustwide/cargo-home" "-e" "RUSTUP_HOME=/opt/rustwide/rustup-home" "-w" "/opt/rustwide/workdir" "-m" "1610612736" "--user" "0:0" "--network" "none" "ghcr.io/rust-lang/crates-build-env/linux@sha256:4a844ea9eb2546a2d2c7022eacef16ef2e8229c7fbb2c7d4d55a9ceca922f72d" "/opt/rustwide/cargo-home/bin/cargo" "+nightly-2024-10-28" "build" "--frozen" "--message-format=json", kill_on_drop: false }`
[INFO] [stdout] d2b560b84cf50d16dbc7a11fc9467a90ba5580a2a118cf6ede75f9b82a184e95
[INFO] running `Command { std: "docker" "start" "-a" "d2b560b84cf50d16dbc7a11fc9467a90ba5580a2a118cf6ede75f9b82a184e95", kill_on_drop: false }`
[INFO] [stderr]    Compiling proc-macro2 v1.0.89
[INFO] [stderr]    Compiling libc v0.2.161
[INFO] [stderr]    Compiling version_check v0.9.5
[INFO] [stderr]    Compiling cfg-if v1.0.0
[INFO] [stderr]    Compiling typenum v1.17.0
[INFO] [stderr]    Compiling autocfg v1.4.0
[INFO] [stderr]    Compiling subtle v2.6.1
[INFO] [stderr]    Compiling const-oid v0.9.6
[INFO] [stderr]    Compiling byteorder v1.5.0
[INFO] [stderr]    Compiling memchr v2.7.4
[INFO] [stderr]    Compiling scopeguard v1.2.0
[INFO] [stderr]    Compiling pin-project-lite v0.2.15
[INFO] [stderr]    Compiling generic-array v0.14.7
[INFO] [stderr]    Compiling serde v1.0.214
[INFO] [stderr]    Compiling cpufeatures v0.2.14
[INFO] [stderr]    Compiling once_cell v1.20.2
[INFO] [stderr]    Compiling lock_api v0.4.12
[INFO] [stderr]    Compiling slab v0.4.9
[INFO] [stderr]    Compiling semver v1.0.23
[INFO] [stderr]    Compiling futures-sink v0.3.31
[INFO] [stderr]    Compiling thiserror v1.0.66
[INFO] [stderr]    Compiling futures-core v0.3.31
[INFO] [stderr]    Compiling quote v1.0.37
[INFO] [stderr]    Compiling futures-io v0.3.31
[INFO] [stderr]    Compiling syn v2.0.86
[INFO] [stderr]    Compiling futures-channel v0.3.31
[INFO] [stderr]    Compiling pin-utils v0.1.0
[INFO] [stderr]    Compiling futures-task v0.3.31
[INFO] [stderr]    Compiling rustc_version v0.4.1
[INFO] [stderr]    Compiling smallvec v1.13.2
[INFO] [stderr]    Compiling parking_lot_core v0.9.10
[INFO] [stderr]    Compiling syn v1.0.109
[INFO] [stderr]    Compiling bytes v1.8.0
[INFO] [stderr]    Compiling crunchy v0.2.2
[INFO] [stderr]    Compiling static_assertions v1.1.0
[INFO] [stderr]    Compiling curve25519-dalek v4.1.3
[INFO] [stderr]    Compiling fnv v1.0.7
[INFO] [stderr]    Compiling percent-encoding v2.3.1
[INFO] [stderr]    Compiling either v1.13.0
[INFO] [stderr]    Compiling getrandom v0.2.15
[INFO] [stderr]    Compiling num_cpus v1.16.0
[INFO] [stderr]    Compiling rand_core v0.6.4
[INFO] [stderr]    Compiling digest v0.9.0
[INFO] [stderr]    Compiling tinyvec_macros v0.1.1
[INFO] [stderr]    Compiling tracing-core v0.1.32
[INFO] [stderr]    Compiling parking_lot v0.12.3
[INFO] [stderr]    Compiling libsecp256k1-core v0.3.0
[INFO] [stderr]    Compiling tinyvec v1.8.0
[INFO] [stderr]    Compiling shlex v1.3.0
[INFO] [stderr]    Compiling unicode-bidi v0.3.17
[INFO] [stderr]    Compiling cc v1.1.31
[INFO] [stderr]    Compiling data-encoding v2.6.0
[INFO] [stderr]    Compiling libsecp256k1-gen-ecmult v0.3.0
[INFO] [stderr]    Compiling unicode-normalization v0.1.24
[INFO] [stderr]    Compiling libsecp256k1-gen-genmult v0.3.0
[INFO] [stderr]    Compiling form_urlencoded v1.2.1
[INFO] [stderr]    Compiling libsecp256k1 v0.7.1
[INFO] [stderr]    Compiling unsigned-varint v0.8.0
[INFO] [stderr]    Compiling opaque-debug v0.3.1
[INFO] [stderr]    Compiling idna v0.5.0
[INFO] [stderr]    Compiling signal-hook-registry v1.4.2
[INFO] [stderr]    Compiling mio v1.0.2
[INFO] [stderr]    Compiling url v2.5.2
[INFO] [stderr]    Compiling socket2 v0.5.7
[INFO] [stderr]    Compiling core2 v0.4.0
[INFO] [stderr]    Compiling quick-protobuf v0.8.1
[INFO] [stderr]    Compiling base64 v0.13.1
[INFO] [stderr]    Compiling arrayref v0.3.9
[INFO] [stderr]    Compiling multihash v0.19.2
[INFO] [stderr]    Compiling asn1_der v0.7.6
[INFO] [stderr]    Compiling futures-timer v3.0.3
[INFO] [stderr]    Compiling equivalent v1.0.1
[INFO] [stderr]    Compiling base-x v0.2.11
[INFO] [stderr]    Compiling web-time v1.1.0
[INFO] [stderr]    Compiling allocator-api2 v0.2.18
[INFO] [stderr]    Compiling void v1.0.2
[INFO] [stderr]    Compiling spin v0.9.8
[INFO] [stderr]    Compiling heck v0.5.0
[INFO] [stderr]    Compiling anyhow v1.0.92
[INFO] [stderr]    Compiling paste v1.0.15
[INFO] [stderr]    Compiling ff v0.13.0
[INFO] [stderr]    Compiling data-encoding-macro-internal v0.1.13
[INFO] [stderr]    Compiling base16ct v0.2.0
[INFO] [stderr]    Compiling rustversion v1.0.18
[INFO] [stderr]    Compiling group v0.13.0
[INFO] [stderr]    Compiling base64 v0.21.7
[INFO] [stderr]    Compiling foldhash v0.1.3
[INFO] [stderr]    Compiling ring v0.17.8
[INFO] [stderr]    Compiling data-encoding-macro v0.1.15
[INFO] [stderr]    Compiling hashbrown v0.15.0
[INFO] [stderr]    Compiling multibase v0.9.1
[INFO] [stderr]    Compiling heck v0.4.1
[INFO] [stderr]    Compiling ahash v0.8.11
[INFO] [stderr]    Compiling instant v0.1.13
[INFO] [stderr]    Compiling keccak v0.1.5
[INFO] [stderr]    Compiling radium v0.7.0
[INFO] [stderr]    Compiling synstructure v0.13.1
[INFO] [stderr]    Compiling secp256k1-sys v0.10.1
[INFO] [stderr]    Compiling ident_case v1.0.1
[INFO] [stderr]    Compiling strsim v0.11.1
[INFO] [stderr]    Compiling lru v0.12.5
[INFO] [stderr]    Compiling tap v1.0.1
[INFO] [stderr]    Compiling bech32 v0.9.1
[INFO] [stderr]    Compiling darling_core v0.20.10
[INFO] [stderr]    Compiling wyz v0.5.1
[INFO] [stderr]    Compiling heapless v0.7.17
[INFO] [stderr]    Compiling untrusted v0.9.0
[INFO] [stderr]    Compiling funty v2.0.0
[INFO] [stderr]    Compiling strum_macros v0.24.3
[INFO] [stderr]    Compiling aho-corasick v1.1.3
[INFO] [stderr]    Compiling hash32 v0.2.1
[INFO] [stderr]    Compiling crossbeam-utils v0.8.20
[INFO] [stderr]    Compiling bitvec v1.0.1
[INFO] [stderr]    Compiling zeroize_derive v1.4.2
[INFO] [stderr]    Compiling serde_derive v1.0.214
[INFO] [stderr]    Compiling zeroize v1.8.1
[INFO] [stderr]    Compiling zerocopy-derive v0.7.35
[INFO] [stderr]    Compiling crypto-common v0.1.6
[INFO] [stderr]    Compiling block-buffer v0.10.4
[INFO] [stderr]    Compiling digest v0.10.7
[INFO] [stderr]    Compiling thiserror-impl v1.0.66
[INFO] [stderr]    Compiling futures-macro v0.3.31
[INFO] [stderr]    Compiling zerocopy v0.7.35
[INFO] [stderr]    Compiling sha2 v0.10.8
[INFO] [stderr]    Compiling ppv-lite86 v0.2.20
[INFO] [stderr]    Compiling hmac v0.12.1
[INFO] [stderr]    Compiling signature v2.2.0
[INFO] [stderr]    Compiling bs58 v0.5.1
[INFO] [stderr]    Compiling curve25519-dalek-derive v0.1.1
[INFO] [stderr]    Compiling futures-util v0.3.31
[INFO] [stderr]    Compiling ed25519 v2.2.3
[INFO] [stderr]    Compiling rand_chacha v0.3.1
[INFO] [stderr]    Compiling tracing-attributes v0.1.27
[INFO] [stderr]    Compiling crypto-mac v0.8.0
[INFO] [stderr]    Compiling pin-project-internal v1.1.7
[INFO] [stderr]    Compiling block-buffer v0.9.0
[INFO] [stderr]    Compiling rand v0.8.5
[INFO] [stderr]    Compiling hmac v0.8.1
[INFO] [stderr]    Compiling hmac-drbg v0.3.0
[INFO] [stderr]    Compiling sha2 v0.9.9
[INFO] [stderr]    Compiling tokio-macros v2.4.0
[INFO] [stderr]    Compiling hkdf v0.12.4
[INFO] [stderr]    Compiling der v0.7.9
[INFO] [stderr]    Compiling tracing v0.1.40
[INFO] [stderr]    Compiling pin-project v1.1.7
[INFO] [stderr]    Compiling crypto-bigint v0.5.5
[INFO] [stderr]    Compiling tokio v1.41.0
[INFO] [stderr]    Compiling rfc6979 v0.4.0
[INFO] [stderr]    Compiling ed25519-dalek v2.1.1
[INFO] [stderr]    Compiling async-trait v0.1.83
[INFO] [stderr]    Compiling libp2p-swarm-derive v0.34.2
[INFO] [stderr]    Compiling spki v0.7.3
[INFO] [stderr]    Compiling pkcs8 v0.10.2
[INFO] [stderr]    Compiling sec1 v0.7.3
[INFO] [stderr]    Compiling futures-executor v0.3.31
[INFO] [stderr]    Compiling asynchronous-codec v0.6.2
[INFO] [stderr]    Compiling futures v0.3.31
[INFO] [stderr]    Compiling rw-stream-sink v0.4.0
[INFO] [stderr]    Compiling elliptic-curve v0.13.8
[INFO] [stderr]    Compiling sha3 v0.10.8
[INFO] [stderr]    Compiling unsigned-varint v0.7.2
[INFO] [stderr]    Compiling ripemd v0.1.3
[INFO] [stderr]    Compiling multistream-select v0.13.0
[INFO] [stderr]    Compiling netlink-packet-utils v0.5.2
[INFO] [stderr]    Compiling ecdsa v0.16.9
[INFO] [stderr]    Compiling fuel-derive v0.58.2
[INFO] [stderr]    Compiling netlink-packet-core v0.4.2
[INFO] [stderr]    Compiling primeorder v0.13.6
[INFO] [stderr]    Compiling asynchronous-codec v0.7.0
[INFO] [stderr]    Compiling k256 v0.13.4
[INFO] [stderr]    Compiling hex v0.4.3
[INFO] [stderr]    Compiling pbkdf2 v0.12.2
[INFO] [stderr]    Compiling darling_macro v0.20.10
[INFO] [stderr]    Compiling uint v0.9.5
[INFO] [stderr]    Compiling coins-core v0.8.7
[INFO] [stderr]    Compiling bitflags v1.3.2
[INFO] [stderr]    Compiling fuel-types v0.58.2
[INFO] [stderr]    Compiling ipnet v2.10.1
[INFO] [stderr]    Compiling stable_deref_trait v1.2.0
[INFO] [stderr]    Compiling convert_case v0.4.0
[INFO] [stderr]    Compiling coins-bip32 v0.8.7
[INFO] [stderr]    Compiling prometheus-client v0.22.3
[INFO] [stderr]    Compiling regex-syntax v0.8.5
[INFO] [stderr]    Compiling indexmap v2.6.0
[INFO] [stderr]    Compiling derive_more v0.99.18
[INFO] [stderr]    Compiling coins-bip39 v0.8.7
[INFO] [stderr]    Compiling netlink-sys v0.8.6
[INFO] [stderr]    Compiling darling v0.20.10
[INFO] [stderr]    Compiling secp256k1 v0.29.1
[INFO] [stderr]    Compiling p256 v0.13.2
[INFO] [stderr]    Compiling bitflags v2.6.0
[INFO] [stderr]    Compiling hashbrown v0.13.2
[INFO] [stderr]    Compiling strum v0.24.1
[INFO] [stderr]    Compiling prometheus-client-derive-encode v0.4.2
[INFO] [stderr]    Compiling cobs v0.2.3
[INFO] [stderr]    Compiling toml_datetime v0.6.8
[INFO] [stderr]    Compiling dtoa v1.0.9
[INFO] [stderr]    Compiling lazy_static v1.5.0
[INFO] [stderr]    Compiling libm v0.2.11
[INFO] [stderr]    Compiling regex-automata v0.4.8
[INFO] [stderr]    Compiling winnow v0.6.20
[INFO] [stderr]    Compiling itoa v1.0.11
[INFO] [stderr]    Compiling fuel-storage v0.58.2
[INFO] [stderr]    Compiling fuel-crypto v0.58.2
[INFO] [stderr]    Compiling libp2p-identity v0.2.9
[INFO] [stderr]    Compiling postcard v1.0.10
[INFO] [stderr]    Compiling multiaddr v0.18.2
[INFO] [stderr]    Compiling fuel-merkle v0.58.2
[INFO] [stderr]    Compiling fuel-asm v0.58.2
[INFO] [stderr]    Compiling libp2p-core v0.41.3
[INFO] [stderr]    Compiling toml_edit v0.22.22
[INFO] [stderr]    Compiling regex v1.11.1
[INFO] [stderr]    Compiling netlink-proto v0.10.0
[INFO] [stderr]    Compiling serde_with_macros v3.11.0
[INFO] [stderr]    Compiling nix v0.24.3
[INFO] [stderr]    Compiling netlink-packet-route v0.12.0
[INFO] [stderr]    Compiling libp2p-swarm v0.44.2
[INFO] [stderr]    Compiling quick-protobuf-codec v0.3.1
[INFO] [stderr]    Compiling hashbrown v0.14.5
[INFO] [stderr]    Compiling futures-bounded v0.2.4
[INFO] [stderr]    Compiling enum-as-inner v0.6.1
[INFO] [stderr]    Compiling derivative v2.2.0
[INFO] [stderr]    Compiling idna v0.4.0
[INFO] [stderr]    Compiling itertools v0.10.5
[INFO] [stderr]    Compiling fixed-hash v0.8.0
[INFO] [stderr]    Compiling proc-macro-error-attr2 v2.0.0
[INFO] [stderr]    Compiling match_cfg v0.1.0
[INFO] [stderr]    Compiling nohash-hasher v0.2.0
[INFO] [stderr]    Compiling rustls-pki-types v1.10.0
[INFO] [stderr]    Compiling rustls v0.23.16
[INFO] [stderr]    Compiling httparse v1.9.5
[INFO] [stderr]    Compiling proc-macro-error2 v2.0.1
[INFO] [stderr]    Compiling hostname v0.3.1
[INFO] [stderr]    Compiling rustls-webpki v0.102.8
[INFO] [stderr]    Compiling primitive-types v0.12.2
[INFO] [stderr]    Compiling rtnetlink v0.10.1
[INFO] [stderr]    Compiling hickory-proto v0.24.1
[INFO] [stderr]    Compiling serde_with v3.11.0
[INFO] [stderr]    Compiling proc-macro-crate v3.2.0
[INFO] [stderr]    Compiling crossbeam-epoch v0.9.18
[INFO] [stderr]    Compiling strum_macros v0.25.3
[INFO] [stderr]    Compiling fuel-tx v0.58.2
[INFO] [stderr]    Compiling snow v0.9.6
[INFO] [stderr]    Compiling impl-tools v0.10.1
[INFO] [stderr]    Compiling rayon-core v1.12.1
[INFO] [stderr]    Compiling quick-error v1.2.3
[INFO] [stderr]    Compiling linked-hash-map v0.5.6
[INFO] [stderr]    Compiling ethnum v1.5.0
[INFO] [stderr]    Compiling strum v0.25.0
[INFO] [stderr]    Compiling lru-cache v0.1.2
[INFO] [stderr]    Compiling resolv-conf v0.7.0
[INFO] [stderr]    Compiling if-watch v3.2.0
[INFO] [stderr]    Compiling num_enum_derive v0.7.3
[INFO] [stderr]    Compiling crossbeam-deque v0.8.5
[INFO] [stderr]    Compiling impl-tools-lib v0.10.1
[INFO] [stderr]    Compiling tai64 v4.1.0
[INFO] [stderr]    Compiling futures-ticker v0.0.3
[INFO] [stderr]    Compiling sha1 v0.10.6
[INFO] [stderr]    Compiling secrecy v0.8.0
[INFO] [stderr]    Compiling enum-iterator-derive v1.4.0
[INFO] [stderr]    Compiling arrayvec v0.7.6
[INFO] [stderr]    Compiling hex_fmt v0.3.0
[INFO] [stderr]    Compiling base64 v0.22.1
[INFO] [stderr]    Compiling libp2p-kad v0.45.3
[INFO] [stderr]    Compiling num_enum v0.7.3
[INFO] [stderr]    Compiling soketto v0.8.0
[INFO] [stderr]    Compiling libp2p-gossipsub v0.46.1
[INFO] [stderr]    Compiling enum-iterator v1.5.0
[INFO] [stderr]    Compiling hickory-resolver v0.24.1
[INFO] [stderr]    Compiling yamux v0.12.1
[INFO] [stderr]    Compiling futures-rustls v0.26.0
[INFO] [stderr]    Compiling yamux v0.13.3
[INFO] [stderr]    Compiling libp2p-identify v0.44.2
[INFO] [stderr]    Compiling x25519-dalek v2.0.1
[INFO] [stderr]    Compiling itertools v0.12.1
[INFO] [stderr]    Compiling fuel-vm v0.58.2
[INFO] [stderr]    Compiling webpki-roots v0.25.4
[INFO] [stderr]    Compiling libp2p-websocket v0.43.2
[INFO] [stderr]    Compiling libp2p-metrics v0.14.1
[INFO] [stderr]    Compiling libp2p-yamux v0.45.2
[INFO] [stderr]    Compiling libp2p-noise v0.44.0
[INFO] [stderr]    Compiling libp2p-dns v0.41.1
[INFO] [stderr]    Compiling rayon v1.10.0
[INFO] [stderr]    Compiling fuel-core-metrics v0.40.0
[INFO] [stderr]    Compiling libp2p-mdns v0.45.1
[INFO] [stderr]    Compiling libp2p-tcp v0.41.0
[INFO] [stderr]    Compiling libp2p-connection-limits v0.3.1
[INFO] [stderr]    Compiling libp2p-request-response v0.26.3
[INFO] [stderr]    Compiling libp2p-allow-block-list v0.3.0
[INFO] [stderr]    Compiling libp2p-mplex v0.41.0
[INFO] [stderr]    Compiling ip_network v0.4.1
[INFO] [stderr]    Compiling libp2p v0.53.2
[INFO] [stderr]    Compiling fuel-core-types v0.40.0
[INFO] [stderr]    Compiling fuel-core-services v0.40.0
[INFO] [stderr]    Compiling fuel-core-storage v0.40.0
[INFO] [stderr]    Compiling fuel-core-chain-config v0.40.0
[INFO] [stderr]    Compiling fuel-core-p2p v0.40.0 (/opt/rustwide/workdir)
[INFO] [stderr]     Finished `dev` profile [unoptimized + debuginfo] target(s) in 41.06s
[INFO] running `Command { std: "docker" "inspect" "d2b560b84cf50d16dbc7a11fc9467a90ba5580a2a118cf6ede75f9b82a184e95", kill_on_drop: false }`
[INFO] running `Command { std: "docker" "rm" "-f" "d2b560b84cf50d16dbc7a11fc9467a90ba5580a2a118cf6ede75f9b82a184e95", kill_on_drop: false }`
[INFO] [stdout] d2b560b84cf50d16dbc7a11fc9467a90ba5580a2a118cf6ede75f9b82a184e95
[INFO] running `Command { std: "docker" "create" "-v" "/var/lib/crater-agent-workspace/builds/worker-2-tc1/target:/opt/rustwide/target:rw,Z" "-v" "/var/lib/crater-agent-workspace/builds/worker-2-tc1/source:/opt/rustwide/workdir:ro,Z" "-v" "/var/lib/crater-agent-workspace/cargo-home:/opt/rustwide/cargo-home:ro,Z" "-v" "/var/lib/crater-agent-workspace/rustup-home:/opt/rustwide/rustup-home:ro,Z" "-e" "SOURCE_DIR=/opt/rustwide/workdir" "-e" "CARGO_TARGET_DIR=/opt/rustwide/target" "-e" "CARGO_INCREMENTAL=0" "-e" "RUST_BACKTRACE=full" "-e" "RUSTFLAGS=--cap-lints=forbid" "-e" "RUSTDOCFLAGS=--cap-lints=forbid" "-e" "CARGO_HOME=/opt/rustwide/cargo-home" "-e" "RUSTUP_HOME=/opt/rustwide/rustup-home" "-w" "/opt/rustwide/workdir" "-m" "1610612736" "--user" "0:0" "--network" "none" "ghcr.io/rust-lang/crates-build-env/linux@sha256:4a844ea9eb2546a2d2c7022eacef16ef2e8229c7fbb2c7d4d55a9ceca922f72d" "/opt/rustwide/cargo-home/bin/cargo" "+nightly-2024-10-28" "test" "--frozen" "--no-run" "--message-format=json", kill_on_drop: false }`
[INFO] [stdout] 92ad5de87bc67baded18ec662f9c96c2f4d12f7c9609ffe36901d2d302139424
[INFO] running `Command { std: "docker" "start" "-a" "92ad5de87bc67baded18ec662f9c96c2f4d12f7c9609ffe36901d2d302139424", kill_on_drop: false }`
[INFO] [stderr]    Compiling futures-core v0.3.31
[INFO] [stderr]    Compiling syn v1.0.109
[INFO] [stderr]    Compiling tracing-core v0.1.32
[INFO] [stderr]    Compiling value-bag v1.10.0
[INFO] [stderr]    Compiling parking v2.2.1
[INFO] [stderr]    Compiling concurrent-queue v2.5.0
[INFO] [stderr]    Compiling bitflags v2.6.0
[INFO] [stderr]    Compiling fastrand v2.1.1
[INFO] [stderr]    Compiling futures-channel v0.3.31
[INFO] [stderr]    Compiling tokio v1.41.0
[INFO] [stderr]    Compiling event-listener v5.3.1
[INFO] [stderr]    Compiling rustix v0.38.38
[INFO] [stderr]    Compiling futures-util v0.3.31
[INFO] [stderr]    Compiling log v0.4.22
[INFO] [stderr]    Compiling event-listener v2.5.3
[INFO] [stderr]    Compiling tracing v0.1.40
[INFO] [stderr]    Compiling event-listener-strategy v0.5.2
[INFO] [stderr]    Compiling futures-lite v2.4.0
[INFO] [stderr]    Compiling linux-raw-sys v0.4.14
[INFO] [stderr]    Compiling libp2p-identity v0.2.9
[INFO] [stderr]    Compiling async-task v4.7.1
[INFO] [stderr]    Compiling atomic-waker v1.1.2
[INFO] [stderr]    Compiling piper v0.2.4
[INFO] [stderr]    Compiling async-lock v3.4.0
[INFO] [stderr]    Compiling async-channel v2.3.1
[INFO] [stderr]    Compiling kv-log-macro v1.0.7
[INFO] [stderr]    Compiling async-channel v1.9.0
[INFO] [stderr]    Compiling io-lifetimes v1.0.11
[INFO] [stderr]    Compiling async-executor v1.13.1
[INFO] [stderr]    Compiling blocking v1.6.1
[INFO] [stderr]    Compiling polling v2.8.0
[INFO] [stderr]    Compiling rustix v0.37.27
[INFO] [stderr]    Compiling async-io v1.13.0
[INFO] [stderr]    Compiling linux-raw-sys v0.3.8
[INFO] [stderr]    Compiling waker-fn v1.2.0
[INFO] [stderr]    Compiling fastrand v1.9.0
[INFO] [stderr]    Compiling async-lock v2.8.0
[INFO] [stderr]    Compiling futures-lite v1.13.0
[INFO] [stderr]    Compiling socket2 v0.4.10
[INFO] [stderr]    Compiling regex-syntax v0.6.29
[INFO] [stderr]    Compiling fuel-core-metrics v0.40.0
[INFO] [stderr]    Compiling overload v0.1.1
[INFO] [stderr]    Compiling nu-ansi-term v0.46.0
[INFO] [stderr]    Compiling futures-executor v0.3.31
[INFO] [stderr]    Compiling asynchronous-codec v0.6.2
[INFO] [stderr]    Compiling asynchronous-codec v0.7.0
[INFO] [stderr]    Compiling futures v0.3.31
[INFO] [stderr]    Compiling unsigned-varint v0.7.2
[INFO] [stderr]    Compiling rw-stream-sink v0.4.0
[INFO] [stderr]    Compiling quick-protobuf-codec v0.3.1
[INFO] [stderr]    Compiling multistream-select v0.13.0
[INFO] [stderr]    Compiling futures-bounded v0.2.4
[INFO] [stderr]    Compiling futures-ticker v0.0.3
[INFO] [stderr]    Compiling yamux v0.12.1
[INFO] [stderr]    Compiling yamux v0.13.3
[INFO] [stderr]    Compiling soketto v0.8.0
[INFO] [stderr]    Compiling hickory-proto v0.24.1
[INFO] [stderr]    Compiling regex-automata v0.1.10
[INFO] [stderr]    Compiling quick-protobuf-codec v0.2.0
[INFO] [stderr]    Compiling fuel-core-services v0.40.0
[INFO] [stderr]    Compiling netlink-sys v0.8.6
[INFO] [stderr]    Compiling netlink-proto v0.10.0
[INFO] [stderr]    Compiling matchers v0.1.0
[INFO] [stderr]    Compiling polling v3.7.3
[INFO] [stderr]    Compiling sharded-slab v0.1.7
[INFO] [stderr]    Compiling tracing-log v0.2.0
[INFO] [stderr]    Compiling data-encoding-macro-internal v0.1.13
[INFO] [stderr]    Compiling async-io v2.3.4
[INFO] [stderr]    Compiling strum_macros v0.24.3
[INFO] [stderr]    Compiling data-encoding-macro v0.1.15
[INFO] [stderr]    Compiling multibase v0.9.1
[INFO] [stderr]    Compiling derivative v2.2.0
[INFO] [stderr]    Compiling multiaddr v0.18.2
[INFO] [stderr]    Compiling thread_local v1.1.8
[INFO] [stderr]    Compiling async-global-executor v2.4.1
[INFO] [stderr]    Compiling libp2p-core v0.41.3
[INFO] [stderr]    Compiling async-std v1.13.0
[INFO] [stderr]    Compiling rtnetlink v0.10.1
[INFO] [stderr]    Compiling hickory-resolver v0.24.1
[INFO] [stderr]    Compiling strum v0.24.1
[INFO] [stderr]    Compiling fuel-asm v0.58.2
[INFO] [stderr]    Compiling libp2p-yamux v0.45.2
[INFO] [stderr]    Compiling libp2p-noise v0.44.0
[INFO] [stderr]    Compiling libp2p-websocket v0.43.2
[INFO] [stderr]    Compiling libp2p-plaintext v0.41.0
[INFO] [stderr]    Compiling if-watch v3.2.0
[INFO] [stderr]    Compiling libp2p-dns v0.41.1
[INFO] [stderr]    Compiling libp2p-swarm v0.44.2
[INFO] [stderr]    Compiling libp2p-tcp v0.41.0
[INFO] [stderr]    Compiling libp2p-mplex v0.41.0
[INFO] [stderr]    Compiling tracing-subscriber v0.3.18
[INFO] [stderr]    Compiling ctor v0.1.26
[INFO] [stderr]    Compiling fuel-tx v0.58.2
[INFO] [stderr]    Compiling libp2p-kad v0.45.3
[INFO] [stderr]    Compiling libp2p-identify v0.44.2
[INFO] [stderr]    Compiling libp2p-gossipsub v0.46.1
[INFO] [stderr]    Compiling libp2p-connection-limits v0.3.1
[INFO] [stderr]    Compiling libp2p-mdns v0.45.1
[INFO] [stderr]    Compiling libp2p-request-response v0.26.3
[INFO] [stderr]    Compiling libp2p-allow-block-list v0.3.0
[INFO] [stderr]    Compiling libp2p-swarm-test v0.3.0
[INFO] [stderr]    Compiling libp2p-metrics v0.14.1
[INFO] [stderr]    Compiling libp2p v0.53.2
[INFO] [stderr]    Compiling fuel-vm v0.58.2
[INFO] [stderr]    Compiling fuel-core-types v0.40.0
[INFO] [stderr]    Compiling fuel-core-storage v0.40.0
[INFO] [stderr]    Compiling fuel-core-chain-config v0.40.0
[INFO] [stderr]    Compiling fuel-core-p2p v0.40.0 (/opt/rustwide/workdir)
[INFO] [stdout] error[E0432]: unresolved import `fuel_core_types::fuel_tx::TransactionBuilder`
[INFO] [stdout]    --> src/p2p_service.rs:866:13
[INFO] [stdout]     |
[INFO] [stdout] 866 |             TransactionBuilder,
[INFO] [stdout]     |             ^^^^^^^^^^^^^^^^^^
[INFO] [stdout]     |             |
[INFO] [stdout]     |             no `TransactionBuilder` in the root
[INFO] [stdout]     |             help: a similar name exists in the module: `TransactionFee`
[INFO] [stdout]     |
[INFO] [stdout] note: found an item that was configured out
[INFO] [stdout]    --> /opt/rustwide/cargo-home/registry/src/index.crates.io-6f17d22bba15001f/fuel-tx-0.58.2/src/lib.rs:67:5
[INFO] [stdout]     |
[INFO] [stdout] 67  |     TransactionBuilder,
[INFO] [stdout]     |     ^^^^^^^^^^^^^^^^^^
[INFO] [stdout] note: the item is gated behind the `test-helpers` feature
[INFO] [stdout]    --> /opt/rustwide/cargo-home/registry/src/index.crates.io-6f17d22bba15001f/fuel-tx-0.58.2/src/lib.rs:63:7
[INFO] [stdout]     |
[INFO] [stdout] 63  | #[cfg(feature = "test-helpers")]
[INFO] [stdout]     |       ^^^^^^^^^^^^^^^^^^^^^^^^
[INFO] [stdout] 
[INFO] [stdout] 
[INFO] [stdout] error[E0433]: failed to resolve: use of undeclared crate or module `fuel_core_trace`
[INFO] [stdout]   --> src/lib.rs:56:1
[INFO] [stdout]    |
[INFO] [stdout] 56 | fuel_core_trace::enable_tracing!();
[INFO] [stdout]    | ^^^^^^^^^^^^^^^ use of undeclared crate or module `fuel_core_trace`
[INFO] [stdout] 
[INFO] [stdout] 
[INFO] [stdout] error[E0599]: no method named `multiaddrs` found for reference `&FuelP2PService` in the current scope
[INFO] [stdout]    --> src/p2p_service.rs:934:29
[INFO] [stdout]     |
[INFO] [stdout] 934 |             .flat_map(|b| b.multiaddrs())
[INFO] [stdout]     |                             ^^^^^^^^^^ method not found in `&FuelP2PService`
[INFO] [stdout] 
[INFO] [stdout] 
[INFO] [stdout] error[E0599]: no method named `multiaddrs` found for struct `FuelP2PService` in the current scope
[INFO] [stdout]     --> src/p2p_service.rs:1442:45
[INFO] [stdout]      |
[INFO] [stdout] 97   | pub struct FuelP2PService {
[INFO] [stdout]      | ------------------------- method `multiaddrs` not found for this struct
[INFO] [stdout] ...
[INFO] [stdout] 1442 |         p2p_config.bootstrap_nodes = node_a.multiaddrs();
[INFO] [stdout]      |                                             ^^^^^^^^^^ method not found in `FuelP2PService`
[INFO] [stdout] 
[INFO] [stdout] 
[INFO] [stdout] error[E0599]: no method named `multiaddrs` found for struct `FuelP2PService` in the current scope
[INFO] [stdout]     --> src/p2p_service.rs:1446:45
[INFO] [stdout]      |
[INFO] [stdout] 97   | pub struct FuelP2PService {
[INFO] [stdout]      | ------------------------- method `multiaddrs` not found for this struct
[INFO] [stdout] ...
[INFO] [stdout] 1446 |         p2p_config.bootstrap_nodes = node_b.multiaddrs();
[INFO] [stdout]      |                                             ^^^^^^^^^^ method not found in `FuelP2PService`
[INFO] [stdout] 
[INFO] [stdout] 
[INFO] [stdout] error[E0599]: no method named `multiaddrs` found for struct `FuelP2PService` in the current scope
[INFO] [stdout]     --> src/p2p_service.rs:1543:45
[INFO] [stdout]      |
[INFO] [stdout] 97   | pub struct FuelP2PService {
[INFO] [stdout]      | ------------------------- method `multiaddrs` not found for this struct
[INFO] [stdout] ...
[INFO] [stdout] 1543 |         p2p_config.bootstrap_nodes = node_a.multiaddrs();
[INFO] [stdout]      |                                             ^^^^^^^^^^ method not found in `FuelP2PService`
[INFO] [stdout] 
[INFO] [stdout] 
[INFO] [stdout] error[E0599]: no method named `multiaddrs` found for struct `FuelP2PService` in the current scope
[INFO] [stdout]     --> src/p2p_service.rs:1547:45
[INFO] [stdout]      |
[INFO] [stdout] 97   | pub struct FuelP2PService {
[INFO] [stdout]      | ------------------------- method `multiaddrs` not found for this struct
[INFO] [stdout] ...
[INFO] [stdout] 1547 |         p2p_config.bootstrap_nodes = node_b.multiaddrs();
[INFO] [stdout]      |                                             ^^^^^^^^^^ method not found in `FuelP2PService`
[INFO] [stdout] 
[INFO] [stdout] 
[INFO] [stdout] error[E0599]: no variant or associated item named `default_test_tx` found for enum `fuel_core_types::fuel_tx::Transaction` in the current scope
[INFO] [stdout]     --> src/p2p_service.rs:1597:56
[INFO] [stdout]      |
[INFO] [stdout] 1597 | ...                   if tx != &Transaction::default_test_tx() {
[INFO] [stdout]      |                                              ^^^^^^^^^^^^^^^ variant or associated item not found in `Transaction`
[INFO] [stdout] 
[INFO] [stdout] 
[INFO] [stdout] error[E0599]: no method named `multiaddrs` found for struct `FuelP2PService` in the current scope
[INFO] [stdout]     --> src/p2p_service.rs:1669:45
[INFO] [stdout]      |
[INFO] [stdout] 97   | pub struct FuelP2PService {
[INFO] [stdout]      | ------------------------- method `multiaddrs` not found for this struct
[INFO] [stdout] ...
[INFO] [stdout] 1669 |         p2p_config.bootstrap_nodes = node_a.multiaddrs();
[INFO] [stdout]      |                                             ^^^^^^^^^^ method not found in `FuelP2PService`
[INFO] [stdout] 
[INFO] [stdout] 
[INFO] [stdout] error[E0599]: no variant or associated item named `default_test_tx` found for enum `fuel_core_types::fuel_tx::Transaction` in the current scope
[INFO] [stdout]     --> src/p2p_service.rs:1735:101
[INFO] [stdout]      |
[INFO] [stdout] 1735 | ...                   let tx_ids: Vec<TxId> = (0..5).map(|_| Transaction::default_test_tx().id(&ChainId::new(1))).collect();
[INFO] [stdout]      |                                                                           ^^^^^^^^^^^^^^^ variant or associated item not found in `Transaction`
[INFO] [stdout] 
[INFO] [stdout] 
[INFO] [stdout] error[E0599]: no variant or associated item named `default_test_tx` found for enum `fuel_core_types::fuel_tx::Transaction` in the current scope
[INFO] [stdout]     --> src/p2p_service.rs:1756:115
[INFO] [stdout]      |
[INFO] [stdout] 1756 | ...                   Some(NetworkableTransactionPool::Transaction(Transaction::default_test_tx()))
[INFO] [stdout]      |                                                                                 ^^^^^^^^^^^^^^^ variant or associated item not found in `Transaction`
[INFO] [stdout] 
[INFO] [stdout] 
[INFO] [stdout] error[E0599]: no variant or associated item named `default_test_tx` found for enum `fuel_core_types::fuel_tx::Transaction` in the current scope
[INFO] [stdout]     --> src/p2p_service.rs:1784:71
[INFO] [stdout]      |
[INFO] [stdout] 1784 | ...                   let txs = (0..5).map(|_| Transaction::default_test_tx()).collect();
[INFO] [stdout]      |                                                             ^^^^^^^^^^^^^^^ variant or associated item not found in `Transaction`
[INFO] [stdout] 
[INFO] [stdout] 
[INFO] [stdout] error[E0599]: no variant or associated item named `default_test_tx` found for enum `fuel_core_types::fuel_tx::Transaction` in the current scope
[INFO] [stdout]     --> src/p2p_service.rs:1789:74
[INFO] [stdout]      |
[INFO] [stdout] 1789 | ...                   let tx_ids = (0..5).map(|_| Transaction::default_test_tx().id(&ChainId::new(1))).collect();
[INFO] [stdout]      |                                                                ^^^^^^^^^^^^^^^ variant or associated item not found in `Transaction`
[INFO] [stdout] 
[INFO] [stdout] 
[INFO] [stdout] error[E0599]: no variant or associated item named `default_test_tx` found for enum `fuel_core_types::fuel_tx::Transaction` in the current scope
[INFO] [stdout]     --> src/p2p_service.rs:1797:99
[INFO] [stdout]      |
[INFO] [stdout] 1797 | ...                   Some(NetworkableTransactionPool::Transaction(Transaction::default_test_tx()))
[INFO] [stdout]      |                                                                                 ^^^^^^^^^^^^^^^ variant or associated item not found in `Transaction`
[INFO] [stdout] 
[INFO] [stdout] 
[INFO] [stdout] error[E0599]: no variant or associated item named `default_test_tx` found for enum `fuel_core_types::fuel_tx::Transaction` in the current scope
[INFO] [stdout]   --> src/gossipsub/topics.rs:83:68
[INFO] [stdout]    |
[INFO] [stdout] 83 |             GossipsubBroadcastRequest::NewTx(Arc::new(Transaction::default_test_tx()));
[INFO] [stdout]    |                                                                    ^^^^^^^^^^^^^^^ variant or associated item not found in `Transaction`
[INFO] [stdout] 
[INFO] [stdout] 
[INFO] [stdout] error[E0599]: no method named `multiaddrs` found for reference `&FuelP2PService` in the current scope
[INFO] [stdout]     --> src/p2p_service.rs:1150:29
[INFO] [stdout]      |
[INFO] [stdout] 1150 |             .flat_map(|n| n.multiaddrs())
[INFO] [stdout]      |                             ^^^^^^^^^^ method not found in `&FuelP2PService`
[INFO] [stdout] 
[INFO] [stdout] 
[INFO] [stdout] error[E0599]: no method named `multiaddrs` found for struct `FuelP2PService` in the current scope
[INFO] [stdout]     --> src/p2p_service.rs:1256:45
[INFO] [stdout]      |
[INFO] [stdout] 97   | pub struct FuelP2PService {
[INFO] [stdout]      | ------------------------- method `multiaddrs` not found for this struct
[INFO] [stdout] ...
[INFO] [stdout] 1256 |         p2p_config.bootstrap_nodes = node_a.multiaddrs();
[INFO] [stdout]      |                                             ^^^^^^^^^^ method not found in `FuelP2PService`
[INFO] [stdout] 
[INFO] [stdout] 
[INFO] [stdout] error[E0599]: no method named `multiaddrs` found for struct `FuelP2PService` in the current scope
[INFO] [stdout]     --> src/p2p_service.rs:1290:45
[INFO] [stdout]      |
[INFO] [stdout] 97   | pub struct FuelP2PService {
[INFO] [stdout]      | ------------------------- method `multiaddrs` not found for this struct
[INFO] [stdout] ...
[INFO] [stdout] 1290 |         p2p_config.bootstrap_nodes = node_a.multiaddrs();
[INFO] [stdout]      |                                             ^^^^^^^^^^ method not found in `FuelP2PService`
[INFO] [stdout] 
[INFO] [stdout] 
[INFO] [stdout] error[E0599]: no method named `multiaddrs` found for struct `FuelP2PService` in the current scope
[INFO] [stdout]     --> src/p2p_service.rs:1331:45
[INFO] [stdout]      |
[INFO] [stdout] 97   | pub struct FuelP2PService {
[INFO] [stdout]      | ------------------------- method `multiaddrs` not found for this struct
[INFO] [stdout] ...
[INFO] [stdout] 1331 |         p2p_config.bootstrap_nodes = node_a.multiaddrs();
[INFO] [stdout]      |                                             ^^^^^^^^^^ method not found in `FuelP2PService`
[INFO] [stdout] 
[INFO] [stdout] 
[INFO] [stdout] error[E0599]: no variant or associated item named `default_test_tx` found for enum `fuel_core_types::fuel_tx::Transaction` in the current scope
[INFO] [stdout]     --> src/p2p_service.rs:1374:38
[INFO] [stdout]      |
[INFO] [stdout] 1374 |                         Transaction::default_test_tx(),
[INFO] [stdout]      |                                      ^^^^^^^^^^^^^^^ variant or associated item not found in `Transaction`
[INFO] [stdout] 
[INFO] [stdout] 
[INFO] [stdout] error[E0599]: no variant or associated item named `default_test_tx` found for enum `fuel_core_types::fuel_tx::Transaction` in the current scope
[INFO] [stdout]     --> src/p2p_service.rs:1392:38
[INFO] [stdout]      |
[INFO] [stdout] 1392 |                         Transaction::default_test_tx(),
[INFO] [stdout]      |                                      ^^^^^^^^^^^^^^^ variant or associated item not found in `Transaction`
[INFO] [stdout] 
[INFO] [stdout] 
[INFO] [stdout] error[E0599]: no method named `set_block_height` found for enum `BlockHeader` in the current scope
[INFO] [stdout]     --> src/p2p_service.rs:1645:20
[INFO] [stdout]      |
[INFO] [stdout] 1645 |             header.set_block_height(i.into());
[INFO] [stdout]      |                    ^^^^^^^^^^^^^^^^ method not found in `BlockHeader`
[INFO] [stdout] 
[INFO] [stdout] 
[INFO] [stdout] error[E0277]: the trait bound `BlockHeader: Default` is not satisfied
[INFO] [stdout]     --> src/p2p_service.rs:1644:43
[INFO] [stdout]      |
[INFO] [stdout] 1644 |             let mut header: BlockHeader = Default::default();
[INFO] [stdout]      |                                           ^^^^^^^^^^^^^^^^^^ the trait `Default` is not implemented for `BlockHeader`
[INFO] [stdout] 
[INFO] [stdout] 
[INFO] [stdout] error[E0599]: no variant or associated item named `default_test_tx` found for enum `fuel_core_types::fuel_tx::Transaction` in the current scope
[INFO] [stdout]     --> src/p2p_service.rs:1835:35
[INFO] [stdout]      |
[INFO] [stdout] 1835 |             .map(|_| Transaction::default_test_tx().id(&ChainId::new(1)))
[INFO] [stdout]      |                                   ^^^^^^^^^^^^^^^ variant or associated item not found in `Transaction`
[INFO] [stdout] 
[INFO] [stdout] 
[INFO] [stdout] error[E0599]: no method named `multiaddrs` found for struct `FuelP2PService` in the current scope
[INFO] [stdout]     --> src/p2p_service.rs:1851:45
[INFO] [stdout]      |
[INFO] [stdout] 97   | pub struct FuelP2PService {
[INFO] [stdout]      | ------------------------- method `multiaddrs` not found for this struct
[INFO] [stdout] ...
[INFO] [stdout] 1851 |         p2p_config.bootstrap_nodes = node_a.multiaddrs();
[INFO] [stdout]      |                                             ^^^^^^^^^^ method not found in `FuelP2PService`
[INFO] [stdout] 
[INFO] [stdout] 
[INFO] [stdout] error[E0599]: no method named `multiaddrs` found for struct `FuelP2PService` in the current scope
[INFO] [stdout]     --> src/p2p_service.rs:1930:45
[INFO] [stdout]      |
[INFO] [stdout] 97   | pub struct FuelP2PService {
[INFO] [stdout]      | ------------------------- method `multiaddrs` not found for this struct
[INFO] [stdout] ...
[INFO] [stdout] 1930 |         p2p_config.bootstrap_nodes = node_a.multiaddrs();
[INFO] [stdout]      |                                             ^^^^^^^^^^ method not found in `FuelP2PService`
[INFO] [stdout] 
[INFO] [stdout] 
[INFO] [stdout] error[E0599]: no function or associated item named `started` found for struct `fuel_core_services::StateWatcher` in the current scope
[INFO] [stdout]     --> src/service.rs:1733:41
[INFO] [stdout]      |
[INFO] [stdout] 1733 |         let mut watcher = StateWatcher::started();
[INFO] [stdout]      |                                         ^^^^^^^ function or associated item not found in `StateWatcher`
[INFO] [stdout]      |
[INFO] [stdout] help: there is a method `while_started` with a similar name
[INFO] [stdout]      |
[INFO] [stdout] 1733 |         let mut watcher = StateWatcher::while_started();
[INFO] [stdout]      |                                         ~~~~~~~~~~~~~
[INFO] [stdout] 
[INFO] [stdout] 
[INFO] [stdout] Some errors have detailed explanations: E0277, E0432, E0433, E0599.
[INFO] [stdout] 
[INFO] [stdout] For more information about an error, try `rustc --explain E0277`.
[INFO] [stdout] 
[INFO] [stderr] error: could not compile `fuel-core-p2p` (lib test) due to 27 previous errors
[INFO] [stderr] warning: build failed, waiting for other jobs to finish...
[INFO] running `Command { std: "docker" "inspect" "92ad5de87bc67baded18ec662f9c96c2f4d12f7c9609ffe36901d2d302139424", kill_on_drop: false }`
[INFO] running `Command { std: "docker" "rm" "-f" "92ad5de87bc67baded18ec662f9c96c2f4d12f7c9609ffe36901d2d302139424", kill_on_drop: false }`
[INFO] [stdout] 92ad5de87bc67baded18ec662f9c96c2f4d12f7c9609ffe36901d2d302139424
