[INFO] fetching crate fuel-core-compression 0.40.0...
[INFO] testing fuel-core-compression-0.40.0 against nightly-2024-10-28 for randomize-layout
[INFO] extracting crate fuel-core-compression 0.40.0 into /workspace/builds/worker-2-tc1/source
[INFO] validating manifest of crates.io crate fuel-core-compression 0.40.0 on toolchain nightly-2024-10-28
[INFO] running `Command { std: CARGO_HOME="/workspace/cargo-home" RUSTUP_HOME="/workspace/rustup-home" "/workspace/cargo-home/bin/cargo" "+nightly-2024-10-28" "metadata" "--manifest-path" "Cargo.toml" "--no-deps", kill_on_drop: false }`
[INFO] started tweaking crates.io crate fuel-core-compression 0.40.0
[INFO] finished tweaking crates.io crate fuel-core-compression 0.40.0
[INFO] tweaked toml for crates.io crate fuel-core-compression 0.40.0 written to /workspace/builds/worker-2-tc1/source/Cargo.toml
[INFO] running `Command { std: CARGO_HOME="/workspace/cargo-home" RUSTUP_HOME="/workspace/rustup-home" "/workspace/cargo-home/bin/cargo" "+nightly-2024-10-28" "generate-lockfile" "--manifest-path" "Cargo.toml", kill_on_drop: false }`
[INFO] [stderr]     Updating crates.io index
[INFO] [stderr]      Locking 208 packages to latest compatible versions
[INFO] [stderr]       Adding strum v0.25.0 (available: v0.26.3)
[INFO] [stderr]       Adding strum_macros v0.25.3 (available: v0.26.4)
[INFO] running `Command { std: CARGO_HOME="/workspace/cargo-home" RUSTUP_HOME="/workspace/rustup-home" "/workspace/cargo-home/bin/cargo" "+nightly-2024-10-28" "fetch" "--manifest-path" "Cargo.toml", kill_on_drop: false }`
[INFO] [stderr]  Downloading crates ...
[INFO] [stderr]   Downloaded fuel-derive v0.58.2
[INFO] [stderr]   Downloaded fuel-compression v0.58.2
[INFO] [stderr]   Downloaded fuel-types v0.58.2
[INFO] [stderr]   Downloaded fuel-crypto v0.58.2
[INFO] [stderr]   Downloaded fuel-asm v0.58.2
[INFO] [stderr]   Downloaded fuel-vm v0.58.2
[INFO] [stderr]   Downloaded fuel-merkle v0.58.2
[INFO] [stderr]   Downloaded fuel-tx v0.58.2
[INFO] [stderr]   Downloaded fuel-storage v0.58.2
[INFO] [stderr]   Downloaded tai64 v4.1.0
[INFO] [stderr]   Downloaded fuel-core-types v0.40.0
[INFO] running `Command { std: "docker" "create" "-v" "/var/lib/crater-agent-workspace/builds/worker-2-tc1/target:/opt/rustwide/target:rw,Z" "-v" "/var/lib/crater-agent-workspace/builds/worker-2-tc1/source:/opt/rustwide/workdir:ro,Z" "-v" "/var/lib/crater-agent-workspace/cargo-home:/opt/rustwide/cargo-home:ro,Z" "-v" "/var/lib/crater-agent-workspace/rustup-home:/opt/rustwide/rustup-home:ro,Z" "-e" "SOURCE_DIR=/opt/rustwide/workdir" "-e" "CARGO_TARGET_DIR=/opt/rustwide/target" "-e" "CARGO_HOME=/opt/rustwide/cargo-home" "-e" "RUSTUP_HOME=/opt/rustwide/rustup-home" "-w" "/opt/rustwide/workdir" "-m" "1610612736" "--user" "0:0" "--network" "none" "ghcr.io/rust-lang/crates-build-env/linux@sha256:4a844ea9eb2546a2d2c7022eacef16ef2e8229c7fbb2c7d4d55a9ceca922f72d" "/opt/rustwide/cargo-home/bin/cargo" "+nightly-2024-10-28" "metadata" "--no-deps" "--format-version=1", kill_on_drop: false }`
[INFO] [stdout] 98599e0496d77f22d32240129bc934e2802e80e0c4c05c6147ced2ef6d21a319
[INFO] running `Command { std: "docker" "start" "-a" "98599e0496d77f22d32240129bc934e2802e80e0c4c05c6147ced2ef6d21a319", kill_on_drop: false }`
[INFO] running `Command { std: "docker" "inspect" "98599e0496d77f22d32240129bc934e2802e80e0c4c05c6147ced2ef6d21a319", kill_on_drop: false }`
[INFO] running `Command { std: "docker" "rm" "-f" "98599e0496d77f22d32240129bc934e2802e80e0c4c05c6147ced2ef6d21a319", kill_on_drop: false }`
[INFO] [stdout] 98599e0496d77f22d32240129bc934e2802e80e0c4c05c6147ced2ef6d21a319
[INFO] running `Command { std: "docker" "create" "-v" "/var/lib/crater-agent-workspace/builds/worker-2-tc1/target:/opt/rustwide/target:rw,Z" "-v" "/var/lib/crater-agent-workspace/builds/worker-2-tc1/source:/opt/rustwide/workdir:ro,Z" "-v" "/var/lib/crater-agent-workspace/cargo-home:/opt/rustwide/cargo-home:ro,Z" "-v" "/var/lib/crater-agent-workspace/rustup-home:/opt/rustwide/rustup-home:ro,Z" "-e" "SOURCE_DIR=/opt/rustwide/workdir" "-e" "CARGO_TARGET_DIR=/opt/rustwide/target" "-e" "CARGO_INCREMENTAL=0" "-e" "RUST_BACKTRACE=full" "-e" "RUSTFLAGS=--cap-lints=forbid" "-e" "RUSTDOCFLAGS=--cap-lints=forbid" "-e" "CARGO_HOME=/opt/rustwide/cargo-home" "-e" "RUSTUP_HOME=/opt/rustwide/rustup-home" "-w" "/opt/rustwide/workdir" "-m" "1610612736" "--user" "0:0" "--network" "none" "ghcr.io/rust-lang/crates-build-env/linux@sha256:4a844ea9eb2546a2d2c7022eacef16ef2e8229c7fbb2c7d4d55a9ceca922f72d" "/opt/rustwide/cargo-home/bin/cargo" "+nightly-2024-10-28" "build" "--frozen" "--message-format=json", kill_on_drop: false }`
[INFO] [stdout] 0dd0481ddc2ecec41878fd0b83adeb7df8d675cfe51ebb11979c771926e7be17
[INFO] running `Command { std: "docker" "start" "-a" "0dd0481ddc2ecec41878fd0b83adeb7df8d675cfe51ebb11979c771926e7be17", kill_on_drop: false }`
[INFO] [stderr]    Compiling subtle v2.6.1
[INFO] [stderr]    Compiling const-oid v0.9.6
[INFO] [stderr]    Compiling serde v1.0.214
[INFO] [stderr]    Compiling rand_core v0.6.4
[INFO] [stderr]    Compiling base16ct v0.2.0
[INFO] [stderr]    Compiling cpufeatures v0.2.14
[INFO] [stderr]    Compiling generic-array v0.14.7
[INFO] [stderr]    Compiling hex v0.4.3
[INFO] [stderr]    Compiling ahash v0.8.11
[INFO] [stderr]    Compiling strsim v0.11.1
[INFO] [stderr]    Compiling zerocopy v0.7.35
[INFO] [stderr]    Compiling zeroize_derive v1.4.2
[INFO] [stderr]    Compiling serde_derive v1.0.214
[INFO] [stderr]    Compiling synstructure v0.13.1
[INFO] [stderr]    Compiling curve25519-dalek v4.1.3
[INFO] [stderr]    Compiling ident_case v1.0.1
[INFO] [stderr]    Compiling once_cell v1.20.2
[INFO] [stderr]    Compiling fnv v1.0.7
[INFO] [stderr]    Compiling ff v0.13.0
[INFO] [stderr]    Compiling curve25519-dalek-derive v0.1.1
[INFO] [stderr]    Compiling heapless v0.7.17
[INFO] [stderr]    Compiling crunchy v0.2.2
[INFO] [stderr]    Compiling spin v0.9.8
[INFO] [stderr]    Compiling strum_macros v0.24.3
[INFO] [stderr]    Compiling darling_core v0.20.10
[INFO] [stderr]    Compiling hash32 v0.2.1
[INFO] [stderr]    Compiling group v0.13.0
[INFO] [stderr]    Compiling convert_case v0.4.0
[INFO] [stderr]    Compiling libm v0.2.11
[INFO] [stderr]    Compiling allocator-api2 v0.2.18
[INFO] [stderr]    Compiling fuel-storage v0.58.2
[INFO] [stderr]    Compiling either v1.13.0
[INFO] [stderr]    Compiling cobs v0.2.3
[INFO] [stderr]    Compiling paste v1.0.15
[INFO] [stderr]    Compiling fixed-hash v0.8.0
[INFO] [stderr]    Compiling uint v0.9.5
[INFO] [stderr]    Compiling derivative v2.2.0
[INFO] [stderr]    Compiling async-trait v0.1.83
[INFO] [stderr]    Compiling primitive-types v0.12.2
[INFO] [stderr]    Compiling itertools v0.10.5
[INFO] [stderr]    Compiling percent-encoding v2.3.1
[INFO] [stderr]    Compiling hashbrown v0.13.2
[INFO] [stderr]    Compiling derive_more v0.99.18
[INFO] [stderr]    Compiling ethnum v1.5.0
[INFO] [stderr]    Compiling strum_macros v0.25.3
[INFO] [stderr]    Compiling strum v0.25.0
[INFO] [stderr]    Compiling zeroize v1.8.1
[INFO] [stderr]    Compiling fuel-derive v0.58.2
[INFO] [stderr]    Compiling der v0.7.9
[INFO] [stderr]    Compiling secrecy v0.8.0
[INFO] [stderr]    Compiling crypto-common v0.1.6
[INFO] [stderr]    Compiling block-buffer v0.10.4
[INFO] [stderr]    Compiling sec1 v0.7.3
[INFO] [stderr]    Compiling crypto-bigint v0.5.5
[INFO] [stderr]    Compiling digest v0.10.7
[INFO] [stderr]    Compiling strum v0.24.1
[INFO] [stderr]    Compiling signature v2.2.0
[INFO] [stderr]    Compiling hmac v0.12.1
[INFO] [stderr]    Compiling sha2 v0.10.8
[INFO] [stderr]    Compiling sha3 v0.10.8
[INFO] [stderr]    Compiling ed25519 v2.2.3
[INFO] [stderr]    Compiling rfc6979 v0.4.0
[INFO] [stderr]    Compiling darling_macro v0.20.10
[INFO] [stderr]    Compiling darling v0.20.10
[INFO] [stderr]    Compiling serde_with_macros v3.11.0
[INFO] [stderr]    Compiling ed25519-dalek v2.1.1
[INFO] [stderr]    Compiling elliptic-curve v0.13.8
[INFO] [stderr]    Compiling ecdsa v0.16.9
[INFO] [stderr]    Compiling primeorder v0.13.6
[INFO] [stderr]    Compiling p256 v0.13.2
[INFO] [stderr]    Compiling k256 v0.13.4
[INFO] [stderr]    Compiling fuel-types v0.58.2
[INFO] [stderr]    Compiling bitflags v2.6.0
[INFO] [stderr]    Compiling hashbrown v0.14.5
[INFO] [stderr]    Compiling fuel-merkle v0.58.2
[INFO] [stderr]    Compiling serde_with v3.11.0
[INFO] [stderr]    Compiling tai64 v4.1.0
[INFO] [stderr]    Compiling fuel-compression v0.58.2
[INFO] [stderr]    Compiling fuel-crypto v0.58.2
[INFO] [stderr]    Compiling fuel-asm v0.58.2
[INFO] [stderr]    Compiling postcard v1.0.10
[INFO] [stderr]    Compiling fuel-tx v0.58.2
[INFO] [stderr]    Compiling fuel-vm v0.58.2
[INFO] [stderr]    Compiling fuel-core-types v0.40.0
[INFO] [stderr]    Compiling fuel-core-compression v0.40.0 (/opt/rustwide/workdir)
[INFO] [stderr]     Finished `dev` profile [unoptimized + debuginfo] target(s) in 15.20s
[INFO] running `Command { std: "docker" "inspect" "0dd0481ddc2ecec41878fd0b83adeb7df8d675cfe51ebb11979c771926e7be17", kill_on_drop: false }`
[INFO] running `Command { std: "docker" "rm" "-f" "0dd0481ddc2ecec41878fd0b83adeb7df8d675cfe51ebb11979c771926e7be17", kill_on_drop: false }`
[INFO] [stdout] 0dd0481ddc2ecec41878fd0b83adeb7df8d675cfe51ebb11979c771926e7be17
[INFO] running `Command { std: "docker" "create" "-v" "/var/lib/crater-agent-workspace/builds/worker-2-tc1/target:/opt/rustwide/target:rw,Z" "-v" "/var/lib/crater-agent-workspace/builds/worker-2-tc1/source:/opt/rustwide/workdir:ro,Z" "-v" "/var/lib/crater-agent-workspace/cargo-home:/opt/rustwide/cargo-home:ro,Z" "-v" "/var/lib/crater-agent-workspace/rustup-home:/opt/rustwide/rustup-home:ro,Z" "-e" "SOURCE_DIR=/opt/rustwide/workdir" "-e" "CARGO_TARGET_DIR=/opt/rustwide/target" "-e" "CARGO_INCREMENTAL=0" "-e" "RUST_BACKTRACE=full" "-e" "RUSTFLAGS=--cap-lints=forbid" "-e" "RUSTDOCFLAGS=--cap-lints=forbid" "-e" "CARGO_HOME=/opt/rustwide/cargo-home" "-e" "RUSTUP_HOME=/opt/rustwide/rustup-home" "-w" "/opt/rustwide/workdir" "-m" "1610612736" "--user" "0:0" "--network" "none" "ghcr.io/rust-lang/crates-build-env/linux@sha256:4a844ea9eb2546a2d2c7022eacef16ef2e8229c7fbb2c7d4d55a9ceca922f72d" "/opt/rustwide/cargo-home/bin/cargo" "+nightly-2024-10-28" "test" "--frozen" "--no-run" "--message-format=json", kill_on_drop: false }`
[INFO] [stdout] 14b7a53bfbbd973062af47932f5d1177a377ad78f30e72c5cd2307915f54c4ea
[INFO] running `Command { std: "docker" "start" "-a" "14b7a53bfbbd973062af47932f5d1177a377ad78f30e72c5cd2307915f54c4ea", kill_on_drop: false }`
[INFO] [stderr]    Compiling libm v0.2.11
[INFO] [stderr]    Compiling getrandom v0.2.15
[INFO] [stderr]    Compiling zerocopy-derive v0.7.35
[INFO] [stderr]    Compiling darling_core v0.20.10
[INFO] [stderr]    Compiling bitflags v2.6.0
[INFO] [stderr]    Compiling num-traits v0.2.19
[INFO] [stderr]    Compiling postcard v1.0.10
[INFO] [stderr]    Compiling wait-timeout v0.2.0
[INFO] [stderr]    Compiling bit-vec v0.6.3
[INFO] [stderr]    Compiling tokio-macros v2.4.0
[INFO] [stderr]    Compiling unarray v0.1.4
[INFO] [stderr]    Compiling rand_core v0.6.4
[INFO] [stderr]    Compiling fuel-asm v0.58.2
[INFO] [stderr]    Compiling rustix v0.38.38
[INFO] [stderr]    Compiling bit-set v0.5.3
[INFO] [stderr]    Compiling ff v0.13.0
[INFO] [stderr]    Compiling crypto-bigint v0.5.5
[INFO] [stderr]    Compiling signature v2.2.0
[INFO] [stderr]    Compiling rand_xorshift v0.3.0
[INFO] [stderr]    Compiling ed25519 v2.2.3
[INFO] [stderr]    Compiling group v0.13.0
[INFO] [stderr]    Compiling ed25519-dalek v2.1.1
[INFO] [stderr]    Compiling tokio v1.41.0
[INFO] [stderr]    Compiling zerocopy v0.7.35
[INFO] [stderr]    Compiling ahash v0.8.11
[INFO] [stderr]    Compiling ppv-lite86 v0.2.20
[INFO] [stderr]    Compiling hashbrown v0.13.2
[INFO] [stderr]    Compiling hashbrown v0.14.5
[INFO] [stderr]    Compiling rand_chacha v0.3.1
[INFO] [stderr]    Compiling rand v0.8.5
[INFO] [stderr]    Compiling darling_macro v0.20.10
[INFO] [stderr]    Compiling tempfile v3.13.0
[INFO] [stderr]    Compiling elliptic-curve v0.13.8
[INFO] [stderr]    Compiling fuel-merkle v0.58.2
[INFO] [stderr]    Compiling rusty-fork v0.3.0
[INFO] [stderr]    Compiling darling v0.20.10
[INFO] [stderr]    Compiling serde_with_macros v3.11.0
[INFO] [stderr]    Compiling ecdsa v0.16.9
[INFO] [stderr]    Compiling primeorder v0.13.6
[INFO] [stderr]    Compiling proptest v1.5.0
[INFO] [stderr]    Compiling p256 v0.13.2
[INFO] [stderr]    Compiling k256 v0.13.4
[INFO] [stderr]    Compiling serde_with v3.11.0
[INFO] [stderr]    Compiling fuel-crypto v0.58.2
[INFO] [stderr]    Compiling fuel-tx v0.58.2
[INFO] [stderr]    Compiling fuel-vm v0.58.2
[INFO] [stderr]    Compiling fuel-core-types v0.40.0
[INFO] [stderr]    Compiling fuel-core-compression v0.40.0 (/opt/rustwide/workdir)
[INFO] [stdout] error[E0432]: unresolved import `fuel_core_compression`
[INFO] [stdout]   --> src/lib.rs:47:9
[INFO] [stdout]    |
[INFO] [stdout] 47 |     use fuel_core_compression as _;
[INFO] [stdout]    |         ^^^^^^^^^^^^^^^^^^^^^^^^^^ no external crate `fuel_core_compression`
[INFO] [stdout] 
[INFO] [stdout] 
[INFO] [stdout] error[E0433]: failed to resolve: use of undeclared crate or module `rand`
[INFO] [stdout]    --> src/registry.rs:107:6
[INFO] [stdout]     |
[INFO] [stdout] 107 | impl rand::prelude::Distribution<RegistryKeyspace> for rand::distributions::Standard {
[INFO] [stdout]     |      ^^^^ use of undeclared crate or module `rand`
[INFO] [stdout] 
[INFO] [stdout] 
[INFO] [stdout] error[E0433]: failed to resolve: use of undeclared crate or module `rand`
[INFO] [stdout]    --> src/registry.rs:107:56
[INFO] [stdout]     |
[INFO] [stdout] 107 | impl rand::prelude::Distribution<RegistryKeyspace> for rand::distributions::Standard {
[INFO] [stdout]     |                                                        ^^^^ use of undeclared crate or module `rand`
[INFO] [stdout] 
[INFO] [stdout] 
[INFO] [stdout] error[E0433]: failed to resolve: use of undeclared crate or module `rand`
[INFO] [stdout]    --> src/registry.rs:108:18
[INFO] [stdout]     |
[INFO] [stdout] 108 |     fn sample<R: rand::Rng + ?Sized>(&self, rng: &mut R) -> RegistryKeyspace {
[INFO] [stdout]     |                  ^^^^ use of undeclared crate or module `rand`
[INFO] [stdout] 
[INFO] [stdout] 
[INFO] [stdout] Some errors have detailed explanations: E0432, E0433.
[INFO] [stdout] 
[INFO] [stdout] For more information about an error, try `rustc --explain E0432`.
[INFO] [stdout] 
[INFO] [stderr] error: could not compile `fuel-core-compression` (lib test) due to 4 previous errors
[INFO] running `Command { std: "docker" "inspect" "14b7a53bfbbd973062af47932f5d1177a377ad78f30e72c5cd2307915f54c4ea", kill_on_drop: false }`
[INFO] running `Command { std: "docker" "rm" "-f" "14b7a53bfbbd973062af47932f5d1177a377ad78f30e72c5cd2307915f54c4ea", kill_on_drop: false }`
[INFO] [stdout] 14b7a53bfbbd973062af47932f5d1177a377ad78f30e72c5cd2307915f54c4ea
