[INFO] fetching crate fuel-block-producer 0.15.3...
[INFO] testing fuel-block-producer-0.15.3 against nightly-2024-10-28+rustflags=-Zrandomize-layout for randomize-layout
[INFO] extracting crate fuel-block-producer 0.15.3 into /workspace/builds/worker-1-tc2/source
[INFO] validating manifest of crates.io crate fuel-block-producer 0.15.3 on toolchain nightly-2024-10-28
[INFO] running `Command { std: CARGO_HOME="/workspace/cargo-home" RUSTUP_HOME="/workspace/rustup-home" "/workspace/cargo-home/bin/cargo" "+nightly-2024-10-28" "metadata" "--manifest-path" "Cargo.toml" "--no-deps", kill_on_drop: false }`
[INFO] started tweaking crates.io crate fuel-block-producer 0.15.3
[INFO] finished tweaking crates.io crate fuel-block-producer 0.15.3
[INFO] tweaked toml for crates.io crate fuel-block-producer 0.15.3 written to /workspace/builds/worker-1-tc2/source/Cargo.toml
[INFO] running `Command { std: CARGO_HOME="/workspace/cargo-home" RUSTUP_HOME="/workspace/rustup-home" "/workspace/cargo-home/bin/cargo" "+nightly-2024-10-28" "generate-lockfile" "--manifest-path" "Cargo.toml", kill_on_drop: false }`
[INFO] [stderr]     Updating crates.io index
[INFO] [stderr]      Locking 163 packages to latest compatible versions
[INFO] [stderr]       Adding itertools v0.10.5 (available: v0.13.0)
[INFO] [stderr]       Adding rstest v0.15.0 (available: v0.23.0)
[INFO] running `Command { std: CARGO_HOME="/workspace/cargo-home" RUSTUP_HOME="/workspace/rustup-home" "/workspace/cargo-home/bin/cargo" "+nightly-2024-10-28" "fetch" "--manifest-path" "Cargo.toml", kill_on_drop: false }`
[INFO] running `Command { std: "docker" "create" "-v" "/var/lib/crater-agent-workspace/builds/worker-1-tc2/target:/opt/rustwide/target:rw,Z" "-v" "/var/lib/crater-agent-workspace/builds/worker-1-tc2/source:/opt/rustwide/workdir:ro,Z" "-v" "/var/lib/crater-agent-workspace/cargo-home:/opt/rustwide/cargo-home:ro,Z" "-v" "/var/lib/crater-agent-workspace/rustup-home:/opt/rustwide/rustup-home:ro,Z" "-e" "SOURCE_DIR=/opt/rustwide/workdir" "-e" "CARGO_TARGET_DIR=/opt/rustwide/target" "-e" "CARGO_HOME=/opt/rustwide/cargo-home" "-e" "RUSTUP_HOME=/opt/rustwide/rustup-home" "-w" "/opt/rustwide/workdir" "-m" "1610612736" "--user" "0:0" "--network" "none" "ghcr.io/rust-lang/crates-build-env/linux@sha256:4a844ea9eb2546a2d2c7022eacef16ef2e8229c7fbb2c7d4d55a9ceca922f72d" "/opt/rustwide/cargo-home/bin/cargo" "+nightly-2024-10-28" "metadata" "--no-deps" "--format-version=1", kill_on_drop: false }`
[INFO] [stdout] 862e47401ebca3df6458c1f2578675506d852f6c3cc8ca22dbd0c12e5e6d8ff0
[INFO] running `Command { std: "docker" "start" "-a" "862e47401ebca3df6458c1f2578675506d852f6c3cc8ca22dbd0c12e5e6d8ff0", kill_on_drop: false }`
[INFO] running `Command { std: "docker" "inspect" "862e47401ebca3df6458c1f2578675506d852f6c3cc8ca22dbd0c12e5e6d8ff0", kill_on_drop: false }`
[INFO] running `Command { std: "docker" "rm" "-f" "862e47401ebca3df6458c1f2578675506d852f6c3cc8ca22dbd0c12e5e6d8ff0", kill_on_drop: false }`
[INFO] [stdout] 862e47401ebca3df6458c1f2578675506d852f6c3cc8ca22dbd0c12e5e6d8ff0
[INFO] running `Command { std: "docker" "create" "-v" "/var/lib/crater-agent-workspace/builds/worker-1-tc2/target:/opt/rustwide/target:rw,Z" "-v" "/var/lib/crater-agent-workspace/builds/worker-1-tc2/source:/opt/rustwide/workdir:ro,Z" "-v" "/var/lib/crater-agent-workspace/cargo-home:/opt/rustwide/cargo-home:ro,Z" "-v" "/var/lib/crater-agent-workspace/rustup-home:/opt/rustwide/rustup-home:ro,Z" "-e" "SOURCE_DIR=/opt/rustwide/workdir" "-e" "CARGO_TARGET_DIR=/opt/rustwide/target" "-e" "CARGO_INCREMENTAL=0" "-e" "RUST_BACKTRACE=full" "-e" "RUSTFLAGS=--cap-lints=forbid -Zrandomize-layout" "-e" "RUSTDOCFLAGS=--cap-lints=forbid" "-e" "CARGO_HOME=/opt/rustwide/cargo-home" "-e" "RUSTUP_HOME=/opt/rustwide/rustup-home" "-w" "/opt/rustwide/workdir" "-m" "1610612736" "--user" "0:0" "--network" "none" "ghcr.io/rust-lang/crates-build-env/linux@sha256:4a844ea9eb2546a2d2c7022eacef16ef2e8229c7fbb2c7d4d55a9ceca922f72d" "/opt/rustwide/cargo-home/bin/cargo" "+nightly-2024-10-28" "build" "--frozen" "--message-format=json", kill_on_drop: false }`
[INFO] [stdout] d0c125d832c66c3751898c484eceffa8e44ac0dc74f35904f914d7b4a70ba70b
[INFO] running `Command { std: "docker" "start" "-a" "d0c125d832c66c3751898c484eceffa8e44ac0dc74f35904f914d7b4a70ba70b", kill_on_drop: false }`
[INFO] [stderr]    Compiling libc v0.2.161
[INFO] [stderr]    Compiling typenum v1.17.0
[INFO] [stderr]    Compiling generic-array v0.14.7
[INFO] [stderr]    Compiling subtle v2.6.1
[INFO] [stderr]    Compiling byteorder v1.5.0
[INFO] [stderr]    Compiling base64ct v1.6.0
[INFO] [stderr]    Compiling const-oid v0.9.6
[INFO] [stderr]    Compiling byte-tools v0.3.1
[INFO] [stderr]    Compiling serde v1.0.214
[INFO] [stderr]    Compiling cpufeatures v0.2.14
[INFO] [stderr]    Compiling base16ct v0.1.1
[INFO] [stderr]    Compiling opaque-debug v0.2.3
[INFO] [stderr]    Compiling fake-simd v0.1.2
[INFO] [stderr]    Compiling syn v2.0.86
[INFO] [stderr]    Compiling keccak v0.1.5
[INFO] [stderr]    Compiling base58 v0.1.0
[INFO] [stderr]    Compiling block-padding v0.1.5
[INFO] [stderr]    Compiling hex v0.4.3
[INFO] [stderr]    Compiling secp256k1-sys v0.6.1
[INFO] [stderr]    Compiling ahash v0.7.8
[INFO] [stderr]    Compiling base64 v0.12.3
[INFO] [stderr]    Compiling either v1.13.0
[INFO] [stderr]    Compiling bech32 v0.7.3
[INFO] [stderr]    Compiling num-traits v0.2.19
[INFO] [stderr]    Compiling radium v0.3.0
[INFO] [stderr]    Compiling syn v1.0.109
[INFO] [stderr]    Compiling lazy_static v1.5.0
[INFO] [stderr]    Compiling bs58 v0.4.0
[INFO] [stderr]    Compiling borrown v0.1.0
[INFO] [stderr]    Compiling smallvec v1.13.2
[INFO] [stderr]    Compiling fuel-storage v0.3.0
[INFO] [stderr]    Compiling convert_case v0.4.0
[INFO] [stderr]    Compiling bytes v1.8.0
[INFO] [stderr]    Compiling bitvec v0.17.4
[INFO] [stderr]    Compiling itertools v0.10.5
[INFO] [stderr]    Compiling num-integer v0.1.46
[INFO] [stderr]    Compiling getrandom v0.2.15
[INFO] [stderr]    Compiling parking_lot_core v0.9.10
[INFO] [stderr]    Compiling socket2 v0.5.7
[INFO] [stderr]    Compiling mio v1.0.2
[INFO] [stderr]    Compiling signal-hook-registry v1.4.2
[INFO] [stderr]    Compiling generic-array v0.12.4
[INFO] [stderr]    Compiling rand_core v0.6.4
[INFO] [stderr]    Compiling parking_lot v0.12.3
[INFO] [stderr]    Compiling block-buffer v0.7.3
[INFO] [stderr]    Compiling digest v0.8.1
[INFO] [stderr]    Compiling ff v0.12.1
[INFO] [stderr]    Compiling password-hash v0.4.2
[INFO] [stderr]    Compiling sha2 v0.8.2
[INFO] [stderr]    Compiling hashbrown v0.12.3
[INFO] [stderr]    Compiling group v0.12.1
[INFO] [stderr]    Compiling base58check v0.1.0
[INFO] [stderr]    Compiling block-buffer v0.10.4
[INFO] [stderr]    Compiling crypto-common v0.1.6
[INFO] [stderr]    Compiling digest v0.10.7
[INFO] [stderr]    Compiling hmac v0.12.1
[INFO] [stderr]    Compiling sha2 v0.10.8
[INFO] [stderr]    Compiling signature v1.6.4
[INFO] [stderr]    Compiling ripemd v0.1.3
[INFO] [stderr]    Compiling sha3 v0.10.8
[INFO] [stderr]    Compiling blake2 v0.10.6
[INFO] [stderr]    Compiling pbkdf2 v0.11.0
[INFO] [stderr]    Compiling derivative v2.2.0
[INFO] [stderr]    Compiling zeroize_derive v1.4.2
[INFO] [stderr]    Compiling zerocopy-derive v0.7.35
[INFO] [stderr]    Compiling serde_derive v1.0.214
[INFO] [stderr]    Compiling thiserror-impl v1.0.66
[INFO] [stderr]    Compiling tracing-attributes v0.1.27
[INFO] [stderr]    Compiling tokio-macros v2.4.0
[INFO] [stderr]    Compiling derive_more v0.99.18
[INFO] [stderr]    Compiling async-trait v0.1.83
[INFO] [stderr]    Compiling zeroize v1.8.1
[INFO] [stderr]    Compiling tokio v1.41.0
[INFO] [stderr]    Compiling zerocopy v0.7.35
[INFO] [stderr]    Compiling der v0.6.1
[INFO] [stderr]    Compiling crypto-bigint v0.4.9
[INFO] [stderr]    Compiling secrecy v0.8.0
[INFO] [stderr]    Compiling thiserror v1.0.66
[INFO] [stderr]    Compiling fuel-merkle v0.4.1
[INFO] [stderr]    Compiling tracing v0.1.40
[INFO] [stderr]    Compiling ppv-lite86 v0.2.20
[INFO] [stderr]    Compiling rfc6979 v0.3.1
[INFO] [stderr]    Compiling spki v0.6.0
[INFO] [stderr]    Compiling pkcs8 v0.9.0
[INFO] [stderr]    Compiling rand_chacha v0.3.1
[INFO] [stderr]    Compiling sec1 v0.3.0
[INFO] [stderr]    Compiling rand v0.8.5
[INFO] [stderr]    Compiling elliptic-curve v0.12.3
[INFO] [stderr]    Compiling ecdsa v0.14.8
[INFO] [stderr]    Compiling fuel-types v0.5.3
[INFO] [stderr]    Compiling secp256k1 v0.24.3
[INFO] [stderr]    Compiling k256 v0.11.6
[INFO] [stderr]    Compiling fuel-asm v0.10.0
[INFO] [stderr]    Compiling coins-core v0.7.0
[INFO] [stderr]    Compiling bincode v1.3.3
[INFO] [stderr]    Compiling tai64 v4.1.0
[INFO] [stderr]    Compiling coins-bip32 v0.7.0
[INFO] [stderr]    Compiling coins-bip39 v0.7.0
[INFO] [stderr]    Compiling fuel-crypto v0.6.2
[INFO] [stderr]    Compiling fuel-tx v0.23.1
[INFO] [stderr]    Compiling fuel-vm v0.22.7
[INFO] [stderr]    Compiling fuel-core-interfaces v0.15.3
[INFO] [stderr]    Compiling fuel-block-producer v0.15.3 (/opt/rustwide/workdir)
[INFO] [stderr]     Finished `dev` profile [unoptimized + debuginfo] target(s) in 11.73s
[INFO] running `Command { std: "docker" "inspect" "d0c125d832c66c3751898c484eceffa8e44ac0dc74f35904f914d7b4a70ba70b", kill_on_drop: false }`
[INFO] running `Command { std: "docker" "rm" "-f" "d0c125d832c66c3751898c484eceffa8e44ac0dc74f35904f914d7b4a70ba70b", kill_on_drop: false }`
[INFO] [stdout] d0c125d832c66c3751898c484eceffa8e44ac0dc74f35904f914d7b4a70ba70b
[INFO] running `Command { std: "docker" "create" "-v" "/var/lib/crater-agent-workspace/builds/worker-1-tc2/target:/opt/rustwide/target:rw,Z" "-v" "/var/lib/crater-agent-workspace/builds/worker-1-tc2/source:/opt/rustwide/workdir:ro,Z" "-v" "/var/lib/crater-agent-workspace/cargo-home:/opt/rustwide/cargo-home:ro,Z" "-v" "/var/lib/crater-agent-workspace/rustup-home:/opt/rustwide/rustup-home:ro,Z" "-e" "SOURCE_DIR=/opt/rustwide/workdir" "-e" "CARGO_TARGET_DIR=/opt/rustwide/target" "-e" "CARGO_INCREMENTAL=0" "-e" "RUST_BACKTRACE=full" "-e" "RUSTFLAGS=--cap-lints=forbid -Zrandomize-layout" "-e" "RUSTDOCFLAGS=--cap-lints=forbid" "-e" "CARGO_HOME=/opt/rustwide/cargo-home" "-e" "RUSTUP_HOME=/opt/rustwide/rustup-home" "-w" "/opt/rustwide/workdir" "-m" "1610612736" "--user" "0:0" "--network" "none" "ghcr.io/rust-lang/crates-build-env/linux@sha256:4a844ea9eb2546a2d2c7022eacef16ef2e8229c7fbb2c7d4d55a9ceca922f72d" "/opt/rustwide/cargo-home/bin/cargo" "+nightly-2024-10-28" "test" "--frozen" "--no-run" "--message-format=json", kill_on_drop: false }`
[INFO] [stdout] c19ef8cae2c9839d0c0030dfe8dd5fa94f2ce65271c8630708cdcc8ffafc0be6
[INFO] running `Command { std: "docker" "start" "-a" "c19ef8cae2c9839d0c0030dfe8dd5fa94f2ce65271c8630708cdcc8ffafc0be6", kill_on_drop: false }`
[INFO] [stderr]    Compiling syn v1.0.109
[INFO] [stderr]    Compiling semver v1.0.23
[INFO] [stderr]    Compiling futures-macro v0.3.31
[INFO] [stderr]    Compiling futures-timer v3.0.3
[INFO] [stderr]    Compiling rustc_version v0.4.1
[INFO] [stderr]    Compiling futures-util v0.3.31
[INFO] [stderr]    Compiling rstest_macros v0.14.0
[INFO] [stderr]    Compiling futures-executor v0.3.31
[INFO] [stderr]    Compiling futures v0.3.31
[INFO] [stderr]    Compiling derivative v2.2.0
[INFO] [stderr]    Compiling fuel-tx v0.23.1
[INFO] [stderr]    Compiling rstest v0.15.0
[INFO] [stderr]    Compiling fuel-vm v0.22.7
[INFO] [stderr]    Compiling fuel-core-interfaces v0.15.3
[INFO] [stderr]    Compiling fuel-block-producer v0.15.3 (/opt/rustwide/workdir)
[INFO] [stdout] error[E0432]: unresolved import `fuel_block_producer::mocks`
[INFO] [stdout]   --> tests/integration.rs:4:5
[INFO] [stdout]    |
[INFO] [stdout] 4  |     mocks::{
[INFO] [stdout]    |     ^^^^^ could not find `mocks` in `fuel_block_producer`
[INFO] [stdout]    |
[INFO] [stdout] note: found an item that was configured out
[INFO] [stdout]   --> /opt/rustwide/workdir/src/lib.rs:12:9
[INFO] [stdout]    |
[INFO] [stdout] 12 | pub mod mocks;
[INFO] [stdout]    |         ^^^^^
[INFO] [stdout] note: the item is gated here
[INFO] [stdout]   --> /opt/rustwide/workdir/src/lib.rs:11:1
[INFO] [stdout]    |
[INFO] [stdout] 11 | #[cfg(any(test, feature = "test-helpers"))]
[INFO] [stdout]    | ^^^^^^^^^^^^^^^^^^^^^^^^^^^^^^^^^^^^^^^^^^^
[INFO] [stdout] 
[INFO] [stdout] 
[INFO] [stdout] error[E0433]: failed to resolve: use of undeclared crate or module `fuel_txpool`
[INFO] [stdout]   --> tests/integration.rs:45:5
[INFO] [stdout]    |
[INFO] [stdout] 45 | use fuel_txpool::{
[INFO] [stdout]    |     ^^^^^^^^^^^ use of undeclared crate or module `fuel_txpool`
[INFO] [stdout] 
[INFO] [stdout] 
[INFO] [stdout] error[E0432]: unresolved import `fuel_core_interfaces::common::fuel_tx::TransactionBuilder`
[INFO] [stdout]   --> tests/integration.rs:26:13
[INFO] [stdout]    |
[INFO] [stdout] 26 |             TransactionBuilder,
[INFO] [stdout]    |             ^^^^^^^^^^^^^^^^^^
[INFO] [stdout]    |             |
[INFO] [stdout]    |             no `TransactionBuilder` in the root
[INFO] [stdout]    |             help: a similar name exists in the module: `TransactionFee`
[INFO] [stdout]    |
[INFO] [stdout] note: found an item that was configured out
[INFO] [stdout]   --> /opt/rustwide/cargo-home/registry/src/index.crates.io-6f17d22bba15001f/fuel-tx-0.23.1/src/lib.rs:38:30
[INFO] [stdout]    |
[INFO] [stdout] 38 | pub use builder::{Buildable, TransactionBuilder};
[INFO] [stdout]    |                              ^^^^^^^^^^^^^^^^^^
[INFO] [stdout] note: the item is gated behind the `builder` feature
[INFO] [stdout]   --> /opt/rustwide/cargo-home/registry/src/index.crates.io-6f17d22bba15001f/fuel-tx-0.23.1/src/lib.rs:37:7
[INFO] [stdout]    |
[INFO] [stdout] 37 | #[cfg(feature = "builder")]
[INFO] [stdout]    |       ^^^^^^^^^^^^^^^^^^^
[INFO] [stdout] 
[INFO] [stdout] 
[INFO] [stdout] error[E0432]: unresolved import `fuel_txpool`
[INFO] [stdout]   --> tests/integration.rs:45:5
[INFO] [stdout]    |
[INFO] [stdout] 45 | use fuel_txpool::{
[INFO] [stdout]    |     ^^^^^^^^^^^ use of undeclared crate or module `fuel_txpool`
[INFO] [stdout] 
[INFO] [stdout] 
[INFO] [stdout] error[E0432]: unresolved import `fuel_core_interfaces::common::fuel_tx::TransactionBuilder`
[INFO] [stdout]   --> src/adapters/transaction_selector.rs:59:13
[INFO] [stdout]    |
[INFO] [stdout] 59 |             TransactionBuilder,
[INFO] [stdout]    |             ^^^^^^^^^^^^^^^^^^
[INFO] [stdout]    |             |
[INFO] [stdout]    |             no `TransactionBuilder` in the root
[INFO] [stdout]    |             help: a similar name exists in the module: `TransactionFee`
[INFO] [stdout]    |
[INFO] [stdout] note: found an item that was configured out
[INFO] [stdout]   --> /opt/rustwide/cargo-home/registry/src/index.crates.io-6f17d22bba15001f/fuel-tx-0.23.1/src/lib.rs:38:30
[INFO] [stdout]    |
[INFO] [stdout] 38 | pub use builder::{Buildable, TransactionBuilder};
[INFO] [stdout]    |                              ^^^^^^^^^^^^^^^^^^
[INFO] [stdout] note: the item is gated behind the `builder` feature
[INFO] [stdout]   --> /opt/rustwide/cargo-home/registry/src/index.crates.io-6f17d22bba15001f/fuel-tx-0.23.1/src/lib.rs:37:7
[INFO] [stdout]    |
[INFO] [stdout] 37 | #[cfg(feature = "builder")]
[INFO] [stdout]    |       ^^^^^^^^^^^^^^^^^^^
[INFO] [stdout] 
[INFO] [stdout] 
[INFO] [stdout] error[E0599]: no function or associated item named `default` found for struct `FuelBlockDb` in the current scope
[INFO] [stdout]    --> tests/integration.rs:152:45
[INFO] [stdout]     |
[INFO] [stdout] 152 |             vec![(0u32.into(), FuelBlockDb::default())]
[INFO] [stdout]     |                                             ^^^^^^^ function or associated item not found in `FuelBlockDb`
[INFO] [stdout] 
[INFO] [stdout] 
[INFO] [stdout] Some errors have detailed explanations: E0432, E0433, E0599.
[INFO] [stdout] 
[INFO] [stdout] For more information about an error, try `rustc --explain E0432`.
[INFO] [stdout] 
[INFO] [stderr] error: could not compile `fuel-block-producer` (test "integration") due to 5 previous errors
[INFO] [stderr] warning: build failed, waiting for other jobs to finish...
[INFO] [stdout] error[E0277]: the trait bound `FuelConsensusHeader<model::block::GeneratedConsensusFields>: Default` is not satisfied
[INFO] [stdout]   --> src/block_producer/tests.rs:71:19
[INFO] [stdout]    |
[INFO] [stdout] 71 |                 ..Default::default()
[INFO] [stdout]    |                   ^^^^^^^^^^^^^^^^^^ the trait `Default` is not implemented for `FuelConsensusHeader<model::block::GeneratedConsensusFields>`
[INFO] [stdout] 
[INFO] [stdout] 
[INFO] [stdout] error[E0277]: the trait bound `FuelBlockHeader: Default` is not satisfied
[INFO] [stdout]   --> src/block_producer/tests.rs:73:15
[INFO] [stdout]    |
[INFO] [stdout] 73 |             ..Default::default()
[INFO] [stdout]    |               ^^^^^^^^^^^^^^^^^^ the trait `Default` is not implemented for `FuelBlockHeader`
[INFO] [stdout] 
[INFO] [stdout] 
[INFO] [stdout] error[E0277]: the trait bound `FuelApplicationHeader<model::block::GeneratedApplicationFields>: Default` is not satisfied
[INFO] [stdout]    --> src/block_producer/tests.rs:124:19
[INFO] [stdout]     |
[INFO] [stdout] 124 |                 ..Default::default()
[INFO] [stdout]     |                   ^^^^^^^^^^^^^^^^^^ the trait `Default` is not implemented for `FuelApplicationHeader<model::block::GeneratedApplicationFields>`
[INFO] [stdout] 
[INFO] [stdout] 
[INFO] [stdout] error[E0277]: the trait bound `FuelConsensusHeader<model::block::GeneratedConsensusFields>: Default` is not satisfied
[INFO] [stdout]    --> src/block_producer/tests.rs:128:19
[INFO] [stdout]     |
[INFO] [stdout] 128 |                 ..Default::default()
[INFO] [stdout]     |                   ^^^^^^^^^^^^^^^^^^ the trait `Default` is not implemented for `FuelConsensusHeader<model::block::GeneratedConsensusFields>`
[INFO] [stdout] 
[INFO] [stdout] 
[INFO] [stdout] error[E0277]: the trait bound `FuelBlockHeader: Default` is not satisfied
[INFO] [stdout]    --> src/block_producer/tests.rs:130:15
[INFO] [stdout]     |
[INFO] [stdout] 130 |             ..Default::default()
[INFO] [stdout]     |               ^^^^^^^^^^^^^^^^^^ the trait `Default` is not implemented for `FuelBlockHeader`
[INFO] [stdout] 
[INFO] [stdout] 
[INFO] [stdout] error[E0599]: no function or associated item named `default` found for struct `FuelBlockDb` in the current scope
[INFO] [stdout]    --> src/block_producer/tests.rs:208:42
[INFO] [stdout]     |
[INFO] [stdout] 208 |         let genesis_block = FuelBlockDb::default();
[INFO] [stdout]     |                                          ^^^^^^^ function or associated item not found in `FuelBlockDb`
[INFO] [stdout] 
[INFO] [stdout] 
[INFO] [stdout] Some errors have detailed explanations: E0277, E0432, E0599.
[INFO] [stdout] 
[INFO] [stdout] For more information about an error, try `rustc --explain E0277`.
[INFO] [stdout] 
[INFO] [stderr] error: could not compile `fuel-block-producer` (lib test) due to 7 previous errors
[INFO] running `Command { std: "docker" "inspect" "c19ef8cae2c9839d0c0030dfe8dd5fa94f2ce65271c8630708cdcc8ffafc0be6", kill_on_drop: false }`
[INFO] running `Command { std: "docker" "rm" "-f" "c19ef8cae2c9839d0c0030dfe8dd5fa94f2ce65271c8630708cdcc8ffafc0be6", kill_on_drop: false }`
[INFO] [stdout] c19ef8cae2c9839d0c0030dfe8dd5fa94f2ce65271c8630708cdcc8ffafc0be6
