[INFO] fetching crate ftl-jiter 0.6.0...
[INFO] testing ftl-jiter-0.6.0 against nightly-2024-10-28+rustflags=-Zrandomize-layout for randomize-layout
[INFO] extracting crate ftl-jiter 0.6.0 into /workspace/builds/worker-4-tc2/source
[INFO] validating manifest of crates.io crate ftl-jiter 0.6.0 on toolchain nightly-2024-10-28
[INFO] running `Command { std: CARGO_HOME="/workspace/cargo-home" RUSTUP_HOME="/workspace/rustup-home" "/workspace/cargo-home/bin/cargo" "+nightly-2024-10-28" "metadata" "--manifest-path" "Cargo.toml" "--no-deps", kill_on_drop: false }`
[INFO] started tweaking crates.io crate ftl-jiter 0.6.0
[INFO] removed 0 missing tests
[INFO] finished tweaking crates.io crate ftl-jiter 0.6.0
[INFO] tweaked toml for crates.io crate ftl-jiter 0.6.0 written to /workspace/builds/worker-4-tc2/source/Cargo.toml
[INFO] running `Command { std: CARGO_HOME="/workspace/cargo-home" RUSTUP_HOME="/workspace/rustup-home" "/workspace/cargo-home/bin/cargo" "+nightly-2024-10-28" "generate-lockfile" "--manifest-path" "Cargo.toml", kill_on_drop: false }`
[INFO] [stderr]     Updating crates.io index
[INFO] [stderr]      Locking 62 packages to latest compatible versions
[INFO] [stderr]       Adding lexical-parse-float v0.8.5 (available: v1.0.2)
[INFO] running `Command { std: CARGO_HOME="/workspace/cargo-home" RUSTUP_HOME="/workspace/rustup-home" "/workspace/cargo-home/bin/cargo" "+nightly-2024-10-28" "fetch" "--manifest-path" "Cargo.toml", kill_on_drop: false }`
[INFO] running `Command { std: "docker" "create" "-v" "/var/lib/crater-agent-workspace/builds/worker-4-tc2/target:/opt/rustwide/target:rw,Z" "-v" "/var/lib/crater-agent-workspace/builds/worker-4-tc2/source:/opt/rustwide/workdir:ro,Z" "-v" "/var/lib/crater-agent-workspace/cargo-home:/opt/rustwide/cargo-home:ro,Z" "-v" "/var/lib/crater-agent-workspace/rustup-home:/opt/rustwide/rustup-home:ro,Z" "-e" "SOURCE_DIR=/opt/rustwide/workdir" "-e" "CARGO_TARGET_DIR=/opt/rustwide/target" "-e" "CARGO_HOME=/opt/rustwide/cargo-home" "-e" "RUSTUP_HOME=/opt/rustwide/rustup-home" "-w" "/opt/rustwide/workdir" "-m" "1610612736" "--user" "0:0" "--network" "none" "ghcr.io/rust-lang/crates-build-env/linux@sha256:4a844ea9eb2546a2d2c7022eacef16ef2e8229c7fbb2c7d4d55a9ceca922f72d" "/opt/rustwide/cargo-home/bin/cargo" "+nightly-2024-10-28" "metadata" "--no-deps" "--format-version=1", kill_on_drop: false }`
[INFO] [stdout] 4410e299120ee4fee44a1ba06585f1c96b59a62b2ddf35a9bd3b328b87ed6a31
[INFO] running `Command { std: "docker" "start" "-a" "4410e299120ee4fee44a1ba06585f1c96b59a62b2ddf35a9bd3b328b87ed6a31", kill_on_drop: false }`
[INFO] running `Command { std: "docker" "inspect" "4410e299120ee4fee44a1ba06585f1c96b59a62b2ddf35a9bd3b328b87ed6a31", kill_on_drop: false }`
[INFO] running `Command { std: "docker" "rm" "-f" "4410e299120ee4fee44a1ba06585f1c96b59a62b2ddf35a9bd3b328b87ed6a31", kill_on_drop: false }`
[INFO] [stdout] 4410e299120ee4fee44a1ba06585f1c96b59a62b2ddf35a9bd3b328b87ed6a31
[INFO] running `Command { std: "docker" "create" "-v" "/var/lib/crater-agent-workspace/builds/worker-4-tc2/target:/opt/rustwide/target:rw,Z" "-v" "/var/lib/crater-agent-workspace/builds/worker-4-tc2/source:/opt/rustwide/workdir:ro,Z" "-v" "/var/lib/crater-agent-workspace/cargo-home:/opt/rustwide/cargo-home:ro,Z" "-v" "/var/lib/crater-agent-workspace/rustup-home:/opt/rustwide/rustup-home:ro,Z" "-e" "SOURCE_DIR=/opt/rustwide/workdir" "-e" "CARGO_TARGET_DIR=/opt/rustwide/target" "-e" "CARGO_INCREMENTAL=0" "-e" "RUST_BACKTRACE=full" "-e" "RUSTFLAGS=--cap-lints=forbid -Zrandomize-layout" "-e" "RUSTDOCFLAGS=--cap-lints=forbid" "-e" "CARGO_HOME=/opt/rustwide/cargo-home" "-e" "RUSTUP_HOME=/opt/rustwide/rustup-home" "-w" "/opt/rustwide/workdir" "-m" "1610612736" "--user" "0:0" "--network" "none" "ghcr.io/rust-lang/crates-build-env/linux@sha256:4a844ea9eb2546a2d2c7022eacef16ef2e8229c7fbb2c7d4d55a9ceca922f72d" "/opt/rustwide/cargo-home/bin/cargo" "+nightly-2024-10-28" "build" "--frozen" "--message-format=json", kill_on_drop: false }`
[INFO] [stdout] 53112da57d11d5d2a4c197a262868097828946ca3f4f032e04693ad3d27ae95a
[INFO] running `Command { std: "docker" "start" "-a" "53112da57d11d5d2a4c197a262868097828946ca3f4f032e04693ad3d27ae95a", kill_on_drop: false }`
[INFO] [stderr]    Compiling target-lexicon v0.12.16
[INFO] [stderr]    Compiling once_cell v1.20.2
[INFO] [stderr]    Compiling autocfg v1.4.0
[INFO] [stderr]    Compiling proc-macro2 v1.0.89
[INFO] [stderr]    Compiling libc v0.2.161
[INFO] [stderr]    Compiling unicode-ident v1.0.13
[INFO] [stderr]    Compiling radium v0.7.0
[INFO] [stderr]    Compiling heck v0.5.0
[INFO] [stderr]    Compiling cfg-if v1.0.0
[INFO] [stderr]    Compiling static_assertions v1.1.0
[INFO] [stderr]    Compiling version_check v0.9.5
[INFO] [stderr]    Compiling lexical-util v0.8.5
[INFO] [stderr]    Compiling tap v1.0.1
[INFO] [stderr]    Compiling wyz v0.5.1
[INFO] [stderr]    Compiling num-traits v0.2.19
[INFO] [stderr]    Compiling memoffset v0.9.1
[INFO] [stderr]    Compiling ahash v0.8.11
[INFO] [stderr]    Compiling quote v1.0.37
[INFO] [stderr]    Compiling indoc v2.0.5
[INFO] [stderr]    Compiling pyo3-build-config v0.22.5
[INFO] [stderr]    Compiling zerocopy v0.7.35
[INFO] [stderr]    Compiling syn v2.0.86
[INFO] [stderr]    Compiling ftl-jiter v0.6.0 (/opt/rustwide/workdir)
[INFO] [stderr]    Compiling funty v2.0.0
[INFO] [stderr]    Compiling unindent v0.2.3
[INFO] [stderr]    Compiling smallvec v1.13.2
[INFO] [stderr]    Compiling getrandom v0.2.15
[INFO] [stderr]    Compiling lexical-parse-integer v0.8.6
[INFO] [stderr]    Compiling bitvec v1.0.1
[INFO] [stderr]    Compiling lexical-parse-float v0.8.5
[INFO] [stderr]    Compiling num-integer v0.1.46
[INFO] [stderr]    Compiling num-bigint v0.4.6
[INFO] [stderr]    Compiling pyo3-macros-backend v0.22.5
[INFO] [stderr]    Compiling pyo3-ffi v0.22.5
[INFO] [stderr]    Compiling pyo3 v0.22.5
[INFO] [stderr]    Compiling pyo3-macros v0.22.5
[INFO] [stderr]     Finished `dev` profile [unoptimized + debuginfo] target(s) in 25.36s
[INFO] running `Command { std: "docker" "inspect" "53112da57d11d5d2a4c197a262868097828946ca3f4f032e04693ad3d27ae95a", kill_on_drop: false }`
[INFO] running `Command { std: "docker" "rm" "-f" "53112da57d11d5d2a4c197a262868097828946ca3f4f032e04693ad3d27ae95a", kill_on_drop: false }`
[INFO] [stdout] 53112da57d11d5d2a4c197a262868097828946ca3f4f032e04693ad3d27ae95a
[INFO] running `Command { std: "docker" "create" "-v" "/var/lib/crater-agent-workspace/builds/worker-4-tc2/target:/opt/rustwide/target:rw,Z" "-v" "/var/lib/crater-agent-workspace/builds/worker-4-tc2/source:/opt/rustwide/workdir:ro,Z" "-v" "/var/lib/crater-agent-workspace/cargo-home:/opt/rustwide/cargo-home:ro,Z" "-v" "/var/lib/crater-agent-workspace/rustup-home:/opt/rustwide/rustup-home:ro,Z" "-e" "SOURCE_DIR=/opt/rustwide/workdir" "-e" "CARGO_TARGET_DIR=/opt/rustwide/target" "-e" "CARGO_INCREMENTAL=0" "-e" "RUST_BACKTRACE=full" "-e" "RUSTFLAGS=--cap-lints=forbid -Zrandomize-layout" "-e" "RUSTDOCFLAGS=--cap-lints=forbid" "-e" "CARGO_HOME=/opt/rustwide/cargo-home" "-e" "RUSTUP_HOME=/opt/rustwide/rustup-home" "-w" "/opt/rustwide/workdir" "-m" "1610612736" "--user" "0:0" "--network" "none" "ghcr.io/rust-lang/crates-build-env/linux@sha256:4a844ea9eb2546a2d2c7022eacef16ef2e8229c7fbb2c7d4d55a9ceca922f72d" "/opt/rustwide/cargo-home/bin/cargo" "+nightly-2024-10-28" "test" "--frozen" "--no-run" "--message-format=json", kill_on_drop: false }`
[INFO] [stdout] 1b9f1efb9064e6fb6885a2bebf581750b24fe962979779fb708de25bcb2893d1
[INFO] running `Command { std: "docker" "start" "-a" "1b9f1efb9064e6fb6885a2bebf581750b24fe962979779fb708de25bcb2893d1", kill_on_drop: false }`
[INFO] [stderr]    Compiling serde v1.0.214
[INFO] [stderr]    Compiling hashbrown v0.15.0
[INFO] [stderr]    Compiling equivalent v1.0.1
[INFO] [stderr]    Compiling serde_json v1.0.132
[INFO] [stderr]    Compiling pyo3 v0.22.5
[INFO] [stderr]    Compiling memchr v2.7.4
[INFO] [stderr]    Compiling lazy_static v1.5.0
[INFO] [stderr]    Compiling ryu v1.0.18
[INFO] [stderr]    Compiling itoa v1.0.11
[INFO] [stderr]    Compiling colored v2.1.0
[INFO] [stderr]    Compiling paste v1.0.15
[INFO] [stderr]    Compiling codspeed-bencher-compat v2.7.2
[INFO] [stderr]    Compiling bencher v0.1.5
[INFO] [stderr]    Compiling indexmap v2.6.0
[INFO] [stderr]    Compiling ftl-jiter v0.6.0 (/opt/rustwide/workdir)
[INFO] [stderr]    Compiling codspeed v2.7.2
[INFO] [stdout] error[E0432]: unresolved import `jiter`
[INFO] [stdout]   --> tests/main.rs:11:5
[INFO] [stdout]    |
[INFO] [stdout] 11 | use jiter::{
[INFO] [stdout]    |     ^^^^^ use of undeclared crate or module `jiter`
[INFO] [stdout] 
[INFO] [stdout] 
[INFO] [stdout] error[E0689]: can't call method `abs` on ambiguous numeric type `{float}`
[INFO] [stdout]    --> tests/main.rs:574:53
[INFO] [stdout]     |
[INFO] [stdout] 574 |         JsonValue::Float(v) => assert!((0.1234 - v).abs() < 1e-6),
[INFO] [stdout]     |                                                     ^^^
[INFO] [stdout] 
[INFO] [stdout] 
[INFO] [stdout] error[E0689]: can't call method `abs` on ambiguous numeric type `{float}`
[INFO] [stdout]    --> tests/main.rs:583:52
[INFO] [stdout]     |
[INFO] [stdout] 583 |         JsonValue::Float(v) => assert!((120.0 - v).abs() < 1e-3),
[INFO] [stdout]     |                                                    ^^^
[INFO] [stdout] 
[INFO] [stdout] 
[INFO] [stdout] Some errors have detailed explanations: E0432, E0689.
[INFO] [stdout] 
[INFO] [stdout] For more information about an error, try `rustc --explain E0432`.
[INFO] [stdout] 
[INFO] [stderr] error: could not compile `ftl-jiter` (test "main") due to 3 previous errors
[INFO] running `Command { std: "docker" "inspect" "1b9f1efb9064e6fb6885a2bebf581750b24fe962979779fb708de25bcb2893d1", kill_on_drop: false }`
[INFO] running `Command { std: "docker" "rm" "-f" "1b9f1efb9064e6fb6885a2bebf581750b24fe962979779fb708de25bcb2893d1", kill_on_drop: false }`
[INFO] [stdout] 1b9f1efb9064e6fb6885a2bebf581750b24fe962979779fb708de25bcb2893d1
