[INFO] fetching crate ft5336 0.2.0...
[INFO] testing ft5336-0.2.0 against nightly-2024-10-28+rustflags=-Zrandomize-layout for randomize-layout
[INFO] extracting crate ft5336 0.2.0 into /workspace/builds/worker-4-tc2/source
[INFO] validating manifest of crates.io crate ft5336 0.2.0 on toolchain nightly-2024-10-28
[INFO] running `Command { std: CARGO_HOME="/workspace/cargo-home" RUSTUP_HOME="/workspace/rustup-home" "/workspace/cargo-home/bin/cargo" "+nightly-2024-10-28" "metadata" "--manifest-path" "Cargo.toml" "--no-deps", kill_on_drop: false }`
[INFO] removed /workspace/builds/worker-4-tc2/source/.cargo/config.toml
[INFO] started tweaking crates.io crate ft5336 0.2.0
[INFO] finished tweaking crates.io crate ft5336 0.2.0
[INFO] tweaked toml for crates.io crate ft5336 0.2.0 written to /workspace/builds/worker-4-tc2/source/Cargo.toml
[INFO] crate crates.io crate ft5336 0.2.0 already has a lockfile, it will not be regenerated
[INFO] running `Command { std: CARGO_HOME="/workspace/cargo-home" RUSTUP_HOME="/workspace/rustup-home" "/workspace/cargo-home/bin/cargo" "+nightly-2024-10-28" "fetch" "--manifest-path" "Cargo.toml", kill_on_drop: false }`
[INFO] running `Command { std: "docker" "create" "-v" "/var/lib/crater-agent-workspace/builds/worker-4-tc2/target:/opt/rustwide/target:rw,Z" "-v" "/var/lib/crater-agent-workspace/builds/worker-4-tc2/source:/opt/rustwide/workdir:ro,Z" "-v" "/var/lib/crater-agent-workspace/cargo-home:/opt/rustwide/cargo-home:ro,Z" "-v" "/var/lib/crater-agent-workspace/rustup-home:/opt/rustwide/rustup-home:ro,Z" "-e" "SOURCE_DIR=/opt/rustwide/workdir" "-e" "CARGO_TARGET_DIR=/opt/rustwide/target" "-e" "CARGO_HOME=/opt/rustwide/cargo-home" "-e" "RUSTUP_HOME=/opt/rustwide/rustup-home" "-w" "/opt/rustwide/workdir" "-m" "1610612736" "--user" "0:0" "--network" "none" "ghcr.io/rust-lang/crates-build-env/linux@sha256:4a844ea9eb2546a2d2c7022eacef16ef2e8229c7fbb2c7d4d55a9ceca922f72d" "/opt/rustwide/cargo-home/bin/cargo" "+nightly-2024-10-28" "metadata" "--no-deps" "--format-version=1", kill_on_drop: false }`
[INFO] [stdout] 7cff293d4b9e76198ecdbc5bd3d29b758876f987b7438ac3ad81cbfc70684a84
[INFO] running `Command { std: "docker" "start" "-a" "7cff293d4b9e76198ecdbc5bd3d29b758876f987b7438ac3ad81cbfc70684a84", kill_on_drop: false }`
[INFO] running `Command { std: "docker" "inspect" "7cff293d4b9e76198ecdbc5bd3d29b758876f987b7438ac3ad81cbfc70684a84", kill_on_drop: false }`
[INFO] running `Command { std: "docker" "rm" "-f" "7cff293d4b9e76198ecdbc5bd3d29b758876f987b7438ac3ad81cbfc70684a84", kill_on_drop: false }`
[INFO] [stdout] 7cff293d4b9e76198ecdbc5bd3d29b758876f987b7438ac3ad81cbfc70684a84
[INFO] running `Command { std: "docker" "create" "-v" "/var/lib/crater-agent-workspace/builds/worker-4-tc2/target:/opt/rustwide/target:rw,Z" "-v" "/var/lib/crater-agent-workspace/builds/worker-4-tc2/source:/opt/rustwide/workdir:ro,Z" "-v" "/var/lib/crater-agent-workspace/cargo-home:/opt/rustwide/cargo-home:ro,Z" "-v" "/var/lib/crater-agent-workspace/rustup-home:/opt/rustwide/rustup-home:ro,Z" "-e" "SOURCE_DIR=/opt/rustwide/workdir" "-e" "CARGO_TARGET_DIR=/opt/rustwide/target" "-e" "CARGO_INCREMENTAL=0" "-e" "RUST_BACKTRACE=full" "-e" "RUSTFLAGS=--cap-lints=forbid -Zrandomize-layout" "-e" "RUSTDOCFLAGS=--cap-lints=forbid" "-e" "CARGO_HOME=/opt/rustwide/cargo-home" "-e" "RUSTUP_HOME=/opt/rustwide/rustup-home" "-w" "/opt/rustwide/workdir" "-m" "1610612736" "--user" "0:0" "--network" "none" "ghcr.io/rust-lang/crates-build-env/linux@sha256:4a844ea9eb2546a2d2c7022eacef16ef2e8229c7fbb2c7d4d55a9ceca922f72d" "/opt/rustwide/cargo-home/bin/cargo" "+nightly-2024-10-28" "build" "--frozen" "--message-format=json", kill_on_drop: false }`
[INFO] [stdout] 40622b05c22b4cbe95f27190d5d97c3dd9c50850e51721cbc15023c4675da659
[INFO] running `Command { std: "docker" "start" "-a" "40622b05c22b4cbe95f27190d5d97c3dd9c50850e51721cbc15023c4675da659", kill_on_drop: false }`
[INFO] [stderr]    Compiling nb v1.0.0
[INFO] [stderr]    Compiling void v1.0.2
[INFO] [stderr]    Compiling ft5336 v0.2.0 (/opt/rustwide/workdir)
[INFO] [stderr]    Compiling nb v0.1.3
[INFO] [stderr]    Compiling embedded-hal v0.2.6
[INFO] [stderr]     Finished `dev` profile [unoptimized + debuginfo] target(s) in 0.18s
[INFO] running `Command { std: "docker" "inspect" "40622b05c22b4cbe95f27190d5d97c3dd9c50850e51721cbc15023c4675da659", kill_on_drop: false }`
[INFO] running `Command { std: "docker" "rm" "-f" "40622b05c22b4cbe95f27190d5d97c3dd9c50850e51721cbc15023c4675da659", kill_on_drop: false }`
[INFO] [stdout] 40622b05c22b4cbe95f27190d5d97c3dd9c50850e51721cbc15023c4675da659
[INFO] running `Command { std: "docker" "create" "-v" "/var/lib/crater-agent-workspace/builds/worker-4-tc2/target:/opt/rustwide/target:rw,Z" "-v" "/var/lib/crater-agent-workspace/builds/worker-4-tc2/source:/opt/rustwide/workdir:ro,Z" "-v" "/var/lib/crater-agent-workspace/cargo-home:/opt/rustwide/cargo-home:ro,Z" "-v" "/var/lib/crater-agent-workspace/rustup-home:/opt/rustwide/rustup-home:ro,Z" "-e" "SOURCE_DIR=/opt/rustwide/workdir" "-e" "CARGO_TARGET_DIR=/opt/rustwide/target" "-e" "CARGO_INCREMENTAL=0" "-e" "RUST_BACKTRACE=full" "-e" "RUSTFLAGS=--cap-lints=forbid -Zrandomize-layout" "-e" "RUSTDOCFLAGS=--cap-lints=forbid" "-e" "CARGO_HOME=/opt/rustwide/cargo-home" "-e" "RUSTUP_HOME=/opt/rustwide/rustup-home" "-w" "/opt/rustwide/workdir" "-m" "1610612736" "--user" "0:0" "--network" "none" "ghcr.io/rust-lang/crates-build-env/linux@sha256:4a844ea9eb2546a2d2c7022eacef16ef2e8229c7fbb2c7d4d55a9ceca922f72d" "/opt/rustwide/cargo-home/bin/cargo" "+nightly-2024-10-28" "test" "--frozen" "--no-run" "--message-format=json", kill_on_drop: false }`
[INFO] [stdout] 508cacf329d14ddf5ce5e1f3fca6c9d225a22d1191f4ec23707b09982847f398
[INFO] running `Command { std: "docker" "start" "-a" "508cacf329d14ddf5ce5e1f3fca6c9d225a22d1191f4ec23707b09982847f398", kill_on_drop: false }`
[INFO] [stderr]    Compiling num-traits v0.2.14
[INFO] [stderr]    Compiling proc-macro2 v1.0.36
[INFO] [stderr]    Compiling semver v1.0.4
[INFO] [stderr]    Compiling cortex-m v0.7.4
[INFO] [stderr]    Compiling unicode-xid v0.2.2
[INFO] [stderr]    Compiling num-integer v0.1.44
[INFO] [stderr]    Compiling nb v0.1.3
[INFO] [stderr]    Compiling syn v1.0.85
[INFO] [stderr]    Compiling embedded-hal v0.2.6
[INFO] [stderr]    Compiling bare-metal v0.2.5
[INFO] [stderr]    Compiling vcell v0.1.3
[INFO] [stderr]    Compiling typenum v1.15.0
[INFO] [stderr]    Compiling volatile-register v0.2.1
[INFO] [stderr]    Compiling bitfield v0.13.2
[INFO] [stderr]    Compiling cortex-m-rt v0.7.1
[INFO] [stderr]    Compiling num-iter v0.1.42
[INFO] [stderr]    Compiling num-rational v0.3.2
[INFO] [stderr]    Compiling generic-array v0.14.5
[INFO] [stderr]    Compiling rustc_version v0.4.0
[INFO] [stderr]    Compiling defmt-parser v0.2.2
[INFO] [stderr]    Compiling defmt v0.2.3
[INFO] [stderr]    Compiling cortex-m-semihosting v0.3.7
[INFO] [stderr]    Compiling stm32f7 v0.14.0
[INFO] [stderr]    Compiling quote v1.0.14
[INFO] [stderr]    Compiling cast v0.2.7
[INFO] [stderr]    Compiling embedded-can v0.3.0
[INFO] [stderr]    Compiling bare-metal v1.0.0
[INFO] [stderr]    Compiling stm32f7xx-hal v0.6.0
[INFO] [stderr]    Compiling stable_deref_trait v1.2.0
[INFO] [stderr]    Compiling num-complex v0.3.1
[INFO] [stderr]    Compiling stm32-fmc v0.2.4
[INFO] [stderr]    Compiling ufmt-write v0.1.0
[INFO] [stderr]    Compiling rand_core v0.6.3
[INFO] [stderr]    Compiling micromath v1.1.1
[INFO] [stderr]    Compiling chrono v0.4.19
[INFO] [stderr]    Compiling rtt-target v0.3.1
[INFO] [stderr]    Compiling panic-semihosting v0.5.6
[INFO] [stderr]    Compiling ft5336 v0.2.0 (/opt/rustwide/workdir)
[INFO] [stderr]    Compiling generic-array v0.12.4
[INFO] [stderr]    Compiling generic-array v0.13.3
[INFO] [stderr]    Compiling num v0.3.1
[INFO] [stderr]    Compiling embedded-time v0.12.1
[INFO] [stderr]    Compiling as-slice v0.1.5
[INFO] [stderr]    Compiling rtcc v0.2.1
[INFO] [stderr]    Compiling defmt-macros v0.2.3
[INFO] [stderr]    Compiling cortex-m-rt-macros v0.7.0
[INFO] [stderr]    Compiling bxcan v0.5.1
[INFO] [stdout] error: linking with `cc` failed: exit status: 1
[INFO] [stdout]   |
[INFO] [stdout]   = note: LC_ALL="C" PATH="/opt/rustwide/rustup-home/toolchains/nightly-2024-10-28-x86_64-unknown-linux-gnu/lib/rustlib/x86_64-unknown-linux-gnu/bin:/opt/rustwide/rustup-home/toolchains/nightly-2024-10-28-x86_64-unknown-linux-gnu/lib/rustlib/x86_64-unknown-linux-gnu/bin/self-contained:/opt/rustwide/cargo-home/bin:/usr/local/sbin:/usr/local/bin:/usr/sbin:/usr/bin:/sbin:/bin" VSLANG="1033" "cc" "-m64" "/tmp/rustcuJh7MU/symbols.o" "/opt/rustwide/target/debug/examples/touch-9792e285931939de.touch.61c50c798ecbd7ba-cgu.0.rcgu.o" "/opt/rustwide/target/debug/examples/touch-9792e285931939de.27gwbdwcf50t6pjnq5dspm21a.rcgu.o" "-Wl,--as-needed" "-Wl,-Bstatic" "/opt/rustwide/target/debug/deps/libpanic_semihosting-d33ecce7e0beb241.rlib" "/opt/rustwide/rustup-home/toolchains/nightly-2024-10-28-x86_64-unknown-linux-gnu/lib/rustlib/x86_64-unknown-linux-gnu/lib/libstd-fb8c387236db3c10.rlib" "/opt/rustwide/rustup-home/toolchains/nightly-2024-10-28-x86_64-unknown-linux-gnu/lib/rustlib/x86_64-unknown-linux-gnu/lib/libpanic_unwind-b251837809b2f64b.rlib" "/opt/rustwide/rustup-home/toolchains/nightly-2024-10-28-x86_64-unknown-linux-gnu/lib/rustlib/x86_64-unknown-linux-gnu/lib/libobject-cbef83eaa4e01f04.rlib" "/opt/rustwide/rustup-home/toolchains/nightly-2024-10-28-x86_64-unknown-linux-gnu/lib/rustlib/x86_64-unknown-linux-gnu/lib/libmemchr-12a772286de2fca7.rlib" "/opt/rustwide/rustup-home/toolchains/nightly-2024-10-28-x86_64-unknown-linux-gnu/lib/rustlib/x86_64-unknown-linux-gnu/lib/libaddr2line-023bbe5ada7abfc3.rlib" "/opt/rustwide/rustup-home/toolchains/nightly-2024-10-28-x86_64-unknown-linux-gnu/lib/rustlib/x86_64-unknown-linux-gnu/lib/libgimli-de2bcdf10ec69c2b.rlib" "/opt/rustwide/rustup-home/toolchains/nightly-2024-10-28-x86_64-unknown-linux-gnu/lib/rustlib/x86_64-unknown-linux-gnu/lib/librustc_demangle-8e1754df350800fd.rlib" "/opt/rustwide/rustup-home/toolchains/nightly-2024-10-28-x86_64-unknown-linux-gnu/lib/rustlib/x86_64-unknown-linux-gnu/lib/libstd_detect-06c2ab7b9c32e037.rlib" "/opt/rustwide/rustup-home/toolchains/nightly-2024-10-28-x86_64-unknown-linux-gnu/lib/rustlib/x86_64-unknown-linux-gnu/lib/libhashbrown-51d2621fc57a281b.rlib" "/opt/rustwide/rustup-home/toolchains/nightly-2024-10-28-x86_64-unknown-linux-gnu/lib/rustlib/x86_64-unknown-linux-gnu/lib/librustc_std_workspace_alloc-54a930408793772f.rlib" "/opt/rustwide/rustup-home/toolchains/nightly-2024-10-28-x86_64-unknown-linux-gnu/lib/rustlib/x86_64-unknown-linux-gnu/lib/libminiz_oxide-0c7d01cba400dcb2.rlib" "/opt/rustwide/rustup-home/toolchains/nightly-2024-10-28-x86_64-unknown-linux-gnu/lib/rustlib/x86_64-unknown-linux-gnu/lib/libadler-b9f84d69e331b75b.rlib" "/opt/rustwide/rustup-home/toolchains/nightly-2024-10-28-x86_64-unknown-linux-gnu/lib/rustlib/x86_64-unknown-linux-gnu/lib/libunwind-eec95493246aae39.rlib" "/opt/rustwide/rustup-home/toolchains/nightly-2024-10-28-x86_64-unknown-linux-gnu/lib/rustlib/x86_64-unknown-linux-gnu/lib/libcfg_if-6f6676c475e08ab0.rlib" "/opt/rustwide/rustup-home/toolchains/nightly-2024-10-28-x86_64-unknown-linux-gnu/lib/rustlib/x86_64-unknown-linux-gnu/lib/liblibc-799d520624f8b2e0.rlib" "/opt/rustwide/rustup-home/toolchains/nightly-2024-10-28-x86_64-unknown-linux-gnu/lib/rustlib/x86_64-unknown-linux-gnu/lib/liballoc-fcf93d4842acd9a9.rlib" "/opt/rustwide/target/debug/deps/libstm32f7xx_hal-98c9bb8bda826a04.rlib" "/opt/rustwide/target/debug/deps/libbxcan-603c052e7b2ea217.rlib" "/opt/rustwide/target/debug/deps/libbitflags-560efdb99b117eef.rlib" "/opt/rustwide/target/debug/deps/libembedded_can-1364a2268b1eaa82.rlib" "/opt/rustwide/target/debug/deps/libdefmt-e1685a84853b078d.rlib" "/opt/rustwide/target/debug/deps/librand_core-743e0ff8eef16533.rlib" "/opt/rustwide/target/debug/deps/librtcc-8ec7ccf142495310.rlib" "/opt/rustwide/target/debug/deps/libchrono-fa7123ca4383cc29.rlib" "/opt/rustwide/target/debug/deps/libmicromath-1acf437193a96ba6.rlib" "/opt/rustwide/target/debug/deps/libstm32_fmc-100cb243398bf94c.rlib" "/opt/rustwide/target/debug/deps/libas_slice-9f7bc6b8d5320fd7.rlib" "/opt/rustwide/target/debug/deps/libstable_deref_trait-99ae74af448b958c.rlib" "/opt/rustwide/target/debug/deps/libgeneric_array-f0c1b8f6cb381303.rlib" "/opt/rustwide/target/debug/deps/libgeneric_array-3c61a85487dcd2d0.rlib" "/opt/rustwide/target/debug/deps/libgeneric_array-875b26a913c2003e.rlib" "/opt/rustwide/target/debug/deps/libtypenum-872c5d0a52e3e462.rlib" "/opt/rustwide/target/debug/deps/libcast-9b0efb73acd77293.rlib" "/opt/rustwide/target/debug/deps/libstm32f7-be90cee5e52ff7d1.rlib" "/opt/rustwide/target/debug/deps/libembedded_time-f626def29926f28c.rlib" "/opt/rustwide/target/debug/deps/libnum-6211451603152758.rlib" "/opt/rustwide/target/debug/deps/libnum_iter-a220ca94476e7ef4.rlib" "/opt/rustwide/target/debug/deps/libnum_rational-186b3431b9237555.rlib" "/opt/rustwide/target/debug/deps/libnum_integer-694fa231d90e0e7a.rlib" "/opt/rustwide/target/debug/deps/libnum_complex-0d99767971cbc7c9.rlib" "/opt/rustwide/target/debug/deps/libnum_traits-3c371a0a04a5eac5.rlib" "/opt/rustwide/target/debug/deps/librtt_target-cf91c33b28b7ff49.rlib" "/opt/rustwide/target/debug/deps/libufmt_write-92db9d1af05f46ae.rlib" "/opt/rustwide/target/debug/deps/libcortex_m_rt-8c773e1c0e5c97b4.rlib" "/opt/rustwide/target/debug/deps/libcortex_m-a0966f2906213946.rlib" "/opt/rustwide/target/debug/deps/libvolatile_register-579f51e65e0586b1.rlib" "/opt/rustwide/target/debug/deps/libvcell-fe7c59c2dcd19afe.rlib" "/opt/rustwide/target/debug/deps/libbare_metal-4508ba911d5024ec.rlib" "/opt/rustwide/target/debug/deps/libft5336-a956a7faeda584be.rlib" "/opt/rustwide/target/debug/deps/libembedded_hal-11ba8833c6086561.rlib" "/opt/rustwide/target/debug/deps/libvoid-9e681b028a877516.rlib" "/opt/rustwide/target/debug/deps/libnb-c5cfc3e1435b603b.rlib" "/opt/rustwide/target/debug/deps/libnb-3e28b6797b0156a8.rlib" "/opt/rustwide/rustup-home/toolchains/nightly-2024-10-28-x86_64-unknown-linux-gnu/lib/rustlib/x86_64-unknown-linux-gnu/lib/librustc_std_workspace_core-395a38b8e0851c9b.rlib" "/opt/rustwide/rustup-home/toolchains/nightly-2024-10-28-x86_64-unknown-linux-gnu/lib/rustlib/x86_64-unknown-linux-gnu/lib/libcore-d453bab70303062c.rlib" "/opt/rustwide/rustup-home/toolchains/nightly-2024-10-28-x86_64-unknown-linux-gnu/lib/rustlib/x86_64-unknown-linux-gnu/lib/libcompiler_builtins-0e6386368b0a24e8.rlib" "-Wl,-Bdynamic" "-lgcc_s" "-lutil" "-lrt" "-lpthread" "-lm" "-ldl" "-lc" "-B/opt/rustwide/rustup-home/toolchains/nightly-2024-10-28-x86_64-unknown-linux-gnu/lib/rustlib/x86_64-unknown-linux-gnu/bin/gcc-ld" "-fuse-ld=lld" "-Wl,--eh-frame-hdr" "-Wl,-z,noexecstack" "-L" "/opt/rustwide/target/debug/build/ft5336-eeda8180b3b56eb3/out" "-L" "/opt/rustwide/target/debug/build/cortex-m-rt-baf7ab007b4b9368/out" "-L" "/opt/rustwide/target/debug/build/stm32f7xx-hal-519c057252727e65/out" "-L" "/opt/rustwide/target/debug/build/defmt-2ab534f3bc8218de/out" "-L" "/opt/rustwide/target/debug/build/stm32f7-b1b0263c863e53a7/out" "-L" "/opt/rustwide/rustup-home/toolchains/nightly-2024-10-28-x86_64-unknown-linux-gnu/lib/rustlib/x86_64-unknown-linux-gnu/lib" "-o" "/opt/rustwide/target/debug/examples/touch-9792e285931939de" "-Wl,--gc-sections" "-pie" "-Wl,-z,relro,-z,now" "-nodefaultlibs"
[INFO] [stdout]   = note: rust-lld: error: undefined symbol: __primask_r
[INFO] [stdout]           >>> referenced by call_asm.rs:19 (/opt/rustwide/cargo-home/registry/src/index.crates.io-6f17d22bba15001f/cortex-m-0.7.4/src/call_asm.rs:19)
[INFO] [stdout]           >>>               /opt/rustwide/target/debug/examples/touch-9792e285931939de.touch.61c50c798ecbd7ba-cgu.0.rcgu.o:(cortex_m::register::primask::read::h89016cd778adc451)
[INFO] [stdout]           >>> referenced by call_asm.rs:19 (/opt/rustwide/cargo-home/registry/src/index.crates.io-6f17d22bba15001f/cortex-m-0.7.4/src/call_asm.rs:19)
[INFO] [stdout]           >>>               rtt_target-cf91c33b28b7ff49.rtt_target.3071ac4236cd0367-cgu.0.rcgu.o:(cortex_m::register::primask::read::h13f2027ff1bb5fe5) in archive /opt/rustwide/target/debug/deps/librtt_target-cf91c33b28b7ff49.rlib
[INFO] [stdout]           
[INFO] [stdout]           rust-lld: error: undefined symbol: __cpsie
[INFO] [stdout]           >>> referenced by call_asm.rs:19 (/opt/rustwide/cargo-home/registry/src/index.crates.io-6f17d22bba15001f/cortex-m-0.7.4/src/call_asm.rs:19)
[INFO] [stdout]           >>>               /opt/rustwide/target/debug/examples/touch-9792e285931939de.touch.61c50c798ecbd7ba-cgu.0.rcgu.o:(cortex_m::interrupt::enable::ha5d06c9ef5801451)
[INFO] [stdout]           >>> referenced by call_asm.rs:19 (/opt/rustwide/cargo-home/registry/src/index.crates.io-6f17d22bba15001f/cortex-m-0.7.4/src/call_asm.rs:19)
[INFO] [stdout]           >>>               rtt_target-cf91c33b28b7ff49.rtt_target.3071ac4236cd0367-cgu.0.rcgu.o:(cortex_m::interrupt::enable::h68c6af159c4dc92f) in archive /opt/rustwide/target/debug/deps/librtt_target-cf91c33b28b7ff49.rlib
[INFO] [stdout]           
[INFO] [stdout]           rust-lld: error: undefined symbol: __cpsid
[INFO] [stdout]           >>> referenced by call_asm.rs:19 (/opt/rustwide/cargo-home/registry/src/index.crates.io-6f17d22bba15001f/cortex-m-0.7.4/src/call_asm.rs:19)
[INFO] [stdout]           >>>               /opt/rustwide/target/debug/examples/touch-9792e285931939de.touch.61c50c798ecbd7ba-cgu.0.rcgu.o:(cortex_m::interrupt::disable::h3e0f4d10f377bacf)
[INFO] [stdout]           >>> referenced by call_asm.rs:19 (/opt/rustwide/cargo-home/registry/src/index.crates.io-6f17d22bba15001f/cortex-m-0.7.4/src/call_asm.rs:19)
[INFO] [stdout]           >>>               rtt_target-cf91c33b28b7ff49.rtt_target.3071ac4236cd0367-cgu.0.rcgu.o:(cortex_m::interrupt::disable::h14c15ac8ffb71aa8) in archive /opt/rustwide/target/debug/deps/librtt_target-cf91c33b28b7ff49.rlib
[INFO] [stdout]           
[INFO] [stdout]           rust-lld: error: undefined symbol: __delay
[INFO] [stdout]           >>> referenced by call_asm.rs:19 (/opt/rustwide/cargo-home/registry/src/index.crates.io-6f17d22bba15001f/cortex-m-0.7.4/src/call_asm.rs:19)
[INFO] [stdout]           >>>               stm32f7xx_hal-98c9bb8bda826a04.stm32f7xx_hal.555b4efa298c18a7-cgu.2.rcgu.o:(cortex_m::asm::delay::h351c5c7172d47405) in archive /opt/rustwide/target/debug/deps/libstm32f7xx_hal-98c9bb8bda826a04.rlib
[INFO] [stdout]           collect2: error: ld returned 1 exit status
[INFO] [stdout]           
[INFO] [stdout] 
[INFO] [stdout] 
[INFO] [stderr] error: could not compile `ft5336` (example "touch") due to 1 previous error
[INFO] running `Command { std: "docker" "inspect" "508cacf329d14ddf5ce5e1f3fca6c9d225a22d1191f4ec23707b09982847f398", kill_on_drop: false }`
[INFO] running `Command { std: "docker" "rm" "-f" "508cacf329d14ddf5ce5e1f3fca6c9d225a22d1191f4ec23707b09982847f398", kill_on_drop: false }`
[INFO] [stdout] 508cacf329d14ddf5ce5e1f3fca6c9d225a22d1191f4ec23707b09982847f398
