[INFO] fetching crate frui_widgets 0.0.1...
[INFO] testing frui_widgets-0.0.1 against nightly-2024-10-28 for randomize-layout
[INFO] extracting crate frui_widgets 0.0.1 into /workspace/builds/worker-2-tc1/source
[INFO] validating manifest of crates.io crate frui_widgets 0.0.1 on toolchain nightly-2024-10-28
[INFO] running `Command { std: CARGO_HOME="/workspace/cargo-home" RUSTUP_HOME="/workspace/rustup-home" "/workspace/cargo-home/bin/cargo" "+nightly-2024-10-28" "metadata" "--manifest-path" "Cargo.toml" "--no-deps", kill_on_drop: false }`
[INFO] started tweaking crates.io crate frui_widgets 0.0.1
[INFO] finished tweaking crates.io crate frui_widgets 0.0.1
[INFO] tweaked toml for crates.io crate frui_widgets 0.0.1 written to /workspace/builds/worker-2-tc1/source/Cargo.toml
[INFO] running `Command { std: CARGO_HOME="/workspace/cargo-home" RUSTUP_HOME="/workspace/rustup-home" "/workspace/cargo-home/bin/cargo" "+nightly-2024-10-28" "generate-lockfile" "--manifest-path" "Cargo.toml", kill_on_drop: false }`
[INFO] [stderr]     Updating crates.io index
[INFO] [stderr]      Locking 154 packages to latest compatible versions
[INFO] [stderr]       Adding druid-shell v0.7.0 (available: v0.8.3)
[INFO] running `Command { std: CARGO_HOME="/workspace/cargo-home" RUSTUP_HOME="/workspace/rustup-home" "/workspace/cargo-home/bin/cargo" "+nightly-2024-10-28" "fetch" "--manifest-path" "Cargo.toml", kill_on_drop: false }`
[INFO] [stderr]  Downloading crates ...
[INFO] [stderr]   Downloaded frui_macros v0.0.1
[INFO] [stderr]   Downloaded piet-web v0.3.1
[INFO] [stderr]   Downloaded frui_core v0.0.1
[INFO] [stderr]   Downloaded piet-common v0.3.2
[INFO] [stderr]   Downloaded utf16_lit v1.0.1
[INFO] [stderr]   Downloaded unic-bidi v0.9.0
[INFO] [stderr]   Downloaded piet-coregraphics v0.3.0
[INFO] [stderr]   Downloaded associative-cache v1.0.1
[INFO] [stderr]   Downloaded piet-direct2d v0.3.0
[INFO] [stderr]   Downloaded keyboard-types v0.5.0
[INFO] [stderr]   Downloaded piet-cairo v0.3.0
[INFO] [stderr]   Downloaded kurbo v0.7.1
[INFO] [stderr]   Downloaded druid-shell v0.7.0
[INFO] [stderr]   Downloaded piet v0.3.1
[INFO] running `Command { std: "docker" "create" "-v" "/var/lib/crater-agent-workspace/builds/worker-2-tc1/target:/opt/rustwide/target:rw,Z" "-v" "/var/lib/crater-agent-workspace/builds/worker-2-tc1/source:/opt/rustwide/workdir:ro,Z" "-v" "/var/lib/crater-agent-workspace/cargo-home:/opt/rustwide/cargo-home:ro,Z" "-v" "/var/lib/crater-agent-workspace/rustup-home:/opt/rustwide/rustup-home:ro,Z" "-e" "SOURCE_DIR=/opt/rustwide/workdir" "-e" "CARGO_TARGET_DIR=/opt/rustwide/target" "-e" "CARGO_HOME=/opt/rustwide/cargo-home" "-e" "RUSTUP_HOME=/opt/rustwide/rustup-home" "-w" "/opt/rustwide/workdir" "-m" "1610612736" "--user" "0:0" "--network" "none" "ghcr.io/rust-lang/crates-build-env/linux@sha256:4a844ea9eb2546a2d2c7022eacef16ef2e8229c7fbb2c7d4d55a9ceca922f72d" "/opt/rustwide/cargo-home/bin/cargo" "+nightly-2024-10-28" "metadata" "--no-deps" "--format-version=1", kill_on_drop: false }`
[INFO] [stdout] 87fcbb5bb45e1f0906c34bf98e833d0e46c0be6d32a26871044d25edeaf0656d
[INFO] running `Command { std: "docker" "start" "-a" "87fcbb5bb45e1f0906c34bf98e833d0e46c0be6d32a26871044d25edeaf0656d", kill_on_drop: false }`
[INFO] running `Command { std: "docker" "inspect" "87fcbb5bb45e1f0906c34bf98e833d0e46c0be6d32a26871044d25edeaf0656d", kill_on_drop: false }`
[INFO] running `Command { std: "docker" "rm" "-f" "87fcbb5bb45e1f0906c34bf98e833d0e46c0be6d32a26871044d25edeaf0656d", kill_on_drop: false }`
[INFO] [stdout] 87fcbb5bb45e1f0906c34bf98e833d0e46c0be6d32a26871044d25edeaf0656d
[INFO] running `Command { std: "docker" "create" "-v" "/var/lib/crater-agent-workspace/builds/worker-2-tc1/target:/opt/rustwide/target:rw,Z" "-v" "/var/lib/crater-agent-workspace/builds/worker-2-tc1/source:/opt/rustwide/workdir:ro,Z" "-v" "/var/lib/crater-agent-workspace/cargo-home:/opt/rustwide/cargo-home:ro,Z" "-v" "/var/lib/crater-agent-workspace/rustup-home:/opt/rustwide/rustup-home:ro,Z" "-e" "SOURCE_DIR=/opt/rustwide/workdir" "-e" "CARGO_TARGET_DIR=/opt/rustwide/target" "-e" "CARGO_INCREMENTAL=0" "-e" "RUST_BACKTRACE=full" "-e" "RUSTFLAGS=--cap-lints=forbid" "-e" "RUSTDOCFLAGS=--cap-lints=forbid" "-e" "CARGO_HOME=/opt/rustwide/cargo-home" "-e" "RUSTUP_HOME=/opt/rustwide/rustup-home" "-w" "/opt/rustwide/workdir" "-m" "1610612736" "--user" "0:0" "--network" "none" "ghcr.io/rust-lang/crates-build-env/linux@sha256:4a844ea9eb2546a2d2c7022eacef16ef2e8229c7fbb2c7d4d55a9ceca922f72d" "/opt/rustwide/cargo-home/bin/cargo" "+nightly-2024-10-28" "build" "--frozen" "--message-format=json", kill_on_drop: false }`
[INFO] [stdout] 3a689b264664c6d2a8dbd96667cb778b8c00d839ae5bbb232d7652839c631394
[INFO] running `Command { std: "docker" "start" "-a" "3a689b264664c6d2a8dbd96667cb778b8c00d839ae5bbb232d7652839c631394", kill_on_drop: false }`
[INFO] [stderr]    Compiling syn v1.0.109
[INFO] [stderr]    Compiling unicode-segmentation v1.12.0
[INFO] [stderr]    Compiling thiserror v1.0.66
[INFO] [stderr]    Compiling pkg-config v0.3.31
[INFO] [stderr]    Compiling version-compare v0.0.10
[INFO] [stderr]    Compiling strum v0.18.0
[INFO] [stderr]    Compiling version_check v0.9.5
[INFO] [stderr]    Compiling libc v0.2.161
[INFO] [stderr]    Compiling autocfg v1.4.0
[INFO] [stderr]    Compiling futures-sink v0.3.31
[INFO] [stderr]    Compiling futures-core v0.3.31
[INFO] [stderr]    Compiling futures-task v0.3.31
[INFO] [stderr]    Compiling anyhow v1.0.92
[INFO] [stderr]    Compiling serde v1.0.214
[INFO] [stderr]    Compiling futures-io v0.3.31
[INFO] [stderr]    Compiling syn v2.0.86
[INFO] [stderr]    Compiling memchr v2.7.4
[INFO] [stderr]    Compiling pin-project-lite v0.2.15
[INFO] [stderr]    Compiling futures-channel v0.3.31
[INFO] [stderr]    Compiling either v1.13.0
[INFO] [stderr]    Compiling once_cell v1.20.2
[INFO] [stderr]    Compiling unic-char-range v0.9.0
[INFO] [stderr]    Compiling unic-common v0.9.0
[INFO] [stderr]    Compiling cairo-rs v0.9.1
[INFO] [stderr]    Compiling unic-char-property v0.9.0
[INFO] [stderr]    Compiling unic-ucd-version v0.9.0
[INFO] [stderr]    Compiling itertools v0.9.0
[INFO] [stderr]    Compiling gio v0.9.1
[INFO] [stderr]    Compiling proc-macro-error-attr v1.0.4
[INFO] [stderr]    Compiling proc-macro-error v1.0.4
[INFO] [stderr]    Compiling standback v0.2.17
[INFO] [stderr]    Compiling proc-macro-hack v0.5.20+deprecated
[INFO] [stderr]    Compiling unic-ucd-bidi v0.9.0
[INFO] [stderr]    Compiling heck v0.3.3
[INFO] [stderr]    Compiling slab v0.4.9
[INFO] [stderr]    Compiling arrayvec v0.5.2
[INFO] [stderr]    Compiling gdk-pixbuf v0.9.0
[INFO] [stderr]    Compiling matches v0.1.10
[INFO] [stderr]    Compiling pango v0.9.1
[INFO] [stderr]    Compiling unic-bidi v0.9.0
[INFO] [stderr]    Compiling const_fn v0.4.10
[INFO] [stderr]    Compiling atk v0.9.0
[INFO] [stderr]    Compiling gdk v0.13.2
[INFO] [stderr]    Compiling kurbo v0.7.1
[INFO] [stderr]    Compiling gtk v0.9.2
[INFO] [stderr]    Compiling time v0.2.27
[INFO] [stderr]    Compiling xi-unicode v0.2.1
[INFO] [stderr]    Compiling num-conv v0.1.0
[INFO] [stderr]    Compiling deranged v0.3.11
[INFO] [stderr]    Compiling num_threads v0.1.7
[INFO] [stderr]    Compiling log v0.4.22
[INFO] [stderr]    Compiling time-macros v0.2.18
[INFO] [stderr]    Compiling instant v0.1.13
[INFO] [stderr]    Compiling keyboard-types v0.5.0
[INFO] [stderr]    Compiling termcolor v1.4.1
[INFO] [stderr]    Compiling lazy_static v1.5.0
[INFO] [stderr]    Compiling piet v0.3.1
[INFO] [stderr]    Compiling time v0.3.36
[INFO] [stderr]    Compiling toml v0.5.11
[INFO] [stderr]    Compiling simplelog v0.12.2
[INFO] [stderr]    Compiling thiserror-impl v1.0.66
[INFO] [stderr]    Compiling futures-macro v0.3.31
[INFO] [stderr]    Compiling futures-util v0.3.31
[INFO] [stderr]    Compiling proc-macro-crate v0.1.5
[INFO] [stderr]    Compiling strum_macros v0.18.0
[INFO] [stderr]    Compiling time-macros-impl v0.1.2
[INFO] [stderr]    Compiling frui_macros v0.0.1
[INFO] [stderr]    Compiling glib-macros v0.10.1
[INFO] [stderr]    Compiling time-macros v0.1.1
[INFO] [stderr]    Compiling system-deps v1.3.2
[INFO] [stderr]    Compiling glib-sys v0.10.1
[INFO] [stderr]    Compiling gobject-sys v0.10.0
[INFO] [stderr]    Compiling gio-sys v0.10.1
[INFO] [stderr]    Compiling cairo-sys-rs v0.10.0
[INFO] [stderr]    Compiling pango-sys v0.10.0
[INFO] [stderr]    Compiling gdk-pixbuf-sys v0.10.0
[INFO] [stderr]    Compiling atk-sys v0.10.0
[INFO] [stderr]    Compiling gdk-sys v0.10.0
[INFO] [stderr]    Compiling gtk-sys v0.10.0
[INFO] [stderr]    Compiling futures-executor v0.3.31
[INFO] [stderr]    Compiling glib v0.10.3
[INFO] [stderr]    Compiling futures v0.3.31
[INFO] [stderr]    Compiling piet-cairo v0.3.0
[INFO] [stderr]    Compiling piet-common v0.3.2
[INFO] [stderr]    Compiling druid-shell v0.7.0
[INFO] [stderr]    Compiling frui_core v0.0.1
[INFO] [stderr]    Compiling frui_widgets v0.0.1 (/opt/rustwide/workdir)
[INFO] [stdout] warning: ambiguous glob re-exports
[INFO] [stdout]  --> src/flex/mod.rs:4:9
[INFO] [stdout]   |
[INFO] [stdout] 4 | pub use column::*;
[INFO] [stdout]   |         ^^^^^^^^^ the name `ColumnRenderState` in the type namespace is first re-exported here
[INFO] [stdout] 5 | pub use row::*;
[INFO] [stdout]   |         ------ but the name `ColumnRenderState` in the type namespace is also re-exported here
[INFO] [stdout]   |
[INFO] [stdout]   = note: `#[warn(ambiguous_glob_reexports)]` on by default
[INFO] [stdout] 
[INFO] [stdout] 
[INFO] [stdout] error[E0308]: mismatched types
[INFO] [stdout]   --> src/container.rs:56:9
[INFO] [stdout]    |
[INFO] [stdout] 5  | #[derive(SingleChildWidget)]
[INFO] [stdout]    |          ----------------- the expected opaque type
[INFO] [stdout] ...
[INFO] [stdout] 55 |     fn build<'w>(&'w self, _: BuildContext<'w, Self>) -> Self::Widget<'w> {
[INFO] [stdout]    |                                                          ---------------- expected `AsdavbmwqeryuiopvzxcWidgetAliasContainer<'w, W>` because of return type
[INFO] [stdout] 56 |         &self.child
[INFO] [stdout]    |         ^^^^^^^^^^^ expected opaque type, found `&W`
[INFO] [stdout]    |
[INFO] [stdout]    = note: expected opaque type `AsdavbmwqeryuiopvzxcWidgetAliasContainer<'w, W>`
[INFO] [stdout]                 found reference `&W`
[INFO] [stdout] note: this item must have the opaque type in its signature in order to be able to register hidden types
[INFO] [stdout]   --> src/container.rs:55:8
[INFO] [stdout]    |
[INFO] [stdout] 55 |     fn build<'w>(&'w self, _: BuildContext<'w, Self>) -> Self::Widget<'w> {
[INFO] [stdout]    |        ^^^^^
[INFO] [stdout] 
[INFO] [stdout] 
[INFO] [stdout] error[E0308]: mismatched types
[INFO] [stdout]   --> src/event_detectors/keyboard.rs:36:9
[INFO] [stdout]    |
[INFO] [stdout] 7  | #[derive(ViewWidget)]
[INFO] [stdout]    |          ---------- the expected opaque type
[INFO] [stdout] ...
[INFO] [stdout] 35 |     fn build<'w>(&'w self, _: BuildContext<'w, Self>) -> Self::Widget<'w> {
[INFO] [stdout]    |                                                          ---------------- expected `AsdavbmwqeryuiopvzxcWidgetAliasKeyboardEventDetector<'w, W, F>` because of return type
[INFO] [stdout] 36 |         &self.child
[INFO] [stdout]    |         ^^^^^^^^^^^ expected opaque type, found `&W`
[INFO] [stdout]    |
[INFO] [stdout]    = note: expected opaque type `AsdavbmwqeryuiopvzxcWidgetAliasKeyboardEventDetector<'w, W, F>`
[INFO] [stdout]                 found reference `&W`
[INFO] [stdout] note: this item must have the opaque type in its signature in order to be able to register hidden types
[INFO] [stdout]   --> src/event_detectors/keyboard.rs:35:8
[INFO] [stdout]    |
[INFO] [stdout] 35 |     fn build<'w>(&'w self, _: BuildContext<'w, Self>) -> Self::Widget<'w> {
[INFO] [stdout]    |        ^^^^^
[INFO] [stdout] 
[INFO] [stdout] 
[INFO] [stdout] error[E0308]: mismatched types
[INFO] [stdout]   --> src/flex/center.rs:16:9
[INFO] [stdout]    |
[INFO] [stdout] 3  | #[derive(SingleChildWidget)]
[INFO] [stdout]    |          ----------------- the expected opaque type
[INFO] [stdout] ...
[INFO] [stdout] 15 |     fn build<'w>(&'w self, _: BuildContext<'w, Self>) -> Self::Widget<'w> {
[INFO] [stdout]    |                                                          ---------------- expected `AsdavbmwqeryuiopvzxcWidgetAliasCenter<'w, W>` because of return type
[INFO] [stdout] 16 |         &self.child
[INFO] [stdout]    |         ^^^^^^^^^^^ expected opaque type, found `&W`
[INFO] [stdout]    |
[INFO] [stdout]    = note: expected opaque type `AsdavbmwqeryuiopvzxcWidgetAliasCenter<'w, W>`
[INFO] [stdout]                 found reference `&W`
[INFO] [stdout] note: this item must have the opaque type in its signature in order to be able to register hidden types
[INFO] [stdout]   --> src/flex/center.rs:15:8
[INFO] [stdout]    |
[INFO] [stdout] 15 |     fn build<'w>(&'w self, _: BuildContext<'w, Self>) -> Self::Widget<'w> {
[INFO] [stdout]    |        ^^^^^
[INFO] [stdout] 
[INFO] [stdout] 
[INFO] [stdout] error[E0308]: mismatched types
[INFO] [stdout]    --> src/flex/column.rs:122:9
[INFO] [stdout]     |
[INFO] [stdout] 9   | #[derive(MultiChildWidget)]
[INFO] [stdout]     |          ---------------- the expected opaque type
[INFO] [stdout] ...
[INFO] [stdout] 121 |     fn build<'w>(&'w self, _: BuildContext<'w, Self>) -> Vec<Self::Widget<'w>> {
[INFO] [stdout]     |                                                          --------------------- expected `Vec<AsdavbmwqeryuiopvzxcWidgetAliasColumn<'w, T>>` because of return type
[INFO] [stdout] 122 |         self.children.get()
[INFO] [stdout]     |         ^^^^^^^^^^^^^^^^^^^ expected `Vec<AsdavbmwqeryuiopvzxcWidgetAliasColumn<'_, ...>>`, found `Vec<&dyn Widget>`
[INFO] [stdout]     |
[INFO] [stdout]     = note: expected struct `Vec<AsdavbmwqeryuiopvzxcWidgetAliasColumn<'w, T>>`
[INFO] [stdout]                found struct `Vec<&dyn frui_core::api::Widget>`
[INFO] [stdout] note: this item must have the opaque type in its signature in order to be able to register hidden types
[INFO] [stdout]    --> src/flex/column.rs:121:8
[INFO] [stdout]     |
[INFO] [stdout] 121 |     fn build<'w>(&'w self, _: BuildContext<'w, Self>) -> Vec<Self::Widget<'w>> {
[INFO] [stdout]     |        ^^^^^
[INFO] [stdout] 
[INFO] [stdout] 
[INFO] [stdout] error[E0308]: mismatched types
[INFO] [stdout]    --> src/flex/row.rs:122:9
[INFO] [stdout]     |
[INFO] [stdout] 9   | #[derive(MultiChildWidget)]
[INFO] [stdout]     |          ---------------- the expected opaque type
[INFO] [stdout] ...
[INFO] [stdout] 121 |     fn build<'w>(&'w self, _: BuildContext<'w, Self>) -> Vec<Self::Widget<'w>> {
[INFO] [stdout]     |                                                          --------------------- expected `Vec<AsdavbmwqeryuiopvzxcWidgetAliasRow<'w, T>>` because of return type
[INFO] [stdout] 122 |         self.children.get()
[INFO] [stdout]     |         ^^^^^^^^^^^^^^^^^^^ expected `Vec<AsdavbmwqeryuiopvzxcWidgetAliasRow<'_, ...>>`, found `Vec<&dyn Widget>`
[INFO] [stdout]     |
[INFO] [stdout]     = note: expected struct `Vec<AsdavbmwqeryuiopvzxcWidgetAliasRow<'w, T>>`
[INFO] [stdout]                found struct `Vec<&dyn frui_core::api::Widget>`
[INFO] [stdout] note: this item must have the opaque type in its signature in order to be able to register hidden types
[INFO] [stdout]    --> src/flex/row.rs:121:8
[INFO] [stdout]     |
[INFO] [stdout] 121 |     fn build<'w>(&'w self, _: BuildContext<'w, Self>) -> Vec<Self::Widget<'w>> {
[INFO] [stdout]     |        ^^^^^
[INFO] [stdout] 
[INFO] [stdout] 
[INFO] [stdout] error[E0308]: mismatched types
[INFO] [stdout]    --> src/flex/mod.rs:221:9
[INFO] [stdout]     |
[INFO] [stdout] 202 | #[derive(SingleChildWidget)]
[INFO] [stdout]     |          ----------------- the expected opaque type
[INFO] [stdout] ...
[INFO] [stdout] 220 |     fn build<'w>(&'w self, _: BuildContext<'w, Self>) -> Self::Widget<'w> {
[INFO] [stdout]     |                                                          ---------------- expected `AsdavbmwqeryuiopvzxcWidgetAliasFlexible<'w, W>` because of return type
[INFO] [stdout] 221 |         &self.child
[INFO] [stdout]     |         ^^^^^^^^^^^ expected opaque type, found `&W`
[INFO] [stdout]     |
[INFO] [stdout]     = note: expected opaque type `AsdavbmwqeryuiopvzxcWidgetAliasFlexible<'w, W>`
[INFO] [stdout]                  found reference `&W`
[INFO] [stdout] note: this item must have the opaque type in its signature in order to be able to register hidden types
[INFO] [stdout]    --> src/flex/mod.rs:220:8
[INFO] [stdout]     |
[INFO] [stdout] 220 |     fn build<'w>(&'w self, _: BuildContext<'w, Self>) -> Self::Widget<'w> {
[INFO] [stdout]     |        ^^^^^
[INFO] [stdout] 
[INFO] [stdout] 
[INFO] [stdout] error[E0308]: mismatched types
[INFO] [stdout]   --> src/scroll.rs:61:9
[INFO] [stdout]    |
[INFO] [stdout] 15 | #[derive(SingleChildWidget)]
[INFO] [stdout]    |          ----------------- the expected opaque type
[INFO] [stdout] ...
[INFO] [stdout] 60 |     fn build<'w>(&'w self, _: BuildContext<'w, Self>) -> Self::Widget<'w> {
[INFO] [stdout]    |                                                          ---------------- expected `AsdavbmwqeryuiopvzxcWidgetAliasScroll<'w, W>` because of return type
[INFO] [stdout] 61 |         &self.child
[INFO] [stdout]    |         ^^^^^^^^^^^ expected opaque type, found `&W`
[INFO] [stdout]    |
[INFO] [stdout]    = note: expected opaque type `AsdavbmwqeryuiopvzxcWidgetAliasScroll<'w, W>`
[INFO] [stdout]                 found reference `&W`
[INFO] [stdout] note: this item must have the opaque type in its signature in order to be able to register hidden types
[INFO] [stdout]   --> src/scroll.rs:60:8
[INFO] [stdout]    |
[INFO] [stdout] 60 |     fn build<'w>(&'w self, _: BuildContext<'w, Self>) -> Self::Widget<'w> {
[INFO] [stdout]    |        ^^^^^
[INFO] [stdout] 
[INFO] [stdout] 
[INFO] [stdout] error[E0308]: mismatched types
[INFO] [stdout]   --> src/testing.rs:20:9
[INFO] [stdout]    |
[INFO] [stdout] 7  | #[derive(SingleChildWidget)]
[INFO] [stdout]    |          ----------------- the expected opaque type
[INFO] [stdout] ...
[INFO] [stdout] 19 |     fn build<'w>(&'w self, _: BuildContext<'w, Self>) -> Self::Widget<'w> {
[INFO] [stdout]    |                                                          ---------------- expected `AsdavbmwqeryuiopvzxcWidgetAliasDebugContainer<'w, W>` because of return type
[INFO] [stdout] 20 |         &self.child
[INFO] [stdout]    |         ^^^^^^^^^^^ expected opaque type, found `&W`
[INFO] [stdout]    |
[INFO] [stdout]    = note: expected opaque type `AsdavbmwqeryuiopvzxcWidgetAliasDebugContainer<'w, W>`
[INFO] [stdout]                 found reference `&W`
[INFO] [stdout] note: this item must have the opaque type in its signature in order to be able to register hidden types
[INFO] [stdout]   --> src/testing.rs:19:8
[INFO] [stdout]    |
[INFO] [stdout] 19 |     fn build<'w>(&'w self, _: BuildContext<'w, Self>) -> Self::Widget<'w> {
[INFO] [stdout]    |        ^^^^^
[INFO] [stdout] 
[INFO] [stdout] 
[INFO] [stdout] For more information about this error, try `rustc --explain E0308`.
[INFO] [stdout] 
[INFO] [stderr] error: could not compile `frui_widgets` (lib) due to 8 previous errors; 1 warning emitted
[INFO] [stderr] warning: build failed, waiting for other jobs to finish...
[INFO] [stderr] error: could not compile `gtk` (lib)
[INFO] [stderr] 
[INFO] [stderr] Caused by:
[INFO] [stderr]   process didn't exit successfully: `/opt/rustwide/rustup-home/toolchains/nightly-2024-10-28-x86_64-unknown-linux-gnu/bin/rustc --crate-name gtk --edition=2015 /opt/rustwide/cargo-home/registry/src/index.crates.io-6f17d22bba15001f/gtk-0.9.2/src/lib.rs --error-format=json --json=diagnostic-rendered-ansi,artifacts,future-incompat --crate-type lib --emit=dep-info,metadata,link -C embed-bitcode=no -C debuginfo=2 --cfg 'feature="v3_16"' --cfg 'feature="v3_18"' --cfg 'feature="v3_20"' --cfg 'feature="v3_22"' --check-cfg 'cfg(docsrs)' --check-cfg 'cfg(feature, values("dox", "embed-lgpl-docs", "gtk-rs-lgpl-docs", "purge-lgpl-docs", "v3_16", "v3_18", "v3_20", "v3_22", "v3_22_20", "v3_22_26", "v3_22_27", "v3_22_29", "v3_22_30", "v3_24", "v3_24_8", "v3_24_9"))' -C metadata=fbf0b3b698bf4be1 -C extra-filename=-fbf0b3b698bf4be1 --out-dir /opt/rustwide/target/debug/deps -L dependency=/opt/rustwide/target/debug/deps --extern atk=/opt/rustwide/target/debug/deps/libatk-a7dab2a03fca846d.rmeta --extern bitflags=/opt/rustwide/target/debug/deps/libbitflags-560efdb99b117eef.rmeta --extern cairo=/opt/rustwide/target/debug/deps/libcairo-4a0d207c0d4c346f.rmeta --extern cairo_sys=/opt/rustwide/target/debug/deps/libcairo_sys-7a6f45c6aa49c774.rmeta --extern gdk=/opt/rustwide/target/debug/deps/libgdk-04a082d0703ac9e1.rmeta --extern gdk_pixbuf=/opt/rustwide/target/debug/deps/libgdk_pixbuf-a1da5f7741c9d42b.rmeta --extern gdk_pixbuf_sys=/opt/rustwide/target/debug/deps/libgdk_pixbuf_sys-e8c5754e714cb5bb.rmeta --extern gdk_sys=/opt/rustwide/target/debug/deps/libgdk_sys-b034007fa30b46ca.rmeta --extern gio=/opt/rustwide/target/debug/deps/libgio-f83b9ede9fc29f4f.rmeta --extern gio_sys=/opt/rustwide/target/debug/deps/libgio_sys-824f25c4cae6458f.rmeta --extern glib=/opt/rustwide/target/debug/deps/libglib-6fbbeae68ace4a0d.rmeta --extern glib_sys=/opt/rustwide/target/debug/deps/libglib_sys-12ec080be2ee9e88.rmeta --extern gobject_sys=/opt/rustwide/target/debug/deps/libgobject_sys-ac5243fa72b8706e.rmeta --extern gtk_sys=/opt/rustwide/target/debug/deps/libgtk_sys-2ef3b7460c7ba7b1.rmeta --extern libc=/opt/rustwide/target/debug/deps/liblibc-663f09ba3db1840e.rmeta --extern once_cell=/opt/rustwide/target/debug/deps/libonce_cell-6dc575c335e8f5a1.rmeta --extern pango=/opt/rustwide/target/debug/deps/libpango-164a1e2ec6bc95da.rmeta --extern pango_sys=/opt/rustwide/target/debug/deps/libpango_sys-6a1de611177438df.rmeta --cap-lints allow --cap-lints=forbid --cfg 'gdk_backend="x11"' --cfg 'gdk_backend="broadway"' --cfg 'gdk_backend="wayland"'` (signal: 9, SIGKILL: kill)
[INFO] running `Command { std: "docker" "inspect" "3a689b264664c6d2a8dbd96667cb778b8c00d839ae5bbb232d7652839c631394", kill_on_drop: false }`
[INFO] running `Command { std: "docker" "rm" "-f" "3a689b264664c6d2a8dbd96667cb778b8c00d839ae5bbb232d7652839c631394", kill_on_drop: false }`
[INFO] [stdout] 3a689b264664c6d2a8dbd96667cb778b8c00d839ae5bbb232d7652839c631394
