[INFO] fetching crate freya-native-core 0.2.1...
[INFO] testing freya-native-core-0.2.1 against nightly-2024-10-28+rustflags=-Zrandomize-layout for randomize-layout
[INFO] extracting crate freya-native-core 0.2.1 into /workspace/builds/worker-4-tc2/source
[INFO] validating manifest of crates.io crate freya-native-core 0.2.1 on toolchain nightly-2024-10-28
[INFO] running `Command { std: CARGO_HOME="/workspace/cargo-home" RUSTUP_HOME="/workspace/rustup-home" "/workspace/cargo-home/bin/cargo" "+nightly-2024-10-28" "metadata" "--manifest-path" "Cargo.toml" "--no-deps", kill_on_drop: false }`
[INFO] started tweaking crates.io crate freya-native-core 0.2.1
[INFO] finished tweaking crates.io crate freya-native-core 0.2.1
[INFO] tweaked toml for crates.io crate freya-native-core 0.2.1 written to /workspace/builds/worker-4-tc2/source/Cargo.toml
[INFO] crate crates.io crate freya-native-core 0.2.1 already has a lockfile, it will not be regenerated
[INFO] running `Command { std: CARGO_HOME="/workspace/cargo-home" RUSTUP_HOME="/workspace/rustup-home" "/workspace/cargo-home/bin/cargo" "+nightly-2024-10-28" "fetch" "--manifest-path" "Cargo.toml", kill_on_drop: false }`
[INFO] running `Command { std: "docker" "create" "-v" "/var/lib/crater-agent-workspace/builds/worker-4-tc2/target:/opt/rustwide/target:rw,Z" "-v" "/var/lib/crater-agent-workspace/builds/worker-4-tc2/source:/opt/rustwide/workdir:ro,Z" "-v" "/var/lib/crater-agent-workspace/cargo-home:/opt/rustwide/cargo-home:ro,Z" "-v" "/var/lib/crater-agent-workspace/rustup-home:/opt/rustwide/rustup-home:ro,Z" "-e" "SOURCE_DIR=/opt/rustwide/workdir" "-e" "CARGO_TARGET_DIR=/opt/rustwide/target" "-e" "CARGO_HOME=/opt/rustwide/cargo-home" "-e" "RUSTUP_HOME=/opt/rustwide/rustup-home" "-w" "/opt/rustwide/workdir" "-m" "1610612736" "--user" "0:0" "--network" "none" "ghcr.io/rust-lang/crates-build-env/linux@sha256:4a844ea9eb2546a2d2c7022eacef16ef2e8229c7fbb2c7d4d55a9ceca922f72d" "/opt/rustwide/cargo-home/bin/cargo" "+nightly-2024-10-28" "metadata" "--no-deps" "--format-version=1", kill_on_drop: false }`
[INFO] [stdout] c402b0d38dd73b4e52ce078b9042aaebadd0aad0d0abedb27458805eed0f3628
[INFO] running `Command { std: "docker" "start" "-a" "c402b0d38dd73b4e52ce078b9042aaebadd0aad0d0abedb27458805eed0f3628", kill_on_drop: false }`
[INFO] running `Command { std: "docker" "inspect" "c402b0d38dd73b4e52ce078b9042aaebadd0aad0d0abedb27458805eed0f3628", kill_on_drop: false }`
[INFO] running `Command { std: "docker" "rm" "-f" "c402b0d38dd73b4e52ce078b9042aaebadd0aad0d0abedb27458805eed0f3628", kill_on_drop: false }`
[INFO] [stdout] c402b0d38dd73b4e52ce078b9042aaebadd0aad0d0abedb27458805eed0f3628
[INFO] running `Command { std: "docker" "create" "-v" "/var/lib/crater-agent-workspace/builds/worker-4-tc2/target:/opt/rustwide/target:rw,Z" "-v" "/var/lib/crater-agent-workspace/builds/worker-4-tc2/source:/opt/rustwide/workdir:ro,Z" "-v" "/var/lib/crater-agent-workspace/cargo-home:/opt/rustwide/cargo-home:ro,Z" "-v" "/var/lib/crater-agent-workspace/rustup-home:/opt/rustwide/rustup-home:ro,Z" "-e" "SOURCE_DIR=/opt/rustwide/workdir" "-e" "CARGO_TARGET_DIR=/opt/rustwide/target" "-e" "CARGO_INCREMENTAL=0" "-e" "RUST_BACKTRACE=full" "-e" "RUSTFLAGS=--cap-lints=forbid -Zrandomize-layout" "-e" "RUSTDOCFLAGS=--cap-lints=forbid" "-e" "CARGO_HOME=/opt/rustwide/cargo-home" "-e" "RUSTUP_HOME=/opt/rustwide/rustup-home" "-w" "/opt/rustwide/workdir" "-m" "1610612736" "--user" "0:0" "--network" "none" "ghcr.io/rust-lang/crates-build-env/linux@sha256:4a844ea9eb2546a2d2c7022eacef16ef2e8229c7fbb2c7d4d55a9ceca922f72d" "/opt/rustwide/cargo-home/bin/cargo" "+nightly-2024-10-28" "build" "--frozen" "--message-format=json", kill_on_drop: false }`
[INFO] [stdout] 43abaf3346cac97b5d4a9227ab6d73bf9171983a55d718ff74f3f71360788147
[INFO] running `Command { std: "docker" "start" "-a" "43abaf3346cac97b5d4a9227ab6d73bf9171983a55d718ff74f3f71360788147", kill_on_drop: false }`
[INFO] [stderr]    Compiling autocfg v1.3.0
[INFO] [stderr]    Compiling libc v0.2.155
[INFO] [stderr]    Compiling once_cell v1.19.0
[INFO] [stderr]    Compiling proc-macro2 v1.0.84
[INFO] [stderr]    Compiling unicode-ident v1.0.12
[INFO] [stderr]    Compiling smallvec v1.13.2
[INFO] [stderr]    Compiling parking_lot_core v0.9.10
[INFO] [stderr]    Compiling version_check v0.9.4
[INFO] [stderr]    Compiling syn v1.0.109
[INFO] [stderr]    Compiling pin-project-lite v0.2.14
[INFO] [stderr]    Compiling lazy_static v1.4.0
[INFO] [stderr]    Compiling futures-core v0.3.30
[INFO] [stderr]    Compiling overload v0.1.1
[INFO] [stderr]    Compiling log v0.4.21
[INFO] [stderr]    Compiling either v1.12.0
[INFO] [stderr]    Compiling futures-task v0.3.30
[INFO] [stderr]    Compiling nu-ansi-term v0.46.0
[INFO] [stderr]    Compiling sharded-slab v0.1.7
[INFO] [stderr]    Compiling hashbrown v0.14.5
[INFO] [stderr]    Compiling futures-channel v0.3.30
[INFO] [stderr]    Compiling longest-increasing-subsequence v0.1.0
[INFO] [stderr]    Compiling tracing-core v0.1.32
[INFO] [stderr]    Compiling thread_local v1.1.8
[INFO] [stderr]    Compiling rayon v1.10.0
[INFO] [stderr]    Compiling rustc-hash v1.1.0
[INFO] [stderr]    Compiling anymap v1.0.0-beta.2
[INFO] [stderr]    Compiling lock_api v0.4.12
[INFO] [stderr]    Compiling slab v0.4.9
[INFO] [stderr]    Compiling ahash v0.7.8
[INFO] [stderr]    Compiling tracing-log v0.2.0
[INFO] [stderr]    Compiling futures-util v0.3.30
[INFO] [stderr]    Compiling quote v1.0.36
[INFO] [stderr]    Compiling tracing-subscriber v0.3.18
[INFO] [stderr]    Compiling getrandom v0.2.15
[INFO] [stderr]    Compiling syn v2.0.66
[INFO] [stderr]    Compiling parking_lot v0.12.3
[INFO] [stderr]    Compiling dashmap v5.5.3
[INFO] [stderr]    Compiling hashbrown v0.12.3
[INFO] [stderr]    Compiling generational-box v0.5.1
[INFO] [stderr]    Compiling shipyard_proc v0.3.0
[INFO] [stderr]    Compiling shipyard v0.6.2
[INFO] [stderr]    Compiling tracing-attributes v0.1.27
[INFO] [stderr]    Compiling tracing v0.1.40
[INFO] [stderr]    Compiling dioxus-core v0.5.1
[INFO] [stderr]    Compiling freya-native-core v0.2.1 (/opt/rustwide/workdir)
[INFO] [stderr]     Finished `dev` profile [unoptimized + debuginfo] target(s) in 7.94s
[INFO] [stderr] warning: the following packages contain code that will be rejected by a future version of Rust: anymap v1.0.0-beta.2
[INFO] [stderr] note: to see what the problems were, use the option `--future-incompat-report`, or run `cargo report future-incompatibilities --id 1`
[INFO] running `Command { std: "docker" "inspect" "43abaf3346cac97b5d4a9227ab6d73bf9171983a55d718ff74f3f71360788147", kill_on_drop: false }`
[INFO] running `Command { std: "docker" "rm" "-f" "43abaf3346cac97b5d4a9227ab6d73bf9171983a55d718ff74f3f71360788147", kill_on_drop: false }`
[INFO] [stdout] 43abaf3346cac97b5d4a9227ab6d73bf9171983a55d718ff74f3f71360788147
[INFO] running `Command { std: "docker" "create" "-v" "/var/lib/crater-agent-workspace/builds/worker-4-tc2/target:/opt/rustwide/target:rw,Z" "-v" "/var/lib/crater-agent-workspace/builds/worker-4-tc2/source:/opt/rustwide/workdir:ro,Z" "-v" "/var/lib/crater-agent-workspace/cargo-home:/opt/rustwide/cargo-home:ro,Z" "-v" "/var/lib/crater-agent-workspace/rustup-home:/opt/rustwide/rustup-home:ro,Z" "-e" "SOURCE_DIR=/opt/rustwide/workdir" "-e" "CARGO_TARGET_DIR=/opt/rustwide/target" "-e" "CARGO_INCREMENTAL=0" "-e" "RUST_BACKTRACE=full" "-e" "RUSTFLAGS=--cap-lints=forbid -Zrandomize-layout" "-e" "RUSTDOCFLAGS=--cap-lints=forbid" "-e" "CARGO_HOME=/opt/rustwide/cargo-home" "-e" "RUSTUP_HOME=/opt/rustwide/rustup-home" "-w" "/opt/rustwide/workdir" "-m" "1610612736" "--user" "0:0" "--network" "none" "ghcr.io/rust-lang/crates-build-env/linux@sha256:4a844ea9eb2546a2d2c7022eacef16ef2e8229c7fbb2c7d4d55a9ceca922f72d" "/opt/rustwide/cargo-home/bin/cargo" "+nightly-2024-10-28" "test" "--frozen" "--no-run" "--message-format=json", kill_on_drop: false }`
[INFO] [stdout] a076de4c44690cd744b335892b7e2a4c8a87ca1693c0542d3c1c8edd450b023a
[INFO] running `Command { std: "docker" "start" "-a" "a076de4c44690cd744b335892b7e2a4c8a87ca1693c0542d3c1c8edd450b023a", kill_on_drop: false }`
[INFO] [stderr]    Compiling signal-hook-registry v1.4.2
[INFO] [stderr]    Compiling socket2 v0.5.7
[INFO] [stderr]    Compiling num_cpus v1.16.0
[INFO] [stderr]    Compiling mio v0.8.11
[INFO] [stderr]    Compiling bytes v1.6.0
[INFO] [stderr]    Compiling syn v2.0.66
[INFO] [stderr]    Compiling tracing-attributes v0.1.27
[INFO] [stderr]    Compiling tokio-macros v2.2.0
[INFO] [stderr]    Compiling tokio v1.37.0
[INFO] [stderr]    Compiling tracing v0.1.40
[INFO] [stderr]    Compiling dioxus-core v0.5.1
[INFO] [stderr]    Compiling freya-native-core v0.2.1 (/opt/rustwide/workdir)
[INFO] [stdout] error[E0432]: unresolved import `freya_native_core_macro`
[INFO] [stdout]  --> examples/simple.rs:5:5
[INFO] [stdout]   |
[INFO] [stdout] 5 | use freya_native_core_macro::partial_derive_state;
[INFO] [stdout]   |     ^^^^^^^^^^^^^^^^^^^^^^^ use of undeclared crate or module `freya_native_core_macro`
[INFO] [stdout]   |
[INFO] [stdout] help: there is a crate or module with a similar name
[INFO] [stdout]   |
[INFO] [stdout] 5 | use freya_native_core::partial_derive_state;
[INFO] [stdout]   |     ~~~~~~~~~~~~~~~~~
[INFO] [stdout] 
[INFO] [stdout] 
[INFO] [stdout] error[E0432]: unresolved import `freya_native_core_macro`
[INFO] [stdout]  --> tests/passes.rs:3:5
[INFO] [stdout]   |
[INFO] [stdout] 3 | use freya_native_core_macro::partial_derive_state;
[INFO] [stdout]   |     ^^^^^^^^^^^^^^^^^^^^^^^ use of undeclared crate or module `freya_native_core_macro`
[INFO] [stdout]   |
[INFO] [stdout] help: there is a crate or module with a similar name
[INFO] [stdout]   |
[INFO] [stdout] 3 | use freya_native_core::partial_derive_state;
[INFO] [stdout]   |     ~~~~~~~~~~~~~~~~~
[INFO] [stdout] 
[INFO] [stdout] 
[INFO] [stdout] error[E0046]: not all trait items implemented, missing: `workload_system`
[INFO] [stdout]   --> tests/passes.rs:21:5
[INFO] [stdout]    |
[INFO] [stdout] 21 |     impl State for Number {
[INFO] [stdout]    |     ^^^^^^^^^^^^^^^^^^^^^ missing `workload_system` in implementation
[INFO] [stdout]    |
[INFO] [stdout]    = help: implement the missing item: `fn workload_system(_: std::any::TypeId, _: Arc<Dependants>, _: PassDirection) -> WorkloadSystem { todo!() }`
[INFO] [stdout] 
[INFO] [stdout] 
[INFO] [stdout] error[E0046]: not all trait items implemented, missing: `create`, `workload_system`
[INFO] [stdout]   --> examples/simple.rs:15:1
[INFO] [stdout]    |
[INFO] [stdout] 15 | impl State for Size {
[INFO] [stdout]    | ^^^^^^^^^^^^^^^^^^^ missing `create`, `workload_system` in implementation
[INFO] [stdout]    |
[INFO] [stdout]    = help: implement the missing item: `fn create(_: freya_native_core::node_ref::NodeView<'_>, _: <<Self as freya_native_core::prelude::State>::NodeDependencies as freya_native_core::prelude::Dependancy>::ElementBorrowed<'a>, _: Option<<<Self as freya_native_core::prelude::State>::ParentDependencies as freya_native_core::prelude::Dependancy>::ElementBorrowed<'a>>, _: Vec<<<Self as freya_native_core::prelude::State>::ChildDependencies as freya_native_core::prelude::Dependancy>::ElementBorrowed<'a>>, _: &anymap::Map<(dyn Any + Send + Sync + 'static)>) -> Self { todo!() }`
[INFO] [stdout]    = help: implement the missing item: `fn workload_system(_: std::any::TypeId, _: Arc<Dependants>, _: PassDirection) -> WorkloadSystem { todo!() }`
[INFO] [stdout] 
[INFO] [stdout] 
[INFO] [stdout] error[E0046]: not all trait items implemented, missing: `workload_system`
[INFO] [stdout]   --> tests/passes.rs:76:5
[INFO] [stdout]    |
[INFO] [stdout] 76 |     impl State for AddNumber {
[INFO] [stdout]    |     ^^^^^^^^^^^^^^^^^^^^^^^^ missing `workload_system` in implementation
[INFO] [stdout]    |
[INFO] [stdout]    = help: implement the missing item: `fn workload_system(_: std::any::TypeId, _: Arc<Dependants>, _: PassDirection) -> WorkloadSystem { todo!() }`
[INFO] [stdout] 
[INFO] [stdout] 
[INFO] [stdout] error[E0046]: not all trait items implemented, missing: `workload_system`
[INFO] [stdout]    --> tests/passes.rs:111:5
[INFO] [stdout]     |
[INFO] [stdout] 111 |     impl State for SubtractNumber {
[INFO] [stdout]     |     ^^^^^^^^^^^^^^^^^^^^^^^^^^^^^ missing `workload_system` in implementation
[INFO] [stdout]     |
[INFO] [stdout]     = help: implement the missing item: `fn workload_system(_: std::any::TypeId, _: Arc<Dependants>, _: PassDirection) -> WorkloadSystem { todo!() }`
[INFO] [stdout] 
[INFO] [stdout] 
[INFO] [stdout] error[E0046]: not all trait items implemented, missing: `workload_system`
[INFO] [stdout]    --> tests/passes.rs:177:5
[INFO] [stdout]     |
[INFO] [stdout] 177 |     impl State for AddNumber {
[INFO] [stdout]     |     ^^^^^^^^^^^^^^^^^^^^^^^^ missing `workload_system` in implementation
[INFO] [stdout]     |
[INFO] [stdout]     = help: implement the missing item: `fn workload_system(_: std::any::TypeId, _: Arc<Dependants>, _: PassDirection) -> WorkloadSystem { todo!() }`
[INFO] [stdout] 
[INFO] [stdout] 
[INFO] [stdout] error[E0046]: not all trait items implemented, missing: `workload_system`
[INFO] [stdout]    --> tests/passes.rs:213:5
[INFO] [stdout]     |
[INFO] [stdout] 213 |     impl State for SubtractNumber {
[INFO] [stdout]     |     ^^^^^^^^^^^^^^^^^^^^^^^^^^^^^ missing `workload_system` in implementation
[INFO] [stdout]     |
[INFO] [stdout]     = help: implement the missing item: `fn workload_system(_: std::any::TypeId, _: Arc<Dependants>, _: PassDirection) -> WorkloadSystem { todo!() }`
[INFO] [stdout] 
[INFO] [stdout] 
[INFO] [stdout] error[E0046]: not all trait items implemented, missing: `create`, `workload_system`
[INFO] [stdout]   --> examples/simple.rs:86:1
[INFO] [stdout]    |
[INFO] [stdout] 86 | impl State for TextColor {
[INFO] [stdout]    | ^^^^^^^^^^^^^^^^^^^^^^^^ missing `create`, `workload_system` in implementation
[INFO] [stdout]    |
[INFO] [stdout]    = help: implement the missing item: `fn create(_: freya_native_core::node_ref::NodeView<'_>, _: <<Self as freya_native_core::prelude::State>::NodeDependencies as freya_native_core::prelude::Dependancy>::ElementBorrowed<'a>, _: Option<<<Self as freya_native_core::prelude::State>::ParentDependencies as freya_native_core::prelude::Dependancy>::ElementBorrowed<'a>>, _: Vec<<<Self as freya_native_core::prelude::State>::ChildDependencies as freya_native_core::prelude::Dependancy>::ElementBorrowed<'a>>, _: &anymap::Map<(dyn Any + Send + Sync + 'static)>) -> Self { todo!() }`
[INFO] [stdout]    = help: implement the missing item: `fn workload_system(_: std::any::TypeId, _: Arc<Dependants>, _: PassDirection) -> WorkloadSystem { todo!() }`
[INFO] [stdout] 
[INFO] [stdout] 
[INFO] [stdout] error[E0046]: not all trait items implemented, missing: `workload_system`
[INFO] [stdout]    --> tests/passes.rs:288:5
[INFO] [stdout]     |
[INFO] [stdout] 288 |     impl State for AddNumber {
[INFO] [stdout]     |     ^^^^^^^^^^^^^^^^^^^^^^^^ missing `workload_system` in implementation
[INFO] [stdout]     |
[INFO] [stdout]     = help: implement the missing item: `fn workload_system(_: std::any::TypeId, _: Arc<Dependants>, _: PassDirection) -> WorkloadSystem { todo!() }`
[INFO] [stdout] 
[INFO] [stdout] 
[INFO] [stdout] error[E0046]: not all trait items implemented, missing: `create`, `workload_system`
[INFO] [stdout]    --> examples/simple.rs:135:1
[INFO] [stdout]     |
[INFO] [stdout] 135 | impl State for Border {
[INFO] [stdout]     | ^^^^^^^^^^^^^^^^^^^^^ missing `create`, `workload_system` in implementation
[INFO] [stdout]     |
[INFO] [stdout]     = help: implement the missing item: `fn create(_: freya_native_core::node_ref::NodeView<'_>, _: <<Self as freya_native_core::prelude::State>::NodeDependencies as freya_native_core::prelude::Dependancy>::ElementBorrowed<'a>, _: Option<<<Self as freya_native_core::prelude::State>::ParentDependencies as freya_native_core::prelude::Dependancy>::ElementBorrowed<'a>>, _: Vec<<<Self as freya_native_core::prelude::State>::ChildDependencies as freya_native_core::prelude::Dependancy>::ElementBorrowed<'a>>, _: &anymap::Map<(dyn Any + Send + Sync + 'static)>) -> Self { todo!() }`
[INFO] [stdout]     = help: implement the missing item: `fn workload_system(_: std::any::TypeId, _: Arc<Dependants>, _: PassDirection) -> WorkloadSystem { todo!() }`
[INFO] [stdout] 
[INFO] [stdout] 
[INFO] [stdout] error[E0046]: not all trait items implemented, missing: `workload_system`
[INFO] [stdout]    --> tests/passes.rs:376:5
[INFO] [stdout]     |
[INFO] [stdout] 376 |     impl State for AddNumber {
[INFO] [stdout]     |     ^^^^^^^^^^^^^^^^^^^^^^^^ missing `workload_system` in implementation
[INFO] [stdout]     |
[INFO] [stdout]     = help: implement the missing item: `fn workload_system(_: std::any::TypeId, _: Arc<Dependants>, _: PassDirection) -> WorkloadSystem { todo!() }`
[INFO] [stdout] 
[INFO] [stdout] 
[INFO] [stdout] Some errors have detailed explanations: E0046, E0432.
[INFO] [stdout] 
[INFO] [stdout] For more information about an error, try `rustc --explain E0046`.
[INFO] [stdout] 
[INFO] [stderr] error: could not compile `freya-native-core` (example "simple") due to 4 previous errors
[INFO] [stderr] warning: build failed, waiting for other jobs to finish...
[INFO] [stdout] Some errors have detailed explanations: E0046, E0432.
[INFO] [stdout] 
[INFO] [stdout] For more information about an error, try `rustc --explain E0046`.
[INFO] [stdout] 
[INFO] [stderr] error: could not compile `freya-native-core` (test "passes") due to 8 previous errors
[INFO] running `Command { std: "docker" "inspect" "a076de4c44690cd744b335892b7e2a4c8a87ca1693c0542d3c1c8edd450b023a", kill_on_drop: false }`
[INFO] running `Command { std: "docker" "rm" "-f" "a076de4c44690cd744b335892b7e2a4c8a87ca1693c0542d3c1c8edd450b023a", kill_on_drop: false }`
[INFO] [stdout] a076de4c44690cd744b335892b7e2a4c8a87ca1693c0542d3c1c8edd450b023a
