[INFO] fetching crate frame-analyzer-ebpf 0.2.0...
[INFO] testing frame-analyzer-ebpf-0.2.0 against nightly-2024-10-28 for randomize-layout
[INFO] extracting crate frame-analyzer-ebpf 0.2.0 into /workspace/builds/worker-6-tc1/source
[INFO] validating manifest of crates.io crate frame-analyzer-ebpf 0.2.0 on toolchain nightly-2024-10-28
[INFO] running `Command { std: CARGO_HOME="/workspace/cargo-home" RUSTUP_HOME="/workspace/rustup-home" "/workspace/cargo-home/bin/cargo" "+nightly-2024-10-28" "metadata" "--manifest-path" "Cargo.toml" "--no-deps", kill_on_drop: false }`
[INFO] removed /workspace/builds/worker-6-tc1/source/.cargo/config.toml
[INFO] removed /workspace/builds/worker-6-tc1/source/rust-toolchain.toml
[INFO] started tweaking crates.io crate frame-analyzer-ebpf 0.2.0
[INFO] finished tweaking crates.io crate frame-analyzer-ebpf 0.2.0
[INFO] tweaked toml for crates.io crate frame-analyzer-ebpf 0.2.0 written to /workspace/builds/worker-6-tc1/source/Cargo.toml
[INFO] crate crates.io crate frame-analyzer-ebpf 0.2.0 already has a lockfile, it will not be regenerated
[INFO] running `Command { std: CARGO_HOME="/workspace/cargo-home" RUSTUP_HOME="/workspace/rustup-home" "/workspace/cargo-home/bin/cargo" "+nightly-2024-10-28" "fetch" "--manifest-path" "Cargo.toml", kill_on_drop: false }`
[INFO] [stderr]     Updating crates.io index
[INFO] [stderr]  Downloading crates ...
[INFO] [stderr]   Downloaded rustversion v1.0.17
[INFO] [stderr]   Downloaded aya-ebpf v0.1.0
[INFO] [stderr]   Downloaded aya-ebpf-macros v0.1.0
[INFO] [stderr]   Downloaded frame-analyzer-ebpf-common v0.2.7
[INFO] [stderr]   Downloaded aya-ebpf-cty v0.2.1
[INFO] [stderr]   Downloaded aya-ebpf-bindings v0.1.0
[INFO] [stderr]   Downloaded syn v2.0.79
[INFO] running `Command { std: "docker" "create" "-v" "/var/lib/crater-agent-workspace/builds/worker-6-tc1/target:/opt/rustwide/target:rw,Z" "-v" "/var/lib/crater-agent-workspace/builds/worker-6-tc1/source:/opt/rustwide/workdir:ro,Z" "-v" "/var/lib/crater-agent-workspace/cargo-home:/opt/rustwide/cargo-home:ro,Z" "-v" "/var/lib/crater-agent-workspace/rustup-home:/opt/rustwide/rustup-home:ro,Z" "-e" "SOURCE_DIR=/opt/rustwide/workdir" "-e" "CARGO_TARGET_DIR=/opt/rustwide/target" "-e" "CARGO_HOME=/opt/rustwide/cargo-home" "-e" "RUSTUP_HOME=/opt/rustwide/rustup-home" "-w" "/opt/rustwide/workdir" "-m" "1610612736" "--user" "0:0" "--network" "none" "ghcr.io/rust-lang/crates-build-env/linux@sha256:4a844ea9eb2546a2d2c7022eacef16ef2e8229c7fbb2c7d4d55a9ceca922f72d" "/opt/rustwide/cargo-home/bin/cargo" "+nightly-2024-10-28" "metadata" "--no-deps" "--format-version=1", kill_on_drop: false }`
[INFO] [stdout] 20b454044ec3b73df30aad9602879dc32c651ec4cc130867bb9df19c52c158c4
[INFO] running `Command { std: "docker" "start" "-a" "20b454044ec3b73df30aad9602879dc32c651ec4cc130867bb9df19c52c158c4", kill_on_drop: false }`
[INFO] running `Command { std: "docker" "inspect" "20b454044ec3b73df30aad9602879dc32c651ec4cc130867bb9df19c52c158c4", kill_on_drop: false }`
[INFO] running `Command { std: "docker" "rm" "-f" "20b454044ec3b73df30aad9602879dc32c651ec4cc130867bb9df19c52c158c4", kill_on_drop: false }`
[INFO] [stdout] 20b454044ec3b73df30aad9602879dc32c651ec4cc130867bb9df19c52c158c4
[INFO] running `Command { std: "docker" "create" "-v" "/var/lib/crater-agent-workspace/builds/worker-6-tc1/target:/opt/rustwide/target:rw,Z" "-v" "/var/lib/crater-agent-workspace/builds/worker-6-tc1/source:/opt/rustwide/workdir:ro,Z" "-v" "/var/lib/crater-agent-workspace/cargo-home:/opt/rustwide/cargo-home:ro,Z" "-v" "/var/lib/crater-agent-workspace/rustup-home:/opt/rustwide/rustup-home:ro,Z" "-e" "SOURCE_DIR=/opt/rustwide/workdir" "-e" "CARGO_TARGET_DIR=/opt/rustwide/target" "-e" "CARGO_INCREMENTAL=0" "-e" "RUST_BACKTRACE=full" "-e" "RUSTFLAGS=--cap-lints=forbid" "-e" "RUSTDOCFLAGS=--cap-lints=forbid" "-e" "CARGO_HOME=/opt/rustwide/cargo-home" "-e" "RUSTUP_HOME=/opt/rustwide/rustup-home" "-w" "/opt/rustwide/workdir" "-m" "1610612736" "--user" "0:0" "--network" "none" "ghcr.io/rust-lang/crates-build-env/linux@sha256:4a844ea9eb2546a2d2c7022eacef16ef2e8229c7fbb2c7d4d55a9ceca922f72d" "/opt/rustwide/cargo-home/bin/cargo" "+nightly-2024-10-28" "build" "--frozen" "--message-format=json", kill_on_drop: false }`
[INFO] [stdout] acd454829418b442b6a567d91ea80ff1679126667e7c2cdcb7f0318da6eb0d89
[INFO] running `Command { std: "docker" "start" "-a" "acd454829418b442b6a567d91ea80ff1679126667e7c2cdcb7f0318da6eb0d89", kill_on_drop: false }`
[INFO] [stderr]    Compiling proc-macro2 v1.0.86
[INFO] [stderr]    Compiling version_check v0.9.5
[INFO] [stderr]    Compiling unicode-ident v1.0.13
[INFO] [stderr]    Compiling rustversion v1.0.17
[INFO] [stderr]    Compiling aya-ebpf-cty v0.2.1
[INFO] [stderr]    Compiling aya-ebpf-bindings v0.1.0
[INFO] [stderr]    Compiling frame-analyzer-ebpf-common v0.2.7
[INFO] [stderr]    Compiling proc-macro-error-attr v1.0.4
[INFO] [stderr]    Compiling proc-macro-error v1.0.4
[INFO] [stderr]    Compiling aya-ebpf v0.1.0
[INFO] [stderr]    Compiling quote v1.0.37
[INFO] [stderr]    Compiling syn v2.0.79
[INFO] [stderr]    Compiling aya-ebpf-macros v0.1.0
[INFO] [stderr]    Compiling frame-analyzer-ebpf v0.2.0 (/opt/rustwide/workdir)
[INFO] [stdout] error: linking with `cc` failed: exit status: 1
[INFO] [stdout]   |
[INFO] [stdout]   = note: LC_ALL="C" PATH="/opt/rustwide/rustup-home/toolchains/nightly-2024-10-28-x86_64-unknown-linux-gnu/lib/rustlib/x86_64-unknown-linux-gnu/bin:/opt/rustwide/rustup-home/toolchains/nightly-2024-10-28-x86_64-unknown-linux-gnu/lib/rustlib/x86_64-unknown-linux-gnu/bin/self-contained:/opt/rustwide/cargo-home/bin:/usr/local/sbin:/usr/local/bin:/usr/sbin:/usr/bin:/sbin:/bin" VSLANG="1033" "cc" "-m64" "/tmp/rustczMPpV7/symbols.o" "/opt/rustwide/target/debug/deps/frame_analyzer_ebpf-c8fc1d67b047d43f.frame_analyzer_ebpf.3d11381ad3b2d7b5-cgu.0.rcgu.o" "-Wl,--as-needed" "-Wl,-Bstatic" "/opt/rustwide/rustup-home/toolchains/nightly-2024-10-28-x86_64-unknown-linux-gnu/lib/rustlib/x86_64-unknown-linux-gnu/lib/libcompiler_builtins-0e6386368b0a24e8.rlib" "-Wl,-Bdynamic" "-B/opt/rustwide/rustup-home/toolchains/nightly-2024-10-28-x86_64-unknown-linux-gnu/lib/rustlib/x86_64-unknown-linux-gnu/bin/gcc-ld" "-fuse-ld=lld" "-Wl,--eh-frame-hdr" "-Wl,-z,noexecstack" "-L" "/opt/rustwide/rustup-home/toolchains/nightly-2024-10-28-x86_64-unknown-linux-gnu/lib/rustlib/x86_64-unknown-linux-gnu/lib" "-o" "/opt/rustwide/target/debug/deps/frame_analyzer_ebpf-c8fc1d67b047d43f" "-Wl,--gc-sections" "-pie" "-Wl,-z,relro,-z,now" "-Wl,-O1" "-Wl,--strip-debug" "-nodefaultlibs"
[INFO] [stdout]   = note: rust-lld: error: undefined symbol: main
[INFO] [stdout]           >>> referenced by /usr/lib/gcc/x86_64-linux-gnu/11/../../../x86_64-linux-gnu/Scrt1.o:(_start)
[INFO] [stdout]           
[INFO] [stdout]           rust-lld: error: undefined symbol: __libc_start_main
[INFO] [stdout]           >>> referenced by /usr/lib/gcc/x86_64-linux-gnu/11/../../../x86_64-linux-gnu/Scrt1.o:(_start)
[INFO] [stdout]           collect2: error: ld returned 1 exit status
[INFO] [stdout]           
[INFO] [stdout] 
[INFO] [stdout] 
[INFO] [stderr] error: could not compile `frame-analyzer-ebpf` (bin "frame-analyzer-ebpf") due to 1 previous error
[INFO] running `Command { std: "docker" "inspect" "acd454829418b442b6a567d91ea80ff1679126667e7c2cdcb7f0318da6eb0d89", kill_on_drop: false }`
[INFO] running `Command { std: "docker" "rm" "-f" "acd454829418b442b6a567d91ea80ff1679126667e7c2cdcb7f0318da6eb0d89", kill_on_drop: false }`
[INFO] [stdout] acd454829418b442b6a567d91ea80ff1679126667e7c2cdcb7f0318da6eb0d89
