[INFO] fetching crate forc-pkg 0.66.2...
[INFO] testing forc-pkg-0.66.2 against nightly-2024-10-28 for randomize-layout
[INFO] extracting crate forc-pkg 0.66.2 into /workspace/builds/worker-0-tc1/source
[INFO] validating manifest of crates.io crate forc-pkg 0.66.2 on toolchain nightly-2024-10-28
[INFO] running `Command { std: CARGO_HOME="/workspace/cargo-home" RUSTUP_HOME="/workspace/rustup-home" "/workspace/cargo-home/bin/cargo" "+nightly-2024-10-28" "metadata" "--manifest-path" "Cargo.toml" "--no-deps", kill_on_drop: false }`
[INFO] started tweaking crates.io crate forc-pkg 0.66.2
[INFO] finished tweaking crates.io crate forc-pkg 0.66.2
[INFO] tweaked toml for crates.io crate forc-pkg 0.66.2 written to /workspace/builds/worker-0-tc1/source/Cargo.toml
[INFO] running `Command { std: CARGO_HOME="/workspace/cargo-home" RUSTUP_HOME="/workspace/rustup-home" "/workspace/cargo-home/bin/cargo" "+nightly-2024-10-28" "generate-lockfile" "--manifest-path" "Cargo.toml", kill_on_drop: false }`
[INFO] [stderr]     Updating crates.io index
[INFO] [stderr]      Locking 490 packages to latest compatible versions
[INFO] [stderr]       Adding gix-url v0.27.5 (available: v0.28.0)
[INFO] [stderr]       Adding proc-macro-crate v1.1.3 (available: v1.3.1)
[INFO] [stderr]       Adding sysinfo v0.29.11 (available: v0.32.0)
[INFO] running `Command { std: CARGO_HOME="/workspace/cargo-home" RUSTUP_HOME="/workspace/rustup-home" "/workspace/cargo-home/bin/cargo" "+nightly-2024-10-28" "fetch" "--manifest-path" "Cargo.toml", kill_on_drop: false }`
[INFO] [stderr]  Downloading crates ...
[INFO] [stderr]   Downloaded sway-utils v0.66.3
[INFO] [stderr]   Downloaded sway-ast v0.66.3
[INFO] [stderr]   Downloaded sway-ir-macros v0.66.3
[INFO] [stderr]   Downloaded sway-features v0.66.3
[INFO] [stderr]   Downloaded forc-tracing v0.66.3
[INFO] [stderr]   Downloaded sway-parse v0.66.3
[INFO] [stderr]   Downloaded sway-types v0.66.3
[INFO] [stderr]   Downloaded gix-trace v0.1.11
[INFO] [stderr]   Downloaded gix-path v0.10.12
[INFO] [stderr]   Downloaded sway-error v0.66.3
[INFO] [stderr]   Downloaded scc v2.2.4
[INFO] [stderr]   Downloaded sway-ir v0.66.3
[INFO] [stderr]   Downloaded sway-core v0.66.3
[INFO] [stderr]   Downloaded forc-util v0.66.3
[INFO] running `Command { std: "docker" "create" "-v" "/var/lib/crater-agent-workspace/builds/worker-0-tc1/target:/opt/rustwide/target:rw,Z" "-v" "/var/lib/crater-agent-workspace/builds/worker-0-tc1/source:/opt/rustwide/workdir:ro,Z" "-v" "/var/lib/crater-agent-workspace/cargo-home:/opt/rustwide/cargo-home:ro,Z" "-v" "/var/lib/crater-agent-workspace/rustup-home:/opt/rustwide/rustup-home:ro,Z" "-e" "SOURCE_DIR=/opt/rustwide/workdir" "-e" "CARGO_TARGET_DIR=/opt/rustwide/target" "-e" "CARGO_HOME=/opt/rustwide/cargo-home" "-e" "RUSTUP_HOME=/opt/rustwide/rustup-home" "-w" "/opt/rustwide/workdir" "-m" "1610612736" "--user" "0:0" "--network" "none" "ghcr.io/rust-lang/crates-build-env/linux@sha256:4a844ea9eb2546a2d2c7022eacef16ef2e8229c7fbb2c7d4d55a9ceca922f72d" "/opt/rustwide/cargo-home/bin/cargo" "+nightly-2024-10-28" "metadata" "--no-deps" "--format-version=1", kill_on_drop: false }`
[INFO] [stdout] 7b866113f76cc1c97dce94b61fa2dbed3bc01250f514eb83fd1b585d8d5467dd
[INFO] running `Command { std: "docker" "start" "-a" "7b866113f76cc1c97dce94b61fa2dbed3bc01250f514eb83fd1b585d8d5467dd", kill_on_drop: false }`
[INFO] running `Command { std: "docker" "inspect" "7b866113f76cc1c97dce94b61fa2dbed3bc01250f514eb83fd1b585d8d5467dd", kill_on_drop: false }`
[INFO] running `Command { std: "docker" "rm" "-f" "7b866113f76cc1c97dce94b61fa2dbed3bc01250f514eb83fd1b585d8d5467dd", kill_on_drop: false }`
[INFO] [stdout] 7b866113f76cc1c97dce94b61fa2dbed3bc01250f514eb83fd1b585d8d5467dd
[INFO] running `Command { std: "docker" "create" "-v" "/var/lib/crater-agent-workspace/builds/worker-0-tc1/target:/opt/rustwide/target:rw,Z" "-v" "/var/lib/crater-agent-workspace/builds/worker-0-tc1/source:/opt/rustwide/workdir:ro,Z" "-v" "/var/lib/crater-agent-workspace/cargo-home:/opt/rustwide/cargo-home:ro,Z" "-v" "/var/lib/crater-agent-workspace/rustup-home:/opt/rustwide/rustup-home:ro,Z" "-e" "SOURCE_DIR=/opt/rustwide/workdir" "-e" "CARGO_TARGET_DIR=/opt/rustwide/target" "-e" "CARGO_INCREMENTAL=0" "-e" "RUST_BACKTRACE=full" "-e" "RUSTFLAGS=--cap-lints=forbid" "-e" "RUSTDOCFLAGS=--cap-lints=forbid" "-e" "CARGO_HOME=/opt/rustwide/cargo-home" "-e" "RUSTUP_HOME=/opt/rustwide/rustup-home" "-w" "/opt/rustwide/workdir" "-m" "1610612736" "--user" "0:0" "--network" "none" "ghcr.io/rust-lang/crates-build-env/linux@sha256:4a844ea9eb2546a2d2c7022eacef16ef2e8229c7fbb2c7d4d55a9ceca922f72d" "/opt/rustwide/cargo-home/bin/cargo" "+nightly-2024-10-28" "build" "--frozen" "--message-format=json", kill_on_drop: false }`
[INFO] [stdout] 413c0d866da7e89cd0092599bf176cd57671e3eb92b7104ab5dc5559792f207f
[INFO] running `Command { std: "docker" "start" "-a" "413c0d866da7e89cd0092599bf176cd57671e3eb92b7104ab5dc5559792f207f", kill_on_drop: false }`
[INFO] [stderr]    Compiling unicode-ident v1.0.13
[INFO] [stderr]    Compiling proc-macro2 v1.0.89
[INFO] [stderr]    Compiling libc v0.2.161
[INFO] [stderr]    Compiling cfg-if v1.0.0
[INFO] [stderr]    Compiling serde v1.0.214
[INFO] [stderr]    Compiling version_check v0.9.5
[INFO] [stderr]    Compiling autocfg v1.4.0
[INFO] [stderr]    Compiling memchr v2.7.4
[INFO] [stderr]    Compiling once_cell v1.20.2
[INFO] [stderr]    Compiling typenum v1.17.0
[INFO] [stderr]    Compiling subtle v2.6.1
[INFO] [stderr]    Compiling const-oid v0.9.6
[INFO] [stderr]    Compiling byteorder v1.5.0
[INFO] [stderr]    Compiling generic-array v0.14.7
[INFO] [stderr]    Compiling shlex v1.3.0
[INFO] [stderr]    Compiling thiserror v1.0.66
[INFO] [stderr]    Compiling crossbeam-utils v0.8.20
[INFO] [stderr]    Compiling either v1.13.0
[INFO] [stderr]    Compiling rayon-core v1.12.1
[INFO] [stderr]    Compiling syn v1.0.109
[INFO] [stderr]    Compiling foldhash v0.1.3
[INFO] [stderr]    Compiling quote v1.0.37
[INFO] [stderr]    Compiling getrandom v0.2.15
[INFO] [stderr]    Compiling jobserver v0.1.32
[INFO] [stderr]    Compiling syn v2.0.86
[INFO] [stderr]    Compiling rand_core v0.6.4
[INFO] [stderr]    Compiling cc v1.1.31
[INFO] [stderr]    Compiling hashbrown v0.15.0
[INFO] [stderr]    Compiling crossbeam-epoch v0.9.18
[INFO] [stderr]    Compiling bytes v1.8.0
[INFO] [stderr]    Compiling equivalent v1.0.1
[INFO] [stderr]    Compiling itoa v1.0.11
[INFO] [stderr]    Compiling pin-project-lite v0.2.15
[INFO] [stderr]    Compiling fnv v1.0.7
[INFO] [stderr]    Compiling crossbeam-deque v0.8.5
[INFO] [stderr]    Compiling semver v1.0.23
[INFO] [stderr]    Compiling hex v0.4.3
[INFO] [stderr]    Compiling pkg-config v0.3.31
[INFO] [stderr]    Compiling futures-core v0.3.31
[INFO] [stderr]    Compiling cpufeatures v0.2.14
[INFO] [stderr]    Compiling slab v0.4.9
[INFO] [stderr]    Compiling futures-sink v0.3.31
[INFO] [stderr]    Compiling static_assertions v1.1.0
[INFO] [stderr]    Compiling rayon v1.10.0
[INFO] [stderr]    Compiling rustc_version v0.4.1
[INFO] [stderr]    Compiling ff v0.13.0
[INFO] [stderr]    Compiling num-traits v0.2.19
[INFO] [stderr]    Compiling vcpkg v0.2.15
[INFO] [stderr]    Compiling base16ct v0.2.0
[INFO] [stderr]    Compiling group v0.13.0
[INFO] [stderr]    Compiling tracing-core v0.1.32
[INFO] [stderr]    Compiling stable_deref_trait v1.2.0
[INFO] [stderr]    Compiling futures-channel v0.3.31
[INFO] [stderr]    Compiling lock_api v0.4.12
[INFO] [stderr]    Compiling futures-io v0.3.31
[INFO] [stderr]    Compiling lazy_static v1.5.0
[INFO] [stderr]    Compiling heck v0.4.1
[INFO] [stderr]    Compiling smallvec v1.13.2
[INFO] [stderr]    Compiling pin-utils v0.1.0
[INFO] [stderr]    Compiling keccak v0.1.5
[INFO] [stderr]    Compiling futures-task v0.3.31
[INFO] [stderr]    Compiling rustversion v1.0.18
[INFO] [stderr]    Compiling openssl-src v300.4.0+3.4.0
[INFO] [stderr]    Compiling ahash v0.8.11
[INFO] [stderr]    Compiling scopeguard v1.2.0
[INFO] [stderr]    Compiling ryu v1.0.18
[INFO] [stderr]    Compiling strsim v0.11.1
[INFO] [stderr]    Compiling openssl-sys v0.9.104
[INFO] [stderr]    Compiling radium v0.7.0
[INFO] [stderr]    Compiling num-integer v0.1.46
[INFO] [stderr]    Compiling indexmap v2.6.0
[INFO] [stderr]    Compiling secp256k1-sys v0.10.1
[INFO] [stderr]    Compiling curve25519-dalek v4.1.3
[INFO] [stderr]    Compiling mio v1.0.2
[INFO] [stderr]    Compiling socket2 v0.5.7
[INFO] [stderr]    Compiling bech32 v0.9.1
[INFO] [stderr]    Compiling log v0.4.22
[INFO] [stderr]    Compiling base64 v0.21.7
[INFO] [stderr]    Compiling tap v1.0.1
[INFO] [stderr]    Compiling wyz v0.5.1
[INFO] [stderr]    Compiling synstructure v0.13.1
[INFO] [stderr]    Compiling tokio v1.41.0
[INFO] [stderr]    Compiling heapless v0.7.17
[INFO] [stderr]    Compiling percent-encoding v2.3.1
[INFO] [stderr]    Compiling funty v2.0.0
[INFO] [stderr]    Compiling spin v0.9.8
[INFO] [stderr]    Compiling hash32 v0.2.1
[INFO] [stderr]    Compiling unicode-bidi v0.3.17
[INFO] [stderr]    Compiling bitvec v1.0.1
[INFO] [stderr]    Compiling same-file v1.0.6
[INFO] [stderr]    Compiling parking_lot_core v0.9.10
[INFO] [stderr]    Compiling crunchy v0.2.2
[INFO] [stderr]    Compiling walkdir v2.5.0
[INFO] [stderr]    Compiling itertools v0.10.5
[INFO] [stderr]    Compiling aho-corasick v1.1.3
[INFO] [stderr]    Compiling strum_macros v0.24.3
[INFO] [stderr]    Compiling serde_derive v1.0.214
[INFO] [stderr]    Compiling zeroize_derive v1.4.2
[INFO] [stderr]    Compiling thiserror-impl v1.0.66
[INFO] [stderr]    Compiling zerocopy-derive v0.7.35
[INFO] [stderr]    Compiling zeroize v1.8.1
[INFO] [stderr]    Compiling der v0.7.9
[INFO] [stderr]    Compiling futures-macro v0.3.31
[INFO] [stderr]    Compiling zerocopy v0.7.35
[INFO] [stderr]    Compiling crypto-common v0.1.6
[INFO] [stderr]    Compiling block-buffer v0.10.4
[INFO] [stderr]    Compiling digest v0.10.7
[INFO] [stderr]    Compiling sha2 v0.10.8
[INFO] [stderr]    Compiling ppv-lite86 v0.2.20
[INFO] [stderr]    Compiling signature v2.2.0
[INFO] [stderr]    Compiling hmac v0.12.1
[INFO] [stderr]    Compiling spki v0.7.3
[INFO] [stderr]    Compiling sec1 v0.7.3
[INFO] [stderr]    Compiling crypto-bigint v0.5.5
[INFO] [stderr]    Compiling rand_chacha v0.3.1
[INFO] [stderr]    Compiling pkcs8 v0.10.2
[INFO] [stderr]    Compiling rfc6979 v0.4.0
[INFO] [stderr]    Compiling rand v0.8.5
[INFO] [stderr]    Compiling futures-util v0.3.31
[INFO] [stderr]    Compiling sha3 v0.10.8
[INFO] [stderr]    Compiling tracing-attributes v0.1.27
[INFO] [stderr]    Compiling bs58 v0.5.1
[INFO] [stderr]    Compiling ripemd v0.1.3
[INFO] [stderr]    Compiling elliptic-curve v0.13.8
[INFO] [stderr]    Compiling ecdsa v0.16.9
[INFO] [stderr]    Compiling fuel-derive v0.58.2
[INFO] [stderr]    Compiling tracing v0.1.40
[INFO] [stderr]    Compiling curve25519-dalek-derive v0.1.1
[INFO] [stderr]    Compiling k256 v0.13.4
[INFO] [stderr]    Compiling primeorder v0.13.6
[INFO] [stderr]    Compiling pbkdf2 v0.12.2
[INFO] [stderr]    Compiling ed25519 v2.2.3
[INFO] [stderr]    Compiling p256 v0.13.2
[INFO] [stderr]    Compiling secp256k1 v0.29.1
[INFO] [stderr]    Compiling hashbrown v0.13.2
[INFO] [stderr]    Compiling strum v0.24.1
[INFO] [stderr]    Compiling tokio-util v0.7.12
[INFO] [stderr]    Compiling derive_more v0.99.18
[INFO] [stderr]    Compiling cobs v0.2.3
[INFO] [stderr]    Compiling bitflags v2.6.0
[INFO] [stderr]    Compiling coins-core v0.8.7
[INFO] [stderr]    Compiling fuel-types v0.58.2
[INFO] [stderr]    Compiling ed25519-dalek v2.1.1
[INFO] [stderr]    Compiling toml v0.5.11
[INFO] [stderr]    Compiling coins-bip32 v0.8.7
[INFO] [stderr]    Compiling regex-syntax v0.8.5
[INFO] [stderr]    Compiling allocator-api2 v0.2.18
[INFO] [stderr]    Compiling tinyvec_macros v0.1.1
[INFO] [stderr]    Compiling fuel-storage v0.58.2
[INFO] [stderr]    Compiling coins-bip39 v0.8.7
[INFO] [stderr]    Compiling serde_json v1.0.132
[INFO] [stderr]    Compiling rustc-hex v2.1.0
[INFO] [stderr]    Compiling postcard v1.0.10
[INFO] [stderr]    Compiling fuel-crypto v0.58.2
[INFO] [stderr]    Compiling fuel-merkle v0.58.2
[INFO] [stderr]    Compiling hashbrown v0.14.5
[INFO] [stderr]    Compiling tinyvec v1.8.0
[INFO] [stderr]    Compiling fuel-asm v0.58.2
[INFO] [stderr]    Compiling derivative v2.2.0
[INFO] [stderr]    Compiling httparse v1.9.5
[INFO] [stderr]    Compiling regex-automata v0.4.8
[INFO] [stderr]    Compiling unicode-xid v0.2.6
[INFO] [stderr]    Compiling adler2 v2.0.0
[INFO] [stderr]    Compiling parking_lot v0.12.3
[INFO] [stderr]    Compiling miniz_oxide v0.8.0
[INFO] [stderr]    Compiling unicode-normalization v0.1.24
[INFO] [stderr]    Compiling rlp v0.5.2
[INFO] [stderr]    Compiling num-bigint v0.4.6
[INFO] [stderr]    Compiling form_urlencoded v1.2.1
[INFO] [stderr]    Compiling twox-hash v1.6.3
[INFO] [stderr]    Compiling fuel-tx v0.58.2
[INFO] [stderr]    Compiling indexmap v1.9.3
[INFO] [stderr]    Compiling proc-macro-error-attr v1.0.4
[INFO] [stderr]    Compiling crc32fast v1.4.2
[INFO] [stderr]    Compiling ident_case v1.0.1
[INFO] [stderr]    Compiling fallible-iterator v0.3.0
[INFO] [stderr]    Compiling utf8parse v0.2.2
[INFO] [stderr]    Compiling siphasher v0.3.11
[INFO] [stderr]    Compiling regex v1.11.1
[INFO] [stderr]    Compiling heck v0.5.0
[INFO] [stderr]    Compiling try-lock v0.2.5
[INFO] [stderr]    Compiling anstyle v1.0.9
[INFO] [stderr]    Compiling gimli v0.31.1
[INFO] [stderr]    Compiling want v0.3.1
[INFO] [stderr]    Compiling anstyle-parse v0.2.6
[INFO] [stderr]    Compiling flate2 v1.0.34
[INFO] [stderr]    Compiling darling_core v0.20.10
[INFO] [stderr]    Compiling ruzstd v0.7.2
[INFO] [stderr]    Compiling impl-rlp v0.3.0
[INFO] [stderr]    Compiling idna v0.5.0
[INFO] [stderr]    Compiling fixed-hash v0.8.0
[INFO] [stderr]    Compiling impl-serde v0.4.0
[INFO] [stderr]    Compiling sway-utils v0.66.3
[INFO] [stderr]    Compiling libz-sys v1.1.20
[INFO] [stderr]    Compiling http v0.2.12
[INFO] [stderr]    Compiling http v1.1.0
[INFO] [stderr]    Compiling dirs-sys-next v0.1.2
[INFO] [stderr]    Compiling proc-macro-error v1.0.4
[INFO] [stderr]    Compiling ucd-trie v0.1.7
[INFO] [stderr]    Compiling tiny-keccak v2.0.2
[INFO] [stderr]    Compiling data-encoding v2.6.0
[INFO] [stderr]    Compiling rustc-hash v1.1.0
[INFO] [stderr]    Compiling paste v1.0.15
[INFO] [stderr]    Compiling hashbrown v0.12.3
[INFO] [stderr]    Compiling doc-comment v0.3.3
[INFO] [stderr]    Compiling colorchoice v1.0.3
[INFO] [stderr]    Compiling unicase v2.8.0
[INFO] [stderr]    Compiling anstyle-query v1.1.2
[INFO] [stderr]    Compiling unicode-width v0.1.14
[INFO] [stderr]    Compiling bytecount v0.6.8
[INFO] [stderr]    Compiling is_terminal_polyfill v1.70.1
[INFO] [stderr]    Compiling data-encoding-macro-internal v0.1.13
[INFO] [stderr]    Compiling anstream v0.6.17
[INFO] [stderr]    Compiling darling_macro v0.20.10
[INFO] [stderr]    Compiling mime_guess v2.0.5
[INFO] [stderr]    Compiling addr2line v0.24.2
[INFO] [stderr]    Compiling pest v2.7.14
[INFO] [stderr]    Compiling dirs-next v2.0.0
[INFO] [stderr]    Compiling object v0.36.5
[INFO] [stderr]    Compiling url v2.5.2
[INFO] [stderr]    Compiling phf_shared v0.11.2
[INFO] [stderr]    Compiling uint v0.9.5
[INFO] [stderr]    Compiling csv-core v0.1.11
[INFO] [stderr]    Compiling core2 v0.4.0
[INFO] [stderr]    Compiling foreign-types-shared v0.1.1
[INFO] [stderr]    Compiling clap_lex v0.7.2
[INFO] [stderr]    Compiling rustc-demangle v0.1.24
[INFO] [stderr]    Compiling sway-types v0.66.3
[INFO] [stderr]    Compiling rustix v0.38.38
[INFO] [stderr]    Compiling openssl v0.10.68
[INFO] [stderr]    Compiling mime v0.3.17
[INFO] [stderr]    Compiling tower-service v0.3.3
[INFO] [stderr]    Compiling data-encoding-macro v0.1.15
[INFO] [stderr]    Compiling pest_meta v2.7.14
[INFO] [stderr]    Compiling clap_builder v4.5.20
[INFO] [stderr]    Compiling enum-ordinalize v3.1.15
[INFO] [stderr]    Compiling foreign-types v0.3.2
[INFO] [stderr]    Compiling csv v1.3.0
[INFO] [stderr]    Compiling phf_generator v0.11.2
[INFO] [stderr]    Compiling primitive-types v0.12.2
[INFO] [stderr]    Compiling term v0.7.0
[INFO] [stderr]    Compiling fuel-etk-ops v0.3.1-dev
[INFO] [stderr]    Compiling darling v0.20.10
[INFO] [stderr]    Compiling http-body v1.0.1
[INFO] [stderr]    Compiling clap_derive v4.5.18
[INFO] [stderr]    Compiling synstructure v0.12.6
[INFO] [stderr]    Compiling backtrace v0.3.74
[INFO] [stderr]    Compiling proc-macro-crate v1.1.3
[INFO] [stderr]    Compiling futures-executor v0.3.31
[INFO] [stderr]    Compiling openssl-macros v0.1.1
[INFO] [stderr]    Compiling async-trait v0.1.83
[INFO] [stderr]    Compiling snafu-derive v0.7.5
[INFO] [stderr]    Compiling libssh2-sys v0.3.0
[INFO] [stderr]    Compiling is-terminal v0.4.13
[INFO] [stderr]    Compiling slotmap v1.0.7
[INFO] [stderr]    Compiling anyhow v1.0.92
[INFO] [stderr]    Compiling atomic-waker v1.1.2
[INFO] [stderr]    Compiling base-x v0.2.11
[INFO] [stderr]    Compiling openssl-probe v0.1.5
[INFO] [stderr]    Compiling libm v0.2.11
[INFO] [stderr]    Compiling native-tls v0.2.12
[INFO] [stderr]    Compiling encode_unicode v1.0.0
[INFO] [stderr]    Compiling peg-runtime v0.8.3
[INFO] [stderr]    Compiling in_definite v1.0.0
[INFO] [stderr]    Compiling regex-syntax v0.6.29
[INFO] [stderr]    Compiling linux-raw-sys v0.4.14
[INFO] [stderr]    Compiling peg-macros v0.8.4
[INFO] [stderr]    Compiling sway-error v0.66.3
[INFO] [stderr]    Compiling prettytable-rs v0.10.0
[INFO] [stderr]    Compiling itertools v0.13.0
[INFO] [stderr]    Compiling snafu v0.7.5
[INFO] [stderr]    Compiling clap v4.5.20
[INFO] [stderr]    Compiling multibase v0.9.1
[INFO] [stderr]    Compiling h2 v0.4.6
[INFO] [stderr]    Compiling multihash-derive v0.8.1
[INFO] [stderr]    Compiling regex-automata v0.1.10
[INFO] [stderr]    Compiling futures v0.3.31
[INFO] [stderr]    Compiling serde_with_macros v3.11.0
[INFO] [stderr]    Compiling ethbloom v0.13.0
[INFO] [stderr]    Compiling pest_generator v2.7.14
[INFO] [stderr]    Compiling phf_macros v0.11.2
[INFO] [stderr]    Compiling educe v0.4.23
[INFO] [stderr]    Compiling pad v0.1.6
[INFO] [stderr]    Compiling extension-trait v1.0.2
[INFO] [stderr]    Compiling bitmaps v2.1.0
[INFO] [stderr]    Compiling im v15.1.0
[INFO] [stderr]    Compiling option-ext v0.2.0
[INFO] [stderr]    Compiling fixedbitset v0.4.2
[INFO] [stderr]    Compiling owo-colors v3.5.0
[INFO] [stderr]    Compiling overload v0.1.1
[INFO] [stderr]    Compiling unsigned-varint v0.7.2
[INFO] [stderr]    Compiling nu-ansi-term v0.46.0
[INFO] [stderr]    Compiling sway-ast v0.66.3
[INFO] [stderr]    Compiling sized-chunks v0.6.5
[INFO] [stderr]    Compiling multihash v0.17.0
[INFO] [stderr]    Compiling hyper v1.5.0
[INFO] [stderr]    Compiling petgraph v0.6.5
[INFO] [stderr]    Compiling peg v0.8.4
[INFO] [stderr]    Compiling pest_derive v2.7.14
[INFO] [stderr]    Compiling prettydiff v0.7.0
[INFO] [stderr]    Compiling dirs-sys v0.4.1
[INFO] [stderr]    Compiling phf v0.11.2
[INFO] [stderr]    Compiling serde_with v3.11.0
[INFO] [stderr]    Compiling common-multipart-rfc7578 v0.6.0
[INFO] [stderr]    Compiling ethereum-types v0.14.1
[INFO] [stderr]    Compiling matchers v0.1.0
[INFO] [stderr]    Compiling sway-ir-macros v0.66.3
[INFO] [stderr]    Compiling sway-features v0.66.3
[INFO] [stderr]    Compiling h2 v0.3.26
[INFO] [stderr]    Compiling http-body v0.4.6
[INFO] [stderr]    Compiling filecheck v0.5.0
[INFO] [stderr]    Compiling strum_macros v0.26.4
[INFO] [stderr]    Compiling serde_urlencoded v0.7.1
[INFO] [stderr]    Compiling tracing-serde v0.1.3
[INFO] [stderr]    Compiling tracing-log v0.2.0
[INFO] [stderr]    Compiling sharded-slab v0.1.7
[INFO] [stderr]    Compiling libgit2-sys v0.17.0+1.8.1
[INFO] [stderr]    Compiling rand_xoshiro v0.6.0
[INFO] [stderr]    Compiling dirs-sys v0.3.7
[INFO] [stderr]    Compiling thread_local v1.1.8
[INFO] [stderr]    Compiling faster-hex v0.9.0
[INFO] [stderr]    Compiling gix-trace v0.1.11
[INFO] [stderr]    Compiling sdd v3.0.4
[INFO] [stderr]    Compiling arrayref v0.3.9
[INFO] [stderr]    Compiling ethnum v1.5.0
[INFO] [stderr]    Compiling httpdate v1.0.3
[INFO] [stderr]    Compiling downcast-rs v1.2.1
[INFO] [stderr]    Compiling rust_decimal v1.36.0
[INFO] [stderr]    Compiling fuel-etk-asm v0.3.1-dev
[INFO] [stderr]    Compiling sway-ir v0.66.3
[INFO] [stderr]    Compiling hyper v0.14.31
[INFO] [stderr]    Compiling fuel-vm v0.58.2
[INFO] [stderr]    Compiling strum v0.26.3
[INFO] [stderr]    Compiling scc v2.2.4
[INFO] [stderr]    Compiling multiaddr v0.17.1
[INFO] [stderr]    Compiling gix-hash v0.14.2
[INFO] [stderr]    Compiling tracing-subscriber v0.3.18
[INFO] [stderr]    Compiling dirs v4.0.0
[INFO] [stderr]    Compiling fuel-abi-types v0.7.0
[INFO] [stderr]    Compiling graph-cycles v0.1.0
[INFO] [stderr]    Compiling sway-parse v0.66.3
[INFO] [stderr]    Compiling fuel-ethabi v18.0.0
[INFO] [stderr]    Compiling hyper-util v0.1.10
[INFO] [stderr]    Compiling dirs v5.0.1
[INFO] [stderr]    Compiling http-body-util v0.1.2
[INFO] [stderr]    Compiling serde_spanned v0.6.8
[INFO] [stderr]    Compiling bstr v1.10.0
[INFO] [stderr]    Compiling toml_datetime v0.6.8
[INFO] [stderr]    Compiling serial_test_derive v3.1.1
[INFO] [stderr]    Compiling typed-builder v0.10.0
[INFO] [stderr]    Compiling sysinfo v0.29.11
[INFO] [stderr]    Compiling vec1 v1.12.1
[INFO] [stderr]    Compiling home v0.5.9
[INFO] [stderr]    Compiling unsigned-varint v0.8.0
[INFO] [stderr]    Compiling winnow v0.6.20
[INFO] [stderr]    Compiling ansi_term v0.12.1
[INFO] [stderr]    Compiling arrayvec v0.7.6
[INFO] [stderr]    Compiling rustls-pki-types v1.10.0
[INFO] [stderr]    Compiling ipfs-api-prelude v0.6.0
[INFO] [stderr]    Compiling rustls-pemfile v2.2.0
[INFO] [stderr]    Compiling forc-tracing v0.66.3
[INFO] [stderr]    Compiling sway-core v0.66.3
[INFO] [stderr]    Compiling multihash v0.19.2
[INFO] [stderr]    Compiling gix-path v0.10.12
[INFO] [stderr]    Compiling serial_test v3.1.1
[INFO] [stderr]    Compiling hyper-multipart-rfc7578 v0.8.0
[INFO] [stderr]    Compiling gix-features v0.38.2
[INFO] [stderr]    Compiling fd-lock v4.0.2
[INFO] [stderr]    Compiling toml_edit v0.22.22
[INFO] [stderr]    Compiling xattr v1.3.1
[INFO] [stderr]    Compiling annotate-snippets v0.10.2
[INFO] [stderr]    Compiling sync_wrapper v1.0.1
[INFO] [stderr]    Compiling filetime v0.2.25
[INFO] [stderr]    Compiling encoding_rs v0.8.35
[INFO] [stderr]    Compiling base64 v0.22.1
[INFO] [stderr]    Compiling ipnet v2.10.1
[INFO] [stderr]    Compiling utf8-width v0.1.7
[INFO] [stderr]    Compiling base64 v0.13.1
[INFO] [stderr]    Compiling byte-unit v5.1.4
[INFO] [stderr]    Compiling tar v0.4.42
[INFO] [stderr]    Compiling gix-url v0.27.5
[INFO] [stderr]    Compiling ipfs-api-backend-hyper v0.6.0
[INFO] [stderr]    Compiling cid v0.11.1
[INFO] [stderr]    Compiling serde_ignored v0.1.10
[INFO] [stderr]    Compiling toml v0.8.19
[INFO] [stderr]    Compiling forc-util v0.66.3
[INFO] [stderr]    Compiling tokio-native-tls v0.3.1
[INFO] [stderr]    Compiling hyper-tls v0.6.0
[INFO] [stderr]    Compiling reqwest v0.12.9
[INFO] [stderr]    Compiling git2 v0.19.0
[INFO] [stderr]    Compiling forc-pkg v0.66.2 (/opt/rustwide/workdir)
[INFO] [stdout] error[E0422]: cannot find struct, variant or union type `ExperimentalFlags` in crate `sway_core`
[INFO] [stdout]     --> src/pkg.rs:1569:35
[INFO] [stdout]      |
[INFO] [stdout] 1569 |       .with_experimental(sway_core::ExperimentalFlags {
[INFO] [stdout]      |                                     ^^^^^^^^^^^^^^^^^
[INFO] [stdout]      |
[INFO] [stdout]     ::: /opt/rustwide/cargo-home/registry/src/index.crates.io-6f17d22bba15001f/sway-features-0.66.3/src/lib.rs:131:1
[INFO] [stdout]      |
[INFO] [stdout] 131  | / features! {
[INFO] [stdout] 132  | |     new_encoding = true,
[INFO] [stdout] 133  | |     "https://github.com/FuelLabs/sway/issues/5727",
[INFO] [stdout] 134  | | }
[INFO] [stdout]      | |_- similarly named struct `ExperimentalFeatures` defined here
[INFO] [stdout]      |
[INFO] [stdout] help: a struct with a similar name exists
[INFO] [stdout]      |
[INFO] [stdout] 1569 |     .with_experimental(sway_core::ExperimentalFeatures {
[INFO] [stdout]      |                                   ~~~~~~~~~~~~~~~~~~~~
[INFO] [stdout] help: consider importing this struct
[INFO] [stdout]      |
[INFO] [stdout] 1    + use crate::manifest::build_profile::ExperimentalFlags;
[INFO] [stdout]      |
[INFO] [stdout] help: if you import `ExperimentalFlags`, refer to it directly
[INFO] [stdout]      |
[INFO] [stdout] 1569 -     .with_experimental(sway_core::ExperimentalFlags {
[INFO] [stdout] 1569 +     .with_experimental(ExperimentalFlags {
[INFO] [stdout]      |
[INFO] [stdout] 
[INFO] [stdout] 
[INFO] [stdout] error[E0412]: cannot find type `ExperimentalFlags` in crate `sway_core`
[INFO] [stdout]     --> src/pkg.rs:1597:30
[INFO] [stdout]      |
[INFO] [stdout] 1597 |       experimental: sway_core::ExperimentalFlags,
[INFO] [stdout]      |                                ^^^^^^^^^^^^^^^^^
[INFO] [stdout]      |
[INFO] [stdout]     ::: /opt/rustwide/cargo-home/registry/src/index.crates.io-6f17d22bba15001f/sway-features-0.66.3/src/lib.rs:131:1
[INFO] [stdout]      |
[INFO] [stdout] 131  | / features! {
[INFO] [stdout] 132  | |     new_encoding = true,
[INFO] [stdout] 133  | |     "https://github.com/FuelLabs/sway/issues/5727",
[INFO] [stdout] 134  | | }
[INFO] [stdout]      | |_- similarly named struct `ExperimentalFeatures` defined here
[INFO] [stdout]      |
[INFO] [stdout] help: a struct with a similar name exists
[INFO] [stdout]      |
[INFO] [stdout] 1597 |     experimental: sway_core::ExperimentalFeatures,
[INFO] [stdout]      |                              ~~~~~~~~~~~~~~~~~~~~
[INFO] [stdout] help: consider importing this struct
[INFO] [stdout]      |
[INFO] [stdout] 1    + use crate::manifest::build_profile::ExperimentalFlags;
[INFO] [stdout]      |
[INFO] [stdout] help: if you import `ExperimentalFlags`, refer to it directly
[INFO] [stdout]      |
[INFO] [stdout] 1597 -     experimental: sway_core::ExperimentalFlags,
[INFO] [stdout] 1597 +     experimental: ExperimentalFlags,
[INFO] [stdout]      |
[INFO] [stdout] 
[INFO] [stdout] 
[INFO] [stdout] error[E0422]: cannot find struct, variant or union type `ExperimentalFlags` in crate `sway_core`
[INFO] [stdout]     --> src/pkg.rs:2195:20
[INFO] [stdout]      |
[INFO] [stdout] 2195 |           sway_core::ExperimentalFlags {
[INFO] [stdout]      |                      ^^^^^^^^^^^^^^^^^
[INFO] [stdout]      |
[INFO] [stdout]     ::: /opt/rustwide/cargo-home/registry/src/index.crates.io-6f17d22bba15001f/sway-features-0.66.3/src/lib.rs:131:1
[INFO] [stdout]      |
[INFO] [stdout] 131  | / features! {
[INFO] [stdout] 132  | |     new_encoding = true,
[INFO] [stdout] 133  | |     "https://github.com/FuelLabs/sway/issues/5727",
[INFO] [stdout] 134  | | }
[INFO] [stdout]      | |_- similarly named struct `ExperimentalFeatures` defined here
[INFO] [stdout]      |
[INFO] [stdout] help: a struct with a similar name exists
[INFO] [stdout]      |
[INFO] [stdout] 2195 |         sway_core::ExperimentalFeatures {
[INFO] [stdout]      |                    ~~~~~~~~~~~~~~~~~~~~
[INFO] [stdout] help: consider importing this struct
[INFO] [stdout]      |
[INFO] [stdout] 1    + use crate::manifest::build_profile::ExperimentalFlags;
[INFO] [stdout]      |
[INFO] [stdout] help: if you import `ExperimentalFlags`, refer to it directly
[INFO] [stdout]      |
[INFO] [stdout] 2195 -         sway_core::ExperimentalFlags {
[INFO] [stdout] 2195 +         ExperimentalFlags {
[INFO] [stdout]      |
[INFO] [stdout] 
[INFO] [stdout] 
[INFO] [stdout] error[E0412]: cannot find type `ExperimentalFlags` in crate `sway_core`
[INFO] [stdout]     --> src/pkg.rs:2308:30
[INFO] [stdout]      |
[INFO] [stdout] 2308 |       experimental: sway_core::ExperimentalFlags,
[INFO] [stdout]      |                                ^^^^^^^^^^^^^^^^^
[INFO] [stdout]      |
[INFO] [stdout]     ::: /opt/rustwide/cargo-home/registry/src/index.crates.io-6f17d22bba15001f/sway-features-0.66.3/src/lib.rs:131:1
[INFO] [stdout]      |
[INFO] [stdout] 131  | / features! {
[INFO] [stdout] 132  | |     new_encoding = true,
[INFO] [stdout] 133  | |     "https://github.com/FuelLabs/sway/issues/5727",
[INFO] [stdout] 134  | | }
[INFO] [stdout]      | |_- similarly named struct `ExperimentalFeatures` defined here
[INFO] [stdout]      |
[INFO] [stdout] help: a struct with a similar name exists
[INFO] [stdout]      |
[INFO] [stdout] 2308 |     experimental: sway_core::ExperimentalFeatures,
[INFO] [stdout]      |                              ~~~~~~~~~~~~~~~~~~~~
[INFO] [stdout] help: consider importing this struct
[INFO] [stdout]      |
[INFO] [stdout] 1    + use crate::manifest::build_profile::ExperimentalFlags;
[INFO] [stdout]      |
[INFO] [stdout] help: if you import `ExperimentalFlags`, refer to it directly
[INFO] [stdout]      |
[INFO] [stdout] 2308 -     experimental: sway_core::ExperimentalFlags,
[INFO] [stdout] 2308 +     experimental: ExperimentalFlags,
[INFO] [stdout]      |
[INFO] [stdout] 
[INFO] [stdout] 
[INFO] [stdout] error[E0412]: cannot find type `ExperimentalFlags` in crate `sway_core`
[INFO] [stdout]     --> src/pkg.rs:2518:30
[INFO] [stdout]      |
[INFO] [stdout] 2518 |       experimental: sway_core::ExperimentalFlags,
[INFO] [stdout]      |                                ^^^^^^^^^^^^^^^^^
[INFO] [stdout]      |
[INFO] [stdout]     ::: /opt/rustwide/cargo-home/registry/src/index.crates.io-6f17d22bba15001f/sway-features-0.66.3/src/lib.rs:131:1
[INFO] [stdout]      |
[INFO] [stdout] 131  | / features! {
[INFO] [stdout] 132  | |     new_encoding = true,
[INFO] [stdout] 133  | |     "https://github.com/FuelLabs/sway/issues/5727",
[INFO] [stdout] 134  | | }
[INFO] [stdout]      | |_- similarly named struct `ExperimentalFeatures` defined here
[INFO] [stdout]      |
[INFO] [stdout] help: a struct with a similar name exists
[INFO] [stdout]      |
[INFO] [stdout] 2518 |     experimental: sway_core::ExperimentalFeatures,
[INFO] [stdout]      |                              ~~~~~~~~~~~~~~~~~~~~
[INFO] [stdout] help: consider importing this struct
[INFO] [stdout]      |
[INFO] [stdout] 1    + use crate::manifest::build_profile::ExperimentalFlags;
[INFO] [stdout]      |
[INFO] [stdout] help: if you import `ExperimentalFlags`, refer to it directly
[INFO] [stdout]      |
[INFO] [stdout] 2518 -     experimental: sway_core::ExperimentalFlags,
[INFO] [stdout] 2518 +     experimental: ExperimentalFlags,
[INFO] [stdout]      |
[INFO] [stdout] 
[INFO] [stdout] 
[INFO] [stdout] warning: elided lifetime has a name
[INFO] [stdout]    --> src/pkg.rs:552:35
[INFO] [stdout]     |
[INFO] [stdout] 550 |     pub fn into_members<'a>(
[INFO] [stdout]     |                         -- lifetime `'a` declared here
[INFO] [stdout] 551 |         &'a self,
[INFO] [stdout] 552 |     ) -> Box<dyn Iterator<Item = (&Pinned, Arc<BuiltPackage>)> + 'a> {
[INFO] [stdout]     |                                   ^ this elided lifetime gets resolved as `'a`
[INFO] [stdout]     |
[INFO] [stdout]     = note: `#[warn(elided_named_lifetimes)]` on by default
[INFO] [stdout] 
[INFO] [stdout] 
[INFO] [stdout] error[E0599]: no method named `with_experimental` found for struct `BuildConfig` in the current scope
[INFO] [stdout]     --> src/pkg.rs:1569:6
[INFO] [stdout]      |
[INFO] [stdout] 1552 |       let build_config = sway_core::BuildConfig::root_from_file_name_and_manifest_path(
[INFO] [stdout]      |  ________________________-
[INFO] [stdout] 1553 | |         file_name.to_path_buf(),
[INFO] [stdout] 1554 | |         manifest_dir.to_path_buf(),
[INFO] [stdout] 1555 | |         build_target,
[INFO] [stdout] ...    |
[INFO] [stdout] 1568 | |     .with_optimization_level(build_profile.optimization_level)
[INFO] [stdout] 1569 | |     .with_experimental(sway_core::ExperimentalFlags {
[INFO] [stdout]      | |     -^^^^^^^^^^^^^^^^^ method not found in `BuildConfig`
[INFO] [stdout]      | |_____|
[INFO] [stdout]      |
[INFO] [stdout] 
[INFO] [stdout] 
[INFO] [stdout] error[E0061]: this function takes 8 arguments but 7 arguments were supplied
[INFO] [stdout]     --> src/pkg.rs:1790:9
[INFO] [stdout]      |
[INFO] [stdout] 1790 |           sway_core::compile_to_ast(
[INFO] [stdout]      |  _________^^^^^^^^^^^^^^^^^^^^^^^^^-
[INFO] [stdout] 1791 | |             &handler,
[INFO] [stdout] 1792 | |             engines,
[INFO] [stdout] 1793 | |             source,
[INFO] [stdout] ...    |
[INFO] [stdout] 1797 | |             None,
[INFO] [stdout] 1798 | |         ),
[INFO] [stdout]      | |_________- argument #8 of type `sway_features::ExperimentalFeatures` is missing
[INFO] [stdout]      |
[INFO] [stdout] note: function defined here
[INFO] [stdout]     --> /opt/rustwide/cargo-home/registry/src/index.crates.io-6f17d22bba15001f/sway-core-0.66.3/src/lib.rs:712:8
[INFO] [stdout]      |
[INFO] [stdout] 712  | pub fn compile_to_ast(
[INFO] [stdout]      |        ^^^^^^^^^^^^^^
[INFO] [stdout] help: provide the argument
[INFO] [stdout]      |
[INFO] [stdout] 1790 |         sway_core::compile_to_ast(&handler, engines, source, namespace, Some(&sway_build_config), &pkg.name, None, /* sway_features::ExperimentalFeatures */),
[INFO] [stdout]      |                                  ~~~~~~~~~~~~~~~~~~~~~~~~~~~~~~~~~~~~~~~~~~~~~~~~~~~~~~~~~~~~~~~~~~~~~~~~~~~~~~~~~~~~~~~~~~~~~~~~~~~~~~~~~~~~~~~~~~~~~~~~~~~~
[INFO] [stdout] 
[INFO] [stdout] 
[INFO] [stdout] error[E0061]: this function takes 5 arguments but 4 arguments were supplied
[INFO] [stdout]     --> src/pkg.rs:1828:9
[INFO] [stdout]      |
[INFO] [stdout] 1828 |         sway_core::ast_to_asm(&handler, engines, &programs, &sway_build_config),
[INFO] [stdout]      |         ^^^^^^^^^^^^^^^^^^^^^-------------------------------------------------- argument #5 of type `sway_features::ExperimentalFeatures` is missing
[INFO] [stdout]      |
[INFO] [stdout] note: function defined here
[INFO] [stdout]     --> /opt/rustwide/cargo-home/registry/src/index.crates.io-6f17d22bba15001f/sway-core-0.66.3/src/lib.rs:830:8
[INFO] [stdout]      |
[INFO] [stdout] 830  | pub fn ast_to_asm(
[INFO] [stdout]      |        ^^^^^^^^^^
[INFO] [stdout] help: provide the argument
[INFO] [stdout]      |
[INFO] [stdout] 1828 |         sway_core::ast_to_asm(&handler, engines, &programs, &sway_build_config, /* sway_features::ExperimentalFeatures */),
[INFO] [stdout]      |                              ~~~~~~~~~~~~~~~~~~~~~~~~~~~~~~~~~~~~~~~~~~~~~~~~~~~~~~~~~~~~~~~~~~~~~~~~~~~~~~~~~~~~~~~~~~~~~
[INFO] [stdout] 
[INFO] [stdout] 
[INFO] [stdout] error[E0061]: this function takes 8 arguments but 7 arguments were supplied
[INFO] [stdout]     --> src/pkg.rs:2569:28
[INFO] [stdout]      |
[INFO] [stdout] 2569 |           let programs_res = sway_core::compile_to_ast(
[INFO] [stdout]      |  ____________________________^^^^^^^^^^^^^^^^^^^^^^^^^-
[INFO] [stdout] 2570 | |             &handler,
[INFO] [stdout] 2571 | |             engines,
[INFO] [stdout] 2572 | |             input,
[INFO] [stdout] ...    |
[INFO] [stdout] 2576 | |             retrigger_compilation.clone(),
[INFO] [stdout] 2577 | |         );
[INFO] [stdout]      | |_________- argument #8 of type `sway_features::ExperimentalFeatures` is missing
[INFO] [stdout]      |
[INFO] [stdout] note: function defined here
[INFO] [stdout]     --> /opt/rustwide/cargo-home/registry/src/index.crates.io-6f17d22bba15001f/sway-core-0.66.3/src/lib.rs:712:8
[INFO] [stdout]      |
[INFO] [stdout] 712  | pub fn compile_to_ast(
[INFO] [stdout]      |        ^^^^^^^^^^^^^^
[INFO] [stdout] help: provide the argument
[INFO] [stdout]      |
[INFO] [stdout] 2569 |         let programs_res = sway_core::compile_to_ast(&handler, engines, input, &mut dep_namespace, Some(&build_config), &pkg.name, retrigger_compilation.clone(), /* sway_features::ExperimentalFeatures */);
[INFO] [stdout]      |                                                     ~~~~~~~~~~~~~~~~~~~~~~~~~~~~~~~~~~~~~~~~~~~~~~~~~~~~~~~~~~~~~~~~~~~~~~~~~~~~~~~~~~~~~~~~~~~~~~~~~~~~~~~~~~~~~~~~~~~~~~~~~~~~~~~~~~~~~~~~~~~~~~~~~~~~~~~~
[INFO] [stdout] 
[INFO] [stdout] 
[INFO] [stdout] Some errors have detailed explanations: E0061, E0412, E0422, E0599.
[INFO] [stdout] 
[INFO] [stdout] For more information about an error, try `rustc --explain E0061`.
[INFO] [stdout] 
[INFO] [stderr] error: could not compile `forc-pkg` (lib) due to 9 previous errors; 1 warning emitted
[INFO] running `Command { std: "docker" "inspect" "413c0d866da7e89cd0092599bf176cd57671e3eb92b7104ab5dc5559792f207f", kill_on_drop: false }`
[INFO] running `Command { std: "docker" "rm" "-f" "413c0d866da7e89cd0092599bf176cd57671e3eb92b7104ab5dc5559792f207f", kill_on_drop: false }`
[INFO] [stdout] 413c0d866da7e89cd0092599bf176cd57671e3eb92b7104ab5dc5559792f207f
