[INFO] fetching crate fmc_noise_multiversion 0.7.4...
[INFO] testing fmc_noise_multiversion-0.7.4 against nightly-2024-10-28+rustflags=-Zrandomize-layout for randomize-layout
[INFO] extracting crate fmc_noise_multiversion 0.7.4 into /workspace/builds/worker-5-tc2/source
[INFO] validating manifest of crates.io crate fmc_noise_multiversion 0.7.4 on toolchain nightly-2024-10-28
[INFO] running `Command { std: CARGO_HOME="/workspace/cargo-home" RUSTUP_HOME="/workspace/rustup-home" "/workspace/cargo-home/bin/cargo" "+nightly-2024-10-28" "metadata" "--manifest-path" "Cargo.toml" "--no-deps", kill_on_drop: false }`
[INFO] started tweaking crates.io crate fmc_noise_multiversion 0.7.4
[INFO] removed 0 missing tests
[INFO] finished tweaking crates.io crate fmc_noise_multiversion 0.7.4
[INFO] tweaked toml for crates.io crate fmc_noise_multiversion 0.7.4 written to /workspace/builds/worker-5-tc2/source/Cargo.toml
[INFO] running `Command { std: CARGO_HOME="/workspace/cargo-home" RUSTUP_HOME="/workspace/rustup-home" "/workspace/cargo-home/bin/cargo" "+nightly-2024-10-28" "generate-lockfile" "--manifest-path" "Cargo.toml", kill_on_drop: false }`
[INFO] [stderr]     Updating crates.io index
[INFO] [stderr]      Locking 79 packages to latest compatible versions
[INFO] [stderr]       Adding criterion v0.4.0 (available: v0.5.1)
[INFO] running `Command { std: CARGO_HOME="/workspace/cargo-home" RUSTUP_HOME="/workspace/rustup-home" "/workspace/cargo-home/bin/cargo" "+nightly-2024-10-28" "fetch" "--manifest-path" "Cargo.toml", kill_on_drop: false }`
[INFO] running `Command { std: "docker" "create" "-v" "/var/lib/crater-agent-workspace/builds/worker-5-tc2/target:/opt/rustwide/target:rw,Z" "-v" "/var/lib/crater-agent-workspace/builds/worker-5-tc2/source:/opt/rustwide/workdir:ro,Z" "-v" "/var/lib/crater-agent-workspace/cargo-home:/opt/rustwide/cargo-home:ro,Z" "-v" "/var/lib/crater-agent-workspace/rustup-home:/opt/rustwide/rustup-home:ro,Z" "-e" "SOURCE_DIR=/opt/rustwide/workdir" "-e" "CARGO_TARGET_DIR=/opt/rustwide/target" "-e" "CARGO_HOME=/opt/rustwide/cargo-home" "-e" "RUSTUP_HOME=/opt/rustwide/rustup-home" "-w" "/opt/rustwide/workdir" "-m" "1610612736" "--user" "0:0" "--network" "none" "ghcr.io/rust-lang/crates-build-env/linux@sha256:4a844ea9eb2546a2d2c7022eacef16ef2e8229c7fbb2c7d4d55a9ceca922f72d" "/opt/rustwide/cargo-home/bin/cargo" "+nightly-2024-10-28" "metadata" "--no-deps" "--format-version=1", kill_on_drop: false }`
[INFO] [stdout] 3a4857fe720e7cbcef1170b37da4b9ce0b5bc92c9eab210222037d2f1ef97cf2
[INFO] running `Command { std: "docker" "start" "-a" "3a4857fe720e7cbcef1170b37da4b9ce0b5bc92c9eab210222037d2f1ef97cf2", kill_on_drop: false }`
[INFO] running `Command { std: "docker" "inspect" "3a4857fe720e7cbcef1170b37da4b9ce0b5bc92c9eab210222037d2f1ef97cf2", kill_on_drop: false }`
[INFO] running `Command { std: "docker" "rm" "-f" "3a4857fe720e7cbcef1170b37da4b9ce0b5bc92c9eab210222037d2f1ef97cf2", kill_on_drop: false }`
[INFO] [stdout] 3a4857fe720e7cbcef1170b37da4b9ce0b5bc92c9eab210222037d2f1ef97cf2
[INFO] running `Command { std: "docker" "create" "-v" "/var/lib/crater-agent-workspace/builds/worker-5-tc2/target:/opt/rustwide/target:rw,Z" "-v" "/var/lib/crater-agent-workspace/builds/worker-5-tc2/source:/opt/rustwide/workdir:ro,Z" "-v" "/var/lib/crater-agent-workspace/cargo-home:/opt/rustwide/cargo-home:ro,Z" "-v" "/var/lib/crater-agent-workspace/rustup-home:/opt/rustwide/rustup-home:ro,Z" "-e" "SOURCE_DIR=/opt/rustwide/workdir" "-e" "CARGO_TARGET_DIR=/opt/rustwide/target" "-e" "CARGO_INCREMENTAL=0" "-e" "RUST_BACKTRACE=full" "-e" "RUSTFLAGS=--cap-lints=forbid -Zrandomize-layout" "-e" "RUSTDOCFLAGS=--cap-lints=forbid" "-e" "CARGO_HOME=/opt/rustwide/cargo-home" "-e" "RUSTUP_HOME=/opt/rustwide/rustup-home" "-w" "/opt/rustwide/workdir" "-m" "1610612736" "--user" "0:0" "--network" "none" "ghcr.io/rust-lang/crates-build-env/linux@sha256:4a844ea9eb2546a2d2c7022eacef16ef2e8229c7fbb2c7d4d55a9ceca922f72d" "/opt/rustwide/cargo-home/bin/cargo" "+nightly-2024-10-28" "build" "--frozen" "--message-format=json", kill_on_drop: false }`
[INFO] [stdout] d4bb74c08ac9f4dca638dd29a4e841c500e754ba67b6e8c7cbff35fc1653a5f4
[INFO] running `Command { std: "docker" "start" "-a" "d4bb74c08ac9f4dca638dd29a4e841c500e754ba67b6e8c7cbff35fc1653a5f4", kill_on_drop: false }`
[INFO] [stderr]    Compiling target-features v0.1.6
[INFO] [stderr]    Compiling syn v1.0.109
[INFO] [stderr]    Compiling fmc_noise_multiversion-macros v0.7.3
[INFO] [stderr]    Compiling fmc_noise_multiversion v0.7.4 (/opt/rustwide/workdir)
[INFO] [stderr]     Finished `dev` profile [unoptimized + debuginfo] target(s) in 3.52s
[INFO] running `Command { std: "docker" "inspect" "d4bb74c08ac9f4dca638dd29a4e841c500e754ba67b6e8c7cbff35fc1653a5f4", kill_on_drop: false }`
[INFO] running `Command { std: "docker" "rm" "-f" "d4bb74c08ac9f4dca638dd29a4e841c500e754ba67b6e8c7cbff35fc1653a5f4", kill_on_drop: false }`
[INFO] [stdout] d4bb74c08ac9f4dca638dd29a4e841c500e754ba67b6e8c7cbff35fc1653a5f4
[INFO] running `Command { std: "docker" "create" "-v" "/var/lib/crater-agent-workspace/builds/worker-5-tc2/target:/opt/rustwide/target:rw,Z" "-v" "/var/lib/crater-agent-workspace/builds/worker-5-tc2/source:/opt/rustwide/workdir:ro,Z" "-v" "/var/lib/crater-agent-workspace/cargo-home:/opt/rustwide/cargo-home:ro,Z" "-v" "/var/lib/crater-agent-workspace/rustup-home:/opt/rustwide/rustup-home:ro,Z" "-e" "SOURCE_DIR=/opt/rustwide/workdir" "-e" "CARGO_TARGET_DIR=/opt/rustwide/target" "-e" "CARGO_INCREMENTAL=0" "-e" "RUST_BACKTRACE=full" "-e" "RUSTFLAGS=--cap-lints=forbid -Zrandomize-layout" "-e" "RUSTDOCFLAGS=--cap-lints=forbid" "-e" "CARGO_HOME=/opt/rustwide/cargo-home" "-e" "RUSTUP_HOME=/opt/rustwide/rustup-home" "-w" "/opt/rustwide/workdir" "-m" "1610612736" "--user" "0:0" "--network" "none" "ghcr.io/rust-lang/crates-build-env/linux@sha256:4a844ea9eb2546a2d2c7022eacef16ef2e8229c7fbb2c7d4d55a9ceca922f72d" "/opt/rustwide/cargo-home/bin/cargo" "+nightly-2024-10-28" "test" "--frozen" "--no-run" "--message-format=json", kill_on_drop: false }`
[INFO] [stdout] 638cb35c2bbbf5eb5e433cbdef1f39fe852f5e8fb2ed25e9325ad7fa5fb79395
[INFO] running `Command { std: "docker" "start" "-a" "638cb35c2bbbf5eb5e433cbdef1f39fe852f5e8fb2ed25e9325ad7fa5fb79395", kill_on_drop: false }`
[INFO] [stderr]    Compiling num-traits v0.2.19
[INFO] [stderr]    Compiling rustversion v1.0.18
[INFO] [stderr]    Compiling syn v2.0.86
[INFO] [stderr]    Compiling plotters v0.3.7
[INFO] [stderr]    Compiling serde_derive v1.0.214
[INFO] [stderr]    Compiling serde v1.0.214
[INFO] [stderr]    Compiling serde_json v1.0.132
[INFO] [stderr]    Compiling ciborium v0.2.2
[INFO] [stderr]    Compiling tinytemplate v1.2.1
[INFO] [stderr]    Compiling criterion v0.4.0
[INFO] [stderr]    Compiling fmc_noise_multiversion v0.7.4 (/opt/rustwide/workdir)
[INFO] [stdout] error[E0433]: failed to resolve: use of undeclared crate or module `multiversion`
[INFO] [stdout]  --> tests/generics.rs:4:3
[INFO] [stdout]   |
[INFO] [stdout] 4 | #[multiversion::multiversion(targets(
[INFO] [stdout]   |   ^^^^^^^^^^^^ use of undeclared crate or module `multiversion`
[INFO] [stdout] 
[INFO] [stdout] 
[INFO] [stdout] error[E0433]: failed to resolve: use of undeclared crate or module `multiversion`
[INFO] [stdout]  --> tests/async_fn.rs:2:3
[INFO] [stdout]   |
[INFO] [stdout] 2 | #[multiversion::multiversion(targets("x86_64+avx", "x86_64+sse", "aarch64+neon",))]
[INFO] [stdout]   |   ^^^^^^^^^^^^ use of undeclared crate or module `multiversion`
[INFO] [stdout] 
[INFO] [stdout] 
[INFO] [stdout] error[E0433]: failed to resolve: use of undeclared crate or module `multiversion`
[INFO] [stdout]   --> tests/generics.rs:16:3
[INFO] [stdout]    |
[INFO] [stdout] 16 | #[multiversion::multiversion(targets(
[INFO] [stdout]    |   ^^^^^^^^^^^^ use of undeclared crate or module `multiversion`
[INFO] [stdout] 
[INFO] [stdout] 
[INFO] [stdout] error[E0433]: failed to resolve: use of undeclared crate or module `multiversion`
[INFO] [stdout]  --> tests/helpers.rs:1:3
[INFO] [stdout]   |
[INFO] [stdout] 1 | #[multiversion::multiversion(targets = "simd")]
[INFO] [stdout]   |   ^^^^^^^^^^^^ use of undeclared crate or module `multiversion`
[INFO] [stdout] 
[INFO] [stdout] 
[INFO] [stdout] error[E0433]: failed to resolve: use of undeclared crate or module `multiversion`
[INFO] [stdout]  --> tests/helpers.rs:4:9
[INFO] [stdout]   |
[INFO] [stdout] 4 |         multiversion::target::selected_target!().suggested_simd_width::<f32>();
[INFO] [stdout]   |         ^^^^^^^^^^^^ use of undeclared crate or module `multiversion`
[INFO] [stdout] 
[INFO] [stdout] 
[INFO] [stdout] error[E0433]: failed to resolve: use of undeclared crate or module `multiversion`
[INFO] [stdout]  --> tests/helpers.rs:8:7
[INFO] [stdout]   |
[INFO] [stdout] 8 |     #[multiversion::inherit_target]
[INFO] [stdout]   |       ^^^^^^^^^^^^ use of undeclared crate or module `multiversion`
[INFO] [stdout] 
[INFO] [stdout] 
[INFO] [stdout] error[E0433]: failed to resolve: use of undeclared crate or module `multiversion`
[INFO] [stdout]  --> tests/impl_trait.rs:1:3
[INFO] [stdout]   |
[INFO] [stdout] 1 | #[multiversion::multiversion(targets("x86_64+avx2"))]
[INFO] [stdout]   |   ^^^^^^^^^^^^ use of undeclared crate or module `multiversion`
[INFO] [stdout] 
[INFO] [stdout] 
[INFO] [stdout] For more information about this error, try `rustc --explain E0433`.
[INFO] [stdout] 
[INFO] [stdout] error[E0433]: failed to resolve: use of undeclared crate or module `multiversion`
[INFO] [stdout]  --> tests/destructure.rs:6:3
[INFO] [stdout]   |
[INFO] [stdout] 6 | #[multiversion::multiversion(targets("x86_64+avx", "aarch64+neon"))]
[INFO] [stdout]   |   ^^^^^^^^^^^^ use of undeclared crate or module `multiversion`
[INFO] [stdout] 
[INFO] [stdout] 
[INFO] [stdout] error[E0433]: failed to resolve: use of undeclared crate or module `multiversion`
[INFO] [stdout]   --> tests/destructure.rs:11:3
[INFO] [stdout]    |
[INFO] [stdout] 11 | #[multiversion::multiversion(targets("x86_64+avx", "aarch64+neon"))]
[INFO] [stdout]    |   ^^^^^^^^^^^^ use of undeclared crate or module `multiversion`
[INFO] [stdout] 
[INFO] [stdout] 
[INFO] [stdout] error[E0433]: failed to resolve: use of undeclared crate or module `multiversion`
[INFO] [stdout]   --> tests/destructure.rs:16:3
[INFO] [stdout]    |
[INFO] [stdout] 16 | #[multiversion::multiversion(targets("x86_64+avx", "aarch64+neon"))]
[INFO] [stdout]    |   ^^^^^^^^^^^^ use of undeclared crate or module `multiversion`
[INFO] [stdout] 
[INFO] [stdout] 
[INFO] [stdout] error[E0433]: failed to resolve: use of undeclared crate or module `multiversion`
[INFO] [stdout]   --> tests/destructure.rs:21:3
[INFO] [stdout]    |
[INFO] [stdout] 21 | #[multiversion::multiversion(targets("x86_64+avx", "aarch64+neon"))]
[INFO] [stdout]    |   ^^^^^^^^^^^^ use of undeclared crate or module `multiversion`
[INFO] [stdout] 
[INFO] [stdout] 
[INFO] [stdout] error[E0433]: failed to resolve: use of undeclared crate or module `multiversion`
[INFO] [stdout]   --> tests/destructure.rs:26:3
[INFO] [stdout]    |
[INFO] [stdout] 26 | #[multiversion::multiversion(targets("x86_64+avx", "aarch64+neon"))]
[INFO] [stdout]    |   ^^^^^^^^^^^^ use of undeclared crate or module `multiversion`
[INFO] [stdout] 
[INFO] [stdout] 
[INFO] [stdout] error[E0433]: failed to resolve: use of undeclared crate or module `multiversion`
[INFO] [stdout]  --> tests/simd.rs:1:3
[INFO] [stdout]   |
[INFO] [stdout] 1 | #[multiversion::multiversion(targets = "simd")]
[INFO] [stdout]   |   ^^^^^^^^^^^^ use of undeclared crate or module `multiversion`
[INFO] [stdout] 
[INFO] [stdout] 
[INFO] [stdout] For more information about this error, try `rustc --explain E0433`.
[INFO] [stdout] 
[INFO] [stdout] For more information about this error, try `rustc --explain E0433`.
[INFO] [stdout] 
[INFO] [stderr] error: could not compile `fmc_noise_multiversion` (test "impl_trait") due to 1 previous error
[INFO] [stderr] warning: build failed, waiting for other jobs to finish...
[INFO] [stdout] error[E0428]: the name `test_avx` is defined multiple times
[INFO] [stdout]   --> tests/cfg.rs:16:9
[INFO] [stdout]    |
[INFO] [stdout] 11 |         fn test_avx(has_avx: bool) {
[INFO] [stdout]    |         -------------------------- previous definition of the value `test_avx` here
[INFO] [stdout] ...
[INFO] [stdout] 16 |         fn test_avx(has_avx: bool) {
[INFO] [stdout]    |         ^^^^^^^^^^^^^^^^^^^^^^^^^^ `test_avx` redefined here
[INFO] [stdout]    |
[INFO] [stdout]    = note: `test_avx` must be defined only once in the value namespace of this block
[INFO] [stdout] 
[INFO] [stdout] 
[INFO] [stdout] error[E0428]: the name `test_avx` is defined multiple times
[INFO] [stdout]   --> tests/cfg.rs:40:9
[INFO] [stdout]    |
[INFO] [stdout] 34 |         fn test_avx(has_avx: bool) {
[INFO] [stdout]    |         -------------------------- previous definition of the value `test_avx` here
[INFO] [stdout] ...
[INFO] [stdout] 40 |         fn test_avx(has_avx: bool) {
[INFO] [stdout]    |         ^^^^^^^^^^^^^^^^^^^^^^^^^^ `test_avx` redefined here
[INFO] [stdout]    |
[INFO] [stdout]    = note: `test_avx` must be defined only once in the value namespace of this block
[INFO] [stdout] 
[INFO] [stdout] 
[INFO] [stdout] error[E0433]: failed to resolve: use of undeclared crate or module `multiversion`
[INFO] [stdout]  --> tests/attrs.rs:1:3
[INFO] [stdout]   |
[INFO] [stdout] 1 | #[multiversion::multiversion(targets("x86_64+avx"), attrs(track_caller, inline(never)))]
[INFO] [stdout]   |   ^^^^^^^^^^^^ use of undeclared crate or module `multiversion`
[INFO] [stdout] 
[INFO] [stdout] 
[INFO] [stdout] For more information about this error, try `rustc --explain E0433`.
[INFO] [stdout] 
[INFO] [stderr] error: could not compile `fmc_noise_multiversion` (test "simd") due to 1 previous error
[INFO] [stdout] For more information about this error, try `rustc --explain E0433`.
[INFO] [stdout] 
[INFO] [stderr] error: could not compile `fmc_noise_multiversion` (test "helpers") due to 3 previous errors
[INFO] [stdout] For more information about this error, try `rustc --explain E0433`.
[INFO] [stdout] 
[INFO] [stdout] For more information about this error, try `rustc --explain E0433`.
[INFO] [stdout] 
[INFO] [stderr] error: could not compile `fmc_noise_multiversion` (test "attrs") due to 1 previous error
[INFO] [stderr] error: could not compile `fmc_noise_multiversion` (test "generics") due to 2 previous errors
[INFO] [stderr] error: could not compile `fmc_noise_multiversion` (test "destructure") due to 5 previous errors
[INFO] [stderr] error: could not compile `fmc_noise_multiversion` (test "async_fn") due to 1 previous error
[INFO] [stdout] error[E0432]: unresolved import `multiversion`
[INFO] [stdout]  --> tests/cfg.rs:1:5
[INFO] [stdout]   |
[INFO] [stdout] 1 | use multiversion::{
[INFO] [stdout]   |     ^^^^^^^^^^^^ use of undeclared crate or module `multiversion`
[INFO] [stdout]   |
[INFO] [stdout] help: there is a crate or module with a similar name
[INFO] [stdout]   |
[INFO] [stdout] 1 | use rustversion::{
[INFO] [stdout]   |     ~~~~~~~~~~~
[INFO] [stdout] 
[INFO] [stdout] 
[INFO] [stdout] error[E0432]: unresolved import `multiversion`
[INFO] [stdout]  --> tests/clones.rs:1:5
[INFO] [stdout]   |
[INFO] [stdout] 1 | use multiversion::multiversion;
[INFO] [stdout]   |     ^^^^^^^^^^^^ use of undeclared crate or module `multiversion`
[INFO] [stdout]   |
[INFO] [stdout] help: there is a crate or module with a similar name
[INFO] [stdout]   |
[INFO] [stdout] 1 | use rustversion::multiversion;
[INFO] [stdout]   |     ~~~~~~~~~~~
[INFO] [stdout] 
[INFO] [stdout] 
[INFO] [stdout] error[E0432]: unresolved import `multiversion`
[INFO] [stdout]  --> tests/choose_dispatcher.rs:1:5
[INFO] [stdout]   |
[INFO] [stdout] 1 | use multiversion::multiversion;
[INFO] [stdout]   |     ^^^^^^^^^^^^ use of undeclared crate or module `multiversion`
[INFO] [stdout]   |
[INFO] [stdout] help: there is a crate or module with a similar name
[INFO] [stdout]   |
[INFO] [stdout] 1 | use rustversion::multiversion;
[INFO] [stdout]   |     ~~~~~~~~~~~
[INFO] [stdout] 
[INFO] [stdout] 
[INFO] [stdout] For more information about this error, try `rustc --explain E0432`.
[INFO] [stdout] 
[INFO] [stderr] error: could not compile `fmc_noise_multiversion` (test "choose_dispatcher") due to 1 previous error
[INFO] [stdout] Some errors have detailed explanations: E0428, E0432.
[INFO] [stdout] 
[INFO] [stdout] For more information about an error, try `rustc --explain E0428`.
[INFO] [stdout] 
[INFO] [stderr] error: could not compile `fmc_noise_multiversion` (test "cfg") due to 3 previous errors
[INFO] [stdout] For more information about this error, try `rustc --explain E0432`.
[INFO] [stdout] 
[INFO] [stderr] error: could not compile `fmc_noise_multiversion` (test "clones") due to 1 previous error
[INFO] running `Command { std: "docker" "inspect" "638cb35c2bbbf5eb5e433cbdef1f39fe852f5e8fb2ed25e9325ad7fa5fb79395", kill_on_drop: false }`
[INFO] running `Command { std: "docker" "rm" "-f" "638cb35c2bbbf5eb5e433cbdef1f39fe852f5e8fb2ed25e9325ad7fa5fb79395", kill_on_drop: false }`
[INFO] [stdout] 638cb35c2bbbf5eb5e433cbdef1f39fe852f5e8fb2ed25e9325ad7fa5fb79395
