[INFO] fetching crate fluvio-stream-dispatcher 0.13.5...
[INFO] testing fluvio-stream-dispatcher-0.13.5 against nightly-2024-10-28+rustflags=-Zrandomize-layout for randomize-layout
[INFO] extracting crate fluvio-stream-dispatcher 0.13.5 into /workspace/builds/worker-7-tc2/source
[INFO] validating manifest of crates.io crate fluvio-stream-dispatcher 0.13.5 on toolchain nightly-2024-10-28
[INFO] running `Command { std: CARGO_HOME="/workspace/cargo-home" RUSTUP_HOME="/workspace/rustup-home" "/workspace/cargo-home/bin/cargo" "+nightly-2024-10-28" "metadata" "--manifest-path" "Cargo.toml" "--no-deps", kill_on_drop: false }`
[INFO] started tweaking crates.io crate fluvio-stream-dispatcher 0.13.5
[INFO] finished tweaking crates.io crate fluvio-stream-dispatcher 0.13.5
[INFO] tweaked toml for crates.io crate fluvio-stream-dispatcher 0.13.5 written to /workspace/builds/worker-7-tc2/source/Cargo.toml
[INFO] running `Command { std: CARGO_HOME="/workspace/cargo-home" RUSTUP_HOME="/workspace/rustup-home" "/workspace/cargo-home/bin/cargo" "+nightly-2024-10-28" "generate-lockfile" "--manifest-path" "Cargo.toml", kill_on_drop: false }`
[INFO] [stderr]     Updating crates.io index
[INFO] [stderr]      Locking 204 packages to latest compatible versions
[INFO] [stderr]       Adding async-channel v1.9.0 (available: v2.3.1)
[INFO] running `Command { std: CARGO_HOME="/workspace/cargo-home" RUSTUP_HOME="/workspace/rustup-home" "/workspace/cargo-home/bin/cargo" "+nightly-2024-10-28" "fetch" "--manifest-path" "Cargo.toml", kill_on_drop: false }`
[INFO] running `Command { std: "docker" "create" "-v" "/var/lib/crater-agent-workspace/builds/worker-7-tc2/target:/opt/rustwide/target:rw,Z" "-v" "/var/lib/crater-agent-workspace/builds/worker-7-tc2/source:/opt/rustwide/workdir:ro,Z" "-v" "/var/lib/crater-agent-workspace/cargo-home:/opt/rustwide/cargo-home:ro,Z" "-v" "/var/lib/crater-agent-workspace/rustup-home:/opt/rustwide/rustup-home:ro,Z" "-e" "SOURCE_DIR=/opt/rustwide/workdir" "-e" "CARGO_TARGET_DIR=/opt/rustwide/target" "-e" "CARGO_HOME=/opt/rustwide/cargo-home" "-e" "RUSTUP_HOME=/opt/rustwide/rustup-home" "-w" "/opt/rustwide/workdir" "-m" "1610612736" "--user" "0:0" "--network" "none" "ghcr.io/rust-lang/crates-build-env/linux@sha256:4a844ea9eb2546a2d2c7022eacef16ef2e8229c7fbb2c7d4d55a9ceca922f72d" "/opt/rustwide/cargo-home/bin/cargo" "+nightly-2024-10-28" "metadata" "--no-deps" "--format-version=1", kill_on_drop: false }`
[INFO] [stdout] 740290eaa07a9d8cc1094292028d8d134c27dd53d18a2972425ede8db7744fd3
[INFO] running `Command { std: "docker" "start" "-a" "740290eaa07a9d8cc1094292028d8d134c27dd53d18a2972425ede8db7744fd3", kill_on_drop: false }`
[INFO] running `Command { std: "docker" "inspect" "740290eaa07a9d8cc1094292028d8d134c27dd53d18a2972425ede8db7744fd3", kill_on_drop: false }`
[INFO] running `Command { std: "docker" "rm" "-f" "740290eaa07a9d8cc1094292028d8d134c27dd53d18a2972425ede8db7744fd3", kill_on_drop: false }`
[INFO] [stdout] 740290eaa07a9d8cc1094292028d8d134c27dd53d18a2972425ede8db7744fd3
[INFO] running `Command { std: "docker" "create" "-v" "/var/lib/crater-agent-workspace/builds/worker-7-tc2/target:/opt/rustwide/target:rw,Z" "-v" "/var/lib/crater-agent-workspace/builds/worker-7-tc2/source:/opt/rustwide/workdir:ro,Z" "-v" "/var/lib/crater-agent-workspace/cargo-home:/opt/rustwide/cargo-home:ro,Z" "-v" "/var/lib/crater-agent-workspace/rustup-home:/opt/rustwide/rustup-home:ro,Z" "-e" "SOURCE_DIR=/opt/rustwide/workdir" "-e" "CARGO_TARGET_DIR=/opt/rustwide/target" "-e" "CARGO_INCREMENTAL=0" "-e" "RUST_BACKTRACE=full" "-e" "RUSTFLAGS=--cap-lints=forbid -Zrandomize-layout" "-e" "RUSTDOCFLAGS=--cap-lints=forbid" "-e" "CARGO_HOME=/opt/rustwide/cargo-home" "-e" "RUSTUP_HOME=/opt/rustwide/rustup-home" "-w" "/opt/rustwide/workdir" "-m" "1610612736" "--user" "0:0" "--network" "none" "ghcr.io/rust-lang/crates-build-env/linux@sha256:4a844ea9eb2546a2d2c7022eacef16ef2e8229c7fbb2c7d4d55a9ceca922f72d" "/opt/rustwide/cargo-home/bin/cargo" "+nightly-2024-10-28" "build" "--frozen" "--message-format=json", kill_on_drop: false }`
[INFO] [stdout] 93b65f62c64cb513293c567574751431ecddbe744a5946632f6effd9fa60ce67
[INFO] running `Command { std: "docker" "start" "-a" "93b65f62c64cb513293c567574751431ecddbe744a5946632f6effd9fa60ce67", kill_on_drop: false }`
[INFO] [stderr]    Compiling parking v2.2.1
[INFO] [stderr]    Compiling futures-core v0.3.31
[INFO] [stderr]    Compiling fastrand v2.1.1
[INFO] [stderr]    Compiling rustix v0.38.38
[INFO] [stderr]    Compiling futures-io v0.3.31
[INFO] [stderr]    Compiling linux-raw-sys v0.4.14
[INFO] [stderr]    Compiling async-task v4.7.1
[INFO] [stderr]    Compiling tracing-core v0.1.32
[INFO] [stderr]    Compiling value-bag v1.10.0
[INFO] [stderr]    Compiling syn v2.0.86
[INFO] [stderr]    Compiling concurrent-queue v2.5.0
[INFO] [stderr]    Compiling event-listener v2.5.3
[INFO] [stderr]    Compiling futures-task v0.3.31
[INFO] [stderr]    Compiling futures-lite v2.4.0
[INFO] [stderr]    Compiling piper v0.2.4
[INFO] [stderr]    Compiling futures-util v0.3.31
[INFO] [stderr]    Compiling event-listener v5.3.1
[INFO] [stderr]    Compiling async-channel v1.9.0
[INFO] [stderr]    Compiling log v0.4.22
[INFO] [stderr]    Compiling kv-log-macro v1.0.7
[INFO] [stderr]    Compiling event-listener-strategy v0.5.2
[INFO] [stderr]    Compiling async-lock v3.4.0
[INFO] [stderr]    Compiling async-channel v2.3.1
[INFO] [stderr]    Compiling async-executor v1.13.1
[INFO] [stderr]    Compiling blocking v1.6.1
[INFO] [stderr]    Compiling tracing-attributes v0.1.27
[INFO] [stderr]    Compiling serde_derive v1.0.214
[INFO] [stderr]    Compiling thiserror-impl v1.0.66
[INFO] [stderr]    Compiling pin-project-internal v1.1.7
[INFO] [stderr]    Compiling tokio-macros v2.4.0
[INFO] [stderr]    Compiling async-trait v0.1.83
[INFO] [stderr]    Compiling tokio v1.41.0
[INFO] [stderr]    Compiling tempfile v3.13.0
[INFO] [stderr]    Compiling pin-project v1.1.7
[INFO] [stderr]    Compiling tracing v0.1.40
[INFO] [stderr]    Compiling thiserror v1.0.66
[INFO] [stderr]    Compiling polling v3.7.3
[INFO] [stderr]    Compiling fluvio-stream-model v0.11.4
[INFO] [stderr]    Compiling async-io v2.3.4
[INFO] [stderr]    Compiling async-global-executor v2.4.1
[INFO] [stderr]    Compiling async-std v1.13.0
[INFO] [stderr]    Compiling serde v1.0.214
[INFO] [stderr]    Compiling fluvio-future v0.7.0
[INFO] [stderr]    Compiling serde_spanned v0.6.8
[INFO] [stderr]    Compiling toml_datetime v0.6.8
[INFO] [stderr]    Compiling toml_edit v0.22.22
[INFO] [stderr]    Compiling toml v0.8.19
[INFO] [stderr]    Compiling fluvio-types v0.5.2
[INFO] [stderr]    Compiling fluvio-stream-dispatcher v0.13.5 (/opt/rustwide/workdir)
[INFO] [stderr]     Finished `dev` profile [unoptimized + debuginfo] target(s) in 10.71s
[INFO] running `Command { std: "docker" "inspect" "93b65f62c64cb513293c567574751431ecddbe744a5946632f6effd9fa60ce67", kill_on_drop: false }`
[INFO] running `Command { std: "docker" "rm" "-f" "93b65f62c64cb513293c567574751431ecddbe744a5946632f6effd9fa60ce67", kill_on_drop: false }`
[INFO] [stdout] 93b65f62c64cb513293c567574751431ecddbe744a5946632f6effd9fa60ce67
[INFO] running `Command { std: "docker" "create" "-v" "/var/lib/crater-agent-workspace/builds/worker-7-tc2/target:/opt/rustwide/target:rw,Z" "-v" "/var/lib/crater-agent-workspace/builds/worker-7-tc2/source:/opt/rustwide/workdir:ro,Z" "-v" "/var/lib/crater-agent-workspace/cargo-home:/opt/rustwide/cargo-home:ro,Z" "-v" "/var/lib/crater-agent-workspace/rustup-home:/opt/rustwide/rustup-home:ro,Z" "-e" "SOURCE_DIR=/opt/rustwide/workdir" "-e" "CARGO_TARGET_DIR=/opt/rustwide/target" "-e" "CARGO_INCREMENTAL=0" "-e" "RUST_BACKTRACE=full" "-e" "RUSTFLAGS=--cap-lints=forbid -Zrandomize-layout" "-e" "RUSTDOCFLAGS=--cap-lints=forbid" "-e" "CARGO_HOME=/opt/rustwide/cargo-home" "-e" "RUSTUP_HOME=/opt/rustwide/rustup-home" "-w" "/opt/rustwide/workdir" "-m" "1610612736" "--user" "0:0" "--network" "none" "ghcr.io/rust-lang/crates-build-env/linux@sha256:4a844ea9eb2546a2d2c7022eacef16ef2e8229c7fbb2c7d4d55a9ceca922f72d" "/opt/rustwide/cargo-home/bin/cargo" "+nightly-2024-10-28" "test" "--frozen" "--no-run" "--message-format=json", kill_on_drop: false }`
[INFO] [stdout] 6d31d3d30dbf3557a9eeaac0a45f1c804a5baf6f54ffac74e0fcad89de4b3eb9
[INFO] running `Command { std: "docker" "start" "-a" "6d31d3d30dbf3557a9eeaac0a45f1c804a5baf6f54ffac74e0fcad89de4b3eb9", kill_on_drop: false }`
[INFO] [stderr]    Compiling tracing-core v0.1.32
[INFO] [stderr]    Compiling log v0.4.22
[INFO] [stderr]    Compiling regex-syntax v0.6.29
[INFO] [stderr]    Compiling syn v1.0.109
[INFO] [stderr]    Compiling regex-syntax v0.8.5
[INFO] [stderr]    Compiling overload v0.1.1
[INFO] [stderr]    Compiling sharded-slab v0.1.7
[INFO] [stderr]    Compiling thread_local v1.1.8
[INFO] [stderr]    Compiling nu-ansi-term v0.46.0
[INFO] [stderr]    Compiling kv-log-macro v1.0.7
[INFO] [stderr]    Compiling tracing v0.1.40
[INFO] [stderr]    Compiling tracing-log v0.2.0
[INFO] [stderr]    Compiling polling v3.7.3
[INFO] [stderr]    Compiling fluvio-stream-model v0.11.4
[INFO] [stderr]    Compiling fluvio-types v0.5.2
[INFO] [stderr]    Compiling async-io v2.3.4
[INFO] [stderr]    Compiling async-global-executor v2.4.1
[INFO] [stderr]    Compiling regex-automata v0.4.8
[INFO] [stderr]    Compiling async-std v1.13.0
[INFO] [stderr]    Compiling regex-automata v0.1.10
[INFO] [stderr]    Compiling matchers v0.1.0
[INFO] [stderr]    Compiling regex v1.11.1
[INFO] [stderr]    Compiling fluvio-future-derive v0.1.0
[INFO] [stderr]    Compiling tracing-subscriber v0.3.18
[INFO] [stderr]    Compiling fluvio-future v0.7.0
[INFO] [stderr]    Compiling fluvio-stream-dispatcher v0.13.5 (/opt/rustwide/workdir)
[INFO] [stdout] error[E0432]: unresolved imports `fluvio_stream_model::k8_types`, `fluvio_stream_model::store::k8`
[INFO] [stdout]   --> src/metadata/mod.rs:86:9
[INFO] [stdout]    |
[INFO] [stdout] 86 |         k8_types::{Status as K8Status, DefaultHeader, Crd, CrdNames, Spec as K8Spec},
[INFO] [stdout]    |         ^^^^^^^^ could not find `k8_types` in `fluvio_stream_model`
[INFO] [stdout] 87 |         store::{
[INFO] [stdout] 88 |             k8::{K8ExtendedSpec, K8ConvertError, K8MetaItem, default_convert_from_k8},
[INFO] [stdout]    |             ^^ could not find `k8` in `store`
[INFO] [stdout]    |
[INFO] [stdout] note: found an item that was configured out
[INFO] [stdout]   --> /opt/rustwide/cargo-home/registry/src/index.crates.io-6f17d22bba15001f/fluvio-stream-model-0.11.4/src/lib.rs:7:9
[INFO] [stdout]    |
[INFO] [stdout] 7  | pub use k8_types;
[INFO] [stdout]    |         ^^^^^^^^
[INFO] [stdout] note: the item is gated behind the `k8` feature
[INFO] [stdout]   --> /opt/rustwide/cargo-home/registry/src/index.crates.io-6f17d22bba15001f/fluvio-stream-model-0.11.4/src/lib.rs:6:7
[INFO] [stdout]    |
[INFO] [stdout] 6  | #[cfg(feature = "k8")]
[INFO] [stdout]    |       ^^^^^^^^^^^^^^
[INFO] [stdout] note: found an item that was configured out
[INFO] [stdout]   --> /opt/rustwide/cargo-home/registry/src/index.crates.io-6f17d22bba15001f/fluvio-stream-model-0.11.4/src/store/mod.rs:9:9
[INFO] [stdout]    |
[INFO] [stdout] 9  | pub mod k8;
[INFO] [stdout]    |         ^^
[INFO] [stdout] note: the item is gated behind the `k8` feature
[INFO] [stdout]   --> /opt/rustwide/cargo-home/registry/src/index.crates.io-6f17d22bba15001f/fluvio-stream-model-0.11.4/src/store/mod.rs:8:7
[INFO] [stdout]    |
[INFO] [stdout] 8  | #[cfg(feature = "k8")]
[INFO] [stdout]    |       ^^^^^^^^^^^^^^
[INFO] [stdout] 
[INFO] [stdout] 
[INFO] [stdout] error[E0433]: failed to resolve: could not find `k8_types` in `fluvio_stream_model`
[INFO] [stdout]    --> src/metadata/mod.rs:132:42
[INFO] [stdout]     |
[INFO] [stdout] 132 |             k8_obj: fluvio_stream_model::k8_types::K8Obj<Self::K8Spec>,
[INFO] [stdout]     |                                          ^^^^^^^^ could not find `k8_types` in `fluvio_stream_model`
[INFO] [stdout]     |
[INFO] [stdout] note: found an item that was configured out
[INFO] [stdout]    --> /opt/rustwide/cargo-home/registry/src/index.crates.io-6f17d22bba15001f/fluvio-stream-model-0.11.4/src/lib.rs:7:9
[INFO] [stdout]     |
[INFO] [stdout] 7   | pub use k8_types;
[INFO] [stdout]     |         ^^^^^^^^
[INFO] [stdout] note: the item is gated behind the `k8` feature
[INFO] [stdout]    --> /opt/rustwide/cargo-home/registry/src/index.crates.io-6f17d22bba15001f/fluvio-stream-model-0.11.4/src/lib.rs:6:7
[INFO] [stdout]     |
[INFO] [stdout] 6   | #[cfg(feature = "k8")]
[INFO] [stdout]     |       ^^^^^^^^^^^^^^
[INFO] [stdout] 
[INFO] [stdout] 
[INFO] [stdout] error[E0433]: failed to resolve: could not find `k8_types` in `fluvio_stream_model`
[INFO] [stdout]    --> src/metadata/mod.rs:236:46
[INFO] [stdout]     |
[INFO] [stdout] 236 |                 k8_obj: fluvio_stream_model::k8_types::K8Obj<Self::K8Spec>,
[INFO] [stdout]     |                                              ^^^^^^^^ could not find `k8_types` in `fluvio_stream_model`
[INFO] [stdout]     |
[INFO] [stdout] note: found an item that was configured out
[INFO] [stdout]    --> /opt/rustwide/cargo-home/registry/src/index.crates.io-6f17d22bba15001f/fluvio-stream-model-0.11.4/src/lib.rs:7:9
[INFO] [stdout]     |
[INFO] [stdout] 7   | pub use k8_types;
[INFO] [stdout]     |         ^^^^^^^^
[INFO] [stdout] note: the item is gated behind the `k8` feature
[INFO] [stdout]    --> /opt/rustwide/cargo-home/registry/src/index.crates.io-6f17d22bba15001f/fluvio-stream-model-0.11.4/src/lib.rs:6:7
[INFO] [stdout]     |
[INFO] [stdout] 6   | #[cfg(feature = "k8")]
[INFO] [stdout]     |       ^^^^^^^^^^^^^^
[INFO] [stdout] 
[INFO] [stdout] 
[INFO] [stdout] Some errors have detailed explanations: E0432, E0433.
[INFO] [stdout] 
[INFO] [stdout] For more information about an error, try `rustc --explain E0432`.
[INFO] [stdout] 
[INFO] [stderr] error: could not compile `fluvio-stream-dispatcher` (lib test) due to 3 previous errors
[INFO] running `Command { std: "docker" "inspect" "6d31d3d30dbf3557a9eeaac0a45f1c804a5baf6f54ffac74e0fcad89de4b3eb9", kill_on_drop: false }`
[INFO] running `Command { std: "docker" "rm" "-f" "6d31d3d30dbf3557a9eeaac0a45f1c804a5baf6f54ffac74e0fcad89de4b3eb9", kill_on_drop: false }`
[INFO] [stdout] 6d31d3d30dbf3557a9eeaac0a45f1c804a5baf6f54ffac74e0fcad89de4b3eb9
