[INFO] fetching crate fluvio-runner-local 0.3.0...
[INFO] testing fluvio-runner-local-0.3.0 against nightly-2024-10-28+rustflags=-Zrandomize-layout for randomize-layout
[INFO] extracting crate fluvio-runner-local 0.3.0 into /workspace/builds/worker-0-tc2/source
[INFO] validating manifest of crates.io crate fluvio-runner-local 0.3.0 on toolchain nightly-2024-10-28
[INFO] running `Command { std: CARGO_HOME="/workspace/cargo-home" RUSTUP_HOME="/workspace/rustup-home" "/workspace/cargo-home/bin/cargo" "+nightly-2024-10-28" "metadata" "--manifest-path" "Cargo.toml" "--no-deps", kill_on_drop: false }`
[INFO] started tweaking crates.io crate fluvio-runner-local 0.3.0
[INFO] finished tweaking crates.io crate fluvio-runner-local 0.3.0
[INFO] tweaked toml for crates.io crate fluvio-runner-local 0.3.0 written to /workspace/builds/worker-0-tc2/source/Cargo.toml
[INFO] crate crates.io crate fluvio-runner-local 0.3.0 already has a lockfile, it will not be regenerated
[INFO] running `Command { std: CARGO_HOME="/workspace/cargo-home" RUSTUP_HOME="/workspace/rustup-home" "/workspace/cargo-home/bin/cargo" "+nightly-2024-10-28" "fetch" "--manifest-path" "Cargo.toml", kill_on_drop: false }`
[INFO] [stderr]     Blocking waiting for file lock on package cache
[INFO] running `Command { std: "docker" "create" "-v" "/var/lib/crater-agent-workspace/builds/worker-0-tc2/target:/opt/rustwide/target:rw,Z" "-v" "/var/lib/crater-agent-workspace/builds/worker-0-tc2/source:/opt/rustwide/workdir:ro,Z" "-v" "/var/lib/crater-agent-workspace/cargo-home:/opt/rustwide/cargo-home:ro,Z" "-v" "/var/lib/crater-agent-workspace/rustup-home:/opt/rustwide/rustup-home:ro,Z" "-e" "SOURCE_DIR=/opt/rustwide/workdir" "-e" "CARGO_TARGET_DIR=/opt/rustwide/target" "-e" "CARGO_HOME=/opt/rustwide/cargo-home" "-e" "RUSTUP_HOME=/opt/rustwide/rustup-home" "-w" "/opt/rustwide/workdir" "-m" "1610612736" "--user" "0:0" "--network" "none" "ghcr.io/rust-lang/crates-build-env/linux@sha256:4a844ea9eb2546a2d2c7022eacef16ef2e8229c7fbb2c7d4d55a9ceca922f72d" "/opt/rustwide/cargo-home/bin/cargo" "+nightly-2024-10-28" "metadata" "--no-deps" "--format-version=1", kill_on_drop: false }`
[INFO] [stdout] 6b6a0bd15385228adde8f0427c9fcccd0971f2cf491f08430b898fb8c40471f7
[INFO] running `Command { std: "docker" "start" "-a" "6b6a0bd15385228adde8f0427c9fcccd0971f2cf491f08430b898fb8c40471f7", kill_on_drop: false }`
[INFO] running `Command { std: "docker" "inspect" "6b6a0bd15385228adde8f0427c9fcccd0971f2cf491f08430b898fb8c40471f7", kill_on_drop: false }`
[INFO] running `Command { std: "docker" "rm" "-f" "6b6a0bd15385228adde8f0427c9fcccd0971f2cf491f08430b898fb8c40471f7", kill_on_drop: false }`
[INFO] [stdout] 6b6a0bd15385228adde8f0427c9fcccd0971f2cf491f08430b898fb8c40471f7
[INFO] running `Command { std: "docker" "create" "-v" "/var/lib/crater-agent-workspace/builds/worker-0-tc2/target:/opt/rustwide/target:rw,Z" "-v" "/var/lib/crater-agent-workspace/builds/worker-0-tc2/source:/opt/rustwide/workdir:ro,Z" "-v" "/var/lib/crater-agent-workspace/cargo-home:/opt/rustwide/cargo-home:ro,Z" "-v" "/var/lib/crater-agent-workspace/rustup-home:/opt/rustwide/rustup-home:ro,Z" "-e" "SOURCE_DIR=/opt/rustwide/workdir" "-e" "CARGO_TARGET_DIR=/opt/rustwide/target" "-e" "CARGO_INCREMENTAL=0" "-e" "RUST_BACKTRACE=full" "-e" "RUSTFLAGS=--cap-lints=forbid -Zrandomize-layout" "-e" "RUSTDOCFLAGS=--cap-lints=forbid" "-e" "CARGO_HOME=/opt/rustwide/cargo-home" "-e" "RUSTUP_HOME=/opt/rustwide/rustup-home" "-w" "/opt/rustwide/workdir" "-m" "1610612736" "--user" "0:0" "--network" "none" "ghcr.io/rust-lang/crates-build-env/linux@sha256:4a844ea9eb2546a2d2c7022eacef16ef2e8229c7fbb2c7d4d55a9ceca922f72d" "/opt/rustwide/cargo-home/bin/cargo" "+nightly-2024-10-28" "build" "--frozen" "--message-format=json", kill_on_drop: false }`
[INFO] [stdout] 8b301b7fd0ec9d3f4ce92f51e4d4b483e994b8a680f9c6c76eb1d7518e8d693b
[INFO] running `Command { std: "docker" "start" "-a" "8b301b7fd0ec9d3f4ce92f51e4d4b483e994b8a680f9c6c76eb1d7518e8d693b", kill_on_drop: false }`
[INFO] [stderr]    Compiling syn v1.0.60
[INFO] [stderr]    Compiling libc v0.2.86
[INFO] [stderr]    Compiling value-bag v1.0.0-alpha.6
[INFO] [stderr]    Compiling autocfg v1.0.1
[INFO] [stderr]    Compiling log v0.4.14
[INFO] [stderr]    Compiling pin-project-lite v0.2.4
[INFO] [stderr]    Compiling futures-core v0.3.12
[INFO] [stderr]    Compiling futures-io v0.3.12
[INFO] [stderr]    Compiling ryu v1.0.5
[INFO] [stderr]    Compiling tracing-core v0.1.17
[INFO] [stderr]    Compiling event-listener v2.5.1
[INFO] [stderr]    Compiling itoa v0.4.7
[INFO] [stderr]    Compiling cache-padded v1.1.1
[INFO] [stderr]    Compiling fastrand v1.4.0
[INFO] [stderr]    Compiling waker-fn v1.1.0
[INFO] [stderr]    Compiling parking v2.0.0
[INFO] [stderr]    Compiling cc v1.0.67
[INFO] [stderr]    Compiling concurrent-queue v1.2.2
[INFO] [stderr]    Compiling pkg-config v0.3.19
[INFO] [stderr]    Compiling proc-macro-hack v0.5.19
[INFO] [stderr]    Compiling futures-lite v1.11.3
[INFO] [stderr]    Compiling serde_json v1.0.62
[INFO] [stderr]    Compiling percent-encoding v2.1.0
[INFO] [stderr]    Compiling bytes v0.5.6
[INFO] [stderr]    Compiling async-task v4.0.3
[INFO] [stderr]    Compiling vec-arena v1.0.0
[INFO] [stderr]    Compiling num-traits v0.2.14
[INFO] [stderr]    Compiling num-integer v0.1.44
[INFO] [stderr]    Compiling async-channel v1.6.1
[INFO] [stderr]    Compiling async-mutex v1.4.0
[INFO] [stderr]    Compiling slab v0.4.2
[INFO] [stderr]    Compiling atomic-waker v1.0.0
[INFO] [stderr]    Compiling signal-hook v0.3.4
[INFO] [stderr]    Compiling futures-sink v0.3.12
[INFO] [stderr]    Compiling matches v0.1.8
[INFO] [stderr]    Compiling tinyvec v1.1.1
[INFO] [stderr]    Compiling crossbeam-utils v0.8.1
[INFO] [stderr]    Compiling proc-macro-nested v0.1.7
[INFO] [stderr]    Compiling pin-project-lite v0.1.11
[INFO] [stderr]    Compiling openssl-src v111.14.0+1.1.1j
[INFO] [stderr]    Compiling openssl v0.10.32
[INFO] [stderr]    Compiling unicode-bidi v0.3.4
[INFO] [stderr]    Compiling async-lock v2.3.0
[INFO] [stderr]    Compiling native-tls v0.2.7
[INFO] [stderr]    Compiling byteorder v1.4.2
[INFO] [stderr]    Compiling version_check v0.9.2
[INFO] [stderr]    Compiling form_urlencoded v1.0.1
[INFO] [stderr]    Compiling futures-task v0.3.12
[INFO] [stderr]    Compiling openssl-probe v0.1.2
[INFO] [stderr]    Compiling regex-automata v0.1.9
[INFO] [stderr]    Compiling nix v0.17.0
[INFO] [stderr]    Compiling sharded-slab v0.1.1
[INFO] [stderr]    Compiling blocking v1.0.2
[INFO] [stderr]    Compiling async-executor v1.4.0
[INFO] [stderr]    Compiling smallvec v1.6.1
[INFO] [stderr]    Compiling static_assertions v1.1.0
[INFO] [stderr]    Compiling ucd-trie v0.1.3
[INFO] [stderr]    Compiling async-fs v1.5.0
[INFO] [stderr]    Compiling crc32c v0.5.0
[INFO] [stderr]    Compiling lexical-core v0.7.5
[INFO] [stderr]    Compiling openssl-sys v0.9.60
[INFO] [stderr]    Compiling nom v5.1.2
[INFO] [stderr]    Compiling pest v2.1.3
[INFO] [stderr]    Compiling arrayvec v0.5.2
[INFO] [stderr]    Compiling unicode-normalization v0.1.17
[INFO] [stderr]    Compiling num-bigint v0.3.1
[INFO] [stderr]    Compiling socket2 v0.3.19
[INFO] [stderr]    Compiling signal-hook-registry v1.3.0
[INFO] [stderr]    Compiling num_cpus v1.13.0
[INFO] [stderr]    Compiling time v0.1.43
[INFO] [stderr]    Compiling matchers v0.0.1
[INFO] [stderr]    Compiling memmap v0.7.0
[INFO] [stderr]    Compiling nb-connect v1.0.3
[INFO] [stderr]    Compiling content_inspector v0.2.4
[INFO] [stderr]    Compiling rand v0.4.6
[INFO] [stderr]    Compiling async-rwlock v1.3.0
[INFO] [stderr]    Compiling stable_deref_trait v1.2.0
[INFO] [stderr]    Compiling bytes v1.0.1
[INFO] [stderr]    Compiling proc-macro-error-attr v1.0.4
[INFO] [stderr]    Compiling strsim v0.9.3
[INFO] [stderr]    Compiling idna v0.2.2
[INFO] [stderr]    Compiling owning_ref v0.3.3
[INFO] [stderr]    Compiling rustversion v1.0.4
[INFO] [stderr]    Compiling proc-macro-error v1.0.4
[INFO] [stderr]    Compiling indexmap v1.6.1
[INFO] [stderr]    Compiling base64 v0.13.0
[INFO] [stderr]    Compiling linked-hash-map v0.5.4
[INFO] [stderr]    Compiling semver-parser v0.10.2
[INFO] [stderr]    Compiling http v0.2.3
[INFO] [stderr]    Compiling yaml-rust v0.4.5
[INFO] [stderr]    Compiling getrandom v0.1.16
[INFO] [stderr]    Compiling url v2.2.1
[INFO] [stderr]    Compiling parking_lot_core v0.2.14
[INFO] [stdout] error[E0308]: mismatched types
[INFO] [stdout]    --> /opt/rustwide/cargo-home/registry/src/index.crates.io-6f17d22bba15001f/num-bigint-0.3.1/src/biguint.rs:208:19
[INFO] [stdout]     |
[INFO] [stdout] 208 |         .div_ceil(&big_digit::BITS.into())
[INFO] [stdout]     |          -------- ^^^^^^^^^^^^^^^^^^^^^^^ expected `u64`, found `&_`
[INFO] [stdout]     |          |
[INFO] [stdout]     |          arguments to this method are incorrect
[INFO] [stdout]     |
[INFO] [stdout]     = note:   expected type `u64`
[INFO] [stdout]             found reference `&_`
[INFO] [stdout] note: method defined here
[INFO] [stdout]    --> /rustc/df4ca44d3fbc9301ee17f30f4d474e6ae4b05252/library/core/src/num/mod.rs:1230:5
[INFO] [stdout]     = note: this error originates in the macro `uint_impl` (in Nightly builds, run with -Z macro-backtrace for more info)
[INFO] [stdout] help: consider removing the borrow
[INFO] [stdout]     |
[INFO] [stdout] 208 -         .div_ceil(&big_digit::BITS.into())
[INFO] [stdout] 208 +         .div_ceil(big_digit::BITS.into())
[INFO] [stdout]     |
[INFO] [stdout] 
[INFO] [stdout] 
[INFO] [stderr]    Compiling hashbrown v0.9.1
[INFO] [stdout] error[E0308]: mismatched types
[INFO] [stdout]     --> /opt/rustwide/cargo-home/registry/src/index.crates.io-6f17d22bba15001f/num-bigint-0.3.1/src/biguint.rs:1712:54
[INFO] [stdout]      |
[INFO] [stdout] 1712 |                 let root_scale = extra_bits.div_ceil(&n64);
[INFO] [stdout]      |                                             -------- ^^^^ expected `u64`, found `&u64`
[INFO] [stdout]      |                                             |
[INFO] [stdout]      |                                             arguments to this method are incorrect
[INFO] [stdout]      |
[INFO] [stdout] note: method defined here
[INFO] [stdout]     --> /rustc/df4ca44d3fbc9301ee17f30f4d474e6ae4b05252/library/core/src/num/mod.rs:1230:5
[INFO] [stdout]      = note: this error originates in the macro `uint_impl` (in Nightly builds, run with -Z macro-backtrace for more info)
[INFO] [stdout] help: consider removing the borrow
[INFO] [stdout]      |
[INFO] [stdout] 1712 -                 let root_scale = extra_bits.div_ceil(&n64);
[INFO] [stdout] 1712 +                 let root_scale = extra_bits.div_ceil(n64);
[INFO] [stdout]      |
[INFO] [stdout] 
[INFO] [stdout] 
[INFO] [stdout] error[E0308]: mismatched types
[INFO] [stdout]     --> /opt/rustwide/cargo-home/registry/src/index.crates.io-6f17d22bba15001f/num-bigint-0.3.1/src/biguint.rs:2128:19
[INFO] [stdout]      |
[INFO] [stdout] 2128 |         .div_ceil(&u64::from(bits))
[INFO] [stdout]      |          -------- ^^^^^^^^^^^^^^^^ expected `u64`, found `&u64`
[INFO] [stdout]      |          |
[INFO] [stdout]      |          arguments to this method are incorrect
[INFO] [stdout]      |
[INFO] [stdout] note: method defined here
[INFO] [stdout]     --> /rustc/df4ca44d3fbc9301ee17f30f4d474e6ae4b05252/library/core/src/num/mod.rs:1230:5
[INFO] [stdout]      = note: this error originates in the macro `uint_impl` (in Nightly builds, run with -Z macro-backtrace for more info)
[INFO] [stdout] help: consider removing the borrow
[INFO] [stdout]      |
[INFO] [stdout] 2128 -         .div_ceil(&u64::from(bits))
[INFO] [stdout] 2128 +         .div_ceil(u64::from(bits))
[INFO] [stdout]      |
[INFO] [stdout] 
[INFO] [stdout] 
[INFO] [stdout] error[E0308]: mismatched types
[INFO] [stdout]     --> /opt/rustwide/cargo-home/registry/src/index.crates.io-6f17d22bba15001f/num-bigint-0.3.1/src/biguint.rs:2156:19
[INFO] [stdout]      |
[INFO] [stdout] 2156 |         .div_ceil(&u64::from(bits))
[INFO] [stdout]      |          -------- ^^^^^^^^^^^^^^^^ expected `u64`, found `&u64`
[INFO] [stdout]      |          |
[INFO] [stdout]      |          arguments to this method are incorrect
[INFO] [stdout]      |
[INFO] [stdout] note: method defined here
[INFO] [stdout]     --> /rustc/df4ca44d3fbc9301ee17f30f4d474e6ae4b05252/library/core/src/num/mod.rs:1230:5
[INFO] [stdout]      = note: this error originates in the macro `uint_impl` (in Nightly builds, run with -Z macro-backtrace for more info)
[INFO] [stdout] help: consider removing the borrow
[INFO] [stdout]      |
[INFO] [stdout] 2156 -         .div_ceil(&u64::from(bits))
[INFO] [stdout] 2156 +         .div_ceil(u64::from(bits))
[INFO] [stdout]      |
[INFO] [stdout] 
[INFO] [stdout] 
[INFO] [stderr]    Compiling semver v0.11.0
[INFO] [stderr]    Compiling parking_lot v0.4.8
[INFO] [stderr]    Compiling httparse v1.3.5
[INFO] [stderr]    Compiling data-encoding v2.3.2
[INFO] [stderr]    Compiling chashmap v2.2.2
[INFO] [stderr]    Compiling dtoa v0.4.7
[INFO] [stderr]    Compiling unicode-segmentation v1.7.1
[INFO] [stdout] For more information about this error, try `rustc --explain E0308`.
[INFO] [stdout] 
[INFO] [stderr] error: could not compile `num-bigint` (lib) due to 4 previous errors
[INFO] [stderr] warning: build failed, waiting for other jobs to finish...
[INFO] running `Command { std: "docker" "inspect" "8b301b7fd0ec9d3f4ce92f51e4d4b483e994b8a680f9c6c76eb1d7518e8d693b", kill_on_drop: false }`
[INFO] running `Command { std: "docker" "rm" "-f" "8b301b7fd0ec9d3f4ce92f51e4d4b483e994b8a680f9c6c76eb1d7518e8d693b", kill_on_drop: false }`
[INFO] [stdout] 8b301b7fd0ec9d3f4ce92f51e4d4b483e994b8a680f9c6c76eb1d7518e8d693b
