[INFO] fetching crate fluvio-auth 0.5.0...
[INFO] testing fluvio-auth-0.5.0 against nightly-2024-10-28 for randomize-layout
[INFO] extracting crate fluvio-auth 0.5.0 into /workspace/builds/worker-7-tc1/source
[INFO] validating manifest of crates.io crate fluvio-auth 0.5.0 on toolchain nightly-2024-10-28
[INFO] running `Command { std: CARGO_HOME="/workspace/cargo-home" RUSTUP_HOME="/workspace/rustup-home" "/workspace/cargo-home/bin/cargo" "+nightly-2024-10-28" "metadata" "--manifest-path" "Cargo.toml" "--no-deps", kill_on_drop: false }`
[INFO] started tweaking crates.io crate fluvio-auth 0.5.0
[INFO] finished tweaking crates.io crate fluvio-auth 0.5.0
[INFO] tweaked toml for crates.io crate fluvio-auth 0.5.0 written to /workspace/builds/worker-7-tc1/source/Cargo.toml
[INFO] running `Command { std: CARGO_HOME="/workspace/cargo-home" RUSTUP_HOME="/workspace/rustup-home" "/workspace/cargo-home/bin/cargo" "+nightly-2024-10-28" "generate-lockfile" "--manifest-path" "Cargo.toml", kill_on_drop: false }`
[INFO] [stderr]     Updating crates.io index
[INFO] [stderr]     Blocking waiting for file lock on package cache
[INFO] [stderr]      Locking 199 packages to latest compatible versions
[INFO] [stderr]       Adding backtrace v0.3.59 (available: v0.3.74)
[INFO] [stderr]       Adding bitflags v1.2.1 (available: v1.3.2)
[INFO] [stderr]       Adding fluvio-controlplane-metadata v0.7.0 (available: v0.29.1)
[INFO] [stderr]       Adding fluvio-dataplane-protocol v0.4.1 (available: v0.11.6)
[INFO] [stderr]       Adding fluvio-future v0.2.0 (available: v0.7.0)
[INFO] [stderr]       Adding fluvio-protocol v0.4.0 (available: v0.11.0)
[INFO] [stderr]       Adding fluvio-socket v0.7.0 (available: v0.14.11)
[INFO] [stderr]       Adding fluvio-types v0.2.7 (available: v0.5.2)
[INFO] [stderr]       Adding flv-tls-proxy v0.4.0 (available: v0.9.0)
[INFO] [stderr]       Adding memchr v2.3.4 (available: v2.7.4)
[INFO] [stderr]       Adding polling v2.5.2 (available: v2.8.0)
[INFO] [stderr]       Adding rustix v0.37.13 (available: v0.37.27)
[INFO] [stderr]       Adding x509-parser v0.9.2 (available: v0.16.0)
[INFO] running `Command { std: CARGO_HOME="/workspace/cargo-home" RUSTUP_HOME="/workspace/rustup-home" "/workspace/cargo-home/bin/cargo" "+nightly-2024-10-28" "fetch" "--manifest-path" "Cargo.toml", kill_on_drop: false }`
[INFO] [stderr]     Blocking waiting for file lock on package cache
[INFO] [stderr]  Downloading crates ...
[INFO] [stderr]   Downloaded flv-tls-proxy v0.4.0
[INFO] [stderr]   Downloaded addr2line v0.15.2
[INFO] [stderr]   Downloaded fluvio-protocol-codec v0.3.2
[INFO] [stderr]   Downloaded fluvio-protocol-api v0.3.0
[INFO] [stderr]   Downloaded async-net v1.8.0
[INFO] [stderr]   Downloaded fluvio-stream-model v0.5.4
[INFO] [stderr]   Downloaded chashmap v2.2.2
[INFO] [stderr]   Downloaded backtrace v0.3.59
[INFO] [stderr]   Downloaded fluvio-controlplane-metadata v0.7.0
[INFO] [stderr]   Downloaded parking_lot v0.4.8
[INFO] [stderr]   Downloaded fluvio-socket v0.7.0
[INFO] [stderr]   Downloaded fluvio-future v0.2.0
[INFO] [stderr]   Downloaded polling v2.5.2
[INFO] [stderr]   Downloaded fluvio-dataplane-protocol v0.4.1
[INFO] [stderr]   Downloaded fluvio-protocol-core v0.3.3
[INFO] [stderr]   Downloaded fluvio-protocol v0.4.0
[INFO] [stderr]   Downloaded nix v0.20.2
[INFO] [stderr]   Downloaded rustix v0.37.13
[INFO] [stderr]   Downloaded gimli v0.24.0
[INFO] running `Command { std: "docker" "create" "-v" "/var/lib/crater-agent-workspace/builds/worker-7-tc1/target:/opt/rustwide/target:rw,Z" "-v" "/var/lib/crater-agent-workspace/builds/worker-7-tc1/source:/opt/rustwide/workdir:ro,Z" "-v" "/var/lib/crater-agent-workspace/cargo-home:/opt/rustwide/cargo-home:ro,Z" "-v" "/var/lib/crater-agent-workspace/rustup-home:/opt/rustwide/rustup-home:ro,Z" "-e" "SOURCE_DIR=/opt/rustwide/workdir" "-e" "CARGO_TARGET_DIR=/opt/rustwide/target" "-e" "CARGO_HOME=/opt/rustwide/cargo-home" "-e" "RUSTUP_HOME=/opt/rustwide/rustup-home" "-w" "/opt/rustwide/workdir" "-m" "1610612736" "--user" "0:0" "--network" "none" "ghcr.io/rust-lang/crates-build-env/linux@sha256:4a844ea9eb2546a2d2c7022eacef16ef2e8229c7fbb2c7d4d55a9ceca922f72d" "/opt/rustwide/cargo-home/bin/cargo" "+nightly-2024-10-28" "metadata" "--no-deps" "--format-version=1", kill_on_drop: false }`
[INFO] [stdout] 16754f31442613654a2b02ceaf3e7812cda8caea8fed95753eaa94a6d734fb19
[INFO] running `Command { std: "docker" "start" "-a" "16754f31442613654a2b02ceaf3e7812cda8caea8fed95753eaa94a6d734fb19", kill_on_drop: false }`
[INFO] running `Command { std: "docker" "inspect" "16754f31442613654a2b02ceaf3e7812cda8caea8fed95753eaa94a6d734fb19", kill_on_drop: false }`
[INFO] running `Command { std: "docker" "rm" "-f" "16754f31442613654a2b02ceaf3e7812cda8caea8fed95753eaa94a6d734fb19", kill_on_drop: false }`
[INFO] [stdout] 16754f31442613654a2b02ceaf3e7812cda8caea8fed95753eaa94a6d734fb19
[INFO] running `Command { std: "docker" "create" "-v" "/var/lib/crater-agent-workspace/builds/worker-7-tc1/target:/opt/rustwide/target:rw,Z" "-v" "/var/lib/crater-agent-workspace/builds/worker-7-tc1/source:/opt/rustwide/workdir:ro,Z" "-v" "/var/lib/crater-agent-workspace/cargo-home:/opt/rustwide/cargo-home:ro,Z" "-v" "/var/lib/crater-agent-workspace/rustup-home:/opt/rustwide/rustup-home:ro,Z" "-e" "SOURCE_DIR=/opt/rustwide/workdir" "-e" "CARGO_TARGET_DIR=/opt/rustwide/target" "-e" "CARGO_INCREMENTAL=0" "-e" "RUST_BACKTRACE=full" "-e" "RUSTFLAGS=--cap-lints=forbid" "-e" "RUSTDOCFLAGS=--cap-lints=forbid" "-e" "CARGO_HOME=/opt/rustwide/cargo-home" "-e" "RUSTUP_HOME=/opt/rustwide/rustup-home" "-w" "/opt/rustwide/workdir" "-m" "1610612736" "--user" "0:0" "--network" "none" "ghcr.io/rust-lang/crates-build-env/linux@sha256:4a844ea9eb2546a2d2c7022eacef16ef2e8229c7fbb2c7d4d55a9ceca922f72d" "/opt/rustwide/cargo-home/bin/cargo" "+nightly-2024-10-28" "build" "--frozen" "--message-format=json", kill_on_drop: false }`
[INFO] [stdout] a1b7f079f0275de568cac03618f51c7364fe80ddcd3b20703f2e67754743a6d8
[INFO] running `Command { std: "docker" "start" "-a" "a1b7f079f0275de568cac03618f51c7364fe80ddcd3b20703f2e67754743a6d8", kill_on_drop: false }`
[INFO] [stderr]    Compiling proc-macro2 v1.0.89
[INFO] [stderr]    Compiling unicode-ident v1.0.13
[INFO] [stderr]    Compiling autocfg v1.4.0
[INFO] [stderr]    Compiling pin-project-lite v0.2.15
[INFO] [stderr]    Compiling libc v0.2.161
[INFO] [stderr]    Compiling memchr v2.3.4
[INFO] [stderr]    Compiling crossbeam-utils v0.8.20
[INFO] [stderr]    Compiling futures-core v0.3.31
[INFO] [stderr]    Compiling parking v2.2.1
[INFO] [stderr]    Compiling once_cell v1.20.2
[INFO] [stderr]    Compiling futures-io v0.3.31
[INFO] [stderr]    Compiling bitflags v1.2.1
[INFO] [stderr]    Compiling tracing-core v0.1.32
[INFO] [stderr]    Compiling value-bag v1.10.0
[INFO] [stderr]    Compiling fastrand v2.1.1
[INFO] [stderr]    Compiling bitflags v2.6.0
[INFO] [stderr]    Compiling slab v0.4.9
[INFO] [stderr]    Compiling log v0.4.22
[INFO] [stderr]    Compiling rustix v0.38.38
[INFO] [stderr]    Compiling concurrent-queue v2.5.0
[INFO] [stderr]    Compiling futures-lite v2.4.0
[INFO] [stderr]    Compiling quote v1.0.37
[INFO] [stderr]    Compiling event-listener v5.3.1
[INFO] [stderr]    Compiling thiserror v1.0.66
[INFO] [stderr]    Compiling linux-raw-sys v0.4.14
[INFO] [stderr]    Compiling syn v1.0.109
[INFO] [stderr]    Compiling syn v2.0.86
[INFO] [stderr]    Compiling event-listener-strategy v0.5.2
[INFO] [stderr]    Compiling shlex v1.3.0
[INFO] [stderr]    Compiling async-task v4.7.1
[INFO] [stderr]    Compiling async-lock v3.4.0
[INFO] [stderr]    Compiling cc v1.1.31
[INFO] [stderr]    Compiling async-channel v2.3.1
[INFO] [stderr]    Compiling vcpkg v0.2.15
[INFO] [stderr]    Compiling pkg-config v0.3.31
[INFO] [stderr]    Compiling piper v0.2.4
[INFO] [stderr]    Compiling polling v2.5.2
[INFO] [stderr]    Compiling num-traits v0.2.19
[INFO] [stderr]    Compiling rustix v0.37.13
[INFO] [stderr]    Compiling radium v0.5.3
[INFO] [stderr]    Compiling blocking v1.6.1
[INFO] [stderr]    Compiling io-lifetimes v1.0.11
[INFO] [stderr]    Compiling signal-hook-registry v1.4.2
[INFO] [stderr]    Compiling memoffset v0.6.5
[INFO] [stderr]    Compiling async-io v1.13.0
[INFO] [stderr]    Compiling waker-fn v1.2.0
[INFO] [stderr]    Compiling lexical-core v0.7.6
[INFO] [stderr]    Compiling ryu v1.0.18
[INFO] [stderr]    Compiling version_check v0.9.5
[INFO] [stderr]    Compiling futures-lite v1.13.0
[INFO] [stderr]    Compiling openssl-sys v0.9.104
[INFO] [stderr]    Compiling nom v6.2.2
[INFO] [stderr]    Compiling async-executor v1.13.1
[INFO] [stderr]    Compiling socket2 v0.4.10
[INFO] [stderr]    Compiling futures-sink v0.3.31
[INFO] [stderr]    Compiling foreign-types-shared v0.1.1
[INFO] [stderr]    Compiling bytes v1.8.0
[INFO] [stderr]    Compiling arrayvec v0.5.2
[INFO] [stderr]    Compiling funty v1.1.0
[INFO] [stderr]    Compiling tap v1.0.1
[INFO] [stderr]    Compiling wyz v0.2.0
[INFO] [stderr]    Compiling openssl v0.10.68
[INFO] [stderr]    Compiling bitvec v0.19.6
[INFO] [stderr]    Compiling foreign-types v0.3.2
[INFO] [stderr]    Compiling async-channel v1.9.0
[INFO] [stderr]    Compiling kv-log-macro v1.0.7
[INFO] [stderr]    Compiling maybe-uninit v2.0.0
[INFO] [stderr]    Compiling async-net v1.8.0
[INFO] [stderr]    Compiling nix v0.20.2
[INFO] [stderr]    Compiling fluvio-protocol-core v0.3.3
[INFO] [stderr]    Compiling num-integer v0.1.46
[INFO] [stderr]    Compiling ucd-trie v0.1.7
[INFO] [stderr]    Compiling futures-task v0.3.31
[INFO] [stderr]    Compiling smallvec v0.6.14
[INFO] [stderr]    Compiling num-bigint v0.4.6
[INFO] [stderr]    Compiling rand v0.4.6
[INFO] [stderr]    Compiling async-mutex v1.4.0
[INFO] [stderr]    Compiling oid-registry v0.1.5
[INFO] [stderr]    Compiling serde v1.0.214
[INFO] [stderr]    Compiling stable_deref_trait v1.2.0
[INFO] [stderr]    Compiling rustversion v1.0.18
[INFO] [stderr]    Compiling crc32c v0.5.0
[INFO] [stderr]    Compiling parking_lot_core v0.2.14
[INFO] [stderr]    Compiling owning_ref v0.3.3
[INFO] [stderr]    Compiling serde_json v1.0.132
[INFO] [stderr]    Compiling parking_lot v0.4.8
[INFO] [stderr]    Compiling async-rwlock v1.3.0
[INFO] [stderr]    Compiling chrono v0.4.38
[INFO] [stderr]    Compiling content_inspector v0.2.4
[INFO] [stderr]    Compiling base64 v0.13.1
[INFO] [stderr]    Compiling itoa v1.0.11
[INFO] [stderr]    Compiling tracing-attributes v0.1.27
[INFO] [stderr]    Compiling thiserror-impl v1.0.66
[INFO] [stderr]    Compiling pin-project-internal v1.1.7
[INFO] [stderr]    Compiling tokio-macros v2.4.0
[INFO] [stderr]    Compiling openssl-macros v0.1.1
[INFO] [stderr]    Compiling tokio v1.41.0
[INFO] [stderr]    Compiling async-trait v0.1.83
[INFO] [stderr]    Compiling futures-macro v0.3.31
[INFO] [stderr]    Compiling der-oid-macro v0.4.0
[INFO] [stderr]    Compiling pest v2.7.14
[INFO] [stderr]    Compiling pin-project v1.1.7
[INFO] [stderr]    Compiling rusticata-macros v3.2.0
[INFO] [stderr]    Compiling tracing v0.1.40
[INFO] [stdout] error[E0433]: failed to resolve: could not find `memmem` in `memchr`
[INFO] [stdout]    --> /opt/rustwide/cargo-home/registry/src/index.crates.io-6f17d22bba15001f/pest-2.7.14/src/position.rs:303:33
[INFO] [stdout]     |
[INFO] [stdout] 303 |                         memchr::memmem::find(&self.input.as_bytes()[self.pos..], s1.as_bytes())
[INFO] [stdout]     |                                 ^^^^^^ could not find `memmem` in `memchr`
[INFO] [stdout] 
[INFO] [stdout] 
[INFO] [stderr]    Compiling der-parser v5.1.2
[INFO] [stderr]    Compiling polling v3.7.3
[INFO] [stderr]    Compiling fluvio-protocol-derive v0.2.1
[INFO] [stderr]    Compiling async-io v2.3.4
[INFO] [stderr]    Compiling tokio-util v0.6.10
[INFO] [stderr]    Compiling flv-util v0.5.2
[INFO] [stderr]    Compiling fluvio-protocol-codec v0.3.2
[INFO] [stderr]    Compiling futures-util v0.3.31
[INFO] [stderr]    Compiling serde_derive v1.0.214
[INFO] [stderr]    Compiling fluvio-protocol-api v0.3.0
[INFO] [stdout] For more information about this error, try `rustc --explain E0433`.
[INFO] [stdout] 
[INFO] [stdout] error[E0433]: failed to resolve: use of undeclared crate or module `tracing`
[INFO] [stdout]   --> /opt/rustwide/cargo-home/registry/src/index.crates.io-6f17d22bba15001f/fluvio-protocol-api-0.3.0/src/api.rs:75:17
[INFO] [stdout]    |
[INFO] [stdout] 75 | #[derive(Debug, Encode, Decode, Default)]
[INFO] [stdout]    |                 ^^^^^^ use of undeclared crate or module `tracing`
[INFO] [stdout]    |
[INFO] [stdout]    = note: this error originates in the derive macro `Encode` (in Nightly builds, run with -Z macro-backtrace for more info)
[INFO] [stdout] 
[INFO] [stdout] 
[INFO] [stdout] error[E0433]: failed to resolve: use of undeclared crate or module `tracing`
[INFO] [stdout]   --> /opt/rustwide/cargo-home/registry/src/index.crates.io-6f17d22bba15001f/fluvio-protocol-api-0.3.0/src/api.rs:75:25
[INFO] [stdout]    |
[INFO] [stdout] 75 | #[derive(Debug, Encode, Decode, Default)]
[INFO] [stdout]    |                         ^^^^^^ use of undeclared crate or module `tracing`
[INFO] [stdout]    |
[INFO] [stdout]    = note: this error originates in the derive macro `Decode` (in Nightly builds, run with -Z macro-backtrace for more info)
[INFO] [stdout] 
[INFO] [stdout] 
[INFO] [stderr] error: could not compile `pest` (lib) due to 1 previous error
[INFO] [stderr] warning: build failed, waiting for other jobs to finish...
[INFO] [stdout] For more information about this error, try `rustc --explain E0433`.
[INFO] [stdout] 
[INFO] [stderr] error: could not compile `fluvio-protocol-api` (lib) due to 2 previous errors
[INFO] running `Command { std: "docker" "inspect" "a1b7f079f0275de568cac03618f51c7364fe80ddcd3b20703f2e67754743a6d8", kill_on_drop: false }`
[INFO] running `Command { std: "docker" "rm" "-f" "a1b7f079f0275de568cac03618f51c7364fe80ddcd3b20703f2e67754743a6d8", kill_on_drop: false }`
[INFO] [stdout] a1b7f079f0275de568cac03618f51c7364fe80ddcd3b20703f2e67754743a6d8
