[INFO] fetching crate floccus 0.4.0-alpha.8...
[INFO] testing floccus-0.4.0-alpha.8 against nightly-2024-10-28+rustflags=-Zrandomize-layout for randomize-layout
[INFO] extracting crate floccus 0.4.0-alpha.8 into /workspace/builds/worker-5-tc2/source
[INFO] validating manifest of crates.io crate floccus 0.4.0-alpha.8 on toolchain nightly-2024-10-28
[INFO] running `Command { std: CARGO_HOME="/workspace/cargo-home" RUSTUP_HOME="/workspace/rustup-home" "/workspace/cargo-home/bin/cargo" "+nightly-2024-10-28" "metadata" "--manifest-path" "Cargo.toml" "--no-deps", kill_on_drop: false }`
[INFO] started tweaking crates.io crate floccus 0.4.0-alpha.8
[INFO] finished tweaking crates.io crate floccus 0.4.0-alpha.8
[INFO] tweaked toml for crates.io crate floccus 0.4.0-alpha.8 written to /workspace/builds/worker-5-tc2/source/Cargo.toml
[INFO] running `Command { std: CARGO_HOME="/workspace/cargo-home" RUSTUP_HOME="/workspace/rustup-home" "/workspace/cargo-home/bin/cargo" "+nightly-2024-10-28" "generate-lockfile" "--manifest-path" "Cargo.toml", kill_on_drop: false }`
[INFO] [stderr]     Updating crates.io index
[INFO] [stderr]      Locking 84 packages to latest compatible versions
[INFO] [stderr]       Adding float-cmp v0.9.0 (available: v0.10.0)
[INFO] running `Command { std: CARGO_HOME="/workspace/cargo-home" RUSTUP_HOME="/workspace/rustup-home" "/workspace/cargo-home/bin/cargo" "+nightly-2024-10-28" "fetch" "--manifest-path" "Cargo.toml", kill_on_drop: false }`
[INFO] running `Command { std: "docker" "create" "-v" "/var/lib/crater-agent-workspace/builds/worker-5-tc2/target:/opt/rustwide/target:rw,Z" "-v" "/var/lib/crater-agent-workspace/builds/worker-5-tc2/source:/opt/rustwide/workdir:ro,Z" "-v" "/var/lib/crater-agent-workspace/cargo-home:/opt/rustwide/cargo-home:ro,Z" "-v" "/var/lib/crater-agent-workspace/rustup-home:/opt/rustwide/rustup-home:ro,Z" "-e" "SOURCE_DIR=/opt/rustwide/workdir" "-e" "CARGO_TARGET_DIR=/opt/rustwide/target" "-e" "CARGO_HOME=/opt/rustwide/cargo-home" "-e" "RUSTUP_HOME=/opt/rustwide/rustup-home" "-w" "/opt/rustwide/workdir" "-m" "1610612736" "--user" "0:0" "--network" "none" "ghcr.io/rust-lang/crates-build-env/linux@sha256:4a844ea9eb2546a2d2c7022eacef16ef2e8229c7fbb2c7d4d55a9ceca922f72d" "/opt/rustwide/cargo-home/bin/cargo" "+nightly-2024-10-28" "metadata" "--no-deps" "--format-version=1", kill_on_drop: false }`
[INFO] [stdout] 476cf9db512eb5b903993efae79b9f5854d26b916c5891569963224ad4d346dd
[INFO] running `Command { std: "docker" "start" "-a" "476cf9db512eb5b903993efae79b9f5854d26b916c5891569963224ad4d346dd", kill_on_drop: false }`
[INFO] running `Command { std: "docker" "inspect" "476cf9db512eb5b903993efae79b9f5854d26b916c5891569963224ad4d346dd", kill_on_drop: false }`
[INFO] running `Command { std: "docker" "rm" "-f" "476cf9db512eb5b903993efae79b9f5854d26b916c5891569963224ad4d346dd", kill_on_drop: false }`
[INFO] [stdout] 476cf9db512eb5b903993efae79b9f5854d26b916c5891569963224ad4d346dd
[INFO] running `Command { std: "docker" "create" "-v" "/var/lib/crater-agent-workspace/builds/worker-5-tc2/target:/opt/rustwide/target:rw,Z" "-v" "/var/lib/crater-agent-workspace/builds/worker-5-tc2/source:/opt/rustwide/workdir:ro,Z" "-v" "/var/lib/crater-agent-workspace/cargo-home:/opt/rustwide/cargo-home:ro,Z" "-v" "/var/lib/crater-agent-workspace/rustup-home:/opt/rustwide/rustup-home:ro,Z" "-e" "SOURCE_DIR=/opt/rustwide/workdir" "-e" "CARGO_TARGET_DIR=/opt/rustwide/target" "-e" "CARGO_INCREMENTAL=0" "-e" "RUST_BACKTRACE=full" "-e" "RUSTFLAGS=--cap-lints=forbid -Zrandomize-layout" "-e" "RUSTDOCFLAGS=--cap-lints=forbid" "-e" "CARGO_HOME=/opt/rustwide/cargo-home" "-e" "RUSTUP_HOME=/opt/rustwide/rustup-home" "-w" "/opt/rustwide/workdir" "-m" "1610612736" "--user" "0:0" "--network" "none" "ghcr.io/rust-lang/crates-build-env/linux@sha256:4a844ea9eb2546a2d2c7022eacef16ef2e8229c7fbb2c7d4d55a9ceca922f72d" "/opt/rustwide/cargo-home/bin/cargo" "+nightly-2024-10-28" "build" "--frozen" "--message-format=json", kill_on_drop: false }`
[INFO] [stdout] c345314b5e487d6f4a949560770e2a22d4dc585e38f24f33ab37b5b55749f0e6
[INFO] running `Command { std: "docker" "start" "-a" "c345314b5e487d6f4a949560770e2a22d4dc585e38f24f33ab37b5b55749f0e6", kill_on_drop: false }`
[INFO] [stderr]    Compiling num-traits v0.2.19
[INFO] [stderr]    Compiling syn v2.0.86
[INFO] [stderr]    Compiling uom v0.36.0
[INFO] [stderr]    Compiling float-cmp v0.9.0
[INFO] [stderr]    Compiling thiserror-impl v1.0.66
[INFO] [stderr]    Compiling floccus-proc v0.3.0
[INFO] [stderr]    Compiling thiserror v1.0.66
[INFO] [stderr]    Compiling floccus v0.4.0-alpha.8 (/opt/rustwide/workdir)
[INFO] [stderr]     Finished `dev` profile [unoptimized + debuginfo] target(s) in 18.96s
[INFO] running `Command { std: "docker" "inspect" "c345314b5e487d6f4a949560770e2a22d4dc585e38f24f33ab37b5b55749f0e6", kill_on_drop: false }`
[INFO] running `Command { std: "docker" "rm" "-f" "c345314b5e487d6f4a949560770e2a22d4dc585e38f24f33ab37b5b55749f0e6", kill_on_drop: false }`
[INFO] [stdout] c345314b5e487d6f4a949560770e2a22d4dc585e38f24f33ab37b5b55749f0e6
[INFO] running `Command { std: "docker" "create" "-v" "/var/lib/crater-agent-workspace/builds/worker-5-tc2/target:/opt/rustwide/target:rw,Z" "-v" "/var/lib/crater-agent-workspace/builds/worker-5-tc2/source:/opt/rustwide/workdir:ro,Z" "-v" "/var/lib/crater-agent-workspace/cargo-home:/opt/rustwide/cargo-home:ro,Z" "-v" "/var/lib/crater-agent-workspace/rustup-home:/opt/rustwide/rustup-home:ro,Z" "-e" "SOURCE_DIR=/opt/rustwide/workdir" "-e" "CARGO_TARGET_DIR=/opt/rustwide/target" "-e" "CARGO_INCREMENTAL=0" "-e" "RUST_BACKTRACE=full" "-e" "RUSTFLAGS=--cap-lints=forbid -Zrandomize-layout" "-e" "RUSTDOCFLAGS=--cap-lints=forbid" "-e" "CARGO_HOME=/opt/rustwide/cargo-home" "-e" "RUSTUP_HOME=/opt/rustwide/rustup-home" "-w" "/opt/rustwide/workdir" "-m" "1610612736" "--user" "0:0" "--network" "none" "ghcr.io/rust-lang/crates-build-env/linux@sha256:4a844ea9eb2546a2d2c7022eacef16ef2e8229c7fbb2c7d4d55a9ceca922f72d" "/opt/rustwide/cargo-home/bin/cargo" "+nightly-2024-10-28" "test" "--frozen" "--no-run" "--message-format=json", kill_on_drop: false }`
[INFO] [stdout] bfcacd2e7506106436306cb6288292a0803d572d42ca57ef6584aa80d7868ddf
[INFO] running `Command { std: "docker" "start" "-a" "bfcacd2e7506106436306cb6288292a0803d572d42ca57ef6584aa80d7868ddf", kill_on_drop: false }`
[INFO] [stderr]    Compiling serde v1.0.214
[INFO] [stderr]    Compiling either v1.13.0
[INFO] [stderr]    Compiling serde_json v1.0.132
[INFO] [stderr]    Compiling half v2.4.1
[INFO] [stderr]    Compiling serde_derive v1.0.214
[INFO] [stderr]    Compiling anstyle v1.0.9
[INFO] [stderr]    Compiling plotters-backend v0.3.7
[INFO] [stderr]    Compiling ciborium-io v0.2.2
[INFO] [stderr]    Compiling regex-syntax v0.8.5
[INFO] [stderr]    Compiling memchr v2.7.4
[INFO] [stderr]    Compiling itertools v0.10.5
[INFO] [stderr]    Compiling cast v0.3.0
[INFO] [stderr]    Compiling plotters-svg v0.3.7
[INFO] [stderr]    Compiling ciborium-ll v0.2.2
[INFO] [stderr]    Compiling clap_builder v4.5.20
[INFO] [stderr]    Compiling same-file v1.0.6
[INFO] [stderr]    Compiling plotters v0.3.7
[INFO] [stderr]    Compiling walkdir v2.5.0
[INFO] [stderr]    Compiling is-terminal v0.4.13
[INFO] [stderr]    Compiling rayon v1.10.0
[INFO] [stderr]    Compiling anes v0.1.6
[INFO] [stderr]    Compiling once_cell v1.20.2
[INFO] [stderr]    Compiling log v0.4.22
[INFO] [stderr]    Compiling regex-automata v0.4.8
[INFO] [stderr]    Compiling oorandom v11.1.4
[INFO] [stderr]    Compiling testing_logger v0.1.1
[INFO] [stderr]    Compiling uom v0.36.0
[INFO] [stderr]    Compiling criterion-plot v0.5.0
[INFO] [stderr]    Compiling itertools v0.13.0
[INFO] [stderr]    Compiling clap v4.5.20
[INFO] [stderr]    Compiling float-cmp v0.9.0
[INFO] [stderr]    Compiling regex v1.11.1
[INFO] [stderr]    Compiling ciborium v0.2.2
[INFO] [stderr]    Compiling tinytemplate v1.2.1
[INFO] [stderr]    Compiling criterion v0.5.1
[INFO] [stderr]    Compiling floccus v0.4.0-alpha.8 (/opt/rustwide/workdir)
[INFO] [stdout] error[E0308]: mismatched types
[INFO] [stdout]   --> src/tests/reference_values.rs:38:37
[INFO] [stdout]    |
[INFO] [stdout] 38 | pub(crate) const TIE_FREEZ: Float = NAN;
[INFO] [stdout]    |                                     ^^^ expected `f32`, found `f64`
[INFO] [stdout] 
[INFO] [stdout] 
[INFO] [stdout] error[E0308]: mismatched types
[INFO] [stdout]    --> src/formulas/wet_bulb_temperature.rs:205:9
[INFO] [stdout]     |
[INFO] [stdout] 205 |         assert_approx_eq!(f64, 238.88007446399956, wbt.get_si_value());
[INFO] [stdout]     |         ^^^^^^^^^^^^^^^^^^^^^^^^^^^^^^^^^^^^^^^^^^^^^^^^^^^^^^^^^^^^^^
[INFO] [stdout]     |         |
[INFO] [stdout]     |         expected `f64`, found `f32`
[INFO] [stdout]     |         arguments to this function are incorrect
[INFO] [stdout]     |
[INFO] [stdout] note: method defined here
[INFO] [stdout]    --> /opt/rustwide/cargo-home/registry/src/index.crates.io-6f17d22bba15001f/float-cmp-0.9.0/src/eq.rs:19:8
[INFO] [stdout]     |
[INFO] [stdout] 19  |     fn approx_eq<M: Into<Self::Margin>>(self, other: Self, margin: M) -> bool;
[INFO] [stdout]     |        ^^^^^^^^^
[INFO] [stdout]     = note: this error originates in the macro `assert_approx_eq` (in Nightly builds, run with -Z macro-backtrace for more info)
[INFO] [stdout] 
[INFO] [stdout] 
[INFO] [stdout] error[E0308]: mismatched types
[INFO] [stdout]    --> src/formulas/wet_bulb_temperature.rs:215:9
[INFO] [stdout]     |
[INFO] [stdout] 215 |         assert_approx_eq!(f64, 256.61913438141625, wbt.get_si_value());
[INFO] [stdout]     |         ^^^^^^^^^^^^^^^^^^^^^^^^^^^^^^^^^^^^^^^^^^^^^^^^^^^^^^^^^^^^^^
[INFO] [stdout]     |         |
[INFO] [stdout]     |         expected `f64`, found `f32`
[INFO] [stdout]     |         arguments to this function are incorrect
[INFO] [stdout]     |
[INFO] [stdout] note: method defined here
[INFO] [stdout]    --> /opt/rustwide/cargo-home/registry/src/index.crates.io-6f17d22bba15001f/float-cmp-0.9.0/src/eq.rs:19:8
[INFO] [stdout]     |
[INFO] [stdout] 19  |     fn approx_eq<M: Into<Self::Margin>>(self, other: Self, margin: M) -> bool;
[INFO] [stdout]     |        ^^^^^^^^^
[INFO] [stdout]     = note: this error originates in the macro `assert_approx_eq` (in Nightly builds, run with -Z macro-backtrace for more info)
[INFO] [stdout] 
[INFO] [stdout] 
[INFO] [stdout] error[E0308]: mismatched types
[INFO] [stdout]    --> src/formulas/wet_bulb_temperature.rs:225:9
[INFO] [stdout]     |
[INFO] [stdout] 225 |         assert_approx_eq!(f64, 291.2797584152462, wbt.get_si_value());
[INFO] [stdout]     |         ^^^^^^^^^^^^^^^^^^^^^^^^^^^^^^^^^^^^^^^^^^^^^^^^^^^^^^^^^^^^^
[INFO] [stdout]     |         |
[INFO] [stdout]     |         expected `f64`, found `f32`
[INFO] [stdout]     |         arguments to this function are incorrect
[INFO] [stdout]     |
[INFO] [stdout] note: method defined here
[INFO] [stdout]    --> /opt/rustwide/cargo-home/registry/src/index.crates.io-6f17d22bba15001f/float-cmp-0.9.0/src/eq.rs:19:8
[INFO] [stdout]     |
[INFO] [stdout] 19  |     fn approx_eq<M: Into<Self::Margin>>(self, other: Self, margin: M) -> bool;
[INFO] [stdout]     |        ^^^^^^^^^
[INFO] [stdout]     = note: this error originates in the macro `assert_approx_eq` (in Nightly builds, run with -Z macro-backtrace for more info)
[INFO] [stdout] 
[INFO] [stdout] 
[INFO] [stdout] error[E0308]: mismatched types
[INFO] [stdout]    --> src/formulas/wet_bulb_temperature.rs:235:9
[INFO] [stdout]     |
[INFO] [stdout] 235 |         assert_approx_eq!(f64, 300.1638142668842, wbt.get_si_value());
[INFO] [stdout]     |         ^^^^^^^^^^^^^^^^^^^^^^^^^^^^^^^^^^^^^^^^^^^^^^^^^^^^^^^^^^^^^
[INFO] [stdout]     |         |
[INFO] [stdout]     |         expected `f64`, found `f32`
[INFO] [stdout]     |         arguments to this function are incorrect
[INFO] [stdout]     |
[INFO] [stdout] note: method defined here
[INFO] [stdout]    --> /opt/rustwide/cargo-home/registry/src/index.crates.io-6f17d22bba15001f/float-cmp-0.9.0/src/eq.rs:19:8
[INFO] [stdout]     |
[INFO] [stdout] 19  |     fn approx_eq<M: Into<Self::Margin>>(self, other: Self, margin: M) -> bool;
[INFO] [stdout]     |        ^^^^^^^^^
[INFO] [stdout]     = note: this error originates in the macro `assert_approx_eq` (in Nightly builds, run with -Z macro-backtrace for more info)
[INFO] [stdout] 
[INFO] [stdout] 
[INFO] [stdout] For more information about this error, try `rustc --explain E0308`.
[INFO] [stdout] 
[INFO] [stderr] error: could not compile `floccus` (lib test) due to 5 previous errors
[INFO] running `Command { std: "docker" "inspect" "bfcacd2e7506106436306cb6288292a0803d572d42ca57ef6584aa80d7868ddf", kill_on_drop: false }`
[INFO] running `Command { std: "docker" "rm" "-f" "bfcacd2e7506106436306cb6288292a0803d572d42ca57ef6584aa80d7868ddf", kill_on_drop: false }`
[INFO] [stdout] bfcacd2e7506106436306cb6288292a0803d572d42ca57ef6584aa80d7868ddf
