[INFO] fetching crate fixedpointmath 0.18.1...
[INFO] testing fixedpointmath-0.18.1 against nightly-2024-10-28 for randomize-layout
[INFO] extracting crate fixedpointmath 0.18.1 into /workspace/builds/worker-4-tc1/source
[INFO] validating manifest of crates.io crate fixedpointmath 0.18.1 on toolchain nightly-2024-10-28
[INFO] running `Command { std: CARGO_HOME="/workspace/cargo-home" RUSTUP_HOME="/workspace/rustup-home" "/workspace/cargo-home/bin/cargo" "+nightly-2024-10-28" "metadata" "--manifest-path" "Cargo.toml" "--no-deps", kill_on_drop: false }`
[INFO] started tweaking crates.io crate fixedpointmath 0.18.1
[INFO] finished tweaking crates.io crate fixedpointmath 0.18.1
[INFO] tweaked toml for crates.io crate fixedpointmath 0.18.1 written to /workspace/builds/worker-4-tc1/source/Cargo.toml
[INFO] running `Command { std: CARGO_HOME="/workspace/cargo-home" RUSTUP_HOME="/workspace/rustup-home" "/workspace/cargo-home/bin/cargo" "+nightly-2024-10-28" "generate-lockfile" "--manifest-path" "Cargo.toml", kill_on_drop: false }`
[INFO] [stderr]     Updating crates.io index
[INFO] [stderr]      Locking 293 packages to latest compatible versions
[INFO] running `Command { std: CARGO_HOME="/workspace/cargo-home" RUSTUP_HOME="/workspace/rustup-home" "/workspace/cargo-home/bin/cargo" "+nightly-2024-10-28" "fetch" "--manifest-path" "Cargo.toml", kill_on_drop: false }`
[INFO] [stderr]  Downloading crates ...
[INFO] [stderr]   Downloaded ethers-contract-derive v2.0.14
[INFO] [stderr]   Downloaded ethers-signers v2.0.14
[INFO] [stderr]   Downloaded ethers v2.0.14
[INFO] [stderr]   Downloaded ethers-addressbook v2.0.14
[INFO] [stderr]   Downloaded ethers-middleware v2.0.14
[INFO] [stderr]   Downloaded enr v0.10.0
[INFO] [stderr]   Downloaded ethers-contract v2.0.14
[INFO] [stderr]   Downloaded ethers-contract-abigen v2.0.14
[INFO] [stderr]   Downloaded ethers-providers v2.0.14
[INFO] running `Command { std: "docker" "create" "-v" "/var/lib/crater-agent-workspace/builds/worker-4-tc1/target:/opt/rustwide/target:rw,Z" "-v" "/var/lib/crater-agent-workspace/builds/worker-4-tc1/source:/opt/rustwide/workdir:ro,Z" "-v" "/var/lib/crater-agent-workspace/cargo-home:/opt/rustwide/cargo-home:ro,Z" "-v" "/var/lib/crater-agent-workspace/rustup-home:/opt/rustwide/rustup-home:ro,Z" "-e" "SOURCE_DIR=/opt/rustwide/workdir" "-e" "CARGO_TARGET_DIR=/opt/rustwide/target" "-e" "CARGO_HOME=/opt/rustwide/cargo-home" "-e" "RUSTUP_HOME=/opt/rustwide/rustup-home" "-w" "/opt/rustwide/workdir" "-m" "1610612736" "--user" "0:0" "--network" "none" "ghcr.io/rust-lang/crates-build-env/linux@sha256:4a844ea9eb2546a2d2c7022eacef16ef2e8229c7fbb2c7d4d55a9ceca922f72d" "/opt/rustwide/cargo-home/bin/cargo" "+nightly-2024-10-28" "metadata" "--no-deps" "--format-version=1", kill_on_drop: false }`
[INFO] [stdout] e4f8a093266c09f32f30b80112701dda2b08cd2a835f6f6637f9cd1b9eb02da6
[INFO] running `Command { std: "docker" "start" "-a" "e4f8a093266c09f32f30b80112701dda2b08cd2a835f6f6637f9cd1b9eb02da6", kill_on_drop: false }`
[INFO] running `Command { std: "docker" "inspect" "e4f8a093266c09f32f30b80112701dda2b08cd2a835f6f6637f9cd1b9eb02da6", kill_on_drop: false }`
[INFO] running `Command { std: "docker" "rm" "-f" "e4f8a093266c09f32f30b80112701dda2b08cd2a835f6f6637f9cd1b9eb02da6", kill_on_drop: false }`
[INFO] [stdout] e4f8a093266c09f32f30b80112701dda2b08cd2a835f6f6637f9cd1b9eb02da6
[INFO] running `Command { std: "docker" "create" "-v" "/var/lib/crater-agent-workspace/builds/worker-4-tc1/target:/opt/rustwide/target:rw,Z" "-v" "/var/lib/crater-agent-workspace/builds/worker-4-tc1/source:/opt/rustwide/workdir:ro,Z" "-v" "/var/lib/crater-agent-workspace/cargo-home:/opt/rustwide/cargo-home:ro,Z" "-v" "/var/lib/crater-agent-workspace/rustup-home:/opt/rustwide/rustup-home:ro,Z" "-e" "SOURCE_DIR=/opt/rustwide/workdir" "-e" "CARGO_TARGET_DIR=/opt/rustwide/target" "-e" "CARGO_INCREMENTAL=0" "-e" "RUST_BACKTRACE=full" "-e" "RUSTFLAGS=--cap-lints=forbid" "-e" "RUSTDOCFLAGS=--cap-lints=forbid" "-e" "CARGO_HOME=/opt/rustwide/cargo-home" "-e" "RUSTUP_HOME=/opt/rustwide/rustup-home" "-w" "/opt/rustwide/workdir" "-m" "1610612736" "--user" "0:0" "--network" "none" "ghcr.io/rust-lang/crates-build-env/linux@sha256:4a844ea9eb2546a2d2c7022eacef16ef2e8229c7fbb2c7d4d55a9ceca922f72d" "/opt/rustwide/cargo-home/bin/cargo" "+nightly-2024-10-28" "build" "--frozen" "--message-format=json", kill_on_drop: false }`
[INFO] [stdout] 2448fdec35e5560b07e373278913884cd701539057ac51685989529edffbde92
[INFO] running `Command { std: "docker" "start" "-a" "2448fdec35e5560b07e373278913884cd701539057ac51685989529edffbde92", kill_on_drop: false }`
[INFO] [stderr]    Compiling proc-macro2 v1.0.89
[INFO] [stderr]    Compiling unicode-ident v1.0.13
[INFO] [stderr]    Compiling subtle v2.6.1
[INFO] [stderr]    Compiling const-oid v0.9.6
[INFO] [stderr]    Compiling hashbrown v0.15.0
[INFO] [stderr]    Compiling equivalent v1.0.1
[INFO] [stderr]    Compiling winnow v0.6.20
[INFO] [stderr]    Compiling generic-array v0.14.7
[INFO] [stderr]    Compiling rustc-hex v2.1.0
[INFO] [stderr]    Compiling crunchy v0.2.2
[INFO] [stderr]    Compiling libc v0.2.161
[INFO] [stderr]    Compiling byte-slice-cast v1.2.2
[INFO] [stderr]    Compiling memchr v2.7.4
[INFO] [stderr]    Compiling zeroize v1.8.1
[INFO] [stderr]    Compiling base16ct v0.2.0
[INFO] [stderr]    Compiling tiny-keccak v2.0.2
[INFO] [stderr]    Compiling byteorder v1.5.0
[INFO] [stderr]    Compiling num-traits v0.2.19
[INFO] [stderr]    Compiling ff v0.13.0
[INFO] [stderr]    Compiling der v0.7.9
[INFO] [stderr]    Compiling serde_json v1.0.132
[INFO] [stderr]    Compiling camino v1.1.9
[INFO] [stderr]    Compiling semver v1.0.23
[INFO] [stderr]    Compiling group v0.13.0
[INFO] [stderr]    Compiling bitflags v2.6.0
[INFO] [stderr]    Compiling wasm-bindgen-shared v0.2.95
[INFO] [stderr]    Compiling uint v0.9.5
[INFO] [stderr]    Compiling rustix v0.38.38
[INFO] [stderr]    Compiling hex v0.4.3
[INFO] [stderr]    Compiling bumpalo v3.16.0
[INFO] [stderr]    Compiling quote v1.0.37
[INFO] [stderr]    Compiling aho-corasick v1.1.3
[INFO] [stderr]    Compiling indexmap v2.6.0
[INFO] [stderr]    Compiling syn v2.0.86
[INFO] [stderr]    Compiling syn v1.0.109
[INFO] [stderr]    Compiling getrandom v0.2.15
[INFO] [stderr]    Compiling block-buffer v0.10.4
[INFO] [stderr]    Compiling crypto-common v0.1.6
[INFO] [stderr]    Compiling rand_core v0.6.4
[INFO] [stderr]    Compiling digest v0.10.7
[INFO] [stderr]    Compiling crypto-bigint v0.5.5
[INFO] [stderr]    Compiling unicode-xid v0.2.6
[INFO] [stderr]    Compiling tracing-core v0.1.32
[INFO] [stderr]    Compiling hmac v0.12.1
[INFO] [stderr]    Compiling sha2 v0.10.8
[INFO] [stderr]    Compiling sha3 v0.10.8
[INFO] [stderr]    Compiling spki v0.7.3
[INFO] [stderr]    Compiling sec1 v0.7.3
[INFO] [stderr]    Compiling rfc6979 v0.4.0
[INFO] [stderr]    Compiling signature v2.2.0
[INFO] [stderr]    Compiling pkcs8 v0.10.2
[INFO] [stderr]    Compiling inout v0.1.3
[INFO] [stderr]    Compiling futures-channel v0.3.31
[INFO] [stderr]    Compiling regex-automata v0.4.8
[INFO] [stderr]    Compiling prettyplease v0.2.25
[INFO] [stderr]    Compiling futures-task v0.3.31
[INFO] [stderr]    Compiling wasm-bindgen v0.2.95
[INFO] [stderr]    Compiling cipher v0.4.4
[INFO] [stderr]    Compiling chrono v0.4.38
[INFO] [stderr]    Compiling const-hex v1.13.1
[INFO] [stderr]    Compiling eyre v0.6.12
[INFO] [stderr]    Compiling futures-sink v0.3.31
[INFO] [stderr]    Compiling httparse v1.9.5
[INFO] [stderr]    Compiling time-macros v0.2.18
[INFO] [stderr]    Compiling ring v0.16.20
[INFO] [stderr]    Compiling tempfile v3.13.0
[INFO] [stderr]    Compiling num-integer v0.1.46
[INFO] [stderr]    Compiling elliptic-curve v0.13.8
[INFO] [stderr]    Compiling indenter v0.3.3
[INFO] [stderr]    Compiling try-lock v0.2.5
[INFO] [stderr]    Compiling want v0.3.1
[INFO] [stderr]    Compiling walkdir v2.5.0
[INFO] [stderr]    Compiling ecdsa v0.16.9
[INFO] [stderr]    Compiling num-bigint v0.4.6
[INFO] [stderr]    Compiling bs58 v0.5.1
[INFO] [stderr]    Compiling ripemd v0.1.3
[INFO] [stderr]    Compiling k256 v0.13.4
[INFO] [stderr]    Compiling dunce v1.0.5
[INFO] [stderr]    Compiling spin v0.5.2
[INFO] [stderr]    Compiling base64 v0.13.1
[INFO] [stderr]    Compiling bech32 v0.9.1
[INFO] [stderr]    Compiling untrusted v0.7.1
[INFO] [stderr]    Compiling tower-service v0.3.3
[INFO] [stderr]    Compiling httpdate v1.0.3
[INFO] [stderr]    Compiling url v2.5.2
[INFO] [stderr]    Compiling pem v1.1.1
[INFO] [stderr]    Compiling salsa20 v0.10.2
[INFO] [stderr]    Compiling pbkdf2 v0.11.0
[INFO] [stderr]    Compiling fxhash v0.2.1
[INFO] [stderr]    Compiling encoding_rs v0.8.35
[INFO] [stderr]    Compiling time v0.3.36
[INFO] [stderr]    Compiling mime v0.3.17
[INFO] [stderr]    Compiling send_wrapper v0.4.0
[INFO] [stderr]    Compiling regex v1.11.1
[INFO] [stderr]    Compiling ipnet v2.10.1
[INFO] [stderr]    Compiling sync_wrapper v0.1.2
[INFO] [stderr]    Compiling wasm-bindgen-backend v0.2.95
[INFO] [stderr]    Compiling hashers v1.0.1
[INFO] [stderr]    Compiling Inflector v0.11.4
[INFO] [stderr]    Compiling scrypt v0.10.0
[INFO] [stderr]    Compiling ctr v0.9.2
[INFO] [stderr]    Compiling aes v0.8.4
[INFO] [stderr]    Compiling pbkdf2 v0.12.2
[INFO] [stderr]    Compiling instant v0.1.13
[INFO] [stderr]    Compiling futures-locks v0.7.1
[INFO] [stderr]    Compiling wasm-bindgen-macro-support v0.2.95
[INFO] [stderr]    Compiling serde_derive v1.0.214
[INFO] [stderr]    Compiling zerocopy-derive v0.7.35
[INFO] [stderr]    Compiling derive_more-impl v1.0.0
[INFO] [stderr]    Compiling thiserror-impl v1.0.66
[INFO] [stderr]    Compiling auto_impl v1.2.0
[INFO] [stderr]    Compiling rlp-derive v0.1.0
[INFO] [stderr]    Compiling impl-trait-for-tuples v0.2.2
[INFO] [stderr]    Compiling strum_macros v0.26.4
[INFO] [stderr]    Compiling tracing-attributes v0.1.27
[INFO] [stderr]    Compiling futures-macro v0.3.31
[INFO] [stderr]    Compiling pin-project-internal v1.1.7
[INFO] [stderr]    Compiling wasm-bindgen-macro v0.2.95
[INFO] [stderr]    Compiling zerocopy v0.7.35
[INFO] [stderr]    Compiling async-trait v0.1.83
[INFO] [stderr]    Compiling futures-util v0.3.31
[INFO] [stderr]    Compiling derive_more v1.0.0
[INFO] [stderr]    Compiling ppv-lite86 v0.2.20
[INFO] [stderr]    Compiling tracing v0.1.40
[INFO] [stderr]    Compiling thiserror v1.0.66
[INFO] [stderr]    Compiling pin-project v1.1.7
[INFO] [stderr]    Compiling simple_asn1 v0.6.2
[INFO] [stderr]    Compiling js-sys v0.3.72
[INFO] [stderr]    Compiling tracing-futures v0.2.5
[INFO] [stderr]    Compiling strum v0.26.3
[INFO] [stderr]    Compiling rand_chacha v0.3.1
[INFO] [stderr]    Compiling rand v0.8.5
[INFO] [stderr]    Compiling serde v1.0.214
[INFO] [stderr]    Compiling fixed-hash v0.8.0
[INFO] [stderr]    Compiling gloo-timers v0.2.6
[INFO] [stderr]    Compiling futures-timer v3.0.3
[INFO] [stderr]    Compiling serde_spanned v0.6.8
[INFO] [stderr]    Compiling toml_datetime v0.6.8
[INFO] [stderr]    Compiling bytes v1.8.0
[INFO] [stderr]    Compiling impl-serde v0.4.0
[INFO] [stderr]    Compiling cargo-platform v0.1.8
[INFO] [stderr]    Compiling coins-core v0.8.7
[INFO] [stderr]    Compiling serde_urlencoded v0.7.1
[INFO] [stderr]    Compiling uuid v0.8.2
[INFO] [stderr]    Compiling toml_edit v0.22.22
[INFO] [stderr]    Compiling coins-bip32 v0.8.7
[INFO] [stderr]    Compiling rlp v0.5.2
[INFO] [stderr]    Compiling http v0.2.12
[INFO] [stderr]    Compiling tokio v1.41.0
[INFO] [stderr]    Compiling open-fastrlp-derive v0.1.1
[INFO] [stderr]    Compiling impl-rlp v0.3.0
[INFO] [stderr]    Compiling enr v0.10.0
[INFO] [stderr]    Compiling coins-bip39 v0.8.7
[INFO] [stderr]    Compiling cargo_metadata v0.18.1
[INFO] [stderr]    Compiling jsonwebtoken v8.3.0
[INFO] [stderr]    Compiling eth-keystore v0.5.0
[INFO] [stderr]    Compiling http-body v0.4.6
[INFO] [stderr]    Compiling toml v0.8.19
[INFO] [stderr]    Compiling proc-macro-crate v3.2.0
[INFO] [stderr]    Compiling parity-scale-codec-derive v3.6.12
[INFO] [stderr]    Compiling scale-info-derive v2.11.5
[INFO] [stderr]    Compiling num_enum_derive v0.7.3
[INFO] [stderr]    Compiling num_enum v0.7.3
[INFO] [stderr]    Compiling parity-scale-codec v3.6.12
[INFO] [stderr]    Compiling tokio-util v0.7.12
[INFO] [stderr]    Compiling h2 v0.3.26
[INFO] [stderr]    Compiling scale-info v2.11.5
[INFO] [stderr]    Compiling impl-codec v0.6.0
[INFO] [stderr]    Compiling ethbloom v0.13.0
[INFO] [stderr]    Compiling primitive-types v0.12.2
[INFO] [stderr]    Compiling ethereum-types v0.14.1
[INFO] [stderr]    Compiling ethabi v18.0.0
[INFO] [stderr]    Compiling open-fastrlp v0.1.4
[INFO] [stderr]    Compiling hyper v0.14.31
[INFO] [stderr]    Compiling ethers-core v2.0.14
[INFO] [stderr]    Compiling reqwest v0.11.27
[INFO] [stderr]    Compiling ethers-contract-abigen v2.0.14
[INFO] [stderr]    Compiling ethers-providers v2.0.14
[INFO] [stderr]    Compiling ethers-signers v2.0.14
[INFO] [stderr]    Compiling ethers-addressbook v2.0.14
[INFO] [stderr]    Compiling ethers-contract-derive v2.0.14
[INFO] [stderr]    Compiling ethers-contract v2.0.14
[INFO] [stderr]    Compiling ethers-middleware v2.0.14
[INFO] [stderr]    Compiling ethers v2.0.14
[INFO] [stderr]    Compiling fixedpointmath v0.18.1 (/opt/rustwide/workdir)
[INFO] [stderr]     Finished `dev` profile [unoptimized + debuginfo] target(s) in 53.23s
[INFO] running `Command { std: "docker" "inspect" "2448fdec35e5560b07e373278913884cd701539057ac51685989529edffbde92", kill_on_drop: false }`
[INFO] running `Command { std: "docker" "rm" "-f" "2448fdec35e5560b07e373278913884cd701539057ac51685989529edffbde92", kill_on_drop: false }`
[INFO] [stdout] 2448fdec35e5560b07e373278913884cd701539057ac51685989529edffbde92
[INFO] running `Command { std: "docker" "create" "-v" "/var/lib/crater-agent-workspace/builds/worker-4-tc1/target:/opt/rustwide/target:rw,Z" "-v" "/var/lib/crater-agent-workspace/builds/worker-4-tc1/source:/opt/rustwide/workdir:ro,Z" "-v" "/var/lib/crater-agent-workspace/cargo-home:/opt/rustwide/cargo-home:ro,Z" "-v" "/var/lib/crater-agent-workspace/rustup-home:/opt/rustwide/rustup-home:ro,Z" "-e" "SOURCE_DIR=/opt/rustwide/workdir" "-e" "CARGO_TARGET_DIR=/opt/rustwide/target" "-e" "CARGO_INCREMENTAL=0" "-e" "RUST_BACKTRACE=full" "-e" "RUSTFLAGS=--cap-lints=forbid" "-e" "RUSTDOCFLAGS=--cap-lints=forbid" "-e" "CARGO_HOME=/opt/rustwide/cargo-home" "-e" "RUSTUP_HOME=/opt/rustwide/rustup-home" "-w" "/opt/rustwide/workdir" "-m" "1610612736" "--user" "0:0" "--network" "none" "ghcr.io/rust-lang/crates-build-env/linux@sha256:4a844ea9eb2546a2d2c7022eacef16ef2e8229c7fbb2c7d4d55a9ceca922f72d" "/opt/rustwide/cargo-home/bin/cargo" "+nightly-2024-10-28" "test" "--frozen" "--no-run" "--message-format=json", kill_on_drop: false }`
[INFO] [stdout] f19579672b4de65464f810fa83cde99d7ad29a5badfbcd453534c80b52165cb3
[INFO] running `Command { std: "docker" "start" "-a" "f19579672b4de65464f810fa83cde99d7ad29a5badfbcd453534c80b52165cb3", kill_on_drop: false }`
[INFO] [stderr]    Compiling tokio-macros v2.4.0
[INFO] [stderr]    Compiling tokio v1.41.0
[INFO] [stderr]    Compiling tokio-util v0.7.12
[INFO] [stderr]    Compiling h2 v0.3.26
[INFO] [stderr]    Compiling hyper v0.14.31
[INFO] [stderr]    Compiling reqwest v0.11.27
[INFO] [stderr]    Compiling ethers-providers v2.0.14
[INFO] [stderr]    Compiling ethers-contract v2.0.14
[INFO] [stderr]    Compiling ethers-middleware v2.0.14
[INFO] [stderr]    Compiling ethers v2.0.14
[INFO] [stderr]    Compiling fixedpointmath v0.18.1 (/opt/rustwide/workdir)
[INFO] [stdout] error[E0433]: failed to resolve: use of undeclared crate or module `hyperdrive_wrappers`
[INFO] [stdout]    --> src/math.rs:202:9
[INFO] [stdout]     |
[INFO] [stdout] 202 |     use hyperdrive_wrappers::wrappers::mock_fixed_point_math::MockFixedPointMath;
[INFO] [stdout]     |         ^^^^^^^^^^^^^^^^^^^ use of undeclared crate or module `hyperdrive_wrappers`
[INFO] [stdout] 
[INFO] [stdout] 
[INFO] [stdout] error[E0433]: failed to resolve: use of undeclared crate or module `test_utils`
[INFO] [stdout]    --> src/math.rs:204:9
[INFO] [stdout]     |
[INFO] [stdout] 204 |     use test_utils::{chain::Chain, constants::DEPLOYER};
[INFO] [stdout]     |         ^^^^^^^^^^ use of undeclared crate or module `test_utils`
[INFO] [stdout] 
[INFO] [stdout] 
[INFO] [stdout] error[E0433]: failed to resolve: use of undeclared crate or module `hyperdrive_wrappers`
[INFO] [stdout]    --> src/utils.rs:299:9
[INFO] [stdout]     |
[INFO] [stdout] 299 |     use hyperdrive_wrappers::wrappers::mock_fixed_point_math::MockFixedPointMath;
[INFO] [stdout]     |         ^^^^^^^^^^^^^^^^^^^ use of undeclared crate or module `hyperdrive_wrappers`
[INFO] [stdout] 
[INFO] [stdout] 
[INFO] [stdout] error[E0433]: failed to resolve: use of undeclared crate or module `test_utils`
[INFO] [stdout]    --> src/utils.rs:301:9
[INFO] [stdout]     |
[INFO] [stdout] 301 |     use test_utils::{chain::Chain, constants::DEPLOYER};
[INFO] [stdout]     |         ^^^^^^^^^^ use of undeclared crate or module `test_utils`
[INFO] [stdout] 
[INFO] [stdout] 
[INFO] [stdout] For more information about this error, try `rustc --explain E0433`.
[INFO] [stdout] 
[INFO] [stderr] error: could not compile `fixedpointmath` (lib test) due to 4 previous errors
[INFO] running `Command { std: "docker" "inspect" "f19579672b4de65464f810fa83cde99d7ad29a5badfbcd453534c80b52165cb3", kill_on_drop: false }`
[INFO] running `Command { std: "docker" "rm" "-f" "f19579672b4de65464f810fa83cde99d7ad29a5badfbcd453534c80b52165cb3", kill_on_drop: false }`
[INFO] [stdout] f19579672b4de65464f810fa83cde99d7ad29a5badfbcd453534c80b52165cb3
