[INFO] fetching crate fixed-point-macros 1.0.0...
[INFO] testing fixed-point-macros-1.0.0 against nightly-2024-10-28 for randomize-layout
[INFO] extracting crate fixed-point-macros 1.0.0 into /workspace/builds/worker-5-tc1/source
[INFO] validating manifest of crates.io crate fixed-point-macros 1.0.0 on toolchain nightly-2024-10-28
[INFO] running `Command { std: CARGO_HOME="/workspace/cargo-home" RUSTUP_HOME="/workspace/rustup-home" "/workspace/cargo-home/bin/cargo" "+nightly-2024-10-28" "metadata" "--manifest-path" "Cargo.toml" "--no-deps", kill_on_drop: false }`
[INFO] started tweaking crates.io crate fixed-point-macros 1.0.0
[INFO] finished tweaking crates.io crate fixed-point-macros 1.0.0
[INFO] tweaked toml for crates.io crate fixed-point-macros 1.0.0 written to /workspace/builds/worker-5-tc1/source/Cargo.toml
[INFO] running `Command { std: CARGO_HOME="/workspace/cargo-home" RUSTUP_HOME="/workspace/rustup-home" "/workspace/cargo-home/bin/cargo" "+nightly-2024-10-28" "generate-lockfile" "--manifest-path" "Cargo.toml", kill_on_drop: false }`
[INFO] [stderr]     Updating crates.io index
[INFO] [stderr]      Locking 4 packages to latest compatible versions
[INFO] [stderr]       Adding syn v1.0.109 (available: v2.0.86)
[INFO] running `Command { std: CARGO_HOME="/workspace/cargo-home" RUSTUP_HOME="/workspace/rustup-home" "/workspace/cargo-home/bin/cargo" "+nightly-2024-10-28" "fetch" "--manifest-path" "Cargo.toml", kill_on_drop: false }`
[INFO] running `Command { std: "docker" "create" "-v" "/var/lib/crater-agent-workspace/builds/worker-5-tc1/target:/opt/rustwide/target:rw,Z" "-v" "/var/lib/crater-agent-workspace/builds/worker-5-tc1/source:/opt/rustwide/workdir:ro,Z" "-v" "/var/lib/crater-agent-workspace/cargo-home:/opt/rustwide/cargo-home:ro,Z" "-v" "/var/lib/crater-agent-workspace/rustup-home:/opt/rustwide/rustup-home:ro,Z" "-e" "SOURCE_DIR=/opt/rustwide/workdir" "-e" "CARGO_TARGET_DIR=/opt/rustwide/target" "-e" "CARGO_HOME=/opt/rustwide/cargo-home" "-e" "RUSTUP_HOME=/opt/rustwide/rustup-home" "-w" "/opt/rustwide/workdir" "-m" "1610612736" "--user" "0:0" "--network" "none" "ghcr.io/rust-lang/crates-build-env/linux@sha256:4a844ea9eb2546a2d2c7022eacef16ef2e8229c7fbb2c7d4d55a9ceca922f72d" "/opt/rustwide/cargo-home/bin/cargo" "+nightly-2024-10-28" "metadata" "--no-deps" "--format-version=1", kill_on_drop: false }`
[INFO] [stdout] 77b3a2eb31660d09e8aa08171d24ce28fe57ce93e0eab58175ec27a671856679
[INFO] running `Command { std: "docker" "start" "-a" "77b3a2eb31660d09e8aa08171d24ce28fe57ce93e0eab58175ec27a671856679", kill_on_drop: false }`
[INFO] running `Command { std: "docker" "inspect" "77b3a2eb31660d09e8aa08171d24ce28fe57ce93e0eab58175ec27a671856679", kill_on_drop: false }`
[INFO] running `Command { std: "docker" "rm" "-f" "77b3a2eb31660d09e8aa08171d24ce28fe57ce93e0eab58175ec27a671856679", kill_on_drop: false }`
[INFO] [stdout] 77b3a2eb31660d09e8aa08171d24ce28fe57ce93e0eab58175ec27a671856679
[INFO] running `Command { std: "docker" "create" "-v" "/var/lib/crater-agent-workspace/builds/worker-5-tc1/target:/opt/rustwide/target:rw,Z" "-v" "/var/lib/crater-agent-workspace/builds/worker-5-tc1/source:/opt/rustwide/workdir:ro,Z" "-v" "/var/lib/crater-agent-workspace/cargo-home:/opt/rustwide/cargo-home:ro,Z" "-v" "/var/lib/crater-agent-workspace/rustup-home:/opt/rustwide/rustup-home:ro,Z" "-e" "SOURCE_DIR=/opt/rustwide/workdir" "-e" "CARGO_TARGET_DIR=/opt/rustwide/target" "-e" "CARGO_INCREMENTAL=0" "-e" "RUST_BACKTRACE=full" "-e" "RUSTFLAGS=--cap-lints=forbid" "-e" "RUSTDOCFLAGS=--cap-lints=forbid" "-e" "CARGO_HOME=/opt/rustwide/cargo-home" "-e" "RUSTUP_HOME=/opt/rustwide/rustup-home" "-w" "/opt/rustwide/workdir" "-m" "1610612736" "--user" "0:0" "--network" "none" "ghcr.io/rust-lang/crates-build-env/linux@sha256:4a844ea9eb2546a2d2c7022eacef16ef2e8229c7fbb2c7d4d55a9ceca922f72d" "/opt/rustwide/cargo-home/bin/cargo" "+nightly-2024-10-28" "build" "--frozen" "--message-format=json", kill_on_drop: false }`
[INFO] [stdout] 3d1683c7aca426870a53ba8be8469a2cf164b30914a1b3d0621f5497cb1d4d00
[INFO] running `Command { std: "docker" "start" "-a" "3d1683c7aca426870a53ba8be8469a2cf164b30914a1b3d0621f5497cb1d4d00", kill_on_drop: false }`
[INFO] [stderr]    Compiling fixed-point-macros v1.0.0 (/opt/rustwide/workdir)
[INFO] [stderr]     Finished `dev` profile [unoptimized + debuginfo] target(s) in 0.18s
[INFO] running `Command { std: "docker" "inspect" "3d1683c7aca426870a53ba8be8469a2cf164b30914a1b3d0621f5497cb1d4d00", kill_on_drop: false }`
[INFO] running `Command { std: "docker" "rm" "-f" "3d1683c7aca426870a53ba8be8469a2cf164b30914a1b3d0621f5497cb1d4d00", kill_on_drop: false }`
[INFO] [stdout] 3d1683c7aca426870a53ba8be8469a2cf164b30914a1b3d0621f5497cb1d4d00
[INFO] running `Command { std: "docker" "create" "-v" "/var/lib/crater-agent-workspace/builds/worker-5-tc1/target:/opt/rustwide/target:rw,Z" "-v" "/var/lib/crater-agent-workspace/builds/worker-5-tc1/source:/opt/rustwide/workdir:ro,Z" "-v" "/var/lib/crater-agent-workspace/cargo-home:/opt/rustwide/cargo-home:ro,Z" "-v" "/var/lib/crater-agent-workspace/rustup-home:/opt/rustwide/rustup-home:ro,Z" "-e" "SOURCE_DIR=/opt/rustwide/workdir" "-e" "CARGO_TARGET_DIR=/opt/rustwide/target" "-e" "CARGO_INCREMENTAL=0" "-e" "RUST_BACKTRACE=full" "-e" "RUSTFLAGS=--cap-lints=forbid" "-e" "RUSTDOCFLAGS=--cap-lints=forbid" "-e" "CARGO_HOME=/opt/rustwide/cargo-home" "-e" "RUSTUP_HOME=/opt/rustwide/rustup-home" "-w" "/opt/rustwide/workdir" "-m" "1610612736" "--user" "0:0" "--network" "none" "ghcr.io/rust-lang/crates-build-env/linux@sha256:4a844ea9eb2546a2d2c7022eacef16ef2e8229c7fbb2c7d4d55a9ceca922f72d" "/opt/rustwide/cargo-home/bin/cargo" "+nightly-2024-10-28" "test" "--frozen" "--no-run" "--message-format=json", kill_on_drop: false }`
[INFO] [stdout] 0917b4fcb58ed9847020e88f6ce7301c7e2f6ee2fd907bb1acfccfb5d4e13b59
[INFO] running `Command { std: "docker" "start" "-a" "0917b4fcb58ed9847020e88f6ce7301c7e2f6ee2fd907bb1acfccfb5d4e13b59", kill_on_drop: false }`
[INFO] [stderr]    Compiling proc-macro2 v1.0.89
[INFO] [stderr]    Compiling unicode-ident v1.0.13
[INFO] [stderr]    Compiling syn v1.0.109
[INFO] [stderr]    Compiling quote v1.0.37
[INFO] [stderr]    Compiling fixed-point-macros v1.0.0 (/opt/rustwide/workdir)
[INFO] [stdout] error[E0432]: unresolved import `fixed_point`
[INFO] [stdout]  --> tests/mod.rs:1:5
[INFO] [stdout]   |
[INFO] [stdout] 1 | use fixed_point::FixedPoint;
[INFO] [stdout]   |     ^^^^^^^^^^^ use of undeclared crate or module `fixed_point`
[INFO] [stdout] 
[INFO] [stdout] 
[INFO] [stdout] error[E0433]: failed to resolve: use of undeclared crate or module `fixed_point`
[INFO] [stdout]   --> tests/mod.rs:34:19
[INFO] [stdout]    |
[INFO] [stdout] 34 |     let decimal = fixed!(0.0u16, 2);
[INFO] [stdout]    |                   ^^^^^^^^^^^^^^^^^ use of undeclared crate or module `fixed_point`
[INFO] [stdout]    |
[INFO] [stdout]    = note: this error originates in the macro `fixed` (in Nightly builds, run with -Z macro-backtrace for more info)
[INFO] [stdout] 
[INFO] [stdout] 
[INFO] [stdout] error[E0433]: failed to resolve: use of undeclared crate or module `fixed_point`
[INFO] [stdout]   --> tests/mod.rs:36:19
[INFO] [stdout]    |
[INFO] [stdout] 36 |     let decimal = fixed!(0.1u16, 2);
[INFO] [stdout]    |                   ^^^^^^^^^^^^^^^^^ use of undeclared crate or module `fixed_point`
[INFO] [stdout]    |
[INFO] [stdout]    = note: this error originates in the macro `fixed` (in Nightly builds, run with -Z macro-backtrace for more info)
[INFO] [stdout] 
[INFO] [stdout] 
[INFO] [stdout] error[E0433]: failed to resolve: use of undeclared crate or module `fixed_point`
[INFO] [stdout]   --> tests/mod.rs:38:19
[INFO] [stdout]    |
[INFO] [stdout] 38 |     let decimal = fixed!(0.11u16);
[INFO] [stdout]    |                   ^^^^^^^^^^^^^^^ use of undeclared crate or module `fixed_point`
[INFO] [stdout]    |
[INFO] [stdout]    = note: this error originates in the macro `fixed` (in Nightly builds, run with -Z macro-backtrace for more info)
[INFO] [stdout] 
[INFO] [stdout] 
[INFO] [stdout] error[E0433]: failed to resolve: use of undeclared crate or module `fixed_point`
[INFO] [stdout]   --> tests/mod.rs:43:19
[INFO] [stdout]    |
[INFO] [stdout] 43 |     let decimal = fixed!(1.0u16, 2);
[INFO] [stdout]    |                   ^^^^^^^^^^^^^^^^^ use of undeclared crate or module `fixed_point`
[INFO] [stdout]    |
[INFO] [stdout]    = note: this error originates in the macro `fixed` (in Nightly builds, run with -Z macro-backtrace for more info)
[INFO] [stdout] 
[INFO] [stdout] 
[INFO] [stdout] error[E0433]: failed to resolve: use of undeclared crate or module `fixed_point`
[INFO] [stdout]   --> tests/mod.rs:45:19
[INFO] [stdout]    |
[INFO] [stdout] 45 |     let decimal = fixed!(1_1.0_1u16);
[INFO] [stdout]    |                   ^^^^^^^^^^^^^^^^^^ use of undeclared crate or module `fixed_point`
[INFO] [stdout]    |
[INFO] [stdout]    = note: this error originates in the macro `fixed` (in Nightly builds, run with -Z macro-backtrace for more info)
[INFO] [stdout] 
[INFO] [stdout] 
[INFO] [stdout] error[E0433]: failed to resolve: use of undeclared crate or module `fixed_point`
[INFO] [stdout]   --> tests/mod.rs:47:19
[INFO] [stdout]    |
[INFO] [stdout] 47 |     let decimal = fixed!(1.10u16);
[INFO] [stdout]    |                   ^^^^^^^^^^^^^^^ use of undeclared crate or module `fixed_point`
[INFO] [stdout]    |
[INFO] [stdout]    = note: this error originates in the macro `fixed` (in Nightly builds, run with -Z macro-backtrace for more info)
[INFO] [stdout] 
[INFO] [stdout] 
[INFO] [stdout] error[E0433]: failed to resolve: use of undeclared crate or module `fixed_point`
[INFO] [stdout]   --> tests/mod.rs:49:19
[INFO] [stdout]    |
[INFO] [stdout] 49 |     let decimal = fixed!(-0.1i16, 2);
[INFO] [stdout]    |                   ^^^^^^^^^^^^^^^^^^ use of undeclared crate or module `fixed_point`
[INFO] [stdout]    |
[INFO] [stdout]    = note: this error originates in the macro `fixed` (in Nightly builds, run with -Z macro-backtrace for more info)
[INFO] [stdout] 
[INFO] [stdout] 
[INFO] [stdout] error[E0433]: failed to resolve: use of undeclared crate or module `fixed_point`
[INFO] [stdout]   --> tests/mod.rs:51:19
[INFO] [stdout]    |
[INFO] [stdout] 51 |     let decimal = fixed!(-1.1i16, 2);
[INFO] [stdout]    |                   ^^^^^^^^^^^^^^^^^^ use of undeclared crate or module `fixed_point`
[INFO] [stdout]    |
[INFO] [stdout]    = note: this error originates in the macro `fixed` (in Nightly builds, run with -Z macro-backtrace for more info)
[INFO] [stdout] 
[INFO] [stdout] 
[INFO] [stdout] Some errors have detailed explanations: E0432, E0433.
[INFO] [stdout] 
[INFO] [stdout] For more information about an error, try `rustc --explain E0432`.
[INFO] [stdout] 
[INFO] [stderr] error: could not compile `fixed-point-macros` (test "mod") due to 9 previous errors
[INFO] running `Command { std: "docker" "inspect" "0917b4fcb58ed9847020e88f6ce7301c7e2f6ee2fd907bb1acfccfb5d4e13b59", kill_on_drop: false }`
[INFO] running `Command { std: "docker" "rm" "-f" "0917b4fcb58ed9847020e88f6ce7301c7e2f6ee2fd907bb1acfccfb5d4e13b59", kill_on_drop: false }`
[INFO] [stdout] 0917b4fcb58ed9847020e88f6ce7301c7e2f6ee2fd907bb1acfccfb5d4e13b59
