[INFO] fetching crate fil_actor_power 9.0.1...
[INFO] testing fil_actor_power-9.0.1 against nightly-2024-10-28 for randomize-layout
[INFO] extracting crate fil_actor_power 9.0.1 into /workspace/builds/worker-7-tc1/source
[INFO] validating manifest of crates.io crate fil_actor_power 9.0.1 on toolchain nightly-2024-10-28
[INFO] running `Command { std: CARGO_HOME="/workspace/cargo-home" RUSTUP_HOME="/workspace/rustup-home" "/workspace/cargo-home/bin/cargo" "+nightly-2024-10-28" "metadata" "--manifest-path" "Cargo.toml" "--no-deps", kill_on_drop: false }`
[INFO] started tweaking crates.io crate fil_actor_power 9.0.1
[INFO] finished tweaking crates.io crate fil_actor_power 9.0.1
[INFO] tweaked toml for crates.io crate fil_actor_power 9.0.1 written to /workspace/builds/worker-7-tc1/source/Cargo.toml
[INFO] running `Command { std: CARGO_HOME="/workspace/cargo-home" RUSTUP_HOME="/workspace/rustup-home" "/workspace/cargo-home/bin/cargo" "+nightly-2024-10-28" "generate-lockfile" "--manifest-path" "Cargo.toml", kill_on_drop: false }`
[INFO] [stderr]     Updating crates.io index
[INFO] [stderr]      Locking 108 packages to latest compatible versions
[INFO] [stderr]       Adding cid v0.8.6 (available: v0.11.1)
[INFO] [stderr]       Adding fvm_ipld_blockstore v0.1.2 (available: v0.3.0)
[INFO] [stderr]       Adding fvm_ipld_encoding v0.2.3 (available: v0.5.0)
[INFO] [stderr]       Adding fvm_ipld_hamt v0.5.1 (available: v0.10.0)
[INFO] [stderr]       Adding fvm_shared v2.9.1 (available: v4.5.0)
[INFO] [stderr]       Adding indexmap v1.9.3 (available: v2.6.0)
[INFO] [stderr]       Adding integer-encoding v3.0.4 (available: v4.0.2)
[INFO] [stderr]       Adding num-derive v0.3.3 (available: v0.4.2)
[INFO] [stderr]       Adding proc-macro-crate v1.1.3 (available: v1.3.1)
[INFO] running `Command { std: CARGO_HOME="/workspace/cargo-home" RUSTUP_HOME="/workspace/rustup-home" "/workspace/cargo-home/bin/cargo" "+nightly-2024-10-28" "fetch" "--manifest-path" "Cargo.toml", kill_on_drop: false }`
[INFO] [stderr]  Downloading crates ...
[INFO] [stderr]   Downloaded fvm_ipld_encoding v0.2.3
[INFO] [stderr]   Downloaded fvm_ipld_amt v0.4.2
[INFO] [stderr]   Downloaded fvm_shared v2.9.1
[INFO] [stderr]   Downloaded fvm_ipld_hamt v0.5.1
[INFO] [stderr]   Downloaded fvm_sdk v2.9.1
[INFO] [stderr]   Downloaded libipld-core v0.13.1
[INFO] [stderr]   Downloaded fvm_ipld_bitfield v0.5.4
[INFO] [stderr]   Downloaded fil_actors_runtime v9.0.1
[INFO] running `Command { std: "docker" "create" "-v" "/var/lib/crater-agent-workspace/builds/worker-7-tc1/target:/opt/rustwide/target:rw,Z" "-v" "/var/lib/crater-agent-workspace/builds/worker-7-tc1/source:/opt/rustwide/workdir:ro,Z" "-v" "/var/lib/crater-agent-workspace/cargo-home:/opt/rustwide/cargo-home:ro,Z" "-v" "/var/lib/crater-agent-workspace/rustup-home:/opt/rustwide/rustup-home:ro,Z" "-e" "SOURCE_DIR=/opt/rustwide/workdir" "-e" "CARGO_TARGET_DIR=/opt/rustwide/target" "-e" "CARGO_HOME=/opt/rustwide/cargo-home" "-e" "RUSTUP_HOME=/opt/rustwide/rustup-home" "-w" "/opt/rustwide/workdir" "-m" "1610612736" "--user" "0:0" "--network" "none" "ghcr.io/rust-lang/crates-build-env/linux@sha256:4a844ea9eb2546a2d2c7022eacef16ef2e8229c7fbb2c7d4d55a9ceca922f72d" "/opt/rustwide/cargo-home/bin/cargo" "+nightly-2024-10-28" "metadata" "--no-deps" "--format-version=1", kill_on_drop: false }`
[INFO] [stdout] 7a74366a47f728251baa821466c52e45c84f01ec539f0379bf474b8ca9d7a334
[INFO] running `Command { std: "docker" "start" "-a" "7a74366a47f728251baa821466c52e45c84f01ec539f0379bf474b8ca9d7a334", kill_on_drop: false }`
[INFO] running `Command { std: "docker" "inspect" "7a74366a47f728251baa821466c52e45c84f01ec539f0379bf474b8ca9d7a334", kill_on_drop: false }`
[INFO] running `Command { std: "docker" "rm" "-f" "7a74366a47f728251baa821466c52e45c84f01ec539f0379bf474b8ca9d7a334", kill_on_drop: false }`
[INFO] [stdout] 7a74366a47f728251baa821466c52e45c84f01ec539f0379bf474b8ca9d7a334
[INFO] running `Command { std: "docker" "create" "-v" "/var/lib/crater-agent-workspace/builds/worker-7-tc1/target:/opt/rustwide/target:rw,Z" "-v" "/var/lib/crater-agent-workspace/builds/worker-7-tc1/source:/opt/rustwide/workdir:ro,Z" "-v" "/var/lib/crater-agent-workspace/cargo-home:/opt/rustwide/cargo-home:ro,Z" "-v" "/var/lib/crater-agent-workspace/rustup-home:/opt/rustwide/rustup-home:ro,Z" "-e" "SOURCE_DIR=/opt/rustwide/workdir" "-e" "CARGO_TARGET_DIR=/opt/rustwide/target" "-e" "CARGO_INCREMENTAL=0" "-e" "RUST_BACKTRACE=full" "-e" "RUSTFLAGS=--cap-lints=forbid" "-e" "RUSTDOCFLAGS=--cap-lints=forbid" "-e" "CARGO_HOME=/opt/rustwide/cargo-home" "-e" "RUSTUP_HOME=/opt/rustwide/rustup-home" "-w" "/opt/rustwide/workdir" "-m" "1610612736" "--user" "0:0" "--network" "none" "ghcr.io/rust-lang/crates-build-env/linux@sha256:4a844ea9eb2546a2d2c7022eacef16ef2e8229c7fbb2c7d4d55a9ceca922f72d" "/opt/rustwide/cargo-home/bin/cargo" "+nightly-2024-10-28" "build" "--frozen" "--message-format=json", kill_on_drop: false }`
[INFO] [stdout] 96dc8573b92617739c1def163dcb0ebc55adc1dab11c449f69cd89cbd52f85eb
[INFO] running `Command { std: "docker" "start" "-a" "96dc8573b92617739c1def163dcb0ebc55adc1dab11c449f69cd89cbd52f85eb", kill_on_drop: false }`
[INFO] [stderr]    Compiling proc-macro2 v1.0.89
[INFO] [stderr]    Compiling syn v1.0.109
[INFO] [stderr]    Compiling serde v1.0.214
[INFO] [stderr]    Compiling unicode-xid v0.2.6
[INFO] [stderr]    Compiling constant_time_eq v0.3.1
[INFO] [stderr]    Compiling data-encoding v2.6.0
[INFO] [stderr]    Compiling core2 v0.4.0
[INFO] [stderr]    Compiling blake2b_simd v1.0.2
[INFO] [stderr]    Compiling unsigned-varint v0.7.2
[INFO] [stderr]    Compiling base-x v0.2.11
[INFO] [stderr]    Compiling digest v0.10.7
[INFO] [stderr]    Compiling scopeguard v1.2.0
[INFO] [stderr]    Compiling libc v0.2.161
[INFO] [stderr]    Compiling sha2 v0.10.8
[INFO] [stderr]    Compiling sha3 v0.10.8
[INFO] [stderr]    Compiling ripemd v0.1.3
[INFO] [stderr]    Compiling quote v1.0.37
[INFO] [stderr]    Compiling syn v2.0.86
[INFO] [stderr]    Compiling proc-macro-error-attr v1.0.4
[INFO] [stderr]    Compiling num-traits v0.2.19
[INFO] [stderr]    Compiling indexmap v1.9.3
[INFO] [stderr]    Compiling either v1.13.0
[INFO] [stderr]    Compiling getrandom v0.2.15
[INFO] [stderr]    Compiling itertools v0.10.5
[INFO] [stderr]    Compiling fil_actors_runtime v9.0.1
[INFO] [stderr]    Compiling unsigned-varint v0.8.0
[INFO] [stderr]    Compiling rand_core v0.6.4
[INFO] [stderr]    Compiling ahash v0.7.8
[INFO] [stderr]    Compiling integer-encoding v3.0.4
[INFO] [stderr]    Compiling base64 v0.13.1
[INFO] [stderr]    Compiling num-integer v0.1.46
[INFO] [stderr]    Compiling num-bigint v0.4.6
[INFO] [stderr]    Compiling toml v0.5.11
[INFO] [stderr]    Compiling serde_derive v1.0.214
[INFO] [stderr]    Compiling thiserror-impl v1.0.66
[INFO] [stderr]    Compiling serde_repr v0.1.19
[INFO] [stderr]    Compiling zerocopy-derive v0.7.35
[INFO] [stderr]    Compiling num-derive v0.4.2
[INFO] [stderr]    Compiling zerocopy v0.7.35
[INFO] [stderr]    Compiling thiserror v1.0.66
[INFO] [stderr]    Compiling proc-macro-crate v1.1.3
[INFO] [stderr]    Compiling ppv-lite86 v0.2.20
[INFO] [stderr]    Compiling rand_chacha v0.3.1
[INFO] [stderr]    Compiling rand v0.8.5
[INFO] [stderr]    Compiling proc-macro-error v1.0.4
[INFO] [stderr]    Compiling synstructure v0.12.6
[INFO] [stderr]    Compiling multihash-derive v0.8.1
[INFO] [stderr]    Compiling data-encoding-macro-internal v0.1.13
[INFO] [stderr]    Compiling serde_tuple_macros v0.5.0
[INFO] [stderr]    Compiling num-derive v0.3.3
[INFO] [stderr]    Compiling data-encoding-macro v0.1.15
[INFO] [stderr]    Compiling multibase v0.9.1
[INFO] [stderr]    Compiling serde-big-array v0.3.3
[INFO] [stderr]    Compiling serde_bytes v0.11.15
[INFO] [stderr]    Compiling cbor4ii v0.2.14
[INFO] [stderr]    Compiling serde_tuple v0.5.0
[INFO] [stderr]    Compiling cs_serde_bytes v0.12.2
[INFO] [stderr]    Compiling multihash v0.16.3
[INFO] [stderr]    Compiling multihash v0.18.1
[INFO] [stderr]    Compiling forest_hash_utils v0.1.0
[INFO] [stderr]    Compiling cid v0.8.6
[INFO] [stderr]    Compiling fvm_ipld_blockstore v0.1.2
[INFO] [stderr]    Compiling libipld-core v0.13.1
[INFO] [stderr]    Compiling cid v0.10.1
[INFO] [stderr]    Compiling serde_ipld_dagcbor v0.2.2
[INFO] [stderr]    Compiling serde_ipld_dagcbor v0.4.2
[INFO] [stderr]    Compiling fvm_ipld_blockstore v0.2.1
[INFO] [stderr]    Compiling fvm_ipld_encoding v0.2.3
[INFO] [stderr]    Compiling fvm_ipld_encoding v0.3.3
[INFO] [stderr]    Compiling fvm_ipld_encoding v0.4.0
[INFO] [stderr]    Compiling fvm_ipld_bitfield v0.5.4
[INFO] [stderr]    Compiling fvm_ipld_hamt v0.5.1
[INFO] [stderr]    Compiling fvm_ipld_amt v0.4.2
[INFO] [stderr]    Compiling fvm_shared v2.9.1
[INFO] [stderr]    Compiling fil_actor_power v9.0.1 (/opt/rustwide/workdir)
[INFO] [stdout] warning: non-local `impl` definition, `impl` blocks should be written at the same level as their item
[INFO] [stdout]   --> src/lib.rs:51:10
[INFO] [stdout]    |
[INFO] [stdout] 51 | #[derive(FromPrimitive)]
[INFO] [stdout]    |          ^------------
[INFO] [stdout]    |          |
[INFO] [stdout]    |          `FromPrimitive` is not local
[INFO] [stdout]    |          move the `impl` block outside of this constant `_IMPL_NUM_FromPrimitive_FOR_Method`
[INFO] [stdout] 52 | #[repr(u64)]
[INFO] [stdout] 53 | pub enum Method {
[INFO] [stdout]    |          ------ `Method` is not local
[INFO] [stdout]    |
[INFO] [stdout]    = note: the derive macro `FromPrimitive` defines the non-local `impl`, and may need to be changed
[INFO] [stdout]    = note: the derive macro `FromPrimitive` may come from an old version of the `num_derive` crate, try updating your dependency with `cargo update -p num_derive`
[INFO] [stdout]    = note: an `impl` is never scoped, even when it is nested inside an item, as it may impact type checking outside of that item, which can be the case if neither the trait or the self type are at the same nesting level as the `impl`
[INFO] [stdout]    = note: items in an anonymous const item (`const _: () = { ... }`) are treated as in the same scope as the anonymous const's declaration for the purpose of this lint
[INFO] [stdout]    = note: `#[warn(non_local_definitions)]` on by default
[INFO] [stdout]    = note: this warning originates in the derive macro `FromPrimitive` (in Nightly builds, run with -Z macro-backtrace for more info)
[INFO] [stdout] 
[INFO] [stdout] 
[INFO] [stdout] warning: non-local `impl` definition, `impl` blocks should be written at the same level as their item
[INFO] [stdout]   --> src/ext.rs:73:14
[INFO] [stdout]    |
[INFO] [stdout] 73 |     #[derive(FromPrimitive)]
[INFO] [stdout]    |              ^------------
[INFO] [stdout]    |              |
[INFO] [stdout]    |              `FromPrimitive` is not local
[INFO] [stdout]    |              move the `impl` block outside of this constant `_IMPL_NUM_FromPrimitive_FOR_Method`
[INFO] [stdout] 74 |     #[repr(u64)]
[INFO] [stdout] 75 |     pub enum Method {
[INFO] [stdout]    |              ------ `Method` is not local
[INFO] [stdout]    |
[INFO] [stdout]    = note: the derive macro `FromPrimitive` defines the non-local `impl`, and may need to be changed
[INFO] [stdout]    = note: the derive macro `FromPrimitive` may come from an old version of the `num_derive` crate, try updating your dependency with `cargo update -p num_derive`
[INFO] [stdout]    = note: an `impl` is never scoped, even when it is nested inside an item, as it may impact type checking outside of that item, which can be the case if neither the trait or the self type are at the same nesting level as the `impl`
[INFO] [stdout]    = note: items in an anonymous const item (`const _: () = { ... }`) are treated as in the same scope as the anonymous const's declaration for the purpose of this lint
[INFO] [stdout]    = note: this warning originates in the derive macro `FromPrimitive` (in Nightly builds, run with -Z macro-backtrace for more info)
[INFO] [stdout] 
[INFO] [stdout] 
[INFO] [stderr]     Finished `dev` profile [unoptimized + debuginfo] target(s) in 24.87s
[INFO] running `Command { std: "docker" "inspect" "96dc8573b92617739c1def163dcb0ebc55adc1dab11c449f69cd89cbd52f85eb", kill_on_drop: false }`
[INFO] running `Command { std: "docker" "rm" "-f" "96dc8573b92617739c1def163dcb0ebc55adc1dab11c449f69cd89cbd52f85eb", kill_on_drop: false }`
[INFO] [stdout] 96dc8573b92617739c1def163dcb0ebc55adc1dab11c449f69cd89cbd52f85eb
[INFO] running `Command { std: "docker" "create" "-v" "/var/lib/crater-agent-workspace/builds/worker-7-tc1/target:/opt/rustwide/target:rw,Z" "-v" "/var/lib/crater-agent-workspace/builds/worker-7-tc1/source:/opt/rustwide/workdir:ro,Z" "-v" "/var/lib/crater-agent-workspace/cargo-home:/opt/rustwide/cargo-home:ro,Z" "-v" "/var/lib/crater-agent-workspace/rustup-home:/opt/rustwide/rustup-home:ro,Z" "-e" "SOURCE_DIR=/opt/rustwide/workdir" "-e" "CARGO_TARGET_DIR=/opt/rustwide/target" "-e" "CARGO_INCREMENTAL=0" "-e" "RUST_BACKTRACE=full" "-e" "RUSTFLAGS=--cap-lints=forbid" "-e" "RUSTDOCFLAGS=--cap-lints=forbid" "-e" "CARGO_HOME=/opt/rustwide/cargo-home" "-e" "RUSTUP_HOME=/opt/rustwide/rustup-home" "-w" "/opt/rustwide/workdir" "-m" "1610612736" "--user" "0:0" "--network" "none" "ghcr.io/rust-lang/crates-build-env/linux@sha256:4a844ea9eb2546a2d2c7022eacef16ef2e8229c7fbb2c7d4d55a9ceca922f72d" "/opt/rustwide/cargo-home/bin/cargo" "+nightly-2024-10-28" "test" "--frozen" "--no-run" "--message-format=json", kill_on_drop: false }`
[INFO] [stdout] 86e915c373ae508d84851658ccc12e00f978aba705f29b58af68ed5d0eedf93c
[INFO] running `Command { std: "docker" "start" "-a" "86e915c373ae508d84851658ccc12e00f978aba705f29b58af68ed5d0eedf93c", kill_on_drop: false }`
[INFO] [stderr]    Compiling multihash v0.16.3
[INFO] [stderr]    Compiling fil_actors_runtime v9.0.1
[INFO] [stderr]    Compiling cid v0.8.6
[INFO] [stderr]    Compiling fvm_ipld_blockstore v0.1.2
[INFO] [stderr]    Compiling serde_ipld_dagcbor v0.2.2
[INFO] [stderr]    Compiling libipld-core v0.13.1
[INFO] [stderr]    Compiling fvm_ipld_encoding v0.2.3
[INFO] [stderr]    Compiling fvm_ipld_encoding v0.3.3
[INFO] [stderr]    Compiling fvm_ipld_bitfield v0.5.4
[INFO] [stderr]    Compiling fvm_ipld_amt v0.4.2
[INFO] [stderr]    Compiling fvm_ipld_hamt v0.5.1
[INFO] [stderr]    Compiling fil_actor_power v9.0.1 (/opt/rustwide/workdir)
[INFO] [stdout] warning: non-local `impl` definition, `impl` blocks should be written at the same level as their item
[INFO] [stdout]   --> src/lib.rs:51:10
[INFO] [stdout]    |
[INFO] [stdout] 51 | #[derive(FromPrimitive)]
[INFO] [stdout]    |          ^------------
[INFO] [stdout]    |          |
[INFO] [stdout]    |          `FromPrimitive` is not local
[INFO] [stdout]    |          move the `impl` block outside of this constant `_IMPL_NUM_FromPrimitive_FOR_Method`
[INFO] [stdout] 52 | #[repr(u64)]
[INFO] [stdout] 53 | pub enum Method {
[INFO] [stdout]    |          ------ `Method` is not local
[INFO] [stdout]    |
[INFO] [stdout]    = note: the derive macro `FromPrimitive` defines the non-local `impl`, and may need to be changed
[INFO] [stdout]    = note: the derive macro `FromPrimitive` may come from an old version of the `num_derive` crate, try updating your dependency with `cargo update -p num_derive`
[INFO] [stdout]    = note: an `impl` is never scoped, even when it is nested inside an item, as it may impact type checking outside of that item, which can be the case if neither the trait or the self type are at the same nesting level as the `impl`
[INFO] [stdout]    = note: items in an anonymous const item (`const _: () = { ... }`) are treated as in the same scope as the anonymous const's declaration for the purpose of this lint
[INFO] [stdout]    = note: `#[warn(non_local_definitions)]` on by default
[INFO] [stdout]    = note: this warning originates in the derive macro `FromPrimitive` (in Nightly builds, run with -Z macro-backtrace for more info)
[INFO] [stdout] 
[INFO] [stdout] 
[INFO] [stdout] warning: non-local `impl` definition, `impl` blocks should be written at the same level as their item
[INFO] [stdout]   --> src/lib.rs:51:10
[INFO] [stdout]    |
[INFO] [stdout] 51 | #[derive(FromPrimitive)]
[INFO] [stdout]    |          ^------------
[INFO] [stdout]    |          |
[INFO] [stdout]    |          `FromPrimitive` is not local
[INFO] [stdout]    |          move the `impl` block outside of this constant `_IMPL_NUM_FromPrimitive_FOR_Method`
[INFO] [stdout] 52 | #[repr(u64)]
[INFO] [stdout] 53 | pub enum Method {
[INFO] [stdout]    |          ------ `Method` is not local
[INFO] [stdout]    |
[INFO] [stdout]    = note: the derive macro `FromPrimitive` defines the non-local `impl`, and may need to be changed
[INFO] [stdout]    = note: the derive macro `FromPrimitive` may come from an old version of the `num_derive` crate, try updating your dependency with `cargo update -p num_derive`
[INFO] [stdout]    = note: an `impl` is never scoped, even when it is nested inside an item, as it may impact type checking outside of that item, which can be the case if neither the trait or the self type are at the same nesting level as the `impl`
[INFO] [stdout]    = note: items in an anonymous const item (`const _: () = { ... }`) are treated as in the same scope as the anonymous const's declaration for the purpose of this lint
[INFO] [stdout]    = note: `#[warn(non_local_definitions)]` on by default
[INFO] [stdout]    = note: this warning originates in the derive macro `FromPrimitive` (in Nightly builds, run with -Z macro-backtrace for more info)
[INFO] [stdout] 
[INFO] [stdout] 
[INFO] [stdout] warning: non-local `impl` definition, `impl` blocks should be written at the same level as their item
[INFO] [stdout]   --> src/ext.rs:73:14
[INFO] [stdout]    |
[INFO] [stdout] 73 |     #[derive(FromPrimitive)]
[INFO] [stdout]    |              ^------------
[INFO] [stdout]    |              |
[INFO] [stdout]    |              `FromPrimitive` is not local
[INFO] [stdout]    |              move the `impl` block outside of this constant `_IMPL_NUM_FromPrimitive_FOR_Method`
[INFO] [stdout] 74 |     #[repr(u64)]
[INFO] [stdout] 75 |     pub enum Method {
[INFO] [stdout]    |              ------ `Method` is not local
[INFO] [stdout]    |
[INFO] [stdout]    = note: the derive macro `FromPrimitive` defines the non-local `impl`, and may need to be changed
[INFO] [stdout]    = note: the derive macro `FromPrimitive` may come from an old version of the `num_derive` crate, try updating your dependency with `cargo update -p num_derive`
[INFO] [stdout]    = note: an `impl` is never scoped, even when it is nested inside an item, as it may impact type checking outside of that item, which can be the case if neither the trait or the self type are at the same nesting level as the `impl`
[INFO] [stdout]    = note: items in an anonymous const item (`const _: () = { ... }`) are treated as in the same scope as the anonymous const's declaration for the purpose of this lint
[INFO] [stdout]    = note: this warning originates in the derive macro `FromPrimitive` (in Nightly builds, run with -Z macro-backtrace for more info)
[INFO] [stdout] 
[INFO] [stdout] 
[INFO] [stdout] warning: non-local `impl` definition, `impl` blocks should be written at the same level as their item
[INFO] [stdout]   --> src/ext.rs:73:14
[INFO] [stdout]    |
[INFO] [stdout] 73 |     #[derive(FromPrimitive)]
[INFO] [stdout]    |              ^------------
[INFO] [stdout]    |              |
[INFO] [stdout]    |              `FromPrimitive` is not local
[INFO] [stdout]    |              move the `impl` block outside of this constant `_IMPL_NUM_FromPrimitive_FOR_Method`
[INFO] [stdout] 74 |     #[repr(u64)]
[INFO] [stdout] 75 |     pub enum Method {
[INFO] [stdout]    |              ------ `Method` is not local
[INFO] [stdout]    |
[INFO] [stdout]    = note: the derive macro `FromPrimitive` defines the non-local `impl`, and may need to be changed
[INFO] [stdout]    = note: the derive macro `FromPrimitive` may come from an old version of the `num_derive` crate, try updating your dependency with `cargo update -p num_derive`
[INFO] [stdout]    = note: an `impl` is never scoped, even when it is nested inside an item, as it may impact type checking outside of that item, which can be the case if neither the trait or the self type are at the same nesting level as the `impl`
[INFO] [stdout]    = note: items in an anonymous const item (`const _: () = { ... }`) are treated as in the same scope as the anonymous const's declaration for the purpose of this lint
[INFO] [stdout]    = note: this warning originates in the derive macro `FromPrimitive` (in Nightly builds, run with -Z macro-backtrace for more info)
[INFO] [stdout] 
[INFO] [stdout] 
[INFO] [stdout] error[E0308]: mismatched types
[INFO] [stdout]     --> tests/power_actor_tests.rs:1039:25
[INFO] [stdout]      |
[INFO] [stdout] 1039 |             sealed_cid: make_sealed_cid(format!("CommR-{id}").as_bytes()),
[INFO] [stdout]      |                         ^^^^^^^^^^^^^^^^^^^^^^^^^^^^^^^^^^^^^^^^^^^^^^^^^ expected `Cid<64>`, found `CidGeneric<64>`
[INFO] [stdout]      |
[INFO] [stdout]      = note: `CidGeneric<64>` and `cid::cid::Cid<64>` have similar names, but are actually distinct types
[INFO] [stdout] note: `CidGeneric<64>` is defined in crate `cid`
[INFO] [stdout]     --> /opt/rustwide/cargo-home/registry/src/index.crates.io-6f17d22bba15001f/cid-0.8.6/src/cid.rs:67:1
[INFO] [stdout]      |
[INFO] [stdout] 67   | pub struct Cid<const S: usize> {
[INFO] [stdout]      | ^^^^^^^^^^^^^^^^^^^^^^^^^^^^^^
[INFO] [stdout] note: `cid::cid::Cid<64>` is defined in crate `cid`
[INFO] [stdout]     --> /opt/rustwide/cargo-home/registry/src/index.crates.io-6f17d22bba15001f/cid-0.10.1/src/cid.rs:67:1
[INFO] [stdout]      |
[INFO] [stdout] 67   | pub struct Cid<const S: usize> {
[INFO] [stdout]      | ^^^^^^^^^^^^^^^^^^^^^^^^^^^^^^
[INFO] [stdout]      = note: perhaps two different versions of crate `cid` are being used?
[INFO] [stdout] 
[INFO] [stdout] 
[INFO] [stdout] error[E0308]: mismatched types
[INFO] [stdout]     --> tests/power_actor_tests.rs:1040:27
[INFO] [stdout]      |
[INFO] [stdout] 1040 |             unsealed_cid: make_piece_cid(format!("CommD-{id}").as_bytes()),
[INFO] [stdout]      |                           ^^^^^^^^^^^^^^^^^^^^^^^^^^^^^^^^^^^^^^^^^^^^^^^^ expected `Cid<64>`, found `CidGeneric<64>`
[INFO] [stdout]      |
[INFO] [stdout]      = note: `CidGeneric<64>` and `cid::cid::Cid<64>` have similar names, but are actually distinct types
[INFO] [stdout] note: `CidGeneric<64>` is defined in crate `cid`
[INFO] [stdout]     --> /opt/rustwide/cargo-home/registry/src/index.crates.io-6f17d22bba15001f/cid-0.8.6/src/cid.rs:67:1
[INFO] [stdout]      |
[INFO] [stdout] 67   | pub struct Cid<const S: usize> {
[INFO] [stdout]      | ^^^^^^^^^^^^^^^^^^^^^^^^^^^^^^
[INFO] [stdout] note: `cid::cid::Cid<64>` is defined in crate `cid`
[INFO] [stdout]     --> /opt/rustwide/cargo-home/registry/src/index.crates.io-6f17d22bba15001f/cid-0.10.1/src/cid.rs:67:1
[INFO] [stdout]      |
[INFO] [stdout] 67   | pub struct Cid<const S: usize> {
[INFO] [stdout]      | ^^^^^^^^^^^^^^^^^^^^^^^^^^^^^^
[INFO] [stdout]      = note: perhaps two different versions of crate `cid` are being used?
[INFO] [stdout] 
[INFO] [stdout] 
[INFO] [stdout] error[E0308]: mismatched types
[INFO] [stdout]     --> tests/power_actor_tests.rs:1330:25
[INFO] [stdout]      |
[INFO] [stdout] 1330 |             sealed_cid: comm_r,
[INFO] [stdout]      |                         ^^^^^^ expected `Cid<64>`, found `CidGeneric<64>`
[INFO] [stdout]      |
[INFO] [stdout]      = note: `CidGeneric<64>` and `cid::cid::Cid<64>` have similar names, but are actually distinct types
[INFO] [stdout] note: `CidGeneric<64>` is defined in crate `cid`
[INFO] [stdout]     --> /opt/rustwide/cargo-home/registry/src/index.crates.io-6f17d22bba15001f/cid-0.8.6/src/cid.rs:67:1
[INFO] [stdout]      |
[INFO] [stdout] 67   | pub struct Cid<const S: usize> {
[INFO] [stdout]      | ^^^^^^^^^^^^^^^^^^^^^^^^^^^^^^
[INFO] [stdout] note: `cid::cid::Cid<64>` is defined in crate `cid`
[INFO] [stdout]     --> /opt/rustwide/cargo-home/registry/src/index.crates.io-6f17d22bba15001f/cid-0.10.1/src/cid.rs:67:1
[INFO] [stdout]      |
[INFO] [stdout] 67   | pub struct Cid<const S: usize> {
[INFO] [stdout]      | ^^^^^^^^^^^^^^^^^^^^^^^^^^^^^^
[INFO] [stdout]      = note: perhaps two different versions of crate `cid` are being used?
[INFO] [stdout] 
[INFO] [stdout] 
[INFO] [stdout] error[E0308]: mismatched types
[INFO] [stdout]     --> tests/power_actor_tests.rs:1331:27
[INFO] [stdout]      |
[INFO] [stdout] 1331 |             unsealed_cid: comm_d,
[INFO] [stdout]      |                           ^^^^^^ expected `Cid<64>`, found `CidGeneric<64>`
[INFO] [stdout]      |
[INFO] [stdout]      = note: `CidGeneric<64>` and `cid::cid::Cid<64>` have similar names, but are actually distinct types
[INFO] [stdout] note: `CidGeneric<64>` is defined in crate `cid`
[INFO] [stdout]     --> /opt/rustwide/cargo-home/registry/src/index.crates.io-6f17d22bba15001f/cid-0.8.6/src/cid.rs:67:1
[INFO] [stdout]      |
[INFO] [stdout] 67   | pub struct Cid<const S: usize> {
[INFO] [stdout]      | ^^^^^^^^^^^^^^^^^^^^^^^^^^^^^^
[INFO] [stdout] note: `cid::cid::Cid<64>` is defined in crate `cid`
[INFO] [stdout]     --> /opt/rustwide/cargo-home/registry/src/index.crates.io-6f17d22bba15001f/cid-0.10.1/src/cid.rs:67:1
[INFO] [stdout]      |
[INFO] [stdout] 67   | pub struct Cid<const S: usize> {
[INFO] [stdout]      | ^^^^^^^^^^^^^^^^^^^^^^^^^^^^^^
[INFO] [stdout]      = note: perhaps two different versions of crate `cid` are being used?
[INFO] [stdout] 
[INFO] [stdout] 
[INFO] [stdout] error[E0308]: mismatched types
[INFO] [stdout]     --> tests/power_actor_tests.rs:1351:28
[INFO] [stdout]      |
[INFO] [stdout] 1351 |         assert_eq!(comm_r, sealed_cid);
[INFO] [stdout]      |                            ^^^^^^^^^^ expected `CidGeneric<64>`, found `Cid<64>`
[INFO] [stdout]      |
[INFO] [stdout]      = note: `cid::cid::Cid<64>` and `CidGeneric<64>` have similar names, but are actually distinct types
[INFO] [stdout] note: `cid::cid::Cid<64>` is defined in crate `cid`
[INFO] [stdout]     --> /opt/rustwide/cargo-home/registry/src/index.crates.io-6f17d22bba15001f/cid-0.10.1/src/cid.rs:67:1
[INFO] [stdout]      |
[INFO] [stdout] 67   | pub struct Cid<const S: usize> {
[INFO] [stdout]      | ^^^^^^^^^^^^^^^^^^^^^^^^^^^^^^
[INFO] [stdout] note: `CidGeneric<64>` is defined in crate `cid`
[INFO] [stdout]     --> /opt/rustwide/cargo-home/registry/src/index.crates.io-6f17d22bba15001f/cid-0.8.6/src/cid.rs:67:1
[INFO] [stdout]      |
[INFO] [stdout] 67   | pub struct Cid<const S: usize> {
[INFO] [stdout]      | ^^^^^^^^^^^^^^^^^^^^^^^^^^^^^^
[INFO] [stdout]      = note: perhaps two different versions of crate `cid` are being used?
[INFO] [stdout] 
[INFO] [stdout] 
[INFO] [stdout] error[E0308]: mismatched types
[INFO] [stdout]     --> tests/power_actor_tests.rs:1368:29
[INFO] [stdout]      |
[INFO] [stdout] 1368 |                 sealed_cid: make_sealed_cid(format!("CommR-{id}").as_bytes()),
[INFO] [stdout]      |                             ^^^^^^^^^^^^^^^^^^^^^^^^^^^^^^^^^^^^^^^^^^^^^^^^^ expected `Cid<64>`, found `CidGeneric<64>`
[INFO] [stdout]      |
[INFO] [stdout]      = note: `CidGeneric<64>` and `cid::cid::Cid<64>` have similar names, but are actually distinct types
[INFO] [stdout] note: `CidGeneric<64>` is defined in crate `cid`
[INFO] [stdout]     --> /opt/rustwide/cargo-home/registry/src/index.crates.io-6f17d22bba15001f/cid-0.8.6/src/cid.rs:67:1
[INFO] [stdout]      |
[INFO] [stdout] 67   | pub struct Cid<const S: usize> {
[INFO] [stdout]      | ^^^^^^^^^^^^^^^^^^^^^^^^^^^^^^
[INFO] [stdout] note: `cid::cid::Cid<64>` is defined in crate `cid`
[INFO] [stdout]     --> /opt/rustwide/cargo-home/registry/src/index.crates.io-6f17d22bba15001f/cid-0.10.1/src/cid.rs:67:1
[INFO] [stdout]      |
[INFO] [stdout] 67   | pub struct Cid<const S: usize> {
[INFO] [stdout]      | ^^^^^^^^^^^^^^^^^^^^^^^^^^^^^^
[INFO] [stdout]      = note: perhaps two different versions of crate `cid` are being used?
[INFO] [stdout] 
[INFO] [stdout] 
[INFO] [stdout] error[E0308]: mismatched types
[INFO] [stdout]     --> tests/power_actor_tests.rs:1369:31
[INFO] [stdout]      |
[INFO] [stdout] 1369 |                 unsealed_cid: make_piece_cid(format!("CommD-{id}").as_bytes()),
[INFO] [stdout]      |                               ^^^^^^^^^^^^^^^^^^^^^^^^^^^^^^^^^^^^^^^^^^^^^^^^ expected `Cid<64>`, found `CidGeneric<64>`
[INFO] [stdout]      |
[INFO] [stdout]      = note: `CidGeneric<64>` and `cid::cid::Cid<64>` have similar names, but are actually distinct types
[INFO] [stdout] note: `CidGeneric<64>` is defined in crate `cid`
[INFO] [stdout]     --> /opt/rustwide/cargo-home/registry/src/index.crates.io-6f17d22bba15001f/cid-0.8.6/src/cid.rs:67:1
[INFO] [stdout]      |
[INFO] [stdout] 67   | pub struct Cid<const S: usize> {
[INFO] [stdout]      | ^^^^^^^^^^^^^^^^^^^^^^^^^^^^^^
[INFO] [stdout] note: `cid::cid::Cid<64>` is defined in crate `cid`
[INFO] [stdout]     --> /opt/rustwide/cargo-home/registry/src/index.crates.io-6f17d22bba15001f/cid-0.10.1/src/cid.rs:67:1
[INFO] [stdout]      |
[INFO] [stdout] 67   | pub struct Cid<const S: usize> {
[INFO] [stdout]      | ^^^^^^^^^^^^^^^^^^^^^^^^^^^^^^
[INFO] [stdout]      = note: perhaps two different versions of crate `cid` are being used?
[INFO] [stdout] 
[INFO] [stdout] 
[INFO] [stdout] error[E0308]: mismatched types
[INFO] [stdout]     --> tests/power_actor_tests.rs:1408:25
[INFO] [stdout]      |
[INFO] [stdout] 1408 |             sealed_cid: comm_r,
[INFO] [stdout]      |                         ^^^^^^ expected `Cid<64>`, found `CidGeneric<64>`
[INFO] [stdout]      |
[INFO] [stdout]      = note: `CidGeneric<64>` and `cid::cid::Cid<64>` have similar names, but are actually distinct types
[INFO] [stdout] note: `CidGeneric<64>` is defined in crate `cid`
[INFO] [stdout]     --> /opt/rustwide/cargo-home/registry/src/index.crates.io-6f17d22bba15001f/cid-0.8.6/src/cid.rs:67:1
[INFO] [stdout]      |
[INFO] [stdout] 67   | pub struct Cid<const S: usize> {
[INFO] [stdout]      | ^^^^^^^^^^^^^^^^^^^^^^^^^^^^^^
[INFO] [stdout] note: `cid::cid::Cid<64>` is defined in crate `cid`
[INFO] [stdout]     --> /opt/rustwide/cargo-home/registry/src/index.crates.io-6f17d22bba15001f/cid-0.10.1/src/cid.rs:67:1
[INFO] [stdout]      |
[INFO] [stdout] 67   | pub struct Cid<const S: usize> {
[INFO] [stdout]      | ^^^^^^^^^^^^^^^^^^^^^^^^^^^^^^
[INFO] [stdout]      = note: perhaps two different versions of crate `cid` are being used?
[INFO] [stdout] 
[INFO] [stdout] 
[INFO] [stdout] error[E0308]: mismatched types
[INFO] [stdout]     --> tests/power_actor_tests.rs:1409:27
[INFO] [stdout]      |
[INFO] [stdout] 1409 |             unsealed_cid: comm_d,
[INFO] [stdout]      |                           ^^^^^^ expected `Cid<64>`, found `CidGeneric<64>`
[INFO] [stdout]      |
[INFO] [stdout]      = note: `CidGeneric<64>` and `cid::cid::Cid<64>` have similar names, but are actually distinct types
[INFO] [stdout] note: `CidGeneric<64>` is defined in crate `cid`
[INFO] [stdout]     --> /opt/rustwide/cargo-home/registry/src/index.crates.io-6f17d22bba15001f/cid-0.8.6/src/cid.rs:67:1
[INFO] [stdout]      |
[INFO] [stdout] 67   | pub struct Cid<const S: usize> {
[INFO] [stdout]      | ^^^^^^^^^^^^^^^^^^^^^^^^^^^^^^
[INFO] [stdout] note: `cid::cid::Cid<64>` is defined in crate `cid`
[INFO] [stdout]     --> /opt/rustwide/cargo-home/registry/src/index.crates.io-6f17d22bba15001f/cid-0.10.1/src/cid.rs:67:1
[INFO] [stdout]      |
[INFO] [stdout] 67   | pub struct Cid<const S: usize> {
[INFO] [stdout]      | ^^^^^^^^^^^^^^^^^^^^^^^^^^^^^^
[INFO] [stdout]      = note: perhaps two different versions of crate `cid` are being used?
[INFO] [stdout] 
[INFO] [stdout] 
[INFO] [stdout] For more information about this error, try `rustc --explain E0308`.
[INFO] [stdout] 
[INFO] [stderr] error: could not compile `fil_actor_power` (test "power_actor_tests") due to 9 previous errors
[INFO] running `Command { std: "docker" "inspect" "86e915c373ae508d84851658ccc12e00f978aba705f29b58af68ed5d0eedf93c", kill_on_drop: false }`
[INFO] running `Command { std: "docker" "rm" "-f" "86e915c373ae508d84851658ccc12e00f978aba705f29b58af68ed5d0eedf93c", kill_on_drop: false }`
[INFO] [stdout] 86e915c373ae508d84851658ccc12e00f978aba705f29b58af68ed5d0eedf93c
