[INFO] fetching crate ffnt 0.8.0...
[INFO] testing ffnt-0.8.0 against nightly-2024-10-28+rustflags=-Zrandomize-layout for randomize-layout
[INFO] extracting crate ffnt 0.8.0 into /workspace/builds/worker-1-tc2/source
[INFO] validating manifest of crates.io crate ffnt 0.8.0 on toolchain nightly-2024-10-28
[INFO] running `Command { std: CARGO_HOME="/workspace/cargo-home" RUSTUP_HOME="/workspace/rustup-home" "/workspace/cargo-home/bin/cargo" "+nightly-2024-10-28" "metadata" "--manifest-path" "Cargo.toml" "--no-deps", kill_on_drop: false }`
[INFO] started tweaking crates.io crate ffnt 0.8.0
[INFO] removed 0 missing examples
[INFO] finished tweaking crates.io crate ffnt 0.8.0
[INFO] tweaked toml for crates.io crate ffnt 0.8.0 written to /workspace/builds/worker-1-tc2/source/Cargo.toml
[INFO] crate crates.io crate ffnt 0.8.0 already has a lockfile, it will not be regenerated
[INFO] running `Command { std: CARGO_HOME="/workspace/cargo-home" RUSTUP_HOME="/workspace/rustup-home" "/workspace/cargo-home/bin/cargo" "+nightly-2024-10-28" "fetch" "--manifest-path" "Cargo.toml", kill_on_drop: false }`
[INFO] running `Command { std: "docker" "create" "-v" "/var/lib/crater-agent-workspace/builds/worker-1-tc2/target:/opt/rustwide/target:rw,Z" "-v" "/var/lib/crater-agent-workspace/builds/worker-1-tc2/source:/opt/rustwide/workdir:ro,Z" "-v" "/var/lib/crater-agent-workspace/cargo-home:/opt/rustwide/cargo-home:ro,Z" "-v" "/var/lib/crater-agent-workspace/rustup-home:/opt/rustwide/rustup-home:ro,Z" "-e" "SOURCE_DIR=/opt/rustwide/workdir" "-e" "CARGO_TARGET_DIR=/opt/rustwide/target" "-e" "CARGO_HOME=/opt/rustwide/cargo-home" "-e" "RUSTUP_HOME=/opt/rustwide/rustup-home" "-w" "/opt/rustwide/workdir" "-m" "1610612736" "--user" "0:0" "--network" "none" "ghcr.io/rust-lang/crates-build-env/linux@sha256:4a844ea9eb2546a2d2c7022eacef16ef2e8229c7fbb2c7d4d55a9ceca922f72d" "/opt/rustwide/cargo-home/bin/cargo" "+nightly-2024-10-28" "metadata" "--no-deps" "--format-version=1", kill_on_drop: false }`
[INFO] [stdout] 4b67bd8ec3c60adefacecfa1dc53f3cfc1af86c64ea49f4241db8fd7b67f0a2e
[INFO] running `Command { std: "docker" "start" "-a" "4b67bd8ec3c60adefacecfa1dc53f3cfc1af86c64ea49f4241db8fd7b67f0a2e", kill_on_drop: false }`
[INFO] running `Command { std: "docker" "inspect" "4b67bd8ec3c60adefacecfa1dc53f3cfc1af86c64ea49f4241db8fd7b67f0a2e", kill_on_drop: false }`
[INFO] running `Command { std: "docker" "rm" "-f" "4b67bd8ec3c60adefacecfa1dc53f3cfc1af86c64ea49f4241db8fd7b67f0a2e", kill_on_drop: false }`
[INFO] [stdout] 4b67bd8ec3c60adefacecfa1dc53f3cfc1af86c64ea49f4241db8fd7b67f0a2e
[INFO] running `Command { std: "docker" "create" "-v" "/var/lib/crater-agent-workspace/builds/worker-1-tc2/target:/opt/rustwide/target:rw,Z" "-v" "/var/lib/crater-agent-workspace/builds/worker-1-tc2/source:/opt/rustwide/workdir:ro,Z" "-v" "/var/lib/crater-agent-workspace/cargo-home:/opt/rustwide/cargo-home:ro,Z" "-v" "/var/lib/crater-agent-workspace/rustup-home:/opt/rustwide/rustup-home:ro,Z" "-e" "SOURCE_DIR=/opt/rustwide/workdir" "-e" "CARGO_TARGET_DIR=/opt/rustwide/target" "-e" "CARGO_INCREMENTAL=0" "-e" "RUST_BACKTRACE=full" "-e" "RUSTFLAGS=--cap-lints=forbid -Zrandomize-layout" "-e" "RUSTDOCFLAGS=--cap-lints=forbid" "-e" "CARGO_HOME=/opt/rustwide/cargo-home" "-e" "RUSTUP_HOME=/opt/rustwide/rustup-home" "-w" "/opt/rustwide/workdir" "-m" "1610612736" "--user" "0:0" "--network" "none" "ghcr.io/rust-lang/crates-build-env/linux@sha256:4a844ea9eb2546a2d2c7022eacef16ef2e8229c7fbb2c7d4d55a9ceca922f72d" "/opt/rustwide/cargo-home/bin/cargo" "+nightly-2024-10-28" "build" "--frozen" "--message-format=json", kill_on_drop: false }`
[INFO] [stdout] 8aaccae2c3a224cb9d084d5f0ccbf07e90c11f9e224926b84f55a3dd67160e81
[INFO] running `Command { std: "docker" "start" "-a" "8aaccae2c3a224cb9d084d5f0ccbf07e90c11f9e224926b84f55a3dd67160e81", kill_on_drop: false }`
[INFO] [stderr]    Compiling ffnt v0.8.0 (/opt/rustwide/workdir)
[INFO] [stderr]     Finished `dev` profile [unoptimized + debuginfo] target(s) in 0.33s
[INFO] running `Command { std: "docker" "inspect" "8aaccae2c3a224cb9d084d5f0ccbf07e90c11f9e224926b84f55a3dd67160e81", kill_on_drop: false }`
[INFO] running `Command { std: "docker" "rm" "-f" "8aaccae2c3a224cb9d084d5f0ccbf07e90c11f9e224926b84f55a3dd67160e81", kill_on_drop: false }`
[INFO] [stdout] 8aaccae2c3a224cb9d084d5f0ccbf07e90c11f9e224926b84f55a3dd67160e81
[INFO] running `Command { std: "docker" "create" "-v" "/var/lib/crater-agent-workspace/builds/worker-1-tc2/target:/opt/rustwide/target:rw,Z" "-v" "/var/lib/crater-agent-workspace/builds/worker-1-tc2/source:/opt/rustwide/workdir:ro,Z" "-v" "/var/lib/crater-agent-workspace/cargo-home:/opt/rustwide/cargo-home:ro,Z" "-v" "/var/lib/crater-agent-workspace/rustup-home:/opt/rustwide/rustup-home:ro,Z" "-e" "SOURCE_DIR=/opt/rustwide/workdir" "-e" "CARGO_TARGET_DIR=/opt/rustwide/target" "-e" "CARGO_INCREMENTAL=0" "-e" "RUST_BACKTRACE=full" "-e" "RUSTFLAGS=--cap-lints=forbid -Zrandomize-layout" "-e" "RUSTDOCFLAGS=--cap-lints=forbid" "-e" "CARGO_HOME=/opt/rustwide/cargo-home" "-e" "RUSTUP_HOME=/opt/rustwide/rustup-home" "-w" "/opt/rustwide/workdir" "-m" "1610612736" "--user" "0:0" "--network" "none" "ghcr.io/rust-lang/crates-build-env/linux@sha256:4a844ea9eb2546a2d2c7022eacef16ef2e8229c7fbb2c7d4d55a9ceca922f72d" "/opt/rustwide/cargo-home/bin/cargo" "+nightly-2024-10-28" "test" "--frozen" "--no-run" "--message-format=json", kill_on_drop: false }`
[INFO] [stdout] d1a1c665f81760402a41596f57dc18828ab5a0f36210965cbce6fcc769099efe
[INFO] running `Command { std: "docker" "start" "-a" "d1a1c665f81760402a41596f57dc18828ab5a0f36210965cbce6fcc769099efe", kill_on_drop: false }`
[INFO] [stderr]    Compiling proc-macro2 v1.0.86
[INFO] [stderr]    Compiling unicode-ident v1.0.12
[INFO] [stderr]    Compiling libc v0.2.156
[INFO] [stderr]    Compiling serde v1.0.208
[INFO] [stderr]    Compiling autocfg v1.3.0
[INFO] [stderr]    Compiling serde_json v1.0.125
[INFO] [stderr]    Compiling gmp-mpfr-sys v1.6.4
[INFO] [stderr]    Compiling az v1.2.1
[INFO] [stderr]    Compiling plotters-backend v0.3.6
[INFO] [stderr]    Compiling anstyle v1.0.8
[INFO] [stderr]    Compiling regex-syntax v0.8.4
[INFO] [stderr]    Compiling libm v0.2.8
[INFO] [stderr]    Compiling cast v0.3.0
[INFO] [stderr]    Compiling rug v1.25.0
[INFO] [stderr]    Compiling oorandom v11.1.4
[INFO] [stderr]    Compiling rayon v1.10.0
[INFO] [stderr]    Compiling anes v0.1.6
[INFO] [stderr]    Compiling criterion-plot v0.5.0
[INFO] [stderr]    Compiling plotters-svg v0.3.6
[INFO] [stderr]    Compiling num-traits v0.2.19
[INFO] [stderr]    Compiling clap_builder v4.5.15
[INFO] [stderr]    Compiling getrandom v0.2.15
[INFO] [stderr]    Compiling is-terminal v0.4.13
[INFO] [stderr]    Compiling quote v1.0.36
[INFO] [stderr]    Compiling rand_core v0.6.4
[INFO] [stderr]    Compiling syn v2.0.74
[INFO] [stderr]    Compiling rand_xoshiro v0.6.0
[INFO] [stderr]    Compiling plotters v0.3.6
[INFO] [stderr]    Compiling regex-automata v0.4.7
[INFO] [stderr]    Compiling clap v4.5.16
[INFO] [stderr]    Compiling regex v1.10.6
[INFO] [stderr]    Compiling serde_derive v1.0.208
[INFO] [stderr]    Compiling zerocopy-derive v0.7.35
[INFO] [stderr]    Compiling zerocopy v0.7.35
[INFO] [stderr]    Compiling ppv-lite86 v0.2.20
[INFO] [stderr]    Compiling rand_chacha v0.3.1
[INFO] [stderr]    Compiling rand v0.8.5
[INFO] [stderr]    Compiling ciborium v0.2.2
[INFO] [stderr]    Compiling tinytemplate v1.2.1
[INFO] [stderr]    Compiling criterion v0.5.1
[INFO] [stderr]    Compiling ffnt v0.8.0 (/opt/rustwide/workdir)
[INFO] [stdout] error[E0433]: failed to resolve: use of undeclared crate or module `num_traits`
[INFO] [stdout]  --> examples/factorial.rs:3:5
[INFO] [stdout]   |
[INFO] [stdout] 3 | use num_traits::identities::{One, Zero};
[INFO] [stdout]   |     ^^^^^^^^^^ use of undeclared crate or module `num_traits`
[INFO] [stdout] 
[INFO] [stdout] 
[INFO] [stdout] error[E0433]: failed to resolve: use of undeclared crate or module `num_traits`
[INFO] [stdout]  --> examples/factorial_32.rs:3:5
[INFO] [stdout]   |
[INFO] [stdout] 3 | use num_traits::identities::{One, Zero};
[INFO] [stdout]   |     ^^^^^^^^^^ use of undeclared crate or module `num_traits`
[INFO] [stdout] 
[INFO] [stdout] 
[INFO] [stdout] error[E0433]: failed to resolve: use of undeclared crate or module `num_traits`
[INFO] [stdout]  --> examples/add_all_32.rs:3:5
[INFO] [stdout]   |
[INFO] [stdout] 3 | use num_traits::identities::Zero;
[INFO] [stdout]   |     ^^^^^^^^^^ use of undeclared crate or module `num_traits`
[INFO] [stdout] 
[INFO] [stdout] 
[INFO] [stdout] error[E0433]: failed to resolve: use of undeclared crate or module `num_traits`
[INFO] [stdout]  --> examples/add_all.rs:3:5
[INFO] [stdout]   |
[INFO] [stdout] 3 | use num_traits::identities::Zero;
[INFO] [stdout]   |     ^^^^^^^^^^ use of undeclared crate or module `num_traits`
[INFO] [stdout] 
[INFO] [stdout] 
[INFO] [stdout] error[E0433]: failed to resolve: use of undeclared crate or module `num_traits`
[INFO] [stdout]  --> examples/add_ptimes_32.rs:5:5
[INFO] [stdout]   |
[INFO] [stdout] 5 | use num_traits::identities::Zero;
[INFO] [stdout]   |     ^^^^^^^^^^ use of undeclared crate or module `num_traits`
[INFO] [stdout] 
[INFO] [stdout] 
[INFO] [stdout] error[E0433]: failed to resolve: use of undeclared crate or module `num_traits`
[INFO] [stdout]  --> examples/add_ptimes.rs:5:5
[INFO] [stdout]   |
[INFO] [stdout] 5 | use num_traits::identities::Zero;
[INFO] [stdout]   |     ^^^^^^^^^^ use of undeclared crate or module `num_traits`
[INFO] [stdout] 
[INFO] [stdout] 
[INFO] [stdout] error[E0599]: no function or associated item named `one` found for struct `Z64` in the current scope
[INFO] [stdout]   --> examples/factorial.rs:9:30
[INFO] [stdout]    |
[INFO] [stdout] 9  |     assert!((fac + Z64::<P>::one()).is_zero());
[INFO] [stdout]    |                              ^^^ function or associated item not found in `Z64<2147483647>`
[INFO] [stdout]    |
[INFO] [stdout] note: if you're trying to build a new `Z64<2147483647>` consider using one of the following associated functions:
[INFO] [stdout]       Z64::<P>::new
[INFO] [stdout]       Z64::<P>::new_unchecked
[INFO] [stdout]   --> /opt/rustwide/workdir/src/z64.rs:32:5
[INFO] [stdout]    |
[INFO] [stdout] 32 |     pub const fn new(z: i64) -> Self {
[INFO] [stdout]    |     ^^^^^^^^^^^^^^^^^^^^^^^^^^^^^^^^
[INFO] [stdout] ...
[INFO] [stdout] 45 |     pub const unsafe fn new_unchecked(z: u64) -> Self {
[INFO] [stdout]    |     ^^^^^^^^^^^^^^^^^^^^^^^^^^^^^^^^^^^^^^^^^^^^^^^^^
[INFO] [stdout] help: there is a method `ne` with a similar name, but with different arguments
[INFO] [stdout]   --> /rustc/df4ca44d3fbc9301ee17f30f4d474e6ae4b05252/library/core/src/cmp.rs:261:5
[INFO] [stdout] 
[INFO] [stdout] 
[INFO] [stdout] error[E0599]: no function or associated item named `one` found for struct `Z32` in the current scope
[INFO] [stdout]   --> examples/factorial_32.rs:9:30
[INFO] [stdout]    |
[INFO] [stdout] 9  |     assert!((fac + Z32::<P>::one()).is_zero());
[INFO] [stdout]    |                              ^^^ function or associated item not found in `Z32<1073741789>`
[INFO] [stdout]    |
[INFO] [stdout] note: if you're trying to build a new `Z32<1073741789>` consider using one of the following associated functions:
[INFO] [stdout]       Z32::<P>::new
[INFO] [stdout]       Z32::<P>::new_unchecked
[INFO] [stdout]   --> /opt/rustwide/workdir/src/z32.rs:33:5
[INFO] [stdout]    |
[INFO] [stdout] 33 |     pub const fn new(z: i32) -> Self {
[INFO] [stdout]    |     ^^^^^^^^^^^^^^^^^^^^^^^^^^^^^^^^
[INFO] [stdout] ...
[INFO] [stdout] 47 |     pub const unsafe fn new_unchecked(z: u32) -> Self {
[INFO] [stdout]    |     ^^^^^^^^^^^^^^^^^^^^^^^^^^^^^^^^^^^^^^^^^^^^^^^^^
[INFO] [stdout] help: there is a method `ne` with a similar name, but with different arguments
[INFO] [stdout]   --> /rustc/df4ca44d3fbc9301ee17f30f4d474e6ae4b05252/library/core/src/cmp.rs:261:5
[INFO] [stdout] 
[INFO] [stdout] 
[INFO] [stdout] error[E0599]: no method named `is_zero` found for struct `Z64` in the current scope
[INFO] [stdout]  --> examples/factorial.rs:9:37
[INFO] [stdout]   |
[INFO] [stdout] 9 |     assert!((fac + Z64::<P>::one()).is_zero());
[INFO] [stdout]   |                                     ^^^^^^^ method not found in `Z64<2147483647>`
[INFO] [stdout] 
[INFO] [stdout] 
[INFO] [stdout] error[E0599]: no method named `is_zero` found for struct `Z32` in the current scope
[INFO] [stdout]  --> examples/factorial_32.rs:9:37
[INFO] [stdout]   |
[INFO] [stdout] 9 |     assert!((fac + Z32::<P>::one()).is_zero());
[INFO] [stdout]   |                                     ^^^^^^^ method not found in `Z32<1073741789>`
[INFO] [stdout] 
[INFO] [stdout] 
[INFO] [stdout] error[E0599]: no method named `is_zero` found for struct `Z32` in the current scope
[INFO] [stdout]  --> examples/add_all_32.rs:9:17
[INFO] [stdout]   |
[INFO] [stdout] 9 |     assert!(sum.is_zero());
[INFO] [stdout]   |                 ^^^^^^^ method not found in `Z32<1073741789>`
[INFO] [stdout] 
[INFO] [stdout] 
[INFO] [stdout] Some errors have detailed explanations: E0433, E0599.
[INFO] [stdout] 
[INFO] [stdout] For more information about an error, try `rustc --explain E0433`.
[INFO] [stdout] 
[INFO] [stdout] Some errors have detailed explanations: E0433, E0599.
[INFO] [stdout] 
[INFO] [stdout] For more information about an error, try `rustc --explain E0433`.
[INFO] [stdout] 
[INFO] [stdout] Some errors have detailed explanations: E0433, E0599.
[INFO] [stdout] 
[INFO] [stdout] For more information about an error, try `rustc --explain E0433`.
[INFO] [stdout] 
[INFO] [stdout] error[E0277]: the trait bound `Standard: Distribution<Z64<8589934583>>` is not satisfied
[INFO] [stdout]   --> examples/add_ptimes.rs:13:28
[INFO] [stdout]    |
[INFO] [stdout] 13 |     let step: Z64<P> = rng.gen();
[INFO] [stdout]    |                            ^^^ the trait `Distribution<Z64<8589934583>>` is not implemented for `Standard`
[INFO] [stdout]    |
[INFO] [stdout]    = help: the following other types implement trait `Distribution<T>`:
[INFO] [stdout]              `Standard` implements `Distribution<()>`
[INFO] [stdout]              `Standard` implements `Distribution<(A, B)>`
[INFO] [stdout]              `Standard` implements `Distribution<(A, B, C)>`
[INFO] [stdout]              `Standard` implements `Distribution<(A, B, C, D)>`
[INFO] [stdout]              `Standard` implements `Distribution<(A, B, C, D, E)>`
[INFO] [stdout]              `Standard` implements `Distribution<(A, B, C, D, E, F)>`
[INFO] [stdout]              `Standard` implements `Distribution<(A, B, C, D, E, F, G)>`
[INFO] [stdout]              `Standard` implements `Distribution<(A, B, C, D, E, F, G, H)>`
[INFO] [stdout]            and 62 others
[INFO] [stdout] note: required by a bound in `gen`
[INFO] [stdout]   --> /opt/rustwide/cargo-home/registry/src/index.crates.io-6f17d22bba15001f/rand-0.8.5/src/rng.rs:94:21
[INFO] [stdout]    |
[INFO] [stdout] 93 |     fn gen<T>(&mut self) -> T
[INFO] [stdout]    |        --- required by a bound in this associated function
[INFO] [stdout] 94 |     where Standard: Distribution<T> {
[INFO] [stdout]    |                     ^^^^^^^^^^^^^^^ required by this bound in `Rng::gen`
[INFO] [stdout] 
[INFO] [stdout] 
[INFO] [stdout] error[E0277]: the trait bound `Standard: Distribution<Z32<1073741789>>` is not satisfied
[INFO] [stdout]   --> examples/add_ptimes_32.rs:13:28
[INFO] [stdout]    |
[INFO] [stdout] 13 |     let step: Z32<P> = rng.gen();
[INFO] [stdout]    |                            ^^^ the trait `Distribution<Z32<1073741789>>` is not implemented for `Standard`
[INFO] [stdout]    |
[INFO] [stdout]    = help: the following other types implement trait `Distribution<T>`:
[INFO] [stdout]              `Standard` implements `Distribution<()>`
[INFO] [stdout]              `Standard` implements `Distribution<(A, B)>`
[INFO] [stdout]              `Standard` implements `Distribution<(A, B, C)>`
[INFO] [stdout]              `Standard` implements `Distribution<(A, B, C, D)>`
[INFO] [stdout]              `Standard` implements `Distribution<(A, B, C, D, E)>`
[INFO] [stdout]              `Standard` implements `Distribution<(A, B, C, D, E, F)>`
[INFO] [stdout]              `Standard` implements `Distribution<(A, B, C, D, E, F, G)>`
[INFO] [stdout]              `Standard` implements `Distribution<(A, B, C, D, E, F, G, H)>`
[INFO] [stdout]            and 62 others
[INFO] [stdout] note: required by a bound in `gen`
[INFO] [stdout]   --> /opt/rustwide/cargo-home/registry/src/index.crates.io-6f17d22bba15001f/rand-0.8.5/src/rng.rs:94:21
[INFO] [stdout]    |
[INFO] [stdout] 93 |     fn gen<T>(&mut self) -> T
[INFO] [stdout]    |        --- required by a bound in this associated function
[INFO] [stdout] 94 |     where Standard: Distribution<T> {
[INFO] [stdout]    |                     ^^^^^^^^^^^^^^^ required by this bound in `Rng::gen`
[INFO] [stdout] 
[INFO] [stdout] 
[INFO] [stderr] error: could not compile `ffnt` (example "factorial") due to 3 previous errors
[INFO] [stderr] warning: build failed, waiting for other jobs to finish...
[INFO] [stderr] error: could not compile `ffnt` (example "add_all_32") due to 2 previous errors
[INFO] [stderr] error: could not compile `ffnt` (example "factorial_32") due to 3 previous errors
[INFO] [stdout] error[E0599]: no method named `is_zero` found for struct `Z64` in the current scope
[INFO] [stdout]  --> examples/add_all.rs:9:17
[INFO] [stdout]   |
[INFO] [stdout] 9 |     assert!(sum.is_zero());
[INFO] [stdout]   |                 ^^^^^^^ method not found in `Z64<8589934583>`
[INFO] [stdout] 
[INFO] [stdout] 
[INFO] [stdout] Some errors have detailed explanations: E0433, E0599.
[INFO] [stdout] 
[INFO] [stdout] For more information about an error, try `rustc --explain E0433`.
[INFO] [stdout] 
[INFO] [stdout] error[E0599]: no method named `is_zero` found for struct `Z64` in the current scope
[INFO] [stdout]   --> examples/add_ptimes.rs:18:17
[INFO] [stdout]    |
[INFO] [stdout] 18 |     assert!(sum.is_zero());
[INFO] [stdout]    |                 ^^^^^^^ method not found in `Z64<8589934583>`
[INFO] [stdout] 
[INFO] [stdout] 
[INFO] [stdout] Some errors have detailed explanations: E0277, E0433, E0599.
[INFO] [stdout] 
[INFO] [stdout] For more information about an error, try `rustc --explain E0277`.
[INFO] [stdout] 
[INFO] [stdout] error[E0599]: no method named `is_zero` found for struct `Z32` in the current scope
[INFO] [stdout]   --> examples/add_ptimes_32.rs:18:17
[INFO] [stdout]    |
[INFO] [stdout] 18 |     assert!(sum.is_zero());
[INFO] [stdout]    |                 ^^^^^^^ method not found in `Z32<1073741789>`
[INFO] [stdout] 
[INFO] [stdout] 
[INFO] [stderr] error: could not compile `ffnt` (example "add_all") due to 2 previous errors
[INFO] [stderr] error: could not compile `ffnt` (example "add_ptimes") due to 3 previous errors
[INFO] [stdout] Some errors have detailed explanations: E0277, E0433, E0599.
[INFO] [stdout] 
[INFO] [stdout] For more information about an error, try `rustc --explain E0277`.
[INFO] [stdout] 
[INFO] [stderr] error: could not compile `ffnt` (example "add_ptimes_32") due to 3 previous errors
[INFO] running `Command { std: "docker" "inspect" "d1a1c665f81760402a41596f57dc18828ab5a0f36210965cbce6fcc769099efe", kill_on_drop: false }`
[INFO] running `Command { std: "docker" "rm" "-f" "d1a1c665f81760402a41596f57dc18828ab5a0f36210965cbce6fcc769099efe", kill_on_drop: false }`
[INFO] [stdout] d1a1c665f81760402a41596f57dc18828ab5a0f36210965cbce6fcc769099efe
