[INFO] fetching crate fenris 0.0.33...
[INFO] testing fenris-0.0.33 against nightly-2024-10-28+rustflags=-Zrandomize-layout for randomize-layout
[INFO] extracting crate fenris 0.0.33 into /workspace/builds/worker-1-tc2/source
[INFO] validating manifest of crates.io crate fenris 0.0.33 on toolchain nightly-2024-10-28
[INFO] running `Command { std: CARGO_HOME="/workspace/cargo-home" RUSTUP_HOME="/workspace/rustup-home" "/workspace/cargo-home/bin/cargo" "+nightly-2024-10-28" "metadata" "--manifest-path" "Cargo.toml" "--no-deps", kill_on_drop: false }`
[INFO] started tweaking crates.io crate fenris 0.0.33
[INFO] finished tweaking crates.io crate fenris 0.0.33
[INFO] tweaked toml for crates.io crate fenris 0.0.33 written to /workspace/builds/worker-1-tc2/source/Cargo.toml
[INFO] crate crates.io crate fenris 0.0.33 already has a lockfile, it will not be regenerated
[INFO] running `Command { std: CARGO_HOME="/workspace/cargo-home" RUSTUP_HOME="/workspace/rustup-home" "/workspace/cargo-home/bin/cargo" "+nightly-2024-10-28" "fetch" "--manifest-path" "Cargo.toml", kill_on_drop: false }`
[INFO] running `Command { std: "docker" "create" "-v" "/var/lib/crater-agent-workspace/builds/worker-1-tc2/target:/opt/rustwide/target:rw,Z" "-v" "/var/lib/crater-agent-workspace/builds/worker-1-tc2/source:/opt/rustwide/workdir:ro,Z" "-v" "/var/lib/crater-agent-workspace/cargo-home:/opt/rustwide/cargo-home:ro,Z" "-v" "/var/lib/crater-agent-workspace/rustup-home:/opt/rustwide/rustup-home:ro,Z" "-e" "SOURCE_DIR=/opt/rustwide/workdir" "-e" "CARGO_TARGET_DIR=/opt/rustwide/target" "-e" "CARGO_HOME=/opt/rustwide/cargo-home" "-e" "RUSTUP_HOME=/opt/rustwide/rustup-home" "-w" "/opt/rustwide/workdir" "-m" "1610612736" "--user" "0:0" "--network" "none" "ghcr.io/rust-lang/crates-build-env/linux@sha256:4a844ea9eb2546a2d2c7022eacef16ef2e8229c7fbb2c7d4d55a9ceca922f72d" "/opt/rustwide/cargo-home/bin/cargo" "+nightly-2024-10-28" "metadata" "--no-deps" "--format-version=1", kill_on_drop: false }`
[INFO] [stdout] af3d598ef06265c8831166cf1192280114af00be9270f2ad51b1ea3d51ba4ec4
[INFO] running `Command { std: "docker" "start" "-a" "af3d598ef06265c8831166cf1192280114af00be9270f2ad51b1ea3d51ba4ec4", kill_on_drop: false }`
[INFO] running `Command { std: "docker" "inspect" "af3d598ef06265c8831166cf1192280114af00be9270f2ad51b1ea3d51ba4ec4", kill_on_drop: false }`
[INFO] running `Command { std: "docker" "rm" "-f" "af3d598ef06265c8831166cf1192280114af00be9270f2ad51b1ea3d51ba4ec4", kill_on_drop: false }`
[INFO] [stdout] af3d598ef06265c8831166cf1192280114af00be9270f2ad51b1ea3d51ba4ec4
[INFO] running `Command { std: "docker" "create" "-v" "/var/lib/crater-agent-workspace/builds/worker-1-tc2/target:/opt/rustwide/target:rw,Z" "-v" "/var/lib/crater-agent-workspace/builds/worker-1-tc2/source:/opt/rustwide/workdir:ro,Z" "-v" "/var/lib/crater-agent-workspace/cargo-home:/opt/rustwide/cargo-home:ro,Z" "-v" "/var/lib/crater-agent-workspace/rustup-home:/opt/rustwide/rustup-home:ro,Z" "-e" "SOURCE_DIR=/opt/rustwide/workdir" "-e" "CARGO_TARGET_DIR=/opt/rustwide/target" "-e" "CARGO_INCREMENTAL=0" "-e" "RUST_BACKTRACE=full" "-e" "RUSTFLAGS=--cap-lints=forbid -Zrandomize-layout" "-e" "RUSTDOCFLAGS=--cap-lints=forbid" "-e" "CARGO_HOME=/opt/rustwide/cargo-home" "-e" "RUSTUP_HOME=/opt/rustwide/rustup-home" "-w" "/opt/rustwide/workdir" "-m" "1610612736" "--user" "0:0" "--network" "none" "ghcr.io/rust-lang/crates-build-env/linux@sha256:4a844ea9eb2546a2d2c7022eacef16ef2e8229c7fbb2c7d4d55a9ceca922f72d" "/opt/rustwide/cargo-home/bin/cargo" "+nightly-2024-10-28" "build" "--frozen" "--message-format=json", kill_on_drop: false }`
[INFO] [stdout] 6e4f8b337e5005d6a31243b35d2eea8b84a653dc9c1904851d14fc030dd8da9e
[INFO] running `Command { std: "docker" "start" "-a" "6e4f8b337e5005d6a31243b35d2eea8b84a653dc9c1904851d14fc030dd8da9e", kill_on_drop: false }`
[INFO] [stderr]    Compiling autocfg v1.1.0
[INFO] [stderr]    Compiling proc-macro2 v1.0.66
[INFO] [stderr]    Compiling unicode-ident v1.0.11
[INFO] [stderr]    Compiling cfg-if v1.0.0
[INFO] [stderr]    Compiling libm v0.2.7
[INFO] [stderr]    Compiling libc v0.2.147
[INFO] [stderr]    Compiling serde v1.0.171
[INFO] [stderr]    Compiling syn v1.0.109
[INFO] [stderr]    Compiling scopeguard v1.2.0
[INFO] [stderr]    Compiling bytemuck v1.13.1
[INFO] [stderr]    Compiling crossbeam-utils v0.8.16
[INFO] [stderr]    Compiling paste v1.0.14
[INFO] [stderr]    Compiling typenum v1.16.0
[INFO] [stderr]    Compiling bitflags v1.3.2
[INFO] [stderr]    Compiling byteorder v1.4.3
[INFO] [stderr]    Compiling io-lifetimes v1.0.11
[INFO] [stderr]    Compiling rawpointer v0.2.1
[INFO] [stderr]    Compiling semver v1.0.18
[INFO] [stderr]    Compiling memchr v2.5.0
[INFO] [stderr]    Compiling either v1.8.1
[INFO] [stderr]    Compiling rustix v0.37.23
[INFO] [stderr]    Compiling safe_arch v0.7.1
[INFO] [stderr]    Compiling matrixcompare-core v0.1.0
[INFO] [stderr]    Compiling cc v1.0.79
[INFO] [stderr]    Compiling pkg-config v0.3.27
[INFO] [stderr]    Compiling rayon-core v1.11.0
[INFO] [stderr]    Compiling linux-raw-sys v0.3.8
[INFO] [stderr]    Compiling num-traits v0.2.15
[INFO] [stderr]    Compiling num-integer v0.1.45
[INFO] [stderr]    Compiling num-bigint v0.4.3
[INFO] [stderr]    Compiling num-rational v0.4.1
[INFO] [stderr]    Compiling memoffset v0.9.0
[INFO] [stderr]    Compiling matrixmultiply v0.3.7
[INFO] [stderr]    Compiling wide v0.7.11
[INFO] [stderr]    Compiling quote v1.0.31
[INFO] [stderr]    Compiling crossbeam-epoch v0.9.15
[INFO] [stderr]    Compiling num-iter v0.1.43
[INFO] [stderr]    Compiling lock_api v0.4.10
[INFO] [stderr]    Compiling syn v2.0.26
[INFO] [stderr]    Compiling tempfile v3.6.0
[INFO] [stderr]    Compiling num-bigint v0.3.3
[INFO] [stderr]    Compiling crossbeam-channel v0.5.8
[INFO] [stderr]    Compiling rustc_version v0.4.0
[INFO] [stderr]    Compiling num-rational v0.3.2
[INFO] [stderr]    Compiling lexical-core v0.7.6
[INFO] [stderr]    Compiling crc32fast v1.3.2
[INFO] [stderr]    Compiling ppv-lite86 v0.2.17
[INFO] [stderr]    Compiling fastrand v1.9.0
[INFO] [stderr]    Compiling version_check v0.9.4
[INFO] [stderr]    Compiling crossbeam-deque v0.8.3
[INFO] [stderr]    Compiling heapless v0.7.16
[INFO] [stderr]    Compiling fnv v1.0.7
[INFO] [stderr]    Compiling quick-error v1.2.3
[INFO] [stderr]    Compiling smallvec v1.11.0
[INFO] [stderr]    Compiling arrayvec v0.5.2
[INFO] [stderr]    Compiling lzma-sys v0.1.20
[INFO] [stderr]    Compiling polyquad-parse v0.1.0
[INFO] [stderr]    Compiling getrandom v0.2.10
[INFO] [stderr]    Compiling num_cpus v1.16.0
[INFO] [stderr]    Compiling approx v0.5.1
[INFO] [stderr]    Compiling nom v5.1.3
[INFO] [stderr]    Compiling wait-timeout v0.2.0
[INFO] [stderr]    Compiling rand_core v0.6.4
[INFO] [stderr]    Compiling adler v1.0.2
[INFO] [stderr]    Compiling bit-vec v0.6.3
[INFO] [stderr]    Compiling parking_lot_core v0.9.8
[INFO] [stderr]    Compiling ryu v1.0.15
[INFO] [stderr]    Compiling thiserror v1.0.43
[INFO] [stderr]    Compiling static_assertions v1.1.0
[INFO] [stderr]    Compiling rand_chacha v0.3.1
[INFO] [stderr]    Compiling rand_xorshift v0.3.0
[INFO] [stderr]    Compiling bit-set v0.5.3
[INFO] [stderr]    Compiling miniz_oxide v0.7.1
[INFO] [stderr]    Compiling fenris-quadrature v0.0.4
[INFO] [stderr]    Compiling num-complex v0.3.1
[INFO] [stderr]    Compiling memchr v1.0.2
[INFO] [stderr]    Compiling rand v0.8.5
[INFO] [stderr]    Compiling spin v0.9.8
[INFO] [stderr]    Compiling itertools v0.10.5
[INFO] [stderr]    Compiling hash32 v0.2.1
[INFO] [stderr]    Compiling eyre v0.6.8
[INFO] [stderr]    Compiling unarray v0.1.4
[INFO] [stderr]    Compiling regex-syntax v0.6.29
[INFO] [stderr]    Compiling lazy_static v1.4.0
[INFO] [stderr]    Compiling stable_deref_trait v1.2.0
[INFO] [stderr]    Compiling rayon v1.7.0
[INFO] [stderr]    Compiling once_cell v1.18.0
[INFO] [stderr]    Compiling flate2 v1.0.26
[INFO] [stderr]    Compiling nom v3.2.1
[INFO] [stderr]    Compiling xz2 v0.1.7
[INFO] [stderr]    Compiling indenter v0.3.3
[INFO] [stderr]    Compiling lz4_flex v0.7.5
[INFO] [stderr]    Compiling base64 v0.13.1
[INFO] [stderr]    Compiling log v0.4.19
[INFO] [stderr]    Compiling rstar v0.10.0
[INFO] [stderr]    Compiling parking_lot v0.12.1
[INFO] [stderr]    Compiling thread_local v1.1.7
[INFO] [stderr]    Compiling ordered-float v3.7.0
[INFO] [stderr]    Compiling serde_derive v1.0.171
[INFO] [stderr]    Compiling thiserror-impl v1.0.43
[INFO] [stderr]    Compiling num v0.3.1
[INFO] [stderr]    Compiling fxhash v0.2.1
[INFO] [stderr]    Compiling davenport v0.1.1
[INFO] [stderr]    Compiling rustc-hash v1.1.0
[INFO] [stderr]    Compiling rusty-fork v0.3.0
[INFO] [stderr]    Compiling proptest v1.2.0
[INFO] [stderr]    Compiling nalgebra-macros v0.2.1
[INFO] [stderr]    Compiling numeric_literals v0.2.0
[INFO] [stderr]    Compiling num-derive v0.3.3
[INFO] [stderr]    Compiling mshio v0.4.2
[INFO] [stderr]    Compiling num-complex v0.4.3
[INFO] [stderr]    Compiling fenris-nested-vec v0.0.1
[INFO] [stderr]    Compiling quick-xml v0.22.0
[INFO] [stderr]    Compiling fenris-paradis v0.0.3
[INFO] [stderr]    Compiling simba v0.8.1
[INFO] [stderr]    Compiling num v0.4.1
[INFO] [stderr]    Compiling vtkio v0.6.3
[INFO] [stderr]    Compiling nalgebra v0.32.3
[INFO] [stderr]    Compiling fenris-traits v0.0.2
[INFO] [stderr]    Compiling nalgebra-sparse v0.9.0
[INFO] [stderr]    Compiling fenris-geometry v0.0.6
[INFO] [stderr]    Compiling fenris-optimize v0.0.3
[INFO] [stderr]    Compiling fenris-sparse v0.0.5
[INFO] [stderr]    Compiling fenris v0.0.33 (/opt/rustwide/workdir)
[INFO] [stderr]     Finished `dev` profile [unoptimized + debuginfo] target(s) in 28.20s
[INFO] [stderr] warning: the following packages contain code that will be rejected by a future version of Rust: nom v3.2.1, quick-xml v0.22.0
[INFO] [stderr] note: to see what the problems were, use the option `--future-incompat-report`, or run `cargo report future-incompatibilities --id 1`
[INFO] running `Command { std: "docker" "inspect" "6e4f8b337e5005d6a31243b35d2eea8b84a653dc9c1904851d14fc030dd8da9e", kill_on_drop: false }`
[INFO] running `Command { std: "docker" "rm" "-f" "6e4f8b337e5005d6a31243b35d2eea8b84a653dc9c1904851d14fc030dd8da9e", kill_on_drop: false }`
[INFO] [stdout] 6e4f8b337e5005d6a31243b35d2eea8b84a653dc9c1904851d14fc030dd8da9e
[INFO] running `Command { std: "docker" "create" "-v" "/var/lib/crater-agent-workspace/builds/worker-1-tc2/target:/opt/rustwide/target:rw,Z" "-v" "/var/lib/crater-agent-workspace/builds/worker-1-tc2/source:/opt/rustwide/workdir:ro,Z" "-v" "/var/lib/crater-agent-workspace/cargo-home:/opt/rustwide/cargo-home:ro,Z" "-v" "/var/lib/crater-agent-workspace/rustup-home:/opt/rustwide/rustup-home:ro,Z" "-e" "SOURCE_DIR=/opt/rustwide/workdir" "-e" "CARGO_TARGET_DIR=/opt/rustwide/target" "-e" "CARGO_INCREMENTAL=0" "-e" "RUST_BACKTRACE=full" "-e" "RUSTFLAGS=--cap-lints=forbid -Zrandomize-layout" "-e" "RUSTDOCFLAGS=--cap-lints=forbid" "-e" "CARGO_HOME=/opt/rustwide/cargo-home" "-e" "RUSTUP_HOME=/opt/rustwide/rustup-home" "-w" "/opt/rustwide/workdir" "-m" "1610612736" "--user" "0:0" "--network" "none" "ghcr.io/rust-lang/crates-build-env/linux@sha256:4a844ea9eb2546a2d2c7022eacef16ef2e8229c7fbb2c7d4d55a9ceca922f72d" "/opt/rustwide/cargo-home/bin/cargo" "+nightly-2024-10-28" "test" "--frozen" "--no-run" "--message-format=json", kill_on_drop: false }`
[INFO] [stdout] 10d01099adcfdcbfa48da7542e7d100cb3a34777229cc52f345bafb677b16cd7
[INFO] running `Command { std: "docker" "start" "-a" "10d01099adcfdcbfa48da7542e7d100cb3a34777229cc52f345bafb677b16cd7", kill_on_drop: false }`
[INFO] [stderr]    Compiling serde v1.0.171
[INFO] [stderr]    Compiling indexmap v1.9.3
[INFO] [stderr]    Compiling serde_json v1.0.103
[INFO] [stderr]    Compiling itoa v1.0.9
[INFO] [stderr]    Compiling regex-syntax v0.7.4
[INFO] [stderr]    Compiling ciborium-io v0.2.1
[INFO] [stderr]    Compiling plotters-backend v0.3.5
[INFO] [stderr]    Compiling os_str_bytes v6.5.1
[INFO] [stderr]    Compiling hashbrown v0.12.3
[INFO] [stderr]    Compiling half v1.8.2
[INFO] [stderr]    Compiling cast v0.3.0
[INFO] [stderr]    Compiling linked-hash-map v0.5.6
[INFO] [stderr]    Compiling same-file v1.0.6
[INFO] [stderr]    Compiling textwrap v0.16.0
[INFO] [stderr]    Compiling console v0.15.7
[INFO] [stderr]    Compiling atty v0.2.14
[INFO] [stderr]    Compiling oorandom v11.1.3
[INFO] [stderr]    Compiling similar v2.2.1
[INFO] [stderr]    Compiling walkdir v2.3.3
[INFO] [stderr]    Compiling anes v0.1.6
[INFO] [stderr]    Compiling matrixcompare v0.3.0
[INFO] [stderr]    Compiling criterion-plot v0.5.0
[INFO] [stderr]    Compiling clap_lex v0.2.4
[INFO] [stderr]    Compiling plotters-svg v0.3.5
[INFO] [stderr]    Compiling ciborium-ll v0.2.1
[INFO] [stderr]    Compiling yaml-rust v0.4.5
[INFO] [stderr]    Compiling plotters v0.3.5
[INFO] [stderr]    Compiling insta v1.31.0
[INFO] [stderr]    Compiling clap v3.2.25
[INFO] [stderr]    Compiling regex-automata v0.3.3
[INFO] [stderr]    Compiling regex v1.9.1
[INFO] [stderr]    Compiling num-complex v0.4.3
[INFO] [stderr]    Compiling fenris-nested-vec v0.0.1
[INFO] [stderr]    Compiling quick-xml v0.22.0
[INFO] [stderr]    Compiling ciborium v0.2.1
[INFO] [stderr]    Compiling fenris-paradis v0.0.3
[INFO] [stderr]    Compiling simba v0.8.1
[INFO] [stderr]    Compiling num v0.4.1
[INFO] [stderr]    Compiling vtkio v0.6.3
[INFO] [stderr]    Compiling tinytemplate v1.2.1
[INFO] [stderr]    Compiling criterion v0.4.0
[INFO] [stderr]    Compiling nalgebra v0.32.3
[INFO] [stderr]    Compiling fenris-traits v0.0.2
[INFO] [stderr]    Compiling nalgebra-sparse v0.9.0
[INFO] [stderr]    Compiling fenris-optimize v0.0.3
[INFO] [stderr]    Compiling fenris-geometry v0.0.6
[INFO] [stderr]    Compiling fenris-sparse v0.0.5
[INFO] [stderr]    Compiling fenris v0.0.33 (/opt/rustwide/workdir)
[INFO] [stdout] error[E0432]: unresolved import `nalgebra::proptest`
[INFO] [stdout]    --> tests/integration_tests/interpolation.rs:18:15
[INFO] [stdout]     |
[INFO] [stdout] 18  | use nalgebra::proptest::vector;
[INFO] [stdout]     |               ^^^^^^^^ could not find `proptest` in `nalgebra`
[INFO] [stdout]     |
[INFO] [stdout] note: found an item that was configured out
[INFO] [stdout]    --> /opt/rustwide/cargo-home/registry/src/index.crates.io-6f17d22bba15001f/nalgebra-0.32.3/src/lib.rs:141:9
[INFO] [stdout]     |
[INFO] [stdout] 141 | pub mod proptest;
[INFO] [stdout]     |         ^^^^^^^^
[INFO] [stdout] note: the item is gated behind the `proptest-support` feature
[INFO] [stdout]    --> /opt/rustwide/cargo-home/registry/src/index.crates.io-6f17d22bba15001f/nalgebra-0.32.3/src/lib.rs:140:7
[INFO] [stdout]     |
[INFO] [stdout] 140 | #[cfg(feature = "proptest-support")]
[INFO] [stdout]     |       ^^^^^^^^^^^^^^^^^^^^^^^^^^^^
[INFO] [stdout] 
[INFO] [stdout] 
[INFO] [stdout] error[E0432]: unresolved import `util`
[INFO] [stdout]   --> tests/integration_tests/interpolation.rs:26:5
[INFO] [stdout]    |
[INFO] [stdout] 26 | use util::flatten_vertically;
[INFO] [stdout]    |     ^^^^ help: a similar path exists: `fenris_geometry::util`
[INFO] [stdout] 
[INFO] [stdout] 
[INFO] [stdout] error[E0432]: unresolved import `fenris::geometry::proptest`
[INFO] [stdout]  --> tests/unit_tests/element/quadrilateral.rs:5:23
[INFO] [stdout]   |
[INFO] [stdout] 5 | use fenris::geometry::proptest::nondegenerate_convex_quad2d_strategy_f64;
[INFO] [stdout]   |                       ^^^^^^^^ could not find `proptest` in `geometry`
[INFO] [stdout] 
[INFO] [stdout] 
[INFO] [stdout] error[E0432]: unresolved import `fenris::util::proptest`
[INFO] [stdout]    --> tests/unit_tests/element/segment.rs:5:19
[INFO] [stdout]     |
[INFO] [stdout] 5   | use fenris::util::proptest::point2_f64_strategy;
[INFO] [stdout]     |                   ^^^^^^^^ could not find `proptest` in `util`
[INFO] [stdout]     |
[INFO] [stdout] note: found an item that was configured out
[INFO] [stdout]    --> /opt/rustwide/workdir/src/util.rs:541:9
[INFO] [stdout]     |
[INFO] [stdout] 541 | pub mod proptest {
[INFO] [stdout]     |         ^^^^^^^^
[INFO] [stdout] note: the item is gated behind the `proptest` feature
[INFO] [stdout]    --> /opt/rustwide/workdir/src/util.rs:540:7
[INFO] [stdout]     |
[INFO] [stdout] 540 | #[cfg(feature = "proptest")]
[INFO] [stdout]     |       ^^^^^^^^^^^^^^^^^^^^
[INFO] [stdout] 
[INFO] [stdout] 
[INFO] [stdout] error[E0432]: unresolved import `fenris::geometry::proptest`
[INFO] [stdout]  --> tests/unit_tests/element/triangle.rs:6:23
[INFO] [stdout]   |
[INFO] [stdout] 6 | use fenris::geometry::proptest::clockwise_triangle2d_strategy_f64;
[INFO] [stdout]   |                       ^^^^^^^^ could not find `proptest` in `geometry`
[INFO] [stdout] 
[INFO] [stdout] 
[INFO] [stdout] error[E0432]: unresolved import `fenris::proptest`
[INFO] [stdout]   --> tests/unit_tests/mesh.rs:9:13
[INFO] [stdout]    |
[INFO] [stdout] 9  | use fenris::proptest::rectangular_uniform_mesh_strategy;
[INFO] [stdout]    |             ^^^^^^^^ could not find `proptest` in `fenris`
[INFO] [stdout]    |
[INFO] [stdout] note: found an item that was configured out
[INFO] [stdout]   --> /opt/rustwide/workdir/src/lib.rs:27:9
[INFO] [stdout]    |
[INFO] [stdout] 27 | pub mod proptest;
[INFO] [stdout]    |         ^^^^^^^^
[INFO] [stdout] note: the item is gated behind the `proptest` feature
[INFO] [stdout]   --> /opt/rustwide/workdir/src/lib.rs:26:7
[INFO] [stdout]    |
[INFO] [stdout] 26 | #[cfg(feature = "proptest")]
[INFO] [stdout]    |       ^^^^^^^^^^^^^^^^^^^^
[INFO] [stdout] 
[INFO] [stdout] 
[INFO] [stdout] error[E0432]: unresolved import `util`
[INFO] [stdout]   --> tests/unit_tests/element.rs:17:5
[INFO] [stdout]    |
[INFO] [stdout] 17 | use util::assert_approx_matrix_eq;
[INFO] [stdout]    |     ^^^^ help: a similar path exists: `fenris_geometry::util`
[INFO] [stdout] 
[INFO] [stdout] 
[INFO] [stdout] error[E0432]: unresolved import `util`
[INFO] [stdout]   --> tests/unit_tests/element/hexahedron.rs:16:5
[INFO] [stdout]    |
[INFO] [stdout] 16 | use util::assert_approx_matrix_eq;
[INFO] [stdout]    |     ^^^^ help: a similar path exists: `fenris_geometry::util`
[INFO] [stdout] 
[INFO] [stdout] 
[INFO] [stdout] error[E0432]: unresolved import `util`
[INFO] [stdout]   --> tests/unit_tests/element/quadrilateral.rs:16:5
[INFO] [stdout]    |
[INFO] [stdout] 16 | use util::assert_approx_matrix_eq;
[INFO] [stdout]    |     ^^^^ help: a similar path exists: `fenris_geometry::util`
[INFO] [stdout] 
[INFO] [stdout] 
[INFO] [stdout] error[E0432]: unresolved import `util`
[INFO] [stdout]   --> tests/unit_tests/element/segment.rs:10:5
[INFO] [stdout]    |
[INFO] [stdout] 10 | use util::assert_approx_matrix_eq;
[INFO] [stdout]    |     ^^^^ help: a similar path exists: `fenris_geometry::util`
[INFO] [stdout] 
[INFO] [stdout] 
[INFO] [stdout] error[E0432]: unresolved import `util`
[INFO] [stdout]   --> tests/unit_tests/element/tetrahedron.rs:23:5
[INFO] [stdout]    |
[INFO] [stdout] 23 | use util::assert_approx_matrix_eq;
[INFO] [stdout]    |     ^^^^ help: a similar path exists: `fenris_geometry::util`
[INFO] [stdout] 
[INFO] [stdout] 
[INFO] [stdout] error[E0432]: unresolved import `util`
[INFO] [stdout]   --> tests/unit_tests/element/triangle.rs:22:5
[INFO] [stdout]    |
[INFO] [stdout] 22 | use util::assert_approx_matrix_eq;
[INFO] [stdout]    |     ^^^^ help: a similar path exists: `fenris_geometry::util`
[INFO] [stdout] 
[INFO] [stdout] 
[INFO] [stdout] error[E0432]: unresolved import `util`
[INFO] [stdout]   --> tests/unit_tests/error.rs:19:5
[INFO] [stdout]    |
[INFO] [stdout] 19 | use util::flatten_vertically;
[INFO] [stdout]    |     ^^^^ help: a similar path exists: `fenris_geometry::util`
[INFO] [stdout] 
[INFO] [stdout] 
[INFO] [stdout] error[E0432]: unresolved import `util`
[INFO] [stdout]  --> tests/unit_tests/fe_mesh.rs:7:5
[INFO] [stdout]   |
[INFO] [stdout] 7 | use util::assert_approx_matrix_eq;
[INFO] [stdout]   |     ^^^^ help: a similar path exists: `fenris_geometry::util`
[INFO] [stdout] 
[INFO] [stdout] 
[INFO] [stdout] warning: unused import: `Vector3`
[INFO] [stdout]   --> tests/unit_tests/element/tetrahedron.rs:18:95
[INFO] [stdout]    |
[INFO] [stdout] 18 |     distance, point, DVectorView, DimName, Dyn, MatrixView, OMatrix, OPoint, Point3, Vector1, Vector3, U1, U10, U20,
[INFO] [stdout]    |                                                                                               ^^^^^^^
[INFO] [stdout]    |
[INFO] [stdout]    = note: `#[warn(unused_imports)]` on by default
[INFO] [stdout] 
[INFO] [stdout] 
[INFO] [stdout] warning: unused import: `Vector2`
[INFO] [stdout]  --> tests/unit_tests/fe_mesh.rs:2:32
[INFO] [stdout]   |
[INFO] [stdout] 2 | use nalgebra::{Point2, Point3, Vector2, Vector3};
[INFO] [stdout]   |                                ^^^^^^^
[INFO] [stdout] 
[INFO] [stdout] 
[INFO] [stdout] error[E0277]: the size for values of type `[OPoint<f64, Const<2>>]` cannot be known at compilation time
[INFO] [stdout]    --> tests/integration_tests/interpolation.rs:400:9
[INFO] [stdout]     |
[INFO] [stdout] 400 |         points in vec(point_in_unit_square(), 0 .. 20),
[INFO] [stdout]     |         ^^^^^^ doesn't have a size known at compile-time
[INFO] [stdout]     |
[INFO] [stdout]     = help: the trait `Sized` is not implemented for `[OPoint<f64, Const<2>>]`
[INFO] [stdout]     = note: all local variables must have a statically known size
[INFO] [stdout]     = help: unsized locals are gated as an unstable feature
[INFO] [stdout] 
[INFO] [stdout] 
[INFO] [stdout] error[E0277]: the size for values of type `[OPoint<f64, Const<3>>]` cannot be known at compilation time
[INFO] [stdout]    --> tests/integration_tests/interpolation.rs:434:9
[INFO] [stdout]     |
[INFO] [stdout] 434 |         points in vec(point_in_unit_cube(), 0 .. 20),
[INFO] [stdout]     |         ^^^^^^ doesn't have a size known at compile-time
[INFO] [stdout]     |
[INFO] [stdout]     = help: the trait `Sized` is not implemented for `[OPoint<f64, Const<3>>]`
[INFO] [stdout]     = note: all local variables must have a statically known size
[INFO] [stdout]     = help: unsized locals are gated as an unstable feature
[INFO] [stdout] 
[INFO] [stdout] 
[INFO] [stdout] Some errors have detailed explanations: E0277, E0432.
[INFO] [stdout] 
[INFO] [stdout] For more information about an error, try `rustc --explain E0277`.
[INFO] [stdout] 
[INFO] [stderr] error: could not compile `fenris` (test "integration") due to 4 previous errors
[INFO] [stderr] warning: build failed, waiting for other jobs to finish...
[INFO] [stdout] error[E0277]: the trait bound `fenris::element::Tet4Element<f64>: proptest::arbitrary::Arbitrary` is not satisfied
[INFO] [stdout]    --> tests/unit_tests/element/tetrahedron.rs:148:60
[INFO] [stdout]     |
[INFO] [stdout] 148 |     fn tet4_affine_function_error_is_zero(element in any::<Tet4Element<f64>>()) {
[INFO] [stdout]     |                                                            ^^^^^^^^^^^^^^^^ the trait `proptest::arbitrary::Arbitrary` is not implemented for `fenris::element::Tet4Element<f64>`
[INFO] [stdout]     |
[INFO] [stdout]     = help: the following other types implement trait `proptest::arbitrary::Arbitrary`:
[INFO] [stdout]               ()
[INFO] [stdout]               (SyncSender<A>, std::sync::mpsc::IntoIter<A>)
[INFO] [stdout]               (SyncSender<A>, std::sync::mpsc::Receiver<A>)
[INFO] [stdout]               (T0, T1)
[INFO] [stdout]               (T0, T1, T2)
[INFO] [stdout]               (T0, T1, T2, T3)
[INFO] [stdout]               (T0, T1, T2, T3, T4)
[INFO] [stdout]               (T0, T1, T2, T3, T4, T5)
[INFO] [stdout]             and 182 others
[INFO] [stdout] note: required by a bound in `proptest::arbitrary::any`
[INFO] [stdout]    --> /opt/rustwide/cargo-home/registry/src/index.crates.io-6f17d22bba15001f/proptest-1.2.0/src/arbitrary/traits.rs:159:15
[INFO] [stdout]     |
[INFO] [stdout] 159 | pub fn any<A: Arbitrary>() -> StrategyFor<A> {
[INFO] [stdout]     |               ^^^^^^^^^ required by this bound in `any`
[INFO] [stdout] 
[INFO] [stdout] 
[INFO] [stdout] error[E0277]: the trait bound `fenris::element::Tet4Element<f64>: proptest::arbitrary::Arbitrary` is not satisfied
[INFO] [stdout]    --> tests/unit_tests/element/tetrahedron.rs:148:54
[INFO] [stdout]     |
[INFO] [stdout] 148 |     fn tet4_affine_function_error_is_zero(element in any::<Tet4Element<f64>>()) {
[INFO] [stdout]     |                                                      ^^^^^^^^^^^^^^^^^^^^^^^^^ the trait `proptest::arbitrary::Arbitrary` is not implemented for `fenris::element::Tet4Element<f64>`
[INFO] [stdout]     |
[INFO] [stdout]     = help: the following other types implement trait `proptest::arbitrary::Arbitrary`:
[INFO] [stdout]               ()
[INFO] [stdout]               (SyncSender<A>, std::sync::mpsc::IntoIter<A>)
[INFO] [stdout]               (SyncSender<A>, std::sync::mpsc::Receiver<A>)
[INFO] [stdout]               (T0, T1)
[INFO] [stdout]               (T0, T1, T2)
[INFO] [stdout]               (T0, T1, T2, T3)
[INFO] [stdout]               (T0, T1, T2, T3, T4)
[INFO] [stdout]               (T0, T1, T2, T3, T4, T5)
[INFO] [stdout]             and 182 others
[INFO] [stdout] 
[INFO] [stdout] 
[INFO] [stdout] error[E0277]: the trait bound `fenris::element::Tet4Element<f64>: proptest::arbitrary::Arbitrary` is not satisfied
[INFO] [stdout]    --> tests/unit_tests/element/tetrahedron.rs:176:29
[INFO] [stdout]     |
[INFO] [stdout] 176 |         (tet, xi) in (any::<Tet4Element<f64>>(), point_in_tet_ref_domain())
[INFO] [stdout]     |                             ^^^^^^^^^^^^^^^^ the trait `proptest::arbitrary::Arbitrary` is not implemented for `fenris::element::Tet4Element<f64>`
[INFO] [stdout]     |
[INFO] [stdout]     = help: the following other types implement trait `proptest::arbitrary::Arbitrary`:
[INFO] [stdout]               ()
[INFO] [stdout]               (SyncSender<A>, std::sync::mpsc::IntoIter<A>)
[INFO] [stdout]               (SyncSender<A>, std::sync::mpsc::Receiver<A>)
[INFO] [stdout]               (T0, T1)
[INFO] [stdout]               (T0, T1, T2)
[INFO] [stdout]               (T0, T1, T2, T3)
[INFO] [stdout]               (T0, T1, T2, T3, T4)
[INFO] [stdout]               (T0, T1, T2, T3, T4, T5)
[INFO] [stdout]             and 182 others
[INFO] [stdout] note: required by a bound in `proptest::arbitrary::any`
[INFO] [stdout]    --> /opt/rustwide/cargo-home/registry/src/index.crates.io-6f17d22bba15001f/proptest-1.2.0/src/arbitrary/traits.rs:159:15
[INFO] [stdout]     |
[INFO] [stdout] 159 | pub fn any<A: Arbitrary>() -> StrategyFor<A> {
[INFO] [stdout]     |               ^^^^^^^^^ required by this bound in `any`
[INFO] [stdout] 
[INFO] [stdout] 
[INFO] [stdout] error[E0277]: the trait bound `fenris::element::Tet4Element<f64>: proptest::arbitrary::Arbitrary` is not satisfied
[INFO] [stdout]    --> tests/unit_tests/element/tetrahedron.rs:176:23
[INFO] [stdout]     |
[INFO] [stdout] 176 |         (tet, xi) in (any::<Tet4Element<f64>>(), point_in_tet_ref_domain())
[INFO] [stdout]     |                       ^^^^^^^^^^^^^^^^^^^^^^^^^ the trait `proptest::arbitrary::Arbitrary` is not implemented for `fenris::element::Tet4Element<f64>`
[INFO] [stdout]     |
[INFO] [stdout]     = help: the following other types implement trait `proptest::arbitrary::Arbitrary`:
[INFO] [stdout]               ()
[INFO] [stdout]               (SyncSender<A>, std::sync::mpsc::IntoIter<A>)
[INFO] [stdout]               (SyncSender<A>, std::sync::mpsc::Receiver<A>)
[INFO] [stdout]               (T0, T1)
[INFO] [stdout]               (T0, T1, T2)
[INFO] [stdout]               (T0, T1, T2, T3)
[INFO] [stdout]               (T0, T1, T2, T3, T4)
[INFO] [stdout]               (T0, T1, T2, T3, T4, T5)
[INFO] [stdout]             and 182 others
[INFO] [stdout] 
[INFO] [stdout] 
[INFO] [stdout] error[E0277]: the trait bound `fenris::element::Tet4Element<f64>: proptest::arbitrary::Arbitrary` is not satisfied
[INFO] [stdout]    --> tests/unit_tests/element/tetrahedron.rs:235:29
[INFO] [stdout]     |
[INFO] [stdout] 235 |         (tet, xi) in (any::<Tet4Element<f64>>(), point_in_tet_ref_domain())
[INFO] [stdout]     |                             ^^^^^^^^^^^^^^^^ the trait `proptest::arbitrary::Arbitrary` is not implemented for `fenris::element::Tet4Element<f64>`
[INFO] [stdout]     |
[INFO] [stdout]     = help: the following other types implement trait `proptest::arbitrary::Arbitrary`:
[INFO] [stdout]               ()
[INFO] [stdout]               (SyncSender<A>, std::sync::mpsc::IntoIter<A>)
[INFO] [stdout]               (SyncSender<A>, std::sync::mpsc::Receiver<A>)
[INFO] [stdout]               (T0, T1)
[INFO] [stdout]               (T0, T1, T2)
[INFO] [stdout]               (T0, T1, T2, T3)
[INFO] [stdout]               (T0, T1, T2, T3, T4)
[INFO] [stdout]               (T0, T1, T2, T3, T4, T5)
[INFO] [stdout]             and 182 others
[INFO] [stdout] note: required by a bound in `proptest::arbitrary::any`
[INFO] [stdout]    --> /opt/rustwide/cargo-home/registry/src/index.crates.io-6f17d22bba15001f/proptest-1.2.0/src/arbitrary/traits.rs:159:15
[INFO] [stdout]     |
[INFO] [stdout] 159 | pub fn any<A: Arbitrary>() -> StrategyFor<A> {
[INFO] [stdout]     |               ^^^^^^^^^ required by this bound in `any`
[INFO] [stdout] 
[INFO] [stdout] 
[INFO] [stdout] error[E0277]: the trait bound `fenris::element::Tet4Element<f64>: proptest::arbitrary::Arbitrary` is not satisfied
[INFO] [stdout]    --> tests/unit_tests/element/tetrahedron.rs:235:23
[INFO] [stdout]     |
[INFO] [stdout] 235 |         (tet, xi) in (any::<Tet4Element<f64>>(), point_in_tet_ref_domain())
[INFO] [stdout]     |                       ^^^^^^^^^^^^^^^^^^^^^^^^^ the trait `proptest::arbitrary::Arbitrary` is not implemented for `fenris::element::Tet4Element<f64>`
[INFO] [stdout]     |
[INFO] [stdout]     = help: the following other types implement trait `proptest::arbitrary::Arbitrary`:
[INFO] [stdout]               ()
[INFO] [stdout]               (SyncSender<A>, std::sync::mpsc::IntoIter<A>)
[INFO] [stdout]               (SyncSender<A>, std::sync::mpsc::Receiver<A>)
[INFO] [stdout]               (T0, T1)
[INFO] [stdout]               (T0, T1, T2)
[INFO] [stdout]               (T0, T1, T2, T3)
[INFO] [stdout]               (T0, T1, T2, T3, T4)
[INFO] [stdout]               (T0, T1, T2, T3, T4, T5)
[INFO] [stdout]             and 182 others
[INFO] [stdout] 
[INFO] [stdout] 
[INFO] [stdout] error[E0277]: the trait bound `fenris::element::Tet4Element<f64>: proptest::arbitrary::Arbitrary` is not satisfied
[INFO] [stdout]    --> tests/unit_tests/element/tetrahedron.rs:252:29
[INFO] [stdout]     |
[INFO] [stdout] 252 |         (tet, xi) in (any::<Tet4Element<f64>>(), point_in_tet_ref_domain())
[INFO] [stdout]     |                             ^^^^^^^^^^^^^^^^ the trait `proptest::arbitrary::Arbitrary` is not implemented for `fenris::element::Tet4Element<f64>`
[INFO] [stdout]     |
[INFO] [stdout]     = help: the following other types implement trait `proptest::arbitrary::Arbitrary`:
[INFO] [stdout]               ()
[INFO] [stdout]               (SyncSender<A>, std::sync::mpsc::IntoIter<A>)
[INFO] [stdout]               (SyncSender<A>, std::sync::mpsc::Receiver<A>)
[INFO] [stdout]               (T0, T1)
[INFO] [stdout]               (T0, T1, T2)
[INFO] [stdout]               (T0, T1, T2, T3)
[INFO] [stdout]               (T0, T1, T2, T3, T4)
[INFO] [stdout]               (T0, T1, T2, T3, T4, T5)
[INFO] [stdout]             and 182 others
[INFO] [stdout] note: required by a bound in `proptest::arbitrary::any`
[INFO] [stdout]    --> /opt/rustwide/cargo-home/registry/src/index.crates.io-6f17d22bba15001f/proptest-1.2.0/src/arbitrary/traits.rs:159:15
[INFO] [stdout]     |
[INFO] [stdout] 159 | pub fn any<A: Arbitrary>() -> StrategyFor<A> {
[INFO] [stdout]     |               ^^^^^^^^^ required by this bound in `any`
[INFO] [stdout] 
[INFO] [stdout] 
[INFO] [stdout] error[E0277]: the trait bound `fenris::element::Tet4Element<f64>: proptest::arbitrary::Arbitrary` is not satisfied
[INFO] [stdout]    --> tests/unit_tests/element/tetrahedron.rs:252:23
[INFO] [stdout]     |
[INFO] [stdout] 252 |         (tet, xi) in (any::<Tet4Element<f64>>(), point_in_tet_ref_domain())
[INFO] [stdout]     |                       ^^^^^^^^^^^^^^^^^^^^^^^^^ the trait `proptest::arbitrary::Arbitrary` is not implemented for `fenris::element::Tet4Element<f64>`
[INFO] [stdout]     |
[INFO] [stdout]     = help: the following other types implement trait `proptest::arbitrary::Arbitrary`:
[INFO] [stdout]               ()
[INFO] [stdout]               (SyncSender<A>, std::sync::mpsc::IntoIter<A>)
[INFO] [stdout]               (SyncSender<A>, std::sync::mpsc::Receiver<A>)
[INFO] [stdout]               (T0, T1)
[INFO] [stdout]               (T0, T1, T2)
[INFO] [stdout]               (T0, T1, T2, T3)
[INFO] [stdout]               (T0, T1, T2, T3, T4)
[INFO] [stdout]               (T0, T1, T2, T3, T4, T5)
[INFO] [stdout]             and 182 others
[INFO] [stdout] 
[INFO] [stdout] 
[INFO] [stdout] error[E0277]: the trait bound `fenris::element::Tet4Element<f64>: proptest::arbitrary::Arbitrary` is not satisfied
[INFO] [stdout]    --> tests/unit_tests/element/tetrahedron.rs:260:18
[INFO] [stdout]     |
[INFO] [stdout] 260 |         element: Tet4Element<f64>,
[INFO] [stdout]     |                  ^^^^^^^^^^^^^^^^ the trait `proptest::arbitrary::Arbitrary` is not implemented for `fenris::element::Tet4Element<f64>`
[INFO] [stdout]     |
[INFO] [stdout]     = help: the following other types implement trait `proptest::arbitrary::Arbitrary`:
[INFO] [stdout]               ()
[INFO] [stdout]               (SyncSender<A>, std::sync::mpsc::IntoIter<A>)
[INFO] [stdout]               (SyncSender<A>, std::sync::mpsc::Receiver<A>)
[INFO] [stdout]               (T0, T1)
[INFO] [stdout]               (T0, T1, T2)
[INFO] [stdout]               (T0, T1, T2, T3)
[INFO] [stdout]               (T0, T1, T2, T3, T4)
[INFO] [stdout]               (T0, T1, T2, T3, T4, T5)
[INFO] [stdout]             and 182 others
[INFO] [stdout] note: required by a bound in `proptest::arbitrary::any`
[INFO] [stdout]    --> /opt/rustwide/cargo-home/registry/src/index.crates.io-6f17d22bba15001f/proptest-1.2.0/src/arbitrary/traits.rs:159:15
[INFO] [stdout]     |
[INFO] [stdout] 159 | pub fn any<A: Arbitrary>() -> StrategyFor<A> {
[INFO] [stdout]     |               ^^^^^^^^^ required by this bound in `any`
[INFO] [stdout] 
[INFO] [stdout] 
[INFO] [stdout] error[E0277]: the trait bound `fenris::element::Tet4Element<f64>: proptest::arbitrary::Arbitrary` is not satisfied
[INFO] [stdout]    --> tests/unit_tests/element/tetrahedron.rs:88:1
[INFO] [stdout]     |
[INFO] [stdout] 88  | / proptest! {
[INFO] [stdout] 89  | |     #[test]
[INFO] [stdout] 90  | |     fn tet4_partition_of_unity(xi in point_in_tet_ref_domain()) {
[INFO] [stdout] 91  | |         let element = Tet4Element::reference();
[INFO] [stdout] ...   |
[INFO] [stdout] 353 | |     }
[INFO] [stdout] 354 | | }
[INFO] [stdout]     | |_^ the trait `proptest::arbitrary::Arbitrary` is not implemented for `fenris::element::Tet4Element<f64>`
[INFO] [stdout]     |
[INFO] [stdout]     = help: the following other types implement trait `proptest::arbitrary::Arbitrary`:
[INFO] [stdout]               ()
[INFO] [stdout]               (SyncSender<A>, std::sync::mpsc::IntoIter<A>)
[INFO] [stdout]               (SyncSender<A>, std::sync::mpsc::Receiver<A>)
[INFO] [stdout]               (T0, T1)
[INFO] [stdout]               (T0, T1, T2)
[INFO] [stdout]               (T0, T1, T2, T3)
[INFO] [stdout]               (T0, T1, T2, T3, T4)
[INFO] [stdout]               (T0, T1, T2, T3, T4, T5)
[INFO] [stdout]             and 182 others
[INFO] [stdout]     = note: this error originates in the macro `$crate::proptest_helper` which comes from the expansion of the macro `proptest` (in Nightly builds, run with -Z macro-backtrace for more info)
[INFO] [stdout] 
[INFO] [stdout] 
[INFO] [stdout] error[E0277]: the trait bound `fenris::element::Tet4Element<f64>: proptest::arbitrary::Arbitrary` is not satisfied
[INFO] [stdout]    --> tests/unit_tests/element/tetrahedron.rs:278:22
[INFO] [stdout]     |
[INFO] [stdout] 278 |         tet_element: Tet4Element<f64>,
[INFO] [stdout]     |                      ^^^^^^^^^^^^^^^^ the trait `proptest::arbitrary::Arbitrary` is not implemented for `fenris::element::Tet4Element<f64>`
[INFO] [stdout]     |
[INFO] [stdout]     = help: the following other types implement trait `proptest::arbitrary::Arbitrary`:
[INFO] [stdout]               ()
[INFO] [stdout]               (SyncSender<A>, std::sync::mpsc::IntoIter<A>)
[INFO] [stdout]               (SyncSender<A>, std::sync::mpsc::Receiver<A>)
[INFO] [stdout]               (T0, T1)
[INFO] [stdout]               (T0, T1, T2)
[INFO] [stdout]               (T0, T1, T2, T3)
[INFO] [stdout]               (T0, T1, T2, T3, T4)
[INFO] [stdout]               (T0, T1, T2, T3, T4, T5)
[INFO] [stdout]             and 182 others
[INFO] [stdout] note: required by a bound in `proptest::arbitrary::any`
[INFO] [stdout]    --> /opt/rustwide/cargo-home/registry/src/index.crates.io-6f17d22bba15001f/proptest-1.2.0/src/arbitrary/traits.rs:159:15
[INFO] [stdout]     |
[INFO] [stdout] 159 | pub fn any<A: Arbitrary>() -> StrategyFor<A> {
[INFO] [stdout]     |               ^^^^^^^^^ required by this bound in `any`
[INFO] [stdout] 
[INFO] [stdout] 
[INFO] [stdout] error[E0277]: the trait bound `fenris::element::Tet4Element<f64>: proptest::arbitrary::Arbitrary` is not satisfied
[INFO] [stdout]    --> tests/unit_tests/element/tetrahedron.rs:88:1
[INFO] [stdout]     |
[INFO] [stdout] 88  | / proptest! {
[INFO] [stdout] 89  | |     #[test]
[INFO] [stdout] 90  | |     fn tet4_partition_of_unity(xi in point_in_tet_ref_domain()) {
[INFO] [stdout] 91  | |         let element = Tet4Element::reference();
[INFO] [stdout] ...   |
[INFO] [stdout] 353 | |     }
[INFO] [stdout] 354 | | }
[INFO] [stdout]     | |_^ the trait `proptest::arbitrary::Arbitrary` is not implemented for `fenris::element::Tet4Element<f64>`
[INFO] [stdout]     |
[INFO] [stdout]     = help: the following other types implement trait `proptest::arbitrary::Arbitrary`:
[INFO] [stdout]               ()
[INFO] [stdout]               (SyncSender<A>, std::sync::mpsc::IntoIter<A>)
[INFO] [stdout]               (SyncSender<A>, std::sync::mpsc::Receiver<A>)
[INFO] [stdout]               (T0, T1)
[INFO] [stdout]               (T0, T1, T2)
[INFO] [stdout]               (T0, T1, T2, T3)
[INFO] [stdout]               (T0, T1, T2, T3, T4)
[INFO] [stdout]               (T0, T1, T2, T3, T4, T5)
[INFO] [stdout]             and 182 others
[INFO] [stdout]     = note: this error originates in the macro `$crate::proptest_helper` which comes from the expansion of the macro `proptest` (in Nightly builds, run with -Z macro-backtrace for more info)
[INFO] [stdout] 
[INFO] [stdout] 
[INFO] [stdout] error[E0277]: the trait bound `fenris::element::Tet4Element<f64>: proptest::arbitrary::Arbitrary` is not satisfied
[INFO] [stdout]    --> tests/unit_tests/element/tetrahedron.rs:315:22
[INFO] [stdout]     |
[INFO] [stdout] 315 |         tet_element: Tet4Element<f64>,
[INFO] [stdout]     |                      ^^^^^^^^^^^^^^^^ the trait `proptest::arbitrary::Arbitrary` is not implemented for `fenris::element::Tet4Element<f64>`
[INFO] [stdout]     |
[INFO] [stdout]     = help: the following other types implement trait `proptest::arbitrary::Arbitrary`:
[INFO] [stdout]               ()
[INFO] [stdout]               (SyncSender<A>, std::sync::mpsc::IntoIter<A>)
[INFO] [stdout]               (SyncSender<A>, std::sync::mpsc::Receiver<A>)
[INFO] [stdout]               (T0, T1)
[INFO] [stdout]               (T0, T1, T2)
[INFO] [stdout]               (T0, T1, T2, T3)
[INFO] [stdout]               (T0, T1, T2, T3, T4)
[INFO] [stdout]               (T0, T1, T2, T3, T4, T5)
[INFO] [stdout]             and 182 others
[INFO] [stdout] note: required by a bound in `proptest::arbitrary::any`
[INFO] [stdout]    --> /opt/rustwide/cargo-home/registry/src/index.crates.io-6f17d22bba15001f/proptest-1.2.0/src/arbitrary/traits.rs:159:15
[INFO] [stdout]     |
[INFO] [stdout] 159 | pub fn any<A: Arbitrary>() -> StrategyFor<A> {
[INFO] [stdout]     |               ^^^^^^^^^ required by this bound in `any`
[INFO] [stdout] 
[INFO] [stdout] 
[INFO] [stdout] error[E0277]: the trait bound `fenris::element::Tet4Element<f64>: proptest::arbitrary::Arbitrary` is not satisfied
[INFO] [stdout]    --> tests/unit_tests/element/tetrahedron.rs:88:1
[INFO] [stdout]     |
[INFO] [stdout] 88  | / proptest! {
[INFO] [stdout] 89  | |     #[test]
[INFO] [stdout] 90  | |     fn tet4_partition_of_unity(xi in point_in_tet_ref_domain()) {
[INFO] [stdout] 91  | |         let element = Tet4Element::reference();
[INFO] [stdout] ...   |
[INFO] [stdout] 353 | |     }
[INFO] [stdout] 354 | | }
[INFO] [stdout]     | |_^ the trait `proptest::arbitrary::Arbitrary` is not implemented for `fenris::element::Tet4Element<f64>`
[INFO] [stdout]     |
[INFO] [stdout]     = help: the following other types implement trait `proptest::arbitrary::Arbitrary`:
[INFO] [stdout]               ()
[INFO] [stdout]               (SyncSender<A>, std::sync::mpsc::IntoIter<A>)
[INFO] [stdout]               (SyncSender<A>, std::sync::mpsc::Receiver<A>)
[INFO] [stdout]               (T0, T1)
[INFO] [stdout]               (T0, T1, T2)
[INFO] [stdout]               (T0, T1, T2, T3)
[INFO] [stdout]               (T0, T1, T2, T3, T4)
[INFO] [stdout]               (T0, T1, T2, T3, T4, T5)
[INFO] [stdout]             and 182 others
[INFO] [stdout]     = note: this error originates in the macro `$crate::proptest_helper` which comes from the expansion of the macro `proptest` (in Nightly builds, run with -Z macro-backtrace for more info)
[INFO] [stdout] 
[INFO] [stdout] 
[INFO] [stdout] error[E0277]: the trait bound `fenris_geometry::Triangle<f64, Const<2>>: proptest::arbitrary::Arbitrary` is not satisfied
[INFO] [stdout]    --> tests/unit_tests/element/triangle.rs:239:29
[INFO] [stdout]     |
[INFO] [stdout] 239 |         (tri, xi) in (any::<Triangle2d<f64>>(), point_in_tri_ref_domain())
[INFO] [stdout]     |                             ^^^^^^^^^^^^^^^ the trait `proptest::arbitrary::Arbitrary` is not implemented for `fenris_geometry::Triangle<f64, Const<2>>`
[INFO] [stdout]     |
[INFO] [stdout]     = help: the following other types implement trait `proptest::arbitrary::Arbitrary`:
[INFO] [stdout]               ()
[INFO] [stdout]               (SyncSender<A>, std::sync::mpsc::IntoIter<A>)
[INFO] [stdout]               (SyncSender<A>, std::sync::mpsc::Receiver<A>)
[INFO] [stdout]               (T0, T1)
[INFO] [stdout]               (T0, T1, T2)
[INFO] [stdout]               (T0, T1, T2, T3)
[INFO] [stdout]               (T0, T1, T2, T3, T4)
[INFO] [stdout]               (T0, T1, T2, T3, T4, T5)
[INFO] [stdout]             and 182 others
[INFO] [stdout] note: required by a bound in `proptest::arbitrary::any`
[INFO] [stdout]    --> /opt/rustwide/cargo-home/registry/src/index.crates.io-6f17d22bba15001f/proptest-1.2.0/src/arbitrary/traits.rs:159:15
[INFO] [stdout]     |
[INFO] [stdout] 159 | pub fn any<A: Arbitrary>() -> StrategyFor<A> {
[INFO] [stdout]     |               ^^^^^^^^^ required by this bound in `any`
[INFO] [stdout] 
[INFO] [stdout] 
[INFO] [stdout] error[E0277]: the trait bound `fenris_geometry::Triangle<f64, Const<2>>: proptest::arbitrary::Arbitrary` is not satisfied
[INFO] [stdout]    --> tests/unit_tests/element/triangle.rs:239:23
[INFO] [stdout]     |
[INFO] [stdout] 239 |         (tri, xi) in (any::<Triangle2d<f64>>(), point_in_tri_ref_domain())
[INFO] [stdout]     |                       ^^^^^^^^^^^^^^^^^^^^^^^^ the trait `proptest::arbitrary::Arbitrary` is not implemented for `fenris_geometry::Triangle<f64, Const<2>>`
[INFO] [stdout]     |
[INFO] [stdout]     = help: the following other types implement trait `proptest::arbitrary::Arbitrary`:
[INFO] [stdout]               ()
[INFO] [stdout]               (SyncSender<A>, std::sync::mpsc::IntoIter<A>)
[INFO] [stdout]               (SyncSender<A>, std::sync::mpsc::Receiver<A>)
[INFO] [stdout]               (T0, T1)
[INFO] [stdout]               (T0, T1, T2)
[INFO] [stdout]               (T0, T1, T2, T3)
[INFO] [stdout]               (T0, T1, T2, T3, T4)
[INFO] [stdout]               (T0, T1, T2, T3, T4, T5)
[INFO] [stdout]             and 182 others
[INFO] [stdout] 
[INFO] [stdout] 
[INFO] [stdout] error[E0277]: the trait bound `fenris_geometry::Triangle<f64, Const<2>>: proptest::arbitrary::Arbitrary` is not satisfied
[INFO] [stdout]    --> tests/unit_tests/element/triangle.rs:261:29
[INFO] [stdout]     |
[INFO] [stdout] 261 |         (tri, xi) in (any::<Triangle2d<f64>>(), point_in_tri_ref_domain())
[INFO] [stdout]     |                             ^^^^^^^^^^^^^^^ the trait `proptest::arbitrary::Arbitrary` is not implemented for `fenris_geometry::Triangle<f64, Const<2>>`
[INFO] [stdout]     |
[INFO] [stdout]     = help: the following other types implement trait `proptest::arbitrary::Arbitrary`:
[INFO] [stdout]               ()
[INFO] [stdout]               (SyncSender<A>, std::sync::mpsc::IntoIter<A>)
[INFO] [stdout]               (SyncSender<A>, std::sync::mpsc::Receiver<A>)
[INFO] [stdout]               (T0, T1)
[INFO] [stdout]               (T0, T1, T2)
[INFO] [stdout]               (T0, T1, T2, T3)
[INFO] [stdout]               (T0, T1, T2, T3, T4)
[INFO] [stdout]               (T0, T1, T2, T3, T4, T5)
[INFO] [stdout]             and 182 others
[INFO] [stdout] note: required by a bound in `proptest::arbitrary::any`
[INFO] [stdout]    --> /opt/rustwide/cargo-home/registry/src/index.crates.io-6f17d22bba15001f/proptest-1.2.0/src/arbitrary/traits.rs:159:15
[INFO] [stdout]     |
[INFO] [stdout] 159 | pub fn any<A: Arbitrary>() -> StrategyFor<A> {
[INFO] [stdout]     |               ^^^^^^^^^ required by this bound in `any`
[INFO] [stdout] 
[INFO] [stdout] 
[INFO] [stdout] error[E0277]: the trait bound `fenris_geometry::Triangle<f64, Const<2>>: proptest::arbitrary::Arbitrary` is not satisfied
[INFO] [stdout]    --> tests/unit_tests/element/triangle.rs:261:23
[INFO] [stdout]     |
[INFO] [stdout] 261 |         (tri, xi) in (any::<Triangle2d<f64>>(), point_in_tri_ref_domain())
[INFO] [stdout]     |                       ^^^^^^^^^^^^^^^^^^^^^^^^ the trait `proptest::arbitrary::Arbitrary` is not implemented for `fenris_geometry::Triangle<f64, Const<2>>`
[INFO] [stdout]     |
[INFO] [stdout]     = help: the following other types implement trait `proptest::arbitrary::Arbitrary`:
[INFO] [stdout]               ()
[INFO] [stdout]               (SyncSender<A>, std::sync::mpsc::IntoIter<A>)
[INFO] [stdout]               (SyncSender<A>, std::sync::mpsc::Receiver<A>)
[INFO] [stdout]               (T0, T1)
[INFO] [stdout]               (T0, T1, T2)
[INFO] [stdout]               (T0, T1, T2, T3)
[INFO] [stdout]               (T0, T1, T2, T3, T4)
[INFO] [stdout]               (T0, T1, T2, T3, T4, T5)
[INFO] [stdout]             and 182 others
[INFO] [stdout] 
[INFO] [stdout] 
[INFO] [stdout] error[E0277]: the trait bound `fenris::element::Tri3d2Element<f64>: proptest::arbitrary::Arbitrary` is not satisfied
[INFO] [stdout]    --> tests/unit_tests/element/triangle.rs:282:60
[INFO] [stdout]     |
[INFO] [stdout] 282 |     fn tri3_closest_point_in_interior_is_identity(element: Tri3d2Element<f64>, xi in point_in_tri_ref_domain()) {
[INFO] [stdout]     |                                                            ^^^^^^^^^^^^^^^^^^ the trait `proptest::arbitrary::Arbitrary` is not implemented for `fenris::element::Tri3d2Element<f64>`
[INFO] [stdout]     |
[INFO] [stdout]     = help: the following other types implement trait `proptest::arbitrary::Arbitrary`:
[INFO] [stdout]               ()
[INFO] [stdout]               (SyncSender<A>, std::sync::mpsc::IntoIter<A>)
[INFO] [stdout]               (SyncSender<A>, std::sync::mpsc::Receiver<A>)
[INFO] [stdout]               (T0, T1)
[INFO] [stdout]               (T0, T1, T2)
[INFO] [stdout]               (T0, T1, T2, T3)
[INFO] [stdout]               (T0, T1, T2, T3, T4)
[INFO] [stdout]               (T0, T1, T2, T3, T4, T5)
[INFO] [stdout]             and 182 others
[INFO] [stdout] note: required by a bound in `proptest::arbitrary::any`
[INFO] [stdout]    --> /opt/rustwide/cargo-home/registry/src/index.crates.io-6f17d22bba15001f/proptest-1.2.0/src/arbitrary/traits.rs:159:15
[INFO] [stdout]     |
[INFO] [stdout] 159 | pub fn any<A: Arbitrary>() -> StrategyFor<A> {
[INFO] [stdout]     |               ^^^^^^^^^ required by this bound in `any`
[INFO] [stdout] 
[INFO] [stdout] 
[INFO] [stdout] error[E0277]: the trait bound `fenris::element::Tri3d2Element<f64>: proptest::arbitrary::Arbitrary` is not satisfied
[INFO] [stdout]    --> tests/unit_tests/element/triangle.rs:169:1
[INFO] [stdout]     |
[INFO] [stdout] 169 | / proptest! {
[INFO] [stdout] 170 | |     #[test]
[INFO] [stdout] 171 | |     fn tri3_affine_function_error_is_zero(tri in clockwise_triangle2d_strategy_f64()) {
[INFO] [stdout] 172 | |         let element = Tri3d2Element::from(tri);
[INFO] [stdout] ...   |
[INFO] [stdout] 417 | |     }
[INFO] [stdout] 418 | | }
[INFO] [stdout]     | |_^ the trait `proptest::arbitrary::Arbitrary` is not implemented for `fenris::element::Tri3d2Element<f64>`
[INFO] [stdout]     |
[INFO] [stdout]     = help: the following other types implement trait `proptest::arbitrary::Arbitrary`:
[INFO] [stdout]               ()
[INFO] [stdout]               (SyncSender<A>, std::sync::mpsc::IntoIter<A>)
[INFO] [stdout]               (SyncSender<A>, std::sync::mpsc::Receiver<A>)
[INFO] [stdout]               (T0, T1)
[INFO] [stdout]               (T0, T1, T2)
[INFO] [stdout]               (T0, T1, T2, T3)
[INFO] [stdout]               (T0, T1, T2, T3, T4)
[INFO] [stdout]               (T0, T1, T2, T3, T4, T5)
[INFO] [stdout]             and 182 others
[INFO] [stdout]     = note: this error originates in the macro `$crate::proptest_helper` which comes from the expansion of the macro `proptest` (in Nightly builds, run with -Z macro-backtrace for more info)
[INFO] [stdout] 
[INFO] [stdout] 
[INFO] [stdout] error[E0277]: the trait bound `fenris::element::Tri3d2Element<f64>: proptest::arbitrary::Arbitrary` is not satisfied
[INFO] [stdout]    --> tests/unit_tests/element/triangle.rs:294:18
[INFO] [stdout]     |
[INFO] [stdout] 294 |         element: Tri3d2Element<f64>,
[INFO] [stdout]     |                  ^^^^^^^^^^^^^^^^^^ the trait `proptest::arbitrary::Arbitrary` is not implemented for `fenris::element::Tri3d2Element<f64>`
[INFO] [stdout]     |
[INFO] [stdout]     = help: the following other types implement trait `proptest::arbitrary::Arbitrary`:
[INFO] [stdout]               ()
[INFO] [stdout]               (SyncSender<A>, std::sync::mpsc::IntoIter<A>)
[INFO] [stdout]               (SyncSender<A>, std::sync::mpsc::Receiver<A>)
[INFO] [stdout]               (T0, T1)
[INFO] [stdout]               (T0, T1, T2)
[INFO] [stdout]               (T0, T1, T2, T3)
[INFO] [stdout]               (T0, T1, T2, T3, T4)
[INFO] [stdout]               (T0, T1, T2, T3, T4, T5)
[INFO] [stdout]             and 182 others
[INFO] [stdout] note: required by a bound in `proptest::arbitrary::any`
[INFO] [stdout]    --> /opt/rustwide/cargo-home/registry/src/index.crates.io-6f17d22bba15001f/proptest-1.2.0/src/arbitrary/traits.rs:159:15
[INFO] [stdout]     |
[INFO] [stdout] 159 | pub fn any<A: Arbitrary>() -> StrategyFor<A> {
[INFO] [stdout]     |               ^^^^^^^^^ required by this bound in `any`
[INFO] [stdout] 
[INFO] [stdout] 
[INFO] [stdout] error[E0277]: the trait bound `fenris::element::Tri3d2Element<f64>: proptest::arbitrary::Arbitrary` is not satisfied
[INFO] [stdout]    --> tests/unit_tests/element/triangle.rs:169:1
[INFO] [stdout]     |
[INFO] [stdout] 169 | / proptest! {
[INFO] [stdout] 170 | |     #[test]
[INFO] [stdout] 171 | |     fn tri3_affine_function_error_is_zero(tri in clockwise_triangle2d_strategy_f64()) {
[INFO] [stdout] 172 | |         let element = Tri3d2Element::from(tri);
[INFO] [stdout] ...   |
[INFO] [stdout] 417 | |     }
[INFO] [stdout] 418 | | }
[INFO] [stdout]     | |_^ the trait `proptest::arbitrary::Arbitrary` is not implemented for `fenris::element::Tri3d2Element<f64>`
[INFO] [stdout]     |
[INFO] [stdout]     = help: the following other types implement trait `proptest::arbitrary::Arbitrary`:
[INFO] [stdout]               ()
[INFO] [stdout]               (SyncSender<A>, std::sync::mpsc::IntoIter<A>)
[INFO] [stdout]               (SyncSender<A>, std::sync::mpsc::Receiver<A>)
[INFO] [stdout]               (T0, T1)
[INFO] [stdout]               (T0, T1, T2)
[INFO] [stdout]               (T0, T1, T2, T3)
[INFO] [stdout]               (T0, T1, T2, T3, T4)
[INFO] [stdout]               (T0, T1, T2, T3, T4, T5)
[INFO] [stdout]             and 182 others
[INFO] [stdout]     = note: this error originates in the macro `$crate::proptest_helper` which comes from the expansion of the macro `proptest` (in Nightly builds, run with -Z macro-backtrace for more info)
[INFO] [stdout] 
[INFO] [stdout] 
[INFO] [stdout] error[E0277]: the trait bound `Tri3d3Element<f64>: proptest::arbitrary::Arbitrary` is not satisfied
[INFO] [stdout]    --> tests/unit_tests/element/triangle.rs:316:62
[INFO] [stdout]     |
[INFO] [stdout] 316 |     fn tri3d3_closest_point_on_triangle_is_identity(element: Tri3d3Element<f64>, xi in point_in_tri_ref_domain()) {
[INFO] [stdout]     |                                                              ^^^^^^^^^^^^^^^^^^ the trait `proptest::arbitrary::Arbitrary` is not implemented for `Tri3d3Element<f64>`
[INFO] [stdout]     |
[INFO] [stdout]     = help: the following other types implement trait `proptest::arbitrary::Arbitrary`:
[INFO] [stdout]               ()
[INFO] [stdout]               (SyncSender<A>, std::sync::mpsc::IntoIter<A>)
[INFO] [stdout]               (SyncSender<A>, std::sync::mpsc::Receiver<A>)
[INFO] [stdout]               (T0, T1)
[INFO] [stdout]               (T0, T1, T2)
[INFO] [stdout]               (T0, T1, T2, T3)
[INFO] [stdout]               (T0, T1, T2, T3, T4)
[INFO] [stdout]               (T0, T1, T2, T3, T4, T5)
[INFO] [stdout]             and 182 others
[INFO] [stdout] note: required by a bound in `proptest::arbitrary::any`
[INFO] [stdout]    --> /opt/rustwide/cargo-home/registry/src/index.crates.io-6f17d22bba15001f/proptest-1.2.0/src/arbitrary/traits.rs:159:15
[INFO] [stdout]     |
[INFO] [stdout] 159 | pub fn any<A: Arbitrary>() -> StrategyFor<A> {
[INFO] [stdout]     |               ^^^^^^^^^ required by this bound in `any`
[INFO] [stdout] 
[INFO] [stdout] 
[INFO] [stdout] error[E0277]: the trait bound `Tri3d3Element<f64>: proptest::arbitrary::Arbitrary` is not satisfied
[INFO] [stdout]    --> tests/unit_tests/element/triangle.rs:169:1
[INFO] [stdout]     |
[INFO] [stdout] 169 | / proptest! {
[INFO] [stdout] 170 | |     #[test]
[INFO] [stdout] 171 | |     fn tri3_affine_function_error_is_zero(tri in clockwise_triangle2d_strategy_f64()) {
[INFO] [stdout] 172 | |         let element = Tri3d2Element::from(tri);
[INFO] [stdout] ...   |
[INFO] [stdout] 417 | |     }
[INFO] [stdout] 418 | | }
[INFO] [stdout]     | |_^ the trait `proptest::arbitrary::Arbitrary` is not implemented for `Tri3d3Element<f64>`
[INFO] [stdout]     |
[INFO] [stdout]     = help: the following other types implement trait `proptest::arbitrary::Arbitrary`:
[INFO] [stdout]               ()
[INFO] [stdout]               (SyncSender<A>, std::sync::mpsc::IntoIter<A>)
[INFO] [stdout]               (SyncSender<A>, std::sync::mpsc::Receiver<A>)
[INFO] [stdout]               (T0, T1)
[INFO] [stdout]               (T0, T1, T2)
[INFO] [stdout]               (T0, T1, T2, T3)
[INFO] [stdout]               (T0, T1, T2, T3, T4)
[INFO] [stdout]               (T0, T1, T2, T3, T4, T5)
[INFO] [stdout]             and 182 others
[INFO] [stdout]     = note: this error originates in the macro `$crate::proptest_helper` which comes from the expansion of the macro `proptest` (in Nightly builds, run with -Z macro-backtrace for more info)
[INFO] [stdout] 
[INFO] [stdout] 
[INFO] [stdout] error[E0277]: the trait bound `Tri3d3Element<f64>: proptest::arbitrary::Arbitrary` is not satisfied
[INFO] [stdout]    --> tests/unit_tests/element/triangle.rs:328:18
[INFO] [stdout]     |
[INFO] [stdout] 328 |         element: Tri3d3Element<f64>,
[INFO] [stdout]     |                  ^^^^^^^^^^^^^^^^^^ the trait `proptest::arbitrary::Arbitrary` is not implemented for `Tri3d3Element<f64>`
[INFO] [stdout]     |
[INFO] [stdout]     = help: the following other types implement trait `proptest::arbitrary::Arbitrary`:
[INFO] [stdout]               ()
[INFO] [stdout]               (SyncSender<A>, std::sync::mpsc::IntoIter<A>)
[INFO] [stdout]               (SyncSender<A>, std::sync::mpsc::Receiver<A>)
[INFO] [stdout]               (T0, T1)
[INFO] [stdout]               (T0, T1, T2)
[INFO] [stdout]               (T0, T1, T2, T3)
[INFO] [stdout]               (T0, T1, T2, T3, T4)
[INFO] [stdout]               (T0, T1, T2, T3, T4, T5)
[INFO] [stdout]             and 182 others
[INFO] [stdout] note: required by a bound in `proptest::arbitrary::any`
[INFO] [stdout]    --> /opt/rustwide/cargo-home/registry/src/index.crates.io-6f17d22bba15001f/proptest-1.2.0/src/arbitrary/traits.rs:159:15
[INFO] [stdout]     |
[INFO] [stdout] 159 | pub fn any<A: Arbitrary>() -> StrategyFor<A> {
[INFO] [stdout]     |               ^^^^^^^^^ required by this bound in `any`
[INFO] [stdout] 
[INFO] [stdout] 
[INFO] [stdout] error[E0282]: type annotations needed
[INFO] [stdout]    --> tests/unit_tests/element/triangle.rs:344:46
[INFO] [stdout]     |
[INFO] [stdout] 344 |         let outward_vec = edge.tangent_dir().cross(&triangle.normal_dir());
[INFO] [stdout]     |                                              ^^^^^ cannot infer type
[INFO] [stdout] 
[INFO] [stdout] 
[INFO] [stdout] error[E0277]: the trait bound `Tri3d3Element<f64>: proptest::arbitrary::Arbitrary` is not satisfied
[INFO] [stdout]    --> tests/unit_tests/element/triangle.rs:169:1
[INFO] [stdout]     |
[INFO] [stdout] 169 | / proptest! {
[INFO] [stdout] 170 | |     #[test]
[INFO] [stdout] 171 | |     fn tri3_affine_function_error_is_zero(tri in clockwise_triangle2d_strategy_f64()) {
[INFO] [stdout] 172 | |         let element = Tri3d2Element::from(tri);
[INFO] [stdout] ...   |
[INFO] [stdout] 417 | |     }
[INFO] [stdout] 418 | | }
[INFO] [stdout]     | |_^ the trait `proptest::arbitrary::Arbitrary` is not implemented for `Tri3d3Element<f64>`
[INFO] [stdout]     |
[INFO] [stdout]     = help: the following other types implement trait `proptest::arbitrary::Arbitrary`:
[INFO] [stdout]               ()
[INFO] [stdout]               (SyncSender<A>, std::sync::mpsc::IntoIter<A>)
[INFO] [stdout]               (SyncSender<A>, std::sync::mpsc::Receiver<A>)
[INFO] [stdout]               (T0, T1)
[INFO] [stdout]               (T0, T1, T2)
[INFO] [stdout]               (T0, T1, T2, T3)
[INFO] [stdout]               (T0, T1, T2, T3, T4)
[INFO] [stdout]               (T0, T1, T2, T3, T4, T5)
[INFO] [stdout]             and 182 others
[INFO] [stdout]     = note: this error originates in the macro `$crate::proptest_helper` which comes from the expansion of the macro `proptest` (in Nightly builds, run with -Z macro-backtrace for more info)
[INFO] [stdout] 
[INFO] [stdout] 
[INFO] [stdout] error[E0277]: the trait bound `Tri3d3Element<f64>: proptest::arbitrary::Arbitrary` is not satisfied
[INFO] [stdout]    --> tests/unit_tests/element/triangle.rs:360:18
[INFO] [stdout]     |
[INFO] [stdout] 360 |         element: Tri3d3Element<f64>,
[INFO] [stdout]     |                  ^^^^^^^^^^^^^^^^^^ the trait `proptest::arbitrary::Arbitrary` is not implemented for `Tri3d3Element<f64>`
[INFO] [stdout]     |
[INFO] [stdout]     = help: the following other types implement trait `proptest::arbitrary::Arbitrary`:
[INFO] [stdout]               ()
[INFO] [stdout]               (SyncSender<A>, std::sync::mpsc::IntoIter<A>)
[INFO] [stdout]               (SyncSender<A>, std::sync::mpsc::Receiver<A>)
[INFO] [stdout]               (T0, T1)
[INFO] [stdout]               (T0, T1, T2)
[INFO] [stdout]               (T0, T1, T2, T3)
[INFO] [stdout]               (T0, T1, T2, T3, T4)
[INFO] [stdout]               (T0, T1, T2, T3, T4, T5)
[INFO] [stdout]             and 182 others
[INFO] [stdout] note: required by a bound in `proptest::arbitrary::any`
[INFO] [stdout]    --> /opt/rustwide/cargo-home/registry/src/index.crates.io-6f17d22bba15001f/proptest-1.2.0/src/arbitrary/traits.rs:159:15
[INFO] [stdout]     |
[INFO] [stdout] 159 | pub fn any<A: Arbitrary>() -> StrategyFor<A> {
[INFO] [stdout]     |               ^^^^^^^^^ required by this bound in `any`
[INFO] [stdout] 
[INFO] [stdout] 
[INFO] [stdout] error[E0277]: the trait bound `Tri3d3Element<f64>: proptest::arbitrary::Arbitrary` is not satisfied
[INFO] [stdout]    --> tests/unit_tests/element/triangle.rs:169:1
[INFO] [stdout]     |
[INFO] [stdout] 169 | / proptest! {
[INFO] [stdout] 170 | |     #[test]
[INFO] [stdout] 171 | |     fn tri3_affine_function_error_is_zero(tri in clockwise_triangle2d_strategy_f64()) {
[INFO] [stdout] 172 | |         let element = Tri3d2Element::from(tri);
[INFO] [stdout] ...   |
[INFO] [stdout] 417 | |     }
[INFO] [stdout] 418 | | }
[INFO] [stdout]     | |_^ the trait `proptest::arbitrary::Arbitrary` is not implemented for `Tri3d3Element<f64>`
[INFO] [stdout]     |
[INFO] [stdout]     = help: the following other types implement trait `proptest::arbitrary::Arbitrary`:
[INFO] [stdout]               ()
[INFO] [stdout]               (SyncSender<A>, std::sync::mpsc::IntoIter<A>)
[INFO] [stdout]               (SyncSender<A>, std::sync::mpsc::Receiver<A>)
[INFO] [stdout]               (T0, T1)
[INFO] [stdout]               (T0, T1, T2)
[INFO] [stdout]               (T0, T1, T2, T3)
[INFO] [stdout]               (T0, T1, T2, T3, T4)
[INFO] [stdout]               (T0, T1, T2, T3, T4, T5)
[INFO] [stdout]             and 182 others
[INFO] [stdout]     = note: this error originates in the macro `$crate::proptest_helper` which comes from the expansion of the macro `proptest` (in Nightly builds, run with -Z macro-backtrace for more info)
[INFO] [stdout] 
[INFO] [stdout] 
[INFO] [stdout] error[E0277]: the trait bound `Tri3d3Element<f64>: proptest::arbitrary::Arbitrary` is not satisfied
[INFO] [stdout]    --> tests/unit_tests/element/triangle.rs:384:18
[INFO] [stdout]     |
[INFO] [stdout] 384 |         element: Tri3d3Element<f64>,
[INFO] [stdout]     |                  ^^^^^^^^^^^^^^^^^^ the trait `proptest::arbitrary::Arbitrary` is not implemented for `Tri3d3Element<f64>`
[INFO] [stdout]     |
[INFO] [stdout]     = help: the following other types implement trait `proptest::arbitrary::Arbitrary`:
[INFO] [stdout]               ()
[INFO] [stdout]               (SyncSender<A>, std::sync::mpsc::IntoIter<A>)
[INFO] [stdout]               (SyncSender<A>, std::sync::mpsc::Receiver<A>)
[INFO] [stdout]               (T0, T1)
[INFO] [stdout]               (T0, T1, T2)
[INFO] [stdout]               (T0, T1, T2, T3)
[INFO] [stdout]               (T0, T1, T2, T3, T4)
[INFO] [stdout]               (T0, T1, T2, T3, T4, T5)
[INFO] [stdout]             and 182 others
[INFO] [stdout] note: required by a bound in `proptest::arbitrary::any`
[INFO] [stdout]    --> /opt/rustwide/cargo-home/registry/src/index.crates.io-6f17d22bba15001f/proptest-1.2.0/src/arbitrary/traits.rs:159:15
[INFO] [stdout]     |
[INFO] [stdout] 159 | pub fn any<A: Arbitrary>() -> StrategyFor<A> {
[INFO] [stdout]     |               ^^^^^^^^^ required by this bound in `any`
[INFO] [stdout] 
[INFO] [stdout] 
[INFO] [stdout] error[E0277]: the trait bound `Tri3d3Element<f64>: proptest::arbitrary::Arbitrary` is not satisfied
[INFO] [stdout]    --> tests/unit_tests/element/triangle.rs:169:1
[INFO] [stdout]     |
[INFO] [stdout] 169 | / proptest! {
[INFO] [stdout] 170 | |     #[test]
[INFO] [stdout] 171 | |     fn tri3_affine_function_error_is_zero(tri in clockwise_triangle2d_strategy_f64()) {
[INFO] [stdout] 172 | |         let element = Tri3d2Element::from(tri);
[INFO] [stdout] ...   |
[INFO] [stdout] 417 | |     }
[INFO] [stdout] 418 | | }
[INFO] [stdout]     | |_^ the trait `proptest::arbitrary::Arbitrary` is not implemented for `Tri3d3Element<f64>`
[INFO] [stdout]     |
[INFO] [stdout]     = help: the following other types implement trait `proptest::arbitrary::Arbitrary`:
[INFO] [stdout]               ()
[INFO] [stdout]               (SyncSender<A>, std::sync::mpsc::IntoIter<A>)
[INFO] [stdout]               (SyncSender<A>, std::sync::mpsc::Receiver<A>)
[INFO] [stdout]               (T0, T1)
[INFO] [stdout]               (T0, T1, T2)
[INFO] [stdout]               (T0, T1, T2, T3)
[INFO] [stdout]               (T0, T1, T2, T3, T4)
[INFO] [stdout]               (T0, T1, T2, T3, T4, T5)
[INFO] [stdout]             and 182 others
[INFO] [stdout]     = note: this error originates in the macro `$crate::proptest_helper` which comes from the expansion of the macro `proptest` (in Nightly builds, run with -Z macro-backtrace for more info)
[INFO] [stdout] 
[INFO] [stdout] 
[INFO] [stdout] Some errors have detailed explanations: E0277, E0282, E0432.
[INFO] [stdout] 
[INFO] [stdout] For more information about an error, try `rustc --explain E0277`.
[INFO] [stdout] 
[INFO] [stderr] error: could not compile `fenris` (test "unit") due to 43 previous errors; 2 warnings emitted
[INFO] running `Command { std: "docker" "inspect" "10d01099adcfdcbfa48da7542e7d100cb3a34777229cc52f345bafb677b16cd7", kill_on_drop: false }`
[INFO] running `Command { std: "docker" "rm" "-f" "10d01099adcfdcbfa48da7542e7d100cb3a34777229cc52f345bafb677b16cd7", kill_on_drop: false }`
[INFO] [stdout] 10d01099adcfdcbfa48da7542e7d100cb3a34777229cc52f345bafb677b16cd7
