[INFO] fetching crate fedimint-server 0.4.3...
[INFO] testing fedimint-server-0.4.3 against nightly-2024-10-28+rustflags=-Zrandomize-layout for randomize-layout
[INFO] extracting crate fedimint-server 0.4.3 into /workspace/builds/worker-5-tc2/source
[INFO] validating manifest of crates.io crate fedimint-server 0.4.3 on toolchain nightly-2024-10-28
[INFO] running `Command { std: CARGO_HOME="/workspace/cargo-home" RUSTUP_HOME="/workspace/rustup-home" "/workspace/cargo-home/bin/cargo" "+nightly-2024-10-28" "metadata" "--manifest-path" "Cargo.toml" "--no-deps", kill_on_drop: false }`
[INFO] started tweaking crates.io crate fedimint-server 0.4.3
[INFO] finished tweaking crates.io crate fedimint-server 0.4.3
[INFO] tweaked toml for crates.io crate fedimint-server 0.4.3 written to /workspace/builds/worker-5-tc2/source/Cargo.toml
[INFO] running `Command { std: CARGO_HOME="/workspace/cargo-home" RUSTUP_HOME="/workspace/rustup-home" "/workspace/cargo-home/bin/cargo" "+nightly-2024-10-28" "generate-lockfile" "--manifest-path" "Cargo.toml", kill_on_drop: false }`
[INFO] [stderr]     Updating crates.io index
[INFO] [stderr]      Locking 296 packages to latest compatible versions
[INFO] [stderr]       Adding bitcoin v0.30.2 (available: v0.32.4)
[INFO] [stderr]       Adding bitcoin_hashes v0.12.0 (available: v0.14.0)
[INFO] [stderr]       Adding itertools v0.12.1 (available: v0.13.0)
[INFO] [stderr]       Adding tokio-rustls v0.24.1 (available: v0.26.0)
[INFO] [stderr]       Adding tower v0.4.13 (available: v0.5.1)
[INFO] running `Command { std: CARGO_HOME="/workspace/cargo-home" RUSTUP_HOME="/workspace/rustup-home" "/workspace/cargo-home/bin/cargo" "+nightly-2024-10-28" "fetch" "--manifest-path" "Cargo.toml", kill_on_drop: false }`
[INFO] running `Command { std: "docker" "create" "-v" "/var/lib/crater-agent-workspace/builds/worker-5-tc2/target:/opt/rustwide/target:rw,Z" "-v" "/var/lib/crater-agent-workspace/builds/worker-5-tc2/source:/opt/rustwide/workdir:ro,Z" "-v" "/var/lib/crater-agent-workspace/cargo-home:/opt/rustwide/cargo-home:ro,Z" "-v" "/var/lib/crater-agent-workspace/rustup-home:/opt/rustwide/rustup-home:ro,Z" "-e" "SOURCE_DIR=/opt/rustwide/workdir" "-e" "CARGO_TARGET_DIR=/opt/rustwide/target" "-e" "CARGO_HOME=/opt/rustwide/cargo-home" "-e" "RUSTUP_HOME=/opt/rustwide/rustup-home" "-w" "/opt/rustwide/workdir" "-m" "1610612736" "--user" "0:0" "--network" "none" "ghcr.io/rust-lang/crates-build-env/linux@sha256:4a844ea9eb2546a2d2c7022eacef16ef2e8229c7fbb2c7d4d55a9ceca922f72d" "/opt/rustwide/cargo-home/bin/cargo" "+nightly-2024-10-28" "metadata" "--no-deps" "--format-version=1", kill_on_drop: false }`
[INFO] [stdout] cc7d8db147a93b3f25e98b6272d460a7411daafecd58d7ccdfdac8efb8e79f3a
[INFO] running `Command { std: "docker" "start" "-a" "cc7d8db147a93b3f25e98b6272d460a7411daafecd58d7ccdfdac8efb8e79f3a", kill_on_drop: false }`
[INFO] running `Command { std: "docker" "inspect" "cc7d8db147a93b3f25e98b6272d460a7411daafecd58d7ccdfdac8efb8e79f3a", kill_on_drop: false }`
[INFO] running `Command { std: "docker" "rm" "-f" "cc7d8db147a93b3f25e98b6272d460a7411daafecd58d7ccdfdac8efb8e79f3a", kill_on_drop: false }`
[INFO] [stdout] cc7d8db147a93b3f25e98b6272d460a7411daafecd58d7ccdfdac8efb8e79f3a
[INFO] running `Command { std: "docker" "create" "-v" "/var/lib/crater-agent-workspace/builds/worker-5-tc2/target:/opt/rustwide/target:rw,Z" "-v" "/var/lib/crater-agent-workspace/builds/worker-5-tc2/source:/opt/rustwide/workdir:ro,Z" "-v" "/var/lib/crater-agent-workspace/cargo-home:/opt/rustwide/cargo-home:ro,Z" "-v" "/var/lib/crater-agent-workspace/rustup-home:/opt/rustwide/rustup-home:ro,Z" "-e" "SOURCE_DIR=/opt/rustwide/workdir" "-e" "CARGO_TARGET_DIR=/opt/rustwide/target" "-e" "CARGO_INCREMENTAL=0" "-e" "RUST_BACKTRACE=full" "-e" "RUSTFLAGS=--cap-lints=forbid -Zrandomize-layout" "-e" "RUSTDOCFLAGS=--cap-lints=forbid" "-e" "CARGO_HOME=/opt/rustwide/cargo-home" "-e" "RUSTUP_HOME=/opt/rustwide/rustup-home" "-w" "/opt/rustwide/workdir" "-m" "1610612736" "--user" "0:0" "--network" "none" "ghcr.io/rust-lang/crates-build-env/linux@sha256:4a844ea9eb2546a2d2c7022eacef16ef2e8229c7fbb2c7d4d55a9ceca922f72d" "/opt/rustwide/cargo-home/bin/cargo" "+nightly-2024-10-28" "build" "--frozen" "--message-format=json", kill_on_drop: false }`
[INFO] [stdout] 2337afb54e45ac61e438c160c2088a1f993d508246b81d561dd764b16f771a52
[INFO] running `Command { std: "docker" "start" "-a" "2337afb54e45ac61e438c160c2088a1f993d508246b81d561dd764b16f771a52", kill_on_drop: false }`
[INFO] [stderr]    Compiling serde v1.0.214
[INFO] [stderr]    Compiling futures-core v0.3.31
[INFO] [stderr]    Compiling futures-io v0.3.31
[INFO] [stderr]    Compiling smallvec v1.13.2
[INFO] [stderr]    Compiling futures-task v0.3.31
[INFO] [stderr]    Compiling subtle v2.6.1
[INFO] [stderr]    Compiling equivalent v1.0.1
[INFO] [stderr]    Compiling rand_chacha v0.3.1
[INFO] [stderr]    Compiling tracing-core v0.1.32
[INFO] [stderr]    Compiling futures-channel v0.3.31
[INFO] [stderr]    Compiling parking_lot_core v0.9.10
[INFO] [stderr]    Compiling signal-hook-registry v1.4.2
[INFO] [stderr]    Compiling fnv v1.0.7
[INFO] [stderr]    Compiling ring v0.17.8
[INFO] [stderr]    Compiling http v1.1.0
[INFO] [stderr]    Compiling futures-util v0.3.31
[INFO] [stderr]    Compiling parking_lot v0.12.3
[INFO] [stderr]    Compiling rand v0.8.5
[INFO] [stderr]    Compiling tokio v1.41.0
[INFO] [stderr]    Compiling tracing v0.1.40
[INFO] [stderr]    Compiling spin v0.9.8
[INFO] [stderr]    Compiling untrusted v0.9.0
[INFO] [stderr]    Compiling http-body v1.0.1
[INFO] [stderr]    Compiling secp256k1-sys v0.8.1
[INFO] [stderr]    Compiling hashbrown v0.15.0
[INFO] [stderr]    Compiling serde_json v1.0.132
[INFO] [stderr]    Compiling toml_datetime v0.6.8
[INFO] [stderr]    Compiling bitcoin-private v0.1.0
[INFO] [stderr]    Compiling indexmap v2.6.0
[INFO] [stderr]    Compiling winnow v0.6.20
[INFO] [stderr]    Compiling digest v0.10.7
[INFO] [stderr]    Compiling httparse v1.9.5
[INFO] [stderr]    Compiling base64 v0.22.1
[INFO] [stderr]    Compiling radium v0.7.0
[INFO] [stderr]    Compiling allocator-api2 v0.2.18
[INFO] [stderr]    Compiling futures-executor v0.3.31
[INFO] [stderr]    Compiling http-body-util v0.1.2
[INFO] [stderr]    Compiling futures v0.3.31
[INFO] [stderr]    Compiling toml_edit v0.22.22
[INFO] [stderr]    Compiling foldhash v0.1.3
[INFO] [stderr]    Compiling tap v1.0.1
[INFO] [stderr]    Compiling bitcoin_hashes v0.12.0
[INFO] [stderr]    Compiling wyz v0.5.1
[INFO] [stderr]    Compiling impl-trait-for-tuples v0.2.2
[INFO] [stderr]    Compiling hex_lit v0.1.1
[INFO] [stderr]    Compiling proc-macro-crate v3.2.0
[INFO] [stderr]    Compiling arrayvec v0.7.6
[INFO] [stderr]    Compiling byte-slice-cast v1.2.2
[INFO] [stderr]    Compiling funty v2.0.0
[INFO] [stderr]    Compiling secp256k1 v0.27.0
[INFO] [stderr]    Compiling jsonrpsee-types v0.24.7
[INFO] [stderr]    Compiling object v0.36.5
[INFO] [stderr]    Compiling bech32 v0.9.1
[INFO] [stderr]    Compiling bitvec v1.0.1
[INFO] [stderr]    Compiling bitcoin v0.30.2
[INFO] [stderr]    Compiling rustc-hash v2.0.0
[INFO] [stderr]    Compiling rustversion v1.0.18
[INFO] [stderr]    Compiling anyhow v1.0.92
[INFO] [stderr]    Compiling secp256k1-sys v0.6.1
[INFO] [stderr]    Compiling tokio-util v0.7.12
[INFO] [stderr]    Compiling rustls-pki-types v1.10.0
[INFO] [stderr]    Compiling regex-syntax v0.8.5
[INFO] [stderr]    Compiling parity-scale-codec-derive v3.6.12
[INFO] [stderr]    Compiling tokio-stream v0.1.16
[INFO] [stderr]    Compiling crunchy v0.2.2
[INFO] [stderr]    Compiling regex-syntax v0.6.29
[INFO] [stderr]    Compiling jsonrpsee-core v0.24.7
[INFO] [stderr]    Compiling tower-service v0.3.3
[INFO] [stderr]    Compiling regex-automata v0.4.8
[INFO] [stderr]    Compiling parity-scale-codec v3.6.12
[INFO] [stderr]    Compiling ff v0.13.0
[INFO] [stderr]    Compiling backtrace v0.3.74
[INFO] [stderr]    Compiling group v0.13.0
[INFO] [stderr]    Compiling regex-automata v0.1.10
[INFO] [stderr]    Compiling secp256k1-zkp-sys v0.8.1
[INFO] [stderr]    Compiling tiny-keccak v2.0.2
[INFO] [stderr]    Compiling rustls v0.21.12
[INFO] [stderr]    Compiling typeid v1.0.2
[INFO] [stderr]    Compiling tower-layer v0.3.3
[INFO] [stderr]    Compiling overload v0.1.1
[INFO] [stderr]    Compiling atomic-waker v1.1.2
[INFO] [stderr]    Compiling paste v1.0.15
[INFO] [stderr]    Compiling nu-ansi-term v0.46.0
[INFO] [stderr]    Compiling itertools v0.12.1
[INFO] [stderr]    Compiling matchers v0.1.0
[INFO] [stderr]    Compiling regex v1.11.1
[INFO] [stderr]    Compiling h2 v0.4.6
[INFO] [stderr]    Compiling pairing v0.23.0
[INFO] [stderr]    Compiling url v2.5.2
[INFO] [stderr]    Compiling sharded-slab v0.1.7
[INFO] [stderr]    Compiling sha1 v0.10.6
[INFO] [stderr]    Compiling sct v0.7.1
[INFO] [stderr]    Compiling rustls-webpki v0.101.7
[INFO] [stderr]    Compiling bitcoin_hashes v0.11.0
[INFO] [stderr]    Compiling tracing-log v0.2.0
[INFO] [stderr]    Compiling thread_local v1.1.8
[INFO] [stderr]    Compiling httpdate v1.0.3
[INFO] [stderr]    Compiling bitmaps v3.2.1
[INFO] [stderr]    Compiling hex-conservative v0.1.2
[INFO] [stderr]    Compiling rustls v0.23.16
[INFO] [stderr]    Compiling crossbeam-utils v0.8.20
[INFO] [stderr]    Compiling secp256k1 v0.24.3
[INFO] [stderr]    Compiling tracing-subscriber v0.3.18
[INFO] [stderr]    Compiling soketto v0.8.0
[INFO] [stderr]    Compiling imbl-sized-chunks v0.1.2
[INFO] [stderr]    Compiling bls12_381 v0.8.0
[INFO] [stderr]    Compiling rustls-webpki v0.102.8
[INFO] [stderr]    Compiling hex v0.4.3
[INFO] [stderr]    Compiling rand_xoshiro v0.6.0
[INFO] [stderr]    Compiling macro_rules_attribute-proc_macro v0.2.0
[INFO] [stderr]    Compiling hyper v1.5.0
[INFO] [stderr]    Compiling hex_fmt v0.3.0
[INFO] [stderr]    Compiling base16ct v0.2.0
[INFO] [stderr]    Compiling serdect v0.2.0
[INFO] [stderr]    Compiling lightning v0.0.123
[INFO] [stderr]    Compiling miniscript v10.2.0
[INFO] [stderr]    Compiling fedimint-threshold-crypto v0.2.1
[INFO] [stderr]    Compiling hyper-util v0.1.10
[INFO] [stderr]    Compiling tokio-rustls v0.24.1
[INFO] [stderr]    Compiling backon v0.4.4
[INFO] [stderr]    Compiling macro_rules_attribute v0.2.0
[INFO] [stderr]    Compiling fedimint-logging v0.4.3
[INFO] [stderr]    Compiling imbl v3.0.0
[INFO] [stderr]    Compiling strum_macros v0.26.4
[INFO] [stderr]    Compiling aleph-bft-crypto v0.9.0
[INFO] [stderr]    Compiling erased-serde v0.4.5
[INFO] [stderr]    Compiling secp256k1-zkp v0.9.2
[INFO] [stderr]    Compiling bitcoin v0.29.2
[INFO] [stderr]    Compiling fedimint-derive v0.4.3
[INFO] [stderr]    Compiling bincode v1.3.3
[INFO] [stderr]    Compiling base64-url v3.0.0
[INFO] [stderr]    Compiling async-recursion v1.1.1
[INFO] [stderr]    Compiling protobuf v2.28.0
[INFO] [stderr]    Compiling strum v0.26.3
[INFO] [stderr]    Compiling bech32 v0.11.0
[INFO] [stderr]    Compiling powerfmt v0.2.0
[INFO] [stderr]    Compiling deranged v0.3.11
[INFO] [stderr]    Compiling rustix v0.38.38
[INFO] [stderr]    Compiling concurrent-queue v2.5.0
[INFO] [stderr]    Compiling mime v0.3.17
[INFO] [stderr]    Compiling num-conv v0.1.0
[INFO] [stderr]    Compiling time-core v0.1.2
[INFO] [stderr]    Compiling parking v2.2.1
[INFO] [stderr]    Compiling base64ct v1.6.0
[INFO] [stderr]    Compiling prometheus v0.13.4
[INFO] [stderr]    Compiling sync_wrapper v1.0.1
[INFO] [stderr]    Compiling linux-raw-sys v0.4.14
[INFO] [stderr]    Compiling axum-core v0.4.5
[INFO] [stderr]    Compiling password-hash v0.5.0
[INFO] [stderr]    Compiling tokio-rustls v0.26.0
[INFO] [stderr]    Compiling jsonrpsee-client-transport v0.24.7
[INFO] [stderr]    Compiling event-listener v5.3.1
[INFO] [stderr]    Compiling tower v0.5.1
[INFO] [stderr]    Compiling fedimint-build v0.4.3
[INFO] [stderr]    Compiling time v0.3.36
[INFO] [stderr]    Compiling aleph-bft-types v0.12.0
[INFO] [stderr]    Compiling tower v0.4.13
[INFO] [stderr]    Compiling serde_urlencoded v0.7.1
[INFO] [stderr]    Compiling serde_path_to_error v0.1.16
[INFO] [stderr]    Compiling blake2 v0.10.6
[INFO] [stderr]    Compiling matchit v0.7.3
[INFO] [stderr]    Compiling route-recognizer v0.3.1
[INFO] [stderr]    Compiling axum v0.7.7
[INFO] [stderr]    Compiling jsonrpsee-server v0.24.7
[INFO] [stderr]    Compiling sha3 v0.10.8
[INFO] [stderr]    Compiling argon2 v0.5.3
[INFO] [stderr]    Compiling yasna v0.5.2
[INFO] [stderr]    Compiling aleph-bft-rmc v0.12.0
[INFO] [stderr]    Compiling fedimint-server v0.4.3 (/opt/rustwide/workdir)
[INFO] [stderr]    Compiling xattr v1.3.1
[INFO] [stderr]    Compiling event-listener-strategy v0.5.2
[INFO] [stderr]    Compiling jsonrpsee-ws-client v0.24.7
[INFO] [stderr]    Compiling aleph-bft-types v0.13.0
[INFO] [stderr]    Compiling webpki-roots v0.26.6
[INFO] [stderr]    Compiling lru v0.12.5
[INFO] [stderr]    Compiling pem v3.0.4
[INFO] [stderr]    Compiling derivative v2.2.0
[INFO] [stderr]    Compiling filetime v0.2.25
[INFO] [stderr]    Compiling tar v0.4.42
[INFO] [stderr]    Compiling rcgen v0.13.1
[INFO] [stderr]    Compiling jsonrpsee v0.24.7
[INFO] [stderr]    Compiling async-channel v2.3.1
[INFO] [stderr]    Compiling fedimint-aead v0.4.3
[INFO] [stderr]    Compiling fedimint-aleph-bft v0.36.0
[INFO] [stderr]    Compiling lightning-invoice v0.31.0
[INFO] [stderr]    Compiling fedimint-core v0.4.3
[INFO] [stderr]    Compiling fedimint-tbs v0.4.3
[INFO] [stderr]    Compiling fedimint-metrics v0.4.3
[INFO] [stderr]    Compiling fedimint-api-client v0.4.3
[INFO] [stderr]     Finished `dev` profile [unoptimized + debuginfo] target(s) in 2m 57s
[INFO] running `Command { std: "docker" "inspect" "2337afb54e45ac61e438c160c2088a1f993d508246b81d561dd764b16f771a52", kill_on_drop: false }`
[INFO] running `Command { std: "docker" "rm" "-f" "2337afb54e45ac61e438c160c2088a1f993d508246b81d561dd764b16f771a52", kill_on_drop: false }`
[INFO] [stdout] 2337afb54e45ac61e438c160c2088a1f993d508246b81d561dd764b16f771a52
[INFO] running `Command { std: "docker" "create" "-v" "/var/lib/crater-agent-workspace/builds/worker-5-tc2/target:/opt/rustwide/target:rw,Z" "-v" "/var/lib/crater-agent-workspace/builds/worker-5-tc2/source:/opt/rustwide/workdir:ro,Z" "-v" "/var/lib/crater-agent-workspace/cargo-home:/opt/rustwide/cargo-home:ro,Z" "-v" "/var/lib/crater-agent-workspace/rustup-home:/opt/rustwide/rustup-home:ro,Z" "-e" "SOURCE_DIR=/opt/rustwide/workdir" "-e" "CARGO_TARGET_DIR=/opt/rustwide/target" "-e" "CARGO_INCREMENTAL=0" "-e" "RUST_BACKTRACE=full" "-e" "RUSTFLAGS=--cap-lints=forbid -Zrandomize-layout" "-e" "RUSTDOCFLAGS=--cap-lints=forbid" "-e" "CARGO_HOME=/opt/rustwide/cargo-home" "-e" "RUSTUP_HOME=/opt/rustwide/rustup-home" "-w" "/opt/rustwide/workdir" "-m" "1610612736" "--user" "0:0" "--network" "none" "ghcr.io/rust-lang/crates-build-env/linux@sha256:4a844ea9eb2546a2d2c7022eacef16ef2e8229c7fbb2c7d4d55a9ceca922f72d" "/opt/rustwide/cargo-home/bin/cargo" "+nightly-2024-10-28" "test" "--frozen" "--no-run" "--message-format=json", kill_on_drop: false }`
[INFO] [stdout] 3578433a3e27f8b840395aabe3e1ede9a2493bf5fa4a1679a217d1e2d1551a95
[INFO] running `Command { std: "docker" "start" "-a" "3578433a3e27f8b840395aabe3e1ede9a2493bf5fa4a1679a217d1e2d1551a95", kill_on_drop: false }`
[INFO] [stderr]    Compiling fedimint-server v0.4.3 (/opt/rustwide/workdir)
[INFO] [stdout] error[E0432]: unresolved import `fedimint_dummy_common`
[INFO] [stdout]    --> src/consensus/db.rs:236:9
[INFO] [stdout]     |
[INFO] [stdout] 236 |     use fedimint_dummy_common::{DummyCommonInit, DummyInput, DummyOutput};
[INFO] [stdout]     |         ^^^^^^^^^^^^^^^^^^^^^ use of undeclared crate or module `fedimint_dummy_common`
[INFO] [stdout] 
[INFO] [stdout] 
[INFO] [stdout] error[E0433]: failed to resolve: use of undeclared crate or module `fedimint_testing`
[INFO] [stdout]    --> src/consensus/db.rs:239:9
[INFO] [stdout]     |
[INFO] [stdout] 239 |     use fedimint_testing::db::{
[INFO] [stdout]     |         ^^^^^^^^^^^^^^^^ use of undeclared crate or module `fedimint_testing`
[INFO] [stdout]     |
[INFO] [stdout] help: there is a crate or module with a similar name
[INFO] [stdout]     |
[INFO] [stdout] 239 |     use fedimint_logging::db::{
[INFO] [stdout]     |         ~~~~~~~~~~~~~~~~
[INFO] [stdout] 
[INFO] [stdout] 
[INFO] [stdout] error[E0433]: failed to resolve: use of undeclared crate or module `fedimint_dummy_common`
[INFO] [stdout]    --> src/config/api.rs:866:9
[INFO] [stdout]     |
[INFO] [stdout] 866 |     use fedimint_dummy_common::config::{
[INFO] [stdout]     |         ^^^^^^^^^^^^^^^^^^^^^ use of undeclared crate or module `fedimint_dummy_common`
[INFO] [stdout] 
[INFO] [stdout] 
[INFO] [stdout] error[E0432]: unresolved import `fedimint_dummy_server`
[INFO] [stdout]    --> src/consensus/db.rs:237:9
[INFO] [stdout]     |
[INFO] [stdout] 237 |     use fedimint_dummy_server::Dummy;
[INFO] [stdout]     |         ^^^^^^^^^^^^^^^^^^^^^ use of undeclared crate or module `fedimint_dummy_server`
[INFO] [stdout] 
[INFO] [stdout] 
[INFO] [stdout] error[E0432]: unresolved import `fedimint_dummy_server`
[INFO] [stdout]    --> src/config/api.rs:869:9
[INFO] [stdout]     |
[INFO] [stdout] 869 |     use fedimint_dummy_server::DummyInit;
[INFO] [stdout]     |         ^^^^^^^^^^^^^^^^^^^^^ use of undeclared crate or module `fedimint_dummy_server`
[INFO] [stdout] 
[INFO] [stdout] 
[INFO] [stdout] error[E0433]: failed to resolve: use of undeclared crate or module `fedimint_testing`
[INFO] [stdout]    --> src/config/api.rs:872:9
[INFO] [stdout]     |
[INFO] [stdout] 872 |     use fedimint_testing::fixtures::test_dir;
[INFO] [stdout]     |         ^^^^^^^^^^^^^^^^ use of undeclared crate or module `fedimint_testing`
[INFO] [stdout]     |
[INFO] [stdout] help: there is a crate or module with a similar name
[INFO] [stdout]     |
[INFO] [stdout] 872 |     use fedimint_logging::fixtures::test_dir;
[INFO] [stdout]     |         ~~~~~~~~~~~~~~~~
[INFO] [stdout] 
[INFO] [stdout] 
[INFO] [stdout] error[E0432]: unresolved import `fedimint_portalloc`
[INFO] [stdout]    --> src/config/api.rs:871:9
[INFO] [stdout]     |
[INFO] [stdout] 871 |     use fedimint_portalloc::port_alloc;
[INFO] [stdout]     |         ^^^^^^^^^^^^^^^^^^ use of undeclared crate or module `fedimint_portalloc`
[INFO] [stdout] 
[INFO] [stdout] 
[INFO] [stdout] error[E0433]: failed to resolve: use of undeclared crate or module `test_log`
[INFO] [stdout]    --> src/net/peers.rs:715:7
[INFO] [stdout]     |
[INFO] [stdout] 715 |     #[test_log::test(tokio::test)]
[INFO] [stdout]     |       ^^^^^^^^ use of undeclared crate or module `test_log`
[INFO] [stdout] 
[INFO] [stdout] 
[INFO] [stdout] error[E0433]: failed to resolve: use of undeclared crate or module `test_log`
[INFO] [stdout]    --> src/net/peers_reliable.rs:746:7
[INFO] [stdout]     |
[INFO] [stdout] 746 |     #[test_log::test(tokio::test)]
[INFO] [stdout]     |       ^^^^^^^^ use of undeclared crate or module `test_log`
[INFO] [stdout] 
[INFO] [stdout] 
[INFO] [stdout] error[E0433]: failed to resolve: use of undeclared crate or module `test_log`
[INFO] [stdout]    --> src/config/distributedgen.rs:620:7
[INFO] [stdout]     |
[INFO] [stdout] 620 |     #[test_log::test]
[INFO] [stdout]     |       ^^^^^^^^ use of undeclared crate or module `test_log`
[INFO] [stdout] 
[INFO] [stdout] 
[INFO] [stdout] error[E0433]: failed to resolve: use of undeclared crate or module `test_log`
[INFO] [stdout]    --> src/multiplexed.rs:213:7
[INFO] [stdout]     |
[INFO] [stdout] 213 |     #[test_log::test(tokio::test)]
[INFO] [stdout]     |       ^^^^^^^^ use of undeclared crate or module `test_log`
[INFO] [stdout] 
[INFO] [stdout] 
[INFO] [stdout] warning: unused import: `fedimint_core::module::CommonModuleInit`
[INFO] [stdout]    --> src/consensus/db.rs:231:9
[INFO] [stdout]     |
[INFO] [stdout] 231 |     use fedimint_core::module::CommonModuleInit;
[INFO] [stdout]     |         ^^^^^^^^^^^^^^^^^^^^^^^^^^^^^^^^^^^^^^^
[INFO] [stdout]     |
[INFO] [stdout]     = note: `#[warn(unused_imports)]` on by default
[INFO] [stdout] 
[INFO] [stdout] 
[INFO] [stdout] warning: unused import: `crate::fedimint_core::module::ServerModuleInit`
[INFO] [stdout]    --> src/config/api.rs:880:9
[INFO] [stdout]     |
[INFO] [stdout] 880 |     use crate::fedimint_core::module::ServerModuleInit;
[INFO] [stdout]     |         ^^^^^^^^^^^^^^^^^^^^^^^^^^^^^^^^^^^^^^^^^^^^^^
[INFO] [stdout] 
[INFO] [stdout] 
[INFO] [stdout] Some errors have detailed explanations: E0432, E0433.
[INFO] [stdout] 
[INFO] [stdout] For more information about an error, try `rustc --explain E0432`.
[INFO] [stdout] 
[INFO] [stderr] error: could not compile `fedimint-server` (lib test) due to 11 previous errors; 2 warnings emitted
[INFO] running `Command { std: "docker" "inspect" "3578433a3e27f8b840395aabe3e1ede9a2493bf5fa4a1679a217d1e2d1551a95", kill_on_drop: false }`
[INFO] running `Command { std: "docker" "rm" "-f" "3578433a3e27f8b840395aabe3e1ede9a2493bf5fa4a1679a217d1e2d1551a95", kill_on_drop: false }`
[INFO] [stdout] 3578433a3e27f8b840395aabe3e1ede9a2493bf5fa4a1679a217d1e2d1551a95
