[INFO] fetching crate fcomm 0.2.0...
[INFO] testing fcomm-0.2.0 against nightly-2024-10-28 for randomize-layout
[INFO] extracting crate fcomm 0.2.0 into /workspace/builds/worker-7-tc1/source
[INFO] validating manifest of crates.io crate fcomm 0.2.0 on toolchain nightly-2024-10-28
[INFO] running `Command { std: CARGO_HOME="/workspace/cargo-home" RUSTUP_HOME="/workspace/rustup-home" "/workspace/cargo-home/bin/cargo" "+nightly-2024-10-28" "metadata" "--manifest-path" "Cargo.toml" "--no-deps", kill_on_drop: false }`
[INFO] started tweaking crates.io crate fcomm 0.2.0
[INFO] finished tweaking crates.io crate fcomm 0.2.0
[INFO] tweaked toml for crates.io crate fcomm 0.2.0 written to /workspace/builds/worker-7-tc1/source/Cargo.toml
[INFO] crate crates.io crate fcomm 0.2.0 already has a lockfile, it will not be regenerated
[INFO] running `Command { std: CARGO_HOME="/workspace/cargo-home" RUSTUP_HOME="/workspace/rustup-home" "/workspace/cargo-home/bin/cargo" "+nightly-2024-10-28" "fetch" "--manifest-path" "Cargo.toml", kill_on_drop: false }`
[INFO] [stderr]     Updating crates.io index
[INFO] [stderr]  Downloading crates ...
[INFO] [stderr]   Downloaded lurk-ipld v0.3.0
[INFO] [stderr]   Downloaded lurk-ipld-core v0.3.0
[INFO] [stderr]   Downloaded ff_derive v0.12.1
[INFO] [stderr]   Downloaded lurk-ipld-macro v0.3.0
[INFO] [stderr]   Downloaded blake2s_simd v1.0.1
[INFO] [stderr]   Downloaded constant_time_eq v0.2.5
[INFO] [stderr]   Downloaded ec-gpu v0.2.0
[INFO] [stderr]   Downloaded trait-set v0.3.0
[INFO] [stderr]   Downloaded lurk-pasta-msm v0.1.0
[INFO] [stderr]   Downloaded execute v0.2.11
[INFO] [stderr]   Downloaded yastl v0.1.2
[INFO] [stderr]   Downloaded lurk-ipld-json v0.3.0
[INFO] [stderr]   Downloaded execute-command-macro-impl v0.1.8
[INFO] [stderr]   Downloaded rustyline-derive v0.8.0
[INFO] [stderr]   Downloaded clap-verbosity-flag v1.0.1
[INFO] [stderr]   Downloaded peekmore v1.2.0
[INFO] [stderr]   Downloaded clap_lex v0.3.3
[INFO] [stderr]   Downloaded predicates v3.0.1
[INFO] [stderr]   Downloaded assert_cmd v2.0.10
[INFO] [stderr]   Downloaded bitflags v2.0.2
[INFO] [stderr]   Downloaded sppark v0.1.3
[INFO] [stderr]   Downloaded blstrs v0.6.1
[INFO] [stderr]   Downloaded fil_pasta_curves v0.5.2
[INFO] [stderr]   Downloaded semolina v0.1.2
[INFO] [stderr]   Downloaded bellperson v0.24.1
[INFO] [stderr]   Downloaded nova-snark v0.19.0
[INFO] [stderr]   Downloaded ec-gpu-gen v0.5.2
[INFO] [stderr]   Downloaded syn v2.0.5
[INFO] [stderr]   Downloaded string-interner v0.14.0
[INFO] [stderr]   Downloaded clap v4.1.11
[INFO] [stderr]   Downloaded proptest v1.1.0
[INFO] [stderr]   Downloaded rustix v0.37.5
[INFO] [stderr]   Downloaded spin v0.9.6
[INFO] [stderr]   Downloaded fd-lock v3.0.11
[INFO] [stderr]   Downloaded lurk-ipld-cbor v0.3.0
[INFO] [stderr]   Downloaded blst v0.3.10
[INFO] [stderr]   Downloaded lurk v0.2.0
[INFO] [stderr]   Downloaded neptune v8.1.1
[INFO] running `Command { std: "docker" "create" "-v" "/var/lib/crater-agent-workspace/builds/worker-7-tc1/target:/opt/rustwide/target:rw,Z" "-v" "/var/lib/crater-agent-workspace/builds/worker-7-tc1/source:/opt/rustwide/workdir:ro,Z" "-v" "/var/lib/crater-agent-workspace/cargo-home:/opt/rustwide/cargo-home:ro,Z" "-v" "/var/lib/crater-agent-workspace/rustup-home:/opt/rustwide/rustup-home:ro,Z" "-e" "SOURCE_DIR=/opt/rustwide/workdir" "-e" "CARGO_TARGET_DIR=/opt/rustwide/target" "-e" "CARGO_HOME=/opt/rustwide/cargo-home" "-e" "RUSTUP_HOME=/opt/rustwide/rustup-home" "-w" "/opt/rustwide/workdir" "-m" "1610612736" "--user" "0:0" "--network" "none" "ghcr.io/rust-lang/crates-build-env/linux@sha256:4a844ea9eb2546a2d2c7022eacef16ef2e8229c7fbb2c7d4d55a9ceca922f72d" "/opt/rustwide/cargo-home/bin/cargo" "+nightly-2024-10-28" "metadata" "--no-deps" "--format-version=1", kill_on_drop: false }`
[INFO] [stdout] c78617ec79a0ac6fd27d6a091539e31887e7fc5d54a8566dca5473cdf6ff94d8
[INFO] running `Command { std: "docker" "start" "-a" "c78617ec79a0ac6fd27d6a091539e31887e7fc5d54a8566dca5473cdf6ff94d8", kill_on_drop: false }`
[INFO] running `Command { std: "docker" "inspect" "c78617ec79a0ac6fd27d6a091539e31887e7fc5d54a8566dca5473cdf6ff94d8", kill_on_drop: false }`
[INFO] running `Command { std: "docker" "rm" "-f" "c78617ec79a0ac6fd27d6a091539e31887e7fc5d54a8566dca5473cdf6ff94d8", kill_on_drop: false }`
[INFO] [stdout] c78617ec79a0ac6fd27d6a091539e31887e7fc5d54a8566dca5473cdf6ff94d8
[INFO] running `Command { std: "docker" "create" "-v" "/var/lib/crater-agent-workspace/builds/worker-7-tc1/target:/opt/rustwide/target:rw,Z" "-v" "/var/lib/crater-agent-workspace/builds/worker-7-tc1/source:/opt/rustwide/workdir:ro,Z" "-v" "/var/lib/crater-agent-workspace/cargo-home:/opt/rustwide/cargo-home:ro,Z" "-v" "/var/lib/crater-agent-workspace/rustup-home:/opt/rustwide/rustup-home:ro,Z" "-e" "SOURCE_DIR=/opt/rustwide/workdir" "-e" "CARGO_TARGET_DIR=/opt/rustwide/target" "-e" "CARGO_INCREMENTAL=0" "-e" "RUST_BACKTRACE=full" "-e" "RUSTFLAGS=--cap-lints=forbid" "-e" "RUSTDOCFLAGS=--cap-lints=forbid" "-e" "CARGO_HOME=/opt/rustwide/cargo-home" "-e" "RUSTUP_HOME=/opt/rustwide/rustup-home" "-w" "/opt/rustwide/workdir" "-m" "1610612736" "--user" "0:0" "--network" "none" "ghcr.io/rust-lang/crates-build-env/linux@sha256:4a844ea9eb2546a2d2c7022eacef16ef2e8229c7fbb2c7d4d55a9ceca922f72d" "/opt/rustwide/cargo-home/bin/cargo" "+nightly-2024-10-28" "build" "--frozen" "--message-format=json", kill_on_drop: false }`
[INFO] [stdout] 9690f70cae046e3bf7452c730554fa17d0fd232159ef23e132ce3e22ef5038d7
[INFO] running `Command { std: "docker" "start" "-a" "9690f70cae046e3bf7452c730554fa17d0fd232159ef23e132ce3e22ef5038d7", kill_on_drop: false }`
[INFO] [stderr]    Compiling proc-macro2 v1.0.53
[INFO] [stderr]    Compiling quote v1.0.26
[INFO] [stderr]    Compiling unicode-ident v1.0.8
[INFO] [stderr]    Compiling libc v0.2.140
[INFO] [stderr]    Compiling syn v1.0.109
[INFO] [stderr]    Compiling serde_derive v1.0.158
[INFO] [stderr]    Compiling cc v1.0.79
[INFO] [stderr]    Compiling typenum v1.16.0
[INFO] [stderr]    Compiling serde v1.0.158
[INFO] [stderr]    Compiling unicode-xid v0.2.4
[INFO] [stderr]    Compiling generic-array v0.14.6
[INFO] [stderr]    Compiling subtle v2.5.0
[INFO] [stderr]    Compiling crossbeam-utils v0.8.15
[INFO] [stderr]    Compiling arrayref v0.3.7
[INFO] [stderr]    Compiling memoffset v0.8.0
[INFO] [stderr]    Compiling constant_time_eq v0.2.5
[INFO] [stderr]    Compiling thiserror v1.0.40
[INFO] [stderr]    Compiling arrayvec v0.7.2
[INFO] [stderr]    Compiling crossbeam-epoch v0.9.14
[INFO] [stderr]    Compiling num-integer v0.1.45
[INFO] [stderr]    Compiling num-traits v0.2.15
[INFO] [stderr]    Compiling byteorder v1.4.3
[INFO] [stderr]    Compiling rayon-core v1.11.0
[INFO] [stderr]    Compiling cpufeatures v0.2.5
[INFO] [stderr]    Compiling proc-macro-error-attr v1.0.4
[INFO] [stderr]    Compiling num-bigint v0.3.3
[INFO] [stderr]    Compiling ec-gpu v0.2.0
[INFO] [stderr]    Compiling either v1.8.1
[INFO] [stderr]    Compiling blake2b_simd v1.0.1
[INFO] [stderr]    Compiling proc-macro-error v1.0.4
[INFO] [stderr]    Compiling once_cell v1.17.1
[INFO] [stdout] error[E0422]: cannot find struct, variant or union type `LineColumn` in crate `proc_macro`
[INFO] [stdout]    --> /opt/rustwide/cargo-home/registry/src/index.crates.io-6f17d22bba15001f/proc-macro2-1.0.53/src/wrapper.rs:475:33
[INFO] [stdout]     |
[INFO] [stdout] 475 |                 let proc_macro::LineColumn { line, column } = s.start();
[INFO] [stdout]     |                                 ^^^^^^^^^^ not found in `proc_macro`
[INFO] [stdout]     |
[INFO] [stdout] help: consider importing this struct through its public re-export
[INFO] [stdout]     |
[INFO] [stdout] 1   + use crate::LineColumn;
[INFO] [stdout]     |
[INFO] [stdout] help: if you import `LineColumn`, refer to it directly
[INFO] [stdout]     |
[INFO] [stdout] 475 -                 let proc_macro::LineColumn { line, column } = s.start();
[INFO] [stdout] 475 +                 let LineColumn { line, column } = s.start();
[INFO] [stdout]     |
[INFO] [stdout] 
[INFO] [stdout] 
[INFO] [stdout] error[E0422]: cannot find struct, variant or union type `LineColumn` in crate `proc_macro`
[INFO] [stdout]    --> /opt/rustwide/cargo-home/registry/src/index.crates.io-6f17d22bba15001f/proc-macro2-1.0.53/src/wrapper.rs:489:33
[INFO] [stdout]     |
[INFO] [stdout] 489 |                 let proc_macro::LineColumn { line, column } = s.end();
[INFO] [stdout]     |                                 ^^^^^^^^^^ not found in `proc_macro`
[INFO] [stdout]     |
[INFO] [stdout] help: consider importing this struct through its public re-export
[INFO] [stdout]     |
[INFO] [stdout] 1   + use crate::LineColumn;
[INFO] [stdout]     |
[INFO] [stdout] help: if you import `LineColumn`, refer to it directly
[INFO] [stdout]     |
[INFO] [stdout] 489 -                 let proc_macro::LineColumn { line, column } = s.end();
[INFO] [stdout] 489 +                 let LineColumn { line, column } = s.end();
[INFO] [stdout]     |
[INFO] [stdout] 
[INFO] [stdout] 
[INFO] [stderr]    Compiling ppv-lite86 v0.2.17
[INFO] [stderr]    Compiling rand_xorshift v0.3.0
[INFO] [stdout] error[E0635]: unknown feature `proc_macro_span_shrink`
[INFO] [stdout]   --> /opt/rustwide/cargo-home/registry/src/index.crates.io-6f17d22bba15001f/proc-macro2-1.0.53/src/lib.rs:92:30
[INFO] [stdout]    |
[INFO] [stdout] 92 |     feature(proc_macro_span, proc_macro_span_shrink)
[INFO] [stdout]    |                              ^^^^^^^^^^^^^^^^^^^^^^
[INFO] [stdout] 
[INFO] [stdout] 
[INFO] [stderr]    Compiling rand v0.8.5
[INFO] [stderr]    Compiling ff v0.12.1
[INFO] [stderr]    Compiling io-lifetimes v1.0.9
[INFO] [stderr]    Compiling blake2s_simd v1.0.1
[INFO] [stderr]    Compiling keccak v0.1.3
[INFO] [stdout] Some errors have detailed explanations: E0422, E0635.
[INFO] [stdout] 
[INFO] [stdout] For more information about an error, try `rustc --explain E0422`.
[INFO] [stdout] 
[INFO] [stderr] error: could not compile `proc-macro2` (lib) due to 3 previous errors
[INFO] [stderr] warning: build failed, waiting for other jobs to finish...
[INFO] running `Command { std: "docker" "inspect" "9690f70cae046e3bf7452c730554fa17d0fd232159ef23e132ce3e22ef5038d7", kill_on_drop: false }`
[INFO] running `Command { std: "docker" "rm" "-f" "9690f70cae046e3bf7452c730554fa17d0fd232159ef23e132ce3e22ef5038d7", kill_on_drop: false }`
[INFO] [stdout] 9690f70cae046e3bf7452c730554fa17d0fd232159ef23e132ce3e22ef5038d7
