[INFO] fetching crate fastnoise2 0.3.1...
[INFO] testing fastnoise2-0.3.1 against nightly-2024-10-28 for randomize-layout
[INFO] extracting crate fastnoise2 0.3.1 into /workspace/builds/worker-3-tc1/source
[INFO] validating manifest of crates.io crate fastnoise2 0.3.1 on toolchain nightly-2024-10-28
[INFO] running `Command { std: CARGO_HOME="/workspace/cargo-home" RUSTUP_HOME="/workspace/rustup-home" "/workspace/cargo-home/bin/cargo" "+nightly-2024-10-28" "metadata" "--manifest-path" "Cargo.toml" "--no-deps", kill_on_drop: false }`
[INFO] started tweaking crates.io crate fastnoise2 0.3.1
[INFO] removed 0 missing examples
[INFO] finished tweaking crates.io crate fastnoise2 0.3.1
[INFO] tweaked toml for crates.io crate fastnoise2 0.3.1 written to /workspace/builds/worker-3-tc1/source/Cargo.toml
[INFO] crate crates.io crate fastnoise2 0.3.1 already has a lockfile, it will not be regenerated
[INFO] running `Command { std: CARGO_HOME="/workspace/cargo-home" RUSTUP_HOME="/workspace/rustup-home" "/workspace/cargo-home/bin/cargo" "+nightly-2024-10-28" "fetch" "--manifest-path" "Cargo.toml", kill_on_drop: false }`
[INFO] [stderr]     Blocking waiting for file lock on package cache
[INFO] [stderr]     Updating crates.io index
[INFO] [stderr]     Blocking waiting for file lock on package cache
[INFO] [stderr]  Downloading crates ...
[INFO] [stderr]   Downloaded fastnoise2-sys v0.1.2
[INFO] running `Command { std: "docker" "create" "-v" "/var/lib/crater-agent-workspace/builds/worker-3-tc1/target:/opt/rustwide/target:rw,Z" "-v" "/var/lib/crater-agent-workspace/builds/worker-3-tc1/source:/opt/rustwide/workdir:ro,Z" "-v" "/var/lib/crater-agent-workspace/cargo-home:/opt/rustwide/cargo-home:ro,Z" "-v" "/var/lib/crater-agent-workspace/rustup-home:/opt/rustwide/rustup-home:ro,Z" "-e" "SOURCE_DIR=/opt/rustwide/workdir" "-e" "CARGO_TARGET_DIR=/opt/rustwide/target" "-e" "CARGO_HOME=/opt/rustwide/cargo-home" "-e" "RUSTUP_HOME=/opt/rustwide/rustup-home" "-w" "/opt/rustwide/workdir" "-m" "1610612736" "--user" "0:0" "--network" "none" "ghcr.io/rust-lang/crates-build-env/linux@sha256:4a844ea9eb2546a2d2c7022eacef16ef2e8229c7fbb2c7d4d55a9ceca922f72d" "/opt/rustwide/cargo-home/bin/cargo" "+nightly-2024-10-28" "metadata" "--no-deps" "--format-version=1", kill_on_drop: false }`
[INFO] [stdout] 514410f12d32ce019f4ca182e2722c9e1be708dff61f18af923ca33de872f86e
[INFO] running `Command { std: "docker" "start" "-a" "514410f12d32ce019f4ca182e2722c9e1be708dff61f18af923ca33de872f86e", kill_on_drop: false }`
[INFO] running `Command { std: "docker" "inspect" "514410f12d32ce019f4ca182e2722c9e1be708dff61f18af923ca33de872f86e", kill_on_drop: false }`
[INFO] running `Command { std: "docker" "rm" "-f" "514410f12d32ce019f4ca182e2722c9e1be708dff61f18af923ca33de872f86e", kill_on_drop: false }`
[INFO] [stdout] 514410f12d32ce019f4ca182e2722c9e1be708dff61f18af923ca33de872f86e
[INFO] running `Command { std: "docker" "create" "-v" "/var/lib/crater-agent-workspace/builds/worker-3-tc1/target:/opt/rustwide/target:rw,Z" "-v" "/var/lib/crater-agent-workspace/builds/worker-3-tc1/source:/opt/rustwide/workdir:ro,Z" "-v" "/var/lib/crater-agent-workspace/cargo-home:/opt/rustwide/cargo-home:ro,Z" "-v" "/var/lib/crater-agent-workspace/rustup-home:/opt/rustwide/rustup-home:ro,Z" "-e" "SOURCE_DIR=/opt/rustwide/workdir" "-e" "CARGO_TARGET_DIR=/opt/rustwide/target" "-e" "CARGO_INCREMENTAL=0" "-e" "RUST_BACKTRACE=full" "-e" "RUSTFLAGS=--cap-lints=forbid" "-e" "RUSTDOCFLAGS=--cap-lints=forbid" "-e" "CARGO_HOME=/opt/rustwide/cargo-home" "-e" "RUSTUP_HOME=/opt/rustwide/rustup-home" "-w" "/opt/rustwide/workdir" "-m" "1610612736" "--user" "0:0" "--network" "none" "ghcr.io/rust-lang/crates-build-env/linux@sha256:4a844ea9eb2546a2d2c7022eacef16ef2e8229c7fbb2c7d4d55a9ceca922f72d" "/opt/rustwide/cargo-home/bin/cargo" "+nightly-2024-10-28" "build" "--frozen" "--message-format=json", kill_on_drop: false }`
[INFO] [stdout] 382024f0b09032586d71c5ae072196fe35eb610c7c23a1b3f18c8a341cc2064a
[INFO] running `Command { std: "docker" "start" "-a" "382024f0b09032586d71c5ae072196fe35eb610c7c23a1b3f18c8a341cc2064a", kill_on_drop: false }`
[INFO] [stderr]    Compiling proc-macro2 v1.0.86
[INFO] [stderr]    Compiling glob v0.3.1
[INFO] [stderr]    Compiling libc v0.2.155
[INFO] [stderr]    Compiling prettyplease v0.2.20
[INFO] [stderr]    Compiling memchr v2.7.4
[INFO] [stderr]    Compiling regex-syntax v0.8.4
[INFO] [stderr]    Compiling minimal-lexical v0.2.1
[INFO] [stderr]    Compiling cfg-if v1.0.0
[INFO] [stderr]    Compiling either v1.13.0
[INFO] [stderr]    Compiling bindgen v0.70.1
[INFO] [stderr]    Compiling rustc-hash v1.1.0
[INFO] [stderr]    Compiling bitflags v2.6.0
[INFO] [stderr]    Compiling log v0.4.22
[INFO] [stderr]    Compiling cc v1.1.8
[INFO] [stderr]    Compiling thiserror v1.0.63
[INFO] [stderr]    Compiling libloading v0.8.5
[INFO] [stderr]    Compiling itertools v0.12.1
[INFO] [stderr]    Compiling clang-sys v1.8.1
[INFO] [stderr]    Compiling nom v7.1.3
[INFO] [stderr]    Compiling quote v1.0.36
[INFO] [stderr]    Compiling cmake v0.1.50
[INFO] [stderr]    Compiling syn v2.0.72
[INFO] [stderr]    Compiling regex-automata v0.4.7
[INFO] [stderr]    Compiling cexpr v0.6.0
[INFO] [stderr]    Compiling regex v1.10.6
[INFO] [stderr]    Compiling thiserror-impl v1.0.63
[INFO] [stderr]    Compiling fastnoise2-sys v0.1.2
[INFO] [stderr]    Compiling fastnoise2 v0.3.1 (/opt/rustwide/workdir)
[INFO] [stderr]     Finished `dev` profile [unoptimized + debuginfo] target(s) in 20.04s
[INFO] running `Command { std: "docker" "inspect" "382024f0b09032586d71c5ae072196fe35eb610c7c23a1b3f18c8a341cc2064a", kill_on_drop: false }`
[INFO] running `Command { std: "docker" "rm" "-f" "382024f0b09032586d71c5ae072196fe35eb610c7c23a1b3f18c8a341cc2064a", kill_on_drop: false }`
[INFO] [stdout] 382024f0b09032586d71c5ae072196fe35eb610c7c23a1b3f18c8a341cc2064a
[INFO] running `Command { std: "docker" "create" "-v" "/var/lib/crater-agent-workspace/builds/worker-3-tc1/target:/opt/rustwide/target:rw,Z" "-v" "/var/lib/crater-agent-workspace/builds/worker-3-tc1/source:/opt/rustwide/workdir:ro,Z" "-v" "/var/lib/crater-agent-workspace/cargo-home:/opt/rustwide/cargo-home:ro,Z" "-v" "/var/lib/crater-agent-workspace/rustup-home:/opt/rustwide/rustup-home:ro,Z" "-e" "SOURCE_DIR=/opt/rustwide/workdir" "-e" "CARGO_TARGET_DIR=/opt/rustwide/target" "-e" "CARGO_INCREMENTAL=0" "-e" "RUST_BACKTRACE=full" "-e" "RUSTFLAGS=--cap-lints=forbid" "-e" "RUSTDOCFLAGS=--cap-lints=forbid" "-e" "CARGO_HOME=/opt/rustwide/cargo-home" "-e" "RUSTUP_HOME=/opt/rustwide/rustup-home" "-w" "/opt/rustwide/workdir" "-m" "1610612736" "--user" "0:0" "--network" "none" "ghcr.io/rust-lang/crates-build-env/linux@sha256:4a844ea9eb2546a2d2c7022eacef16ef2e8229c7fbb2c7d4d55a9ceca922f72d" "/opt/rustwide/cargo-home/bin/cargo" "+nightly-2024-10-28" "test" "--frozen" "--no-run" "--message-format=json", kill_on_drop: false }`
[INFO] [stdout] 4e42c9e1976a92d78f2030625f2f09e7c8ffc794b776f8d456579518988386ed
[INFO] running `Command { std: "docker" "start" "-a" "4e42c9e1976a92d78f2030625f2f09e7c8ffc794b776f8d456579518988386ed", kill_on_drop: false }`
[INFO] [stderr]    Compiling autocfg v1.3.0
[INFO] [stderr]    Compiling minimal-lexical v0.2.1
[INFO] [stderr]    Compiling anyhow v1.0.86
[INFO] [stderr]    Compiling libloading v0.8.5
[INFO] [stderr]    Compiling built v0.7.4
[INFO] [stderr]    Compiling miniz_oxide v0.7.4
[INFO] [stderr]    Compiling libc v0.2.155
[INFO] [stderr]    Compiling aligned-vec v0.5.0
[INFO] [stderr]    Compiling arrayvec v0.7.4
[INFO] [stderr]    Compiling profiling-procmacros v1.0.15
[INFO] [stderr]    Compiling bytemuck v1.16.3
[INFO] [stderr]    Compiling arg_enum_proc_macro v0.3.4
[INFO] [stderr]    Compiling num-derive v0.4.2
[INFO] [stderr]    Compiling simd_helpers v0.1.0
[INFO] [stderr]    Compiling itertools v0.12.1
[INFO] [stderr]    Compiling maybe-rayon v0.1.1
[INFO] [stderr]    Compiling clang-sys v1.8.1
[INFO] [stderr]    Compiling weezl v0.1.8
[INFO] [stderr]    Compiling nom v7.1.3
[INFO] [stderr]    Compiling profiling v1.0.15
[INFO] [stderr]    Compiling quick-error v2.0.1
[INFO] [stderr]    Compiling new_debug_unreachable v1.0.6
[INFO] [stderr]    Compiling bitstream-io v2.5.0
[INFO] [stderr]    Compiling imgref v1.10.1
[INFO] [stderr]    Compiling noop_proc_macro v0.3.0
[INFO] [stderr]    Compiling num-traits v0.2.19
[INFO] [stderr]    Compiling lock_api v0.4.12
[INFO] [stderr]    Compiling loop9 v0.1.5
[INFO] [stderr]    Compiling rav1e v0.7.1
[INFO] [stderr]    Compiling rgb v0.8.48
[INFO] [stderr]    Compiling flate2 v1.0.31
[INFO] [stderr]    Compiling avif-serialize v0.8.1
[INFO] [stderr]    Compiling zune-inflate v0.2.54
[INFO] [stderr]    Compiling fdeflate v0.3.4
[INFO] [stderr]    Compiling half v2.4.1
[INFO] [stderr]    Compiling spin v0.9.8
[INFO] [stderr]    Compiling zune-core v0.4.12
[INFO] [stderr]    Compiling jpeg-decoder v0.3.1
[INFO] [stderr]    Compiling flume v0.11.0
[INFO] [stderr]    Compiling bit_field v0.10.2
[INFO] [stderr]    Compiling smallvec v1.13.2
[INFO] [stderr]    Compiling byteorder-lite v0.1.0
[INFO] [stderr]    Compiling lebe v0.5.2
[INFO] [stderr]    Compiling png v0.17.13
[INFO] [stderr]    Compiling zune-jpeg v0.4.13
[INFO] [stderr]    Compiling gif v0.13.1
[INFO] [stderr]    Compiling qoi v0.4.1
[INFO] [stderr]    Compiling image-webp v0.1.3
[INFO] [stderr]    Compiling exr v1.72.0
[INFO] [stderr]    Compiling num-integer v0.1.46
[INFO] [stderr]    Compiling v_frame v0.3.8
[INFO] [stderr]    Compiling tiff v0.9.1
[INFO] [stderr]    Compiling num-bigint v0.4.6
[INFO] [stderr]    Compiling cexpr v0.6.0
[INFO] [stderr]    Compiling bindgen v0.70.1
[INFO] [stderr]    Compiling num-rational v0.4.2
[INFO] [stderr]    Compiling av1-grain v0.2.3
[INFO] [stderr]    Compiling fastnoise2-sys v0.1.2
[INFO] [stderr] error: could not compile `rav1e` (lib)
[INFO] [stderr] 
[INFO] [stderr] Caused by:
[INFO] [stderr]   process didn't exit successfully: `/opt/rustwide/rustup-home/toolchains/nightly-2024-10-28-x86_64-unknown-linux-gnu/bin/rustc --crate-name rav1e --edition=2021 /opt/rustwide/cargo-home/registry/src/index.crates.io-6f17d22bba15001f/rav1e-0.7.1/src/lib.rs --error-format=json --json=diagnostic-rendered-ansi,artifacts,future-incompat --crate-type lib --emit=dep-info,metadata,link -C embed-bitcode=no -C debuginfo=2 --check-cfg 'cfg(docsrs)' --check-cfg 'cfg(feature, values("aom-sys", "asm", "av-metrics", "backtrace", "bench", "binaries", "byteorder", "capi", "cc", "channel-api", "check_asm", "clap", "clap_complete", "console", "crossbeam", "dav1d-sys", "decode_test", "decode_test_dav1d", "default", "desync_finder", "dump_ivf", "dump_lookahead_data", "fern", "git_version", "image", "ivf", "nasm-rs", "nom", "quick_test", "scan_fmt", "scenechange", "serde", "serde-big-array", "serialize", "signal-hook", "signal_support", "threading", "toml", "tracing", "tracing-chrome", "tracing-subscriber", "unstable", "wasm", "wasm-bindgen", "y4m"))' -C metadata=7f9d9a4ebaf9f4cd -C extra-filename=-7f9d9a4ebaf9f4cd --out-dir /opt/rustwide/target/debug/deps -L dependency=/opt/rustwide/target/debug/deps --extern arg_enum_proc_macro=/opt/rustwide/target/debug/deps/libarg_enum_proc_macro-432b4bb9d88aa42b.so --extern arrayvec=/opt/rustwide/target/debug/deps/libarrayvec-f9bab1f49304b6ef.rmeta --extern av1_grain=/opt/rustwide/target/debug/deps/libav1_grain-00febe4c165ae3e8.rmeta --extern bitstream_io=/opt/rustwide/target/debug/deps/libbitstream_io-50f16d41e39d3bf2.rmeta --extern cfg_if=/opt/rustwide/target/debug/deps/libcfg_if-57bf25c23e31efdb.rmeta --extern itertools=/opt/rustwide/target/debug/deps/libitertools-083f35ac5086d8ef.rmeta --extern libc=/opt/rustwide/target/debug/deps/liblibc-b8a48bb4434428bd.rmeta --extern log=/opt/rustwide/target/debug/deps/liblog-b6b1a89bf87ced53.rmeta --extern rayon=/opt/rustwide/target/debug/deps/libmaybe_rayon-b4a7dbd7285b5468.rmeta --extern debug_unreachable=/opt/rustwide/target/debug/deps/libdebug_unreachable-cf1a4f9e6b9833f8.rmeta --extern noop_proc_macro=/opt/rustwide/target/debug/deps/libnoop_proc_macro-e6246795508f2657.so --extern num_derive=/opt/rustwide/target/debug/deps/libnum_derive-9f9ffc4d413d4828.so --extern num_traits=/opt/rustwide/target/debug/deps/libnum_traits-8d8aae874362633c.rmeta --extern once_cell=/opt/rustwide/target/debug/deps/libonce_cell-795d6939e3fe8636.rmeta --extern paste=/opt/rustwide/target/debug/deps/libpaste-328a92098632ae7d.so --extern profiling=/opt/rustwide/target/debug/deps/libprofiling-0a63148dfc1bb01f.rmeta --extern simd_helpers=/opt/rustwide/target/debug/deps/libsimd_helpers-d02b98c691923f77.so --extern thiserror=/opt/rustwide/target/debug/deps/libthiserror-841858829b100dfd.rmeta --extern v_frame=/opt/rustwide/target/debug/deps/libv_frame-13dea8afb53958c8.rmeta --cap-lints allow --cap-lints=forbid` (signal: 9, SIGKILL: kill)
[INFO] [stderr] warning: build failed, waiting for other jobs to finish...
[INFO] [stderr] The following warnings were emitted during compilation:
[INFO] [stderr] 
[INFO] [stderr] warning: fastnoise2-sys@0.1.2: FASTNOISE2_LIB_DIR is not set; falling back to building from source
[INFO] [stderr] warning: fastnoise2-sys@0.1.2: building from source files located in '/opt/rustwide/cargo-home/registry/src/index.crates.io-6f17d22bba15001f/fastnoise2-sys-0.1.2/build/FastNoise2'
[INFO] [stderr] warning: fastnoise2-sys@0.1.2: CARGO_CFG_TARGET_OS='linux' and CARGO_CFG_TARGET_ENV='gnu' => CMAKE_CXX_FLAGS_RELEASE='-O3 -DNDEBUG'
[INFO] [stderr] 
[INFO] [stderr] error: failed to run custom build command for `fastnoise2-sys v0.1.2`
[INFO] [stderr] note: To improve backtraces for build dependencies, set the CARGO_PROFILE_TEST_BUILD_OVERRIDE_DEBUG=true environment variable to enable debug information generation.
[INFO] [stderr] 
[INFO] [stderr] Caused by:
[INFO] [stderr]   process didn't exit successfully: `/opt/rustwide/target/debug/build/fastnoise2-sys-f7b9935c34937664/build-script-main` (exit status: 101)
[INFO] [stderr]   --- stdout
[INFO] [stderr]   cargo:rerun-if-env-changed=FASTNOISE2_SOURCE_DIR
[INFO] [stderr]   cargo:rerun-if-env-changed=FASTNOISE2_LIB_DIR
[INFO] [stderr]   cargo:warning=FASTNOISE2_LIB_DIR is not set; falling back to building from source
[INFO] [stderr]   cargo:warning=building from source files located in '/opt/rustwide/cargo-home/registry/src/index.crates.io-6f17d22bba15001f/fastnoise2-sys-0.1.2/build/FastNoise2'
[INFO] [stderr]   cargo:rerun-if-changed=/opt/rustwide/cargo-home/registry/src/index.crates.io-6f17d22bba15001f/fastnoise2-sys-0.1.2/build/FastNoise2/include/FastNoise
[INFO] [stderr]   cargo:warning=CARGO_CFG_TARGET_OS='linux' and CARGO_CFG_TARGET_ENV='gnu' => CMAKE_CXX_FLAGS_RELEASE='-O3 -DNDEBUG'
[INFO] [stderr]   CMAKE_TOOLCHAIN_FILE_x86_64-unknown-linux-gnu = None
[INFO] [stderr]   CMAKE_TOOLCHAIN_FILE_x86_64_unknown_linux_gnu = None
[INFO] [stderr]   HOST_CMAKE_TOOLCHAIN_FILE = None
[INFO] [stderr]   CMAKE_TOOLCHAIN_FILE = None
[INFO] [stderr]   CMAKE_GENERATOR_x86_64-unknown-linux-gnu = None
[INFO] [stderr]   CMAKE_GENERATOR_x86_64_unknown_linux_gnu = None
[INFO] [stderr]   HOST_CMAKE_GENERATOR = None
[INFO] [stderr]   CMAKE_GENERATOR = None
[INFO] [stderr]   CMAKE_PREFIX_PATH_x86_64-unknown-linux-gnu = None
[INFO] [stderr]   CMAKE_PREFIX_PATH_x86_64_unknown_linux_gnu = None
[INFO] [stderr]   HOST_CMAKE_PREFIX_PATH = None
[INFO] [stderr]   CMAKE_PREFIX_PATH = None
[INFO] [stderr]   CMAKE_x86_64-unknown-linux-gnu = None
[INFO] [stderr]   CMAKE_x86_64_unknown_linux_gnu = None
[INFO] [stderr]   HOST_CMAKE = None
[INFO] [stderr]   CMAKE = None
[INFO] [stderr]   running: cd "/opt/rustwide/target/debug/build/fastnoise2-sys-3552f32330740baa/out/build" && CMAKE_PREFIX_PATH="" "cmake" "/opt/rustwide/cargo-home/registry/src/index.crates.io-6f17d22bba15001f/fastnoise2-sys-0.1.2/build/FastNoise2" "-DFASTNOISE2_NOISETOOL=OFF" "-DFASTNOISE2_TESTS=OFF" "-DBUILD_SHARED_LIBS=OFF" "-DCMAKE_CXX_FLAGS_RELEASE=-O3 -DNDEBUG" "-DCMAKE_INSTALL_PREFIX=/opt/rustwide/target/debug/build/fastnoise2-sys-3552f32330740baa/out" "-DCMAKE_C_FLAGS= -ffunction-sections -fdata-sections -fPIC -m64" "-DCMAKE_C_COMPILER=/usr/bin/cc" "-DCMAKE_CXX_FLAGS= -ffunction-sections -fdata-sections -fPIC -m64" "-DCMAKE_CXX_COMPILER=/usr/bin/c++" "-DCMAKE_ASM_FLAGS= -ffunction-sections -fdata-sections -fPIC -m64" "-DCMAKE_ASM_COMPILER=/usr/bin/cc" "-DCMAKE_BUILD_TYPE=Release"
[INFO] [stderr]   -- The C compiler identification is GNU 11.4.0
[INFO] [stderr]   -- The CXX compiler identification is GNU 11.4.0
[INFO] [stderr]   -- Detecting C compiler ABI info
[INFO] [stderr]   -- Detecting C compiler ABI info - done
[INFO] [stderr]   -- Check for working C compiler: /usr/bin/cc - skipped
[INFO] [stderr]   -- Detecting C compile features
[INFO] [stderr]   -- Detecting C compile features - done
[INFO] [stderr]   -- Detecting CXX compiler ABI info
[INFO] [stderr]   -- Detecting CXX compiler ABI info - done
[INFO] [stderr]   -- Check for working CXX compiler: /usr/bin/c++ - skipped
[INFO] [stderr]   -- Detecting CXX compile features
[INFO] [stderr]   -- Detecting CXX compile features - done
[INFO] [stderr]   -- Configuring done
[INFO] [stderr]   -- Generating done
[INFO] [stderr]   -- Build files have been written to: /opt/rustwide/target/debug/build/fastnoise2-sys-3552f32330740baa/out/build
[INFO] [stderr]   running: cd "/opt/rustwide/target/debug/build/fastnoise2-sys-3552f32330740baa/out/build" && MAKEFLAGS="-j --jobserver-fds=8,9 --jobserver-auth=8,9" "cmake" "--build" "." "--target" "install" "--config" "Release"
[INFO] [stderr]   [  7%] Building CXX object src/CMakeFiles/FastNoise.dir/FastNoise/Metadata.cpp.o
[INFO] [stderr]   [ 15%] Building CXX object src/CMakeFiles/FastNoise.dir/FastNoise/FastNoise_C.cpp.o
[INFO] [stderr]   [ 23%] Building CXX object src/CMakeFiles/FastNoise.dir/FastNoise/SmartNode.cpp.o
[INFO] [stderr]   [ 38%] Building CXX object src/CMakeFiles/FastNoise.dir/FastSIMD/FastSIMD_Level_AVX512.cpp.o
[INFO] [stderr]   [ 38%] Building CXX object src/CMakeFiles/FastNoise.dir/FastSIMD/FastSIMD.cpp.o
[INFO] [stderr]   [ 46%] Building CXX object src/CMakeFiles/FastNoise.dir/FastSIMD/FastSIMD_Level_Scalar.cpp.o
[INFO] [stderr]   [ 53%] Building CXX object src/CMakeFiles/FastNoise.dir/FastSIMD/FastSIMD_Level_AVX2.cpp.o
[INFO] [stderr]   [ 61%] Building CXX object src/CMakeFiles/FastNoise.dir/FastSIMD/FastSIMD_Level_SSE41.cpp.o
[INFO] [stderr]   [ 69%] Building CXX object src/CMakeFiles/FastNoise.dir/FastSIMD/FastSIMD_Level_SSE2.cpp.o
[INFO] [stderr]   [ 76%] Building CXX object src/CMakeFiles/FastNoise.dir/FastSIMD/FastSIMD_Level_SSE42.cpp.o
[INFO] [stderr]   [ 84%] Building CXX object src/CMakeFiles/FastNoise.dir/FastSIMD/FastSIMD_Level_SSE3.cpp.o
[INFO] [stderr]   [ 92%] Building CXX object src/CMakeFiles/FastNoise.dir/FastSIMD/FastSIMD_Level_SSSE3.cpp.o
[INFO] [stderr] 
[INFO] [stderr]   --- stderr
[INFO] [stderr]   FastNoise2 Arch: x86_64
[INFO] [stderr]   CMake Warning:
[INFO] [stderr]     Manually-specified variables were not used by the project:
[INFO] [stderr] 
[INFO] [stderr]       CMAKE_ASM_COMPILER
[INFO] [stderr]       CMAKE_ASM_FLAGS
[INFO] [stderr] 
[INFO] [stderr] 
[INFO] [stderr]   c++: fatal error: Killed signal terminated program cc1plus
[INFO] [stderr]   compilation terminated.
[INFO] [stderr]   gmake[2]: *** [src/CMakeFiles/FastNoise.dir/build.make:76: src/CMakeFiles/FastNoise.dir/FastNoise/Metadata.cpp.o] Error 1
[INFO] [stderr]   gmake[2]: *** Waiting for unfinished jobs....
[INFO] [stderr]   gmake[1]: *** [CMakeFiles/Makefile2:98: src/CMakeFiles/FastNoise.dir/all] Error 2
[INFO] [stderr]   gmake: *** [Makefile:136: all] Error 2
[INFO] [stderr]   thread 'main' panicked at /opt/rustwide/cargo-home/registry/src/index.crates.io-6f17d22bba15001f/cmake-0.1.50/src/lib.rs:1098:5:
[INFO] [stderr] 
[INFO] [stderr]   command did not execute successfully, got: exit status: 2
[INFO] [stderr] 
[INFO] [stderr]   build script failed, must exit now
[INFO] [stderr]   stack backtrace:
[INFO] [stderr]      0:     0x5ee27079bdba - std::backtrace_rs::backtrace::libunwind::trace::h207520d6e9873551
[INFO] [stderr]                                  at /rustc/df4ca44d3fbc9301ee17f30f4d474e6ae4b05252/library/std/src/../../backtrace/src/backtrace/libunwind.rs:116:5
[INFO] [stderr]      1:     0x5ee27079bdba - std::backtrace_rs::backtrace::trace_unsynchronized::h2ed7433f370e3eca
[INFO] [stderr]                                  at /rustc/df4ca44d3fbc9301ee17f30f4d474e6ae4b05252/library/std/src/../../backtrace/src/backtrace/mod.rs:66:5
[INFO] [stderr]      2:     0x5ee27079bdba - std::sys::backtrace::_print_fmt::h916fac51166b18d7
[INFO] [stderr]                                  at /rustc/df4ca44d3fbc9301ee17f30f4d474e6ae4b05252/library/std/src/sys/backtrace.rs:66:9
[INFO] [stderr]      3:     0x5ee27079bdba - <std::sys::backtrace::BacktraceLock::print::DisplayBacktrace as core::fmt::Display>::fmt::ha0a4c9b8ce3802e6
[INFO] [stderr]                                  at /rustc/df4ca44d3fbc9301ee17f30f4d474e6ae4b05252/library/std/src/sys/backtrace.rs:39:26
[INFO] [stderr]      4:     0x5ee2707c5783 - core::fmt::rt::Argument::fmt::h4cfc8587d52b3eb5
[INFO] [stderr]                                  at /rustc/df4ca44d3fbc9301ee17f30f4d474e6ae4b05252/library/core/src/fmt/rt.rs:177:76
[INFO] [stderr]      5:     0x5ee2707c5783 - core::fmt::write::h522cc39e5b36ae9f
[INFO] [stderr]                                  at /rustc/df4ca44d3fbc9301ee17f30f4d474e6ae4b05252/library/core/src/fmt/mod.rs:1190:21
[INFO] [stderr]      6:     0x5ee270798433 - std::io::Write::write_fmt::hf1c1dcc8cc1287f0
[INFO] [stderr]                                  at /rustc/df4ca44d3fbc9301ee17f30f4d474e6ae4b05252/library/std/src/io/mod.rs:1839:15
[INFO] [stderr]      7:     0x5ee27079bc02 - std::sys::backtrace::BacktraceLock::print::h4b9e00b29e9c0942
[INFO] [stderr]                                  at /rustc/df4ca44d3fbc9301ee17f30f4d474e6ae4b05252/library/std/src/sys/backtrace.rs:42:9
[INFO] [stderr]      8:     0x5ee27079cdfc - std::panicking::default_hook::{{closure}}::hb59b88280d0324d9
[INFO] [stderr]                                  at /rustc/df4ca44d3fbc9301ee17f30f4d474e6ae4b05252/library/std/src/panicking.rs:268:22
[INFO] [stderr]      9:     0x5ee27079cc42 - std::panicking::default_hook::he1dd496665be4a29
[INFO] [stderr]                                  at /rustc/df4ca44d3fbc9301ee17f30f4d474e6ae4b05252/library/std/src/panicking.rs:295:9
[INFO] [stderr]     10:     0x5ee27079d437 - std::panicking::rust_panic_with_hook::h2ff17fe8f26dfcf8
[INFO] [stderr]                                  at /rustc/df4ca44d3fbc9301ee17f30f4d474e6ae4b05252/library/std/src/panicking.rs:801:13
[INFO] [stderr]     11:     0x5ee27079d2ca - std::panicking::begin_panic_handler::{{closure}}::h4fad77951c07e101
[INFO] [stderr]                                  at /rustc/df4ca44d3fbc9301ee17f30f4d474e6ae4b05252/library/std/src/panicking.rs:674:13
[INFO] [stderr]     12:     0x5ee27079c299 - std::sys::backtrace::__rust_end_short_backtrace::hb1a25b3da5d0ea08
[INFO] [stderr]                                  at /rustc/df4ca44d3fbc9301ee17f30f4d474e6ae4b05252/library/std/src/sys/backtrace.rs:170:18
[INFO] [stderr]     13:     0x5ee27079cf5c - rust_begin_unwind
[INFO] [stderr]                                  at /rustc/df4ca44d3fbc9301ee17f30f4d474e6ae4b05252/library/std/src/panicking.rs:665:5
[INFO] [stderr]     14:     0x5ee2707c3ad0 - core::panicking::panic_fmt::ha9db07b529f9b256
[INFO] [stderr]                                  at /rustc/df4ca44d3fbc9301ee17f30f4d474e6ae4b05252/library/core/src/panicking.rs:75:14
[INFO] [stderr]     15:     0x5ee27071d912 - cmake::fail::hdf77609600fff114
[INFO] [stderr]     16:     0x5ee27071d0e9 - cmake::run::h94db388e212ad042
[INFO] [stderr]     17:     0x5ee270719a76 - cmake::Config::build::he24f36f2ae5f26a6
[INFO] [stderr]     18:     0x5ee2701dcff9 - build_script_main::build_from_source::hbdbd2ebad7e21a98
[INFO] [stderr]     19:     0x5ee2701dc5da - build_script_main::main::hb4c988bb2f1427d4
[INFO] [stderr]     20:     0x5ee2701d9463 - core::ops::function::FnOnce::call_once::hdde9aaea0c5e553f
[INFO] [stderr]     21:     0x5ee2701d9276 - std::sys::backtrace::__rust_begin_short_backtrace::hadc3f20c7ed0ce83
[INFO] [stderr]     22:     0x5ee2701d91d9 - std::rt::lang_start::{{closure}}::h74b699e1d099142c
[INFO] [stderr]     23:     0x5ee270793ed7 - core::ops::function::impls::<impl core::ops::function::FnOnce<A> for &F>::call_once::hd87d66b906e0ccaf
[INFO] [stderr]                                  at /rustc/df4ca44d3fbc9301ee17f30f4d474e6ae4b05252/library/core/src/ops/function.rs:284:13
[INFO] [stderr]     24:     0x5ee270793ed7 - std::panicking::try::do_call::hae3703de71fc9e3a
[INFO] [stderr]                                  at /rustc/df4ca44d3fbc9301ee17f30f4d474e6ae4b05252/library/std/src/panicking.rs:557:40
[INFO] [stderr]     25:     0x5ee270793ed7 - std::panicking::try::h1178330e9a2b2645
[INFO] [stderr]                                  at /rustc/df4ca44d3fbc9301ee17f30f4d474e6ae4b05252/library/std/src/panicking.rs:520:19
[INFO] [stderr]     26:     0x5ee270793ed7 - std::panic::catch_unwind::h0acf49d2305d32ad
[INFO] [stderr]                                  at /rustc/df4ca44d3fbc9301ee17f30f4d474e6ae4b05252/library/std/src/panic.rs:358:14
[INFO] [stderr]     27:     0x5ee270793ed7 - std::rt::lang_start_internal::{{closure}}::h2d95182d798177be
[INFO] [stderr]                                  at /rustc/df4ca44d3fbc9301ee17f30f4d474e6ae4b05252/library/std/src/rt.rs:174:48
[INFO] [stderr]     28:     0x5ee270793ed7 - std::panicking::try::do_call::hb506f5bfe11fd30c
[INFO] [stderr]                                  at /rustc/df4ca44d3fbc9301ee17f30f4d474e6ae4b05252/library/std/src/panicking.rs:557:40
[INFO] [stderr]     29:     0x5ee270793ed7 - std::panicking::try::h54d825c46bd0fa95
[INFO] [stderr]                                  at /rustc/df4ca44d3fbc9301ee17f30f4d474e6ae4b05252/library/std/src/panicking.rs:520:19
[INFO] [stderr]     30:     0x5ee270793ed7 - std::panic::catch_unwind::hffbb0ad20c4e9fac
[INFO] [stderr]                                  at /rustc/df4ca44d3fbc9301ee17f30f4d474e6ae4b05252/library/std/src/panic.rs:358:14
[INFO] [stderr]     31:     0x5ee270793ed7 - std::rt::lang_start_internal::h52c291ef1962c925
[INFO] [stderr]                                  at /rustc/df4ca44d3fbc9301ee17f30f4d474e6ae4b05252/library/std/src/rt.rs:174:20
[INFO] [stderr]     32:     0x5ee2701d91b7 - std::rt::lang_start::h1c006edbfe1ec1ae
[INFO] [stderr]     33:     0x5ee2701de0d5 - main
[INFO] [stderr]     34:     0x7ac7e6656d90 - <unknown>
[INFO] [stderr]     35:     0x7ac7e6656e40 - __libc_start_main
[INFO] [stderr]     36:     0x5ee2701d8b05 - _start
[INFO] [stderr]     37:                0x0 - <unknown>
[INFO] running `Command { std: "docker" "inspect" "4e42c9e1976a92d78f2030625f2f09e7c8ffc794b776f8d456579518988386ed", kill_on_drop: false }`
[INFO] running `Command { std: "docker" "rm" "-f" "4e42c9e1976a92d78f2030625f2f09e7c8ffc794b776f8d456579518988386ed", kill_on_drop: false }`
[INFO] [stdout] 4e42c9e1976a92d78f2030625f2f09e7c8ffc794b776f8d456579518988386ed
