[INFO] fetching crate fasthash-fork 0.4.1...
[INFO] testing fasthash-fork-0.4.1 against nightly-2024-10-28 for randomize-layout
[INFO] extracting crate fasthash-fork 0.4.1 into /workspace/builds/worker-7-tc1/source
[INFO] validating manifest of crates.io crate fasthash-fork 0.4.1 on toolchain nightly-2024-10-28
[INFO] running `Command { std: CARGO_HOME="/workspace/cargo-home" RUSTUP_HOME="/workspace/rustup-home" "/workspace/cargo-home/bin/cargo" "+nightly-2024-10-28" "metadata" "--manifest-path" "Cargo.toml" "--no-deps", kill_on_drop: false }`
[INFO] started tweaking crates.io crate fasthash-fork 0.4.1
[INFO] finished tweaking crates.io crate fasthash-fork 0.4.1
[INFO] tweaked toml for crates.io crate fasthash-fork 0.4.1 written to /workspace/builds/worker-7-tc1/source/Cargo.toml
[INFO] running `Command { std: CARGO_HOME="/workspace/cargo-home" RUSTUP_HOME="/workspace/rustup-home" "/workspace/cargo-home/bin/cargo" "+nightly-2024-10-28" "generate-lockfile" "--manifest-path" "Cargo.toml", kill_on_drop: false }`
[INFO] [stderr]     Updating crates.io index
[INFO] [stderr]      Locking 120 packages to latest compatible versions
[INFO] [stderr]       Adding ahash v0.7.8 (available: v0.8.11)
[INFO] [stderr]       Adding criterion v0.3.6 (available: v0.5.1)
[INFO] [stderr]       Adding derive_more v0.99.18 (available: v1.0.0)
[INFO] [stderr]       Adding digest v0.9.0 (available: v0.10.7)
[INFO] [stderr]       Adding rand v0.7.3 (available: v0.8.5)
[INFO] [stderr]       Adding raw-cpuid v10.7.0 (available: v11.2.0)
[INFO] running `Command { std: CARGO_HOME="/workspace/cargo-home" RUSTUP_HOME="/workspace/rustup-home" "/workspace/cargo-home/bin/cargo" "+nightly-2024-10-28" "fetch" "--manifest-path" "Cargo.toml", kill_on_drop: false }`
[INFO] [stderr]  Downloading crates ...
[INFO] [stderr]   Downloaded xoroshiro128 v0.5.0
[INFO] [stderr]   Downloaded fasthash-sys-fork v0.4.2
[INFO] running `Command { std: "docker" "create" "-v" "/var/lib/crater-agent-workspace/builds/worker-7-tc1/target:/opt/rustwide/target:rw,Z" "-v" "/var/lib/crater-agent-workspace/builds/worker-7-tc1/source:/opt/rustwide/workdir:ro,Z" "-v" "/var/lib/crater-agent-workspace/cargo-home:/opt/rustwide/cargo-home:ro,Z" "-v" "/var/lib/crater-agent-workspace/rustup-home:/opt/rustwide/rustup-home:ro,Z" "-e" "SOURCE_DIR=/opt/rustwide/workdir" "-e" "CARGO_TARGET_DIR=/opt/rustwide/target" "-e" "CARGO_HOME=/opt/rustwide/cargo-home" "-e" "RUSTUP_HOME=/opt/rustwide/rustup-home" "-w" "/opt/rustwide/workdir" "-m" "1610612736" "--user" "0:0" "--network" "none" "ghcr.io/rust-lang/crates-build-env/linux@sha256:4a844ea9eb2546a2d2c7022eacef16ef2e8229c7fbb2c7d4d55a9ceca922f72d" "/opt/rustwide/cargo-home/bin/cargo" "+nightly-2024-10-28" "metadata" "--no-deps" "--format-version=1", kill_on_drop: false }`
[INFO] [stdout] a3dc622a78a5f1bdf9049414832fee589d5795b5ce01bc8c8747f9bb8a58e22c
[INFO] running `Command { std: "docker" "start" "-a" "a3dc622a78a5f1bdf9049414832fee589d5795b5ce01bc8c8747f9bb8a58e22c", kill_on_drop: false }`
[INFO] running `Command { std: "docker" "inspect" "a3dc622a78a5f1bdf9049414832fee589d5795b5ce01bc8c8747f9bb8a58e22c", kill_on_drop: false }`
[INFO] running `Command { std: "docker" "rm" "-f" "a3dc622a78a5f1bdf9049414832fee589d5795b5ce01bc8c8747f9bb8a58e22c", kill_on_drop: false }`
[INFO] [stdout] a3dc622a78a5f1bdf9049414832fee589d5795b5ce01bc8c8747f9bb8a58e22c
[INFO] running `Command { std: "docker" "create" "-v" "/var/lib/crater-agent-workspace/builds/worker-7-tc1/target:/opt/rustwide/target:rw,Z" "-v" "/var/lib/crater-agent-workspace/builds/worker-7-tc1/source:/opt/rustwide/workdir:ro,Z" "-v" "/var/lib/crater-agent-workspace/cargo-home:/opt/rustwide/cargo-home:ro,Z" "-v" "/var/lib/crater-agent-workspace/rustup-home:/opt/rustwide/rustup-home:ro,Z" "-e" "SOURCE_DIR=/opt/rustwide/workdir" "-e" "CARGO_TARGET_DIR=/opt/rustwide/target" "-e" "CARGO_INCREMENTAL=0" "-e" "RUST_BACKTRACE=full" "-e" "RUSTFLAGS=--cap-lints=forbid" "-e" "RUSTDOCFLAGS=--cap-lints=forbid" "-e" "CARGO_HOME=/opt/rustwide/cargo-home" "-e" "RUSTUP_HOME=/opt/rustwide/rustup-home" "-w" "/opt/rustwide/workdir" "-m" "1610612736" "--user" "0:0" "--network" "none" "ghcr.io/rust-lang/crates-build-env/linux@sha256:4a844ea9eb2546a2d2c7022eacef16ef2e8229c7fbb2c7d4d55a9ceca922f72d" "/opt/rustwide/cargo-home/bin/cargo" "+nightly-2024-10-28" "build" "--frozen" "--message-format=json", kill_on_drop: false }`
[INFO] [stdout] 21db7b7d40e5a790b5503734af25df971ffd6c5263e5344df5e02ca3615722f9
[INFO] running `Command { std: "docker" "start" "-a" "21db7b7d40e5a790b5503734af25df971ffd6c5263e5344df5e02ca3615722f9", kill_on_drop: false }`
[INFO] [stderr]    Compiling proc-macro2 v1.0.89
[INFO] [stderr]    Compiling unicode-ident v1.0.13
[INFO] [stderr]    Compiling libc v0.2.161
[INFO] [stderr]    Compiling cfg-if v1.0.0
[INFO] [stderr]    Compiling getrandom v0.1.16
[INFO] [stderr]    Compiling bitflags v1.3.2
[INFO] [stderr]    Compiling byteorder v1.5.0
[INFO] [stderr]    Compiling shlex v1.3.0
[INFO] [stderr]    Compiling raw-cpuid v10.7.0
[INFO] [stderr]    Compiling lazy_static v1.5.0
[INFO] [stderr]    Compiling autocfg v1.4.0
[INFO] [stderr]    Compiling version_check v0.9.5
[INFO] [stderr]    Compiling cc v1.1.31
[INFO] [stderr]    Compiling convert_case v0.4.0
[INFO] [stderr]    Compiling once_cell v1.20.2
[INFO] [stderr]    Compiling seahash v4.1.0
[INFO] [stderr]    Compiling ahash v0.7.8
[INFO] [stderr]    Compiling num-traits v0.2.19
[INFO] [stderr]    Compiling quote v1.0.37
[INFO] [stderr]    Compiling getrandom v0.2.15
[INFO] [stderr]    Compiling syn v2.0.86
[INFO] [stderr]    Compiling rand_core v0.5.1
[INFO] [stderr]    Compiling fasthash-sys-fork v0.4.2
[INFO] [stderr]    Compiling fasthash-fork v0.4.1 (/opt/rustwide/workdir)
[INFO] [stderr]    Compiling zerocopy-derive v0.7.35
[INFO] [stderr]    Compiling derive_more v0.99.18
[INFO] [stderr]    Compiling zerocopy v0.7.35
[INFO] [stderr]    Compiling ppv-lite86 v0.2.20
[INFO] [stderr]    Compiling rand_chacha v0.2.2
[INFO] [stderr]    Compiling rand v0.7.3
[INFO] [stderr]    Compiling xoroshiro128 v0.5.0
[INFO] [stderr]     Finished `dev` profile [unoptimized + debuginfo] target(s) in 13.29s
[INFO] running `Command { std: "docker" "inspect" "21db7b7d40e5a790b5503734af25df971ffd6c5263e5344df5e02ca3615722f9", kill_on_drop: false }`
[INFO] running `Command { std: "docker" "rm" "-f" "21db7b7d40e5a790b5503734af25df971ffd6c5263e5344df5e02ca3615722f9", kill_on_drop: false }`
[INFO] [stdout] 21db7b7d40e5a790b5503734af25df971ffd6c5263e5344df5e02ca3615722f9
[INFO] running `Command { std: "docker" "create" "-v" "/var/lib/crater-agent-workspace/builds/worker-7-tc1/target:/opt/rustwide/target:rw,Z" "-v" "/var/lib/crater-agent-workspace/builds/worker-7-tc1/source:/opt/rustwide/workdir:ro,Z" "-v" "/var/lib/crater-agent-workspace/cargo-home:/opt/rustwide/cargo-home:ro,Z" "-v" "/var/lib/crater-agent-workspace/rustup-home:/opt/rustwide/rustup-home:ro,Z" "-e" "SOURCE_DIR=/opt/rustwide/workdir" "-e" "CARGO_TARGET_DIR=/opt/rustwide/target" "-e" "CARGO_INCREMENTAL=0" "-e" "RUST_BACKTRACE=full" "-e" "RUSTFLAGS=--cap-lints=forbid" "-e" "RUSTDOCFLAGS=--cap-lints=forbid" "-e" "CARGO_HOME=/opt/rustwide/cargo-home" "-e" "RUSTUP_HOME=/opt/rustwide/rustup-home" "-w" "/opt/rustwide/workdir" "-m" "1610612736" "--user" "0:0" "--network" "none" "ghcr.io/rust-lang/crates-build-env/linux@sha256:4a844ea9eb2546a2d2c7022eacef16ef2e8229c7fbb2c7d4d55a9ceca922f72d" "/opt/rustwide/cargo-home/bin/cargo" "+nightly-2024-10-28" "test" "--frozen" "--no-run" "--message-format=json", kill_on_drop: false }`
[INFO] [stdout] 930b9d2f503c94514aa7ea415c14371a6f23d52ea64ca0dd54ea3db22c96f2c3
[INFO] running `Command { std: "docker" "start" "-a" "930b9d2f503c94514aa7ea415c14371a6f23d52ea64ca0dd54ea3db22c96f2c3", kill_on_drop: false }`
[INFO] [stderr]    Compiling bitflags v1.3.2
[INFO] [stderr]    Compiling serde v1.0.214
[INFO] [stderr]    Compiling crossbeam-utils v0.8.20
[INFO] [stderr]    Compiling memchr v2.7.4
[INFO] [stderr]    Compiling ryu v1.0.18
[INFO] [stderr]    Compiling serde_json v1.0.132
[INFO] [stderr]    Compiling rayon-core v1.12.1
[INFO] [stderr]    Compiling either v1.13.0
[INFO] [stderr]    Compiling raw-cpuid v10.7.0
[INFO] [stderr]    Compiling itoa v1.0.11
[INFO] [stderr]    Compiling unicode-width v0.1.14
[INFO] [stderr]    Compiling plotters-backend v0.3.7
[INFO] [stderr]    Compiling regex-syntax v0.8.5
[INFO] [stderr]    Compiling itertools v0.10.5
[INFO] [stderr]    Compiling textwrap v0.11.0
[INFO] [stderr]    Compiling plotters-svg v0.3.7
[INFO] [stderr]    Compiling crossbeam-epoch v0.9.18
[INFO] [stderr]    Compiling csv-core v0.1.11
[INFO] [stderr]    Compiling same-file v1.0.6
[INFO] [stderr]    Compiling crossbeam-deque v0.8.5
[INFO] [stderr]    Compiling cast v0.3.0
[INFO] [stderr]    Compiling half v1.8.3
[INFO] [stderr]    Compiling walkdir v2.5.0
[INFO] [stderr]    Compiling plotters v0.3.7
[INFO] [stderr]    Compiling regex-automata v0.4.8
[INFO] [stderr]    Compiling fasthash-sys-fork v0.4.2
[INFO] [stderr]    Compiling fasthash-fork v0.4.1 (/opt/rustwide/workdir)
[INFO] [stderr]    Compiling criterion-plot v0.4.5
[INFO] [stderr]    Compiling rayon v1.10.0
[INFO] [stderr]    Compiling clap v2.34.0
[INFO] [stderr]    Compiling serde_derive v1.0.214
[INFO] [stderr]    Compiling atty v0.2.14
[INFO] [stderr]    Compiling oorandom v11.1.4
[INFO] [stderr]    Compiling regex v1.11.1
[INFO] [stderr]    Compiling csv v1.3.0
[INFO] [stderr]    Compiling serde_cbor v0.11.2
[INFO] [stderr]    Compiling tinytemplate v1.2.1
[INFO] [stderr]    Compiling criterion v0.3.6
[INFO] [stdout] warning: unexpected `cfg` condition value: `lookup`
[INFO] [stdout]    --> src/hasher.rs:549:15
[INFO] [stdout]     |
[INFO] [stdout] 549 |         #[cfg(feature = "lookup")]
[INFO] [stdout]     |               ^^^^^^^^^^--------
[INFO] [stdout]     |                         |
[INFO] [stdout]     |                         help: there is a expected value with a similar name: `"lookup3"`
[INFO] [stdout]     |
[INFO] [stdout]     = note: expected values for `feature` are: `aes`, `ahash`, `all`, `avx`, `avx2`, `city`, `default`, `digest`, `doc`, `farm`, `gen`, `highway`, `lookup3`, `meow`, `metro`, `mum`, `murmur`, `native`, `seahash`, `spooky`, `sse41`, `sse42`, `t1ha`, `wy`, and `xx`
[INFO] [stdout]     = help: consider adding `lookup` as a feature in `Cargo.toml`
[INFO] [stdout]     = note: see <https://doc.rust-lang.org/nightly/rustc/check-cfg/cargo-specifics.html> for more information about checking conditional configuration
[INFO] [stdout]     = note: `#[warn(unexpected_cfgs)]` on by default
[INFO] [stdout] 
[INFO] [stdout] 
[INFO] [stdout] error: linking with `cc` failed: exit status: 1
[INFO] [stdout]   |
[INFO] [stdout]   = note: LC_ALL="C" PATH="/opt/rustwide/rustup-home/toolchains/nightly-2024-10-28-x86_64-unknown-linux-gnu/lib/rustlib/x86_64-unknown-linux-gnu/bin:/opt/rustwide/rustup-home/toolchains/nightly-2024-10-28-x86_64-unknown-linux-gnu/lib/rustlib/x86_64-unknown-linux-gnu/bin/self-contained:/opt/rustwide/cargo-home/bin:/usr/local/sbin:/usr/local/bin:/usr/sbin:/usr/bin:/sbin:/bin" VSLANG="1033" "cc" "-m64" "/tmp/rustcayCgnA/symbols.o" "/opt/rustwide/target/debug/deps/fasthash_fork-e13bec66ed998521.fasthash_fork.ac72a37cc9c3d9ec-cgu.0.rcgu.o" "/opt/rustwide/target/debug/deps/fasthash_fork-e13bec66ed998521.fasthash_fork.ac72a37cc9c3d9ec-cgu.1.rcgu.o" "/opt/rustwide/target/debug/deps/fasthash_fork-e13bec66ed998521.fasthash_fork.ac72a37cc9c3d9ec-cgu.2.rcgu.o" "/opt/rustwide/target/debug/deps/fasthash_fork-e13bec66ed998521.fasthash_fork.ac72a37cc9c3d9ec-cgu.3.rcgu.o" "/opt/rustwide/target/debug/deps/fasthash_fork-e13bec66ed998521.fasthash_fork.ac72a37cc9c3d9ec-cgu.4.rcgu.o" "/opt/rustwide/target/debug/deps/fasthash_fork-e13bec66ed998521.fasthash_fork.ac72a37cc9c3d9ec-cgu.5.rcgu.o" "/opt/rustwide/target/debug/deps/fasthash_fork-e13bec66ed998521.fasthash_fork.ac72a37cc9c3d9ec-cgu.6.rcgu.o" "/opt/rustwide/target/debug/deps/fasthash_fork-e13bec66ed998521.abck22z9lz34tb2rigsteehxu.rcgu.o" "-Wl,--as-needed" "-Wl,-Bstatic" "/opt/rustwide/target/debug/deps/libseahash-8b00466cf55ae47f.rlib" "/opt/rustwide/target/debug/deps/libahash-7622337e0e2cfc1f.rlib" "/opt/rustwide/target/debug/deps/libgetrandom-39a09096cf5282e1.rlib" "/opt/rustwide/target/debug/deps/libonce_cell-6dc575c335e8f5a1.rlib" "/opt/rustwide/target/debug/deps/liblazy_static-7af2f34f8b124b26.rlib" "/opt/rustwide/rustup-home/toolchains/nightly-2024-10-28-x86_64-unknown-linux-gnu/lib/rustlib/x86_64-unknown-linux-gnu/lib/libtest-a09fad3b5321e7d6.rlib" "/opt/rustwide/rustup-home/toolchains/nightly-2024-10-28-x86_64-unknown-linux-gnu/lib/rustlib/x86_64-unknown-linux-gnu/lib/libgetopts-f9c3dff41ad42661.rlib" "/opt/rustwide/rustup-home/toolchains/nightly-2024-10-28-x86_64-unknown-linux-gnu/lib/rustlib/x86_64-unknown-linux-gnu/lib/libunicode_width-ad2aef31af6addd3.rlib" "/opt/rustwide/rustup-home/toolchains/nightly-2024-10-28-x86_64-unknown-linux-gnu/lib/rustlib/x86_64-unknown-linux-gnu/lib/librustc_std_workspace_std-e3f907dc03deb913.rlib" "/opt/rustwide/target/debug/deps/libxoroshiro128-a985581e111e200e.rlib" "/opt/rustwide/target/debug/deps/librand-ce93541cb1dc86c8.rlib" "/opt/rustwide/target/debug/deps/librand_chacha-d0c07a6f9879be4f.rlib" "/opt/rustwide/target/debug/deps/libppv_lite86-1d2b67e0c7c59004.rlib" "/opt/rustwide/target/debug/deps/libzerocopy-367101920b232284.rlib" "/opt/rustwide/target/debug/deps/libbyteorder-7817d47eb31dfb0c.rlib" "/opt/rustwide/target/debug/deps/librand_core-0e76c69952e207d1.rlib" "/opt/rustwide/target/debug/deps/libgetrandom-ce1964d6213ce84f.rlib" "/opt/rustwide/target/debug/deps/liblibc-82c3141bbb8afa5e.rlib" "/opt/rustwide/target/debug/deps/libnum_traits-e35ec60fee4843d4.rlib" "/opt/rustwide/target/debug/deps/libfasthash_sys_fork-c05947ffee7008fd.rlib" "/opt/rustwide/target/debug/deps/libcfg_if-57bf25c23e31efdb.rlib" "/opt/rustwide/rustup-home/toolchains/nightly-2024-10-28-x86_64-unknown-linux-gnu/lib/rustlib/x86_64-unknown-linux-gnu/lib/libstd-fb8c387236db3c10.rlib" "/opt/rustwide/rustup-home/toolchains/nightly-2024-10-28-x86_64-unknown-linux-gnu/lib/rustlib/x86_64-unknown-linux-gnu/lib/libpanic_unwind-b251837809b2f64b.rlib" "/opt/rustwide/rustup-home/toolchains/nightly-2024-10-28-x86_64-unknown-linux-gnu/lib/rustlib/x86_64-unknown-linux-gnu/lib/libobject-cbef83eaa4e01f04.rlib" "/opt/rustwide/rustup-home/toolchains/nightly-2024-10-28-x86_64-unknown-linux-gnu/lib/rustlib/x86_64-unknown-linux-gnu/lib/libmemchr-12a772286de2fca7.rlib" "/opt/rustwide/rustup-home/toolchains/nightly-2024-10-28-x86_64-unknown-linux-gnu/lib/rustlib/x86_64-unknown-linux-gnu/lib/libaddr2line-023bbe5ada7abfc3.rlib" "/opt/rustwide/rustup-home/toolchains/nightly-2024-10-28-x86_64-unknown-linux-gnu/lib/rustlib/x86_64-unknown-linux-gnu/lib/libgimli-de2bcdf10ec69c2b.rlib" "/opt/rustwide/rustup-home/toolchains/nightly-2024-10-28-x86_64-unknown-linux-gnu/lib/rustlib/x86_64-unknown-linux-gnu/lib/librustc_demangle-8e1754df350800fd.rlib" "/opt/rustwide/rustup-home/toolchains/nightly-2024-10-28-x86_64-unknown-linux-gnu/lib/rustlib/x86_64-unknown-linux-gnu/lib/libstd_detect-06c2ab7b9c32e037.rlib" "/opt/rustwide/rustup-home/toolchains/nightly-2024-10-28-x86_64-unknown-linux-gnu/lib/rustlib/x86_64-unknown-linux-gnu/lib/libhashbrown-51d2621fc57a281b.rlib" "/opt/rustwide/rustup-home/toolchains/nightly-2024-10-28-x86_64-unknown-linux-gnu/lib/rustlib/x86_64-unknown-linux-gnu/lib/librustc_std_workspace_alloc-54a930408793772f.rlib" "/opt/rustwide/rustup-home/toolchains/nightly-2024-10-28-x86_64-unknown-linux-gnu/lib/rustlib/x86_64-unknown-linux-gnu/lib/libminiz_oxide-0c7d01cba400dcb2.rlib" "/opt/rustwide/rustup-home/toolchains/nightly-2024-10-28-x86_64-unknown-linux-gnu/lib/rustlib/x86_64-unknown-linux-gnu/lib/libadler-b9f84d69e331b75b.rlib" "/opt/rustwide/rustup-home/toolchains/nightly-2024-10-28-x86_64-unknown-linux-gnu/lib/rustlib/x86_64-unknown-linux-gnu/lib/libunwind-eec95493246aae39.rlib" "/opt/rustwide/rustup-home/toolchains/nightly-2024-10-28-x86_64-unknown-linux-gnu/lib/rustlib/x86_64-unknown-linux-gnu/lib/libcfg_if-6f6676c475e08ab0.rlib" "/opt/rustwide/rustup-home/toolchains/nightly-2024-10-28-x86_64-unknown-linux-gnu/lib/rustlib/x86_64-unknown-linux-gnu/lib/liblibc-799d520624f8b2e0.rlib" "/opt/rustwide/rustup-home/toolchains/nightly-2024-10-28-x86_64-unknown-linux-gnu/lib/rustlib/x86_64-unknown-linux-gnu/lib/liballoc-fcf93d4842acd9a9.rlib" "/opt/rustwide/rustup-home/toolchains/nightly-2024-10-28-x86_64-unknown-linux-gnu/lib/rustlib/x86_64-unknown-linux-gnu/lib/librustc_std_workspace_core-395a38b8e0851c9b.rlib" "/opt/rustwide/rustup-home/toolchains/nightly-2024-10-28-x86_64-unknown-linux-gnu/lib/rustlib/x86_64-unknown-linux-gnu/lib/libcore-d453bab70303062c.rlib" "/opt/rustwide/rustup-home/toolchains/nightly-2024-10-28-x86_64-unknown-linux-gnu/lib/rustlib/x86_64-unknown-linux-gnu/lib/libcompiler_builtins-0e6386368b0a24e8.rlib" "-Wl,-Bdynamic" "-lc" "-lm" "-lrt" "-lpthread" "-lstdc++" "-lgcc_s" "-lutil" "-lrt" "-lpthread" "-lm" "-ldl" "-lc" "-B/opt/rustwide/rustup-home/toolchains/nightly-2024-10-28-x86_64-unknown-linux-gnu/lib/rustlib/x86_64-unknown-linux-gnu/bin/gcc-ld" "-fuse-ld=lld" "-Wl,--eh-frame-hdr" "-Wl,-z,noexecstack" "-L" "/opt/rustwide/target/debug/build/fasthash-sys-fork-8d548555bd511146/out" "-L" "/opt/rustwide/target/debug/build/fasthash-sys-fork-8d548555bd511146/out" "-L" "/opt/rustwide/target/debug/build/fasthash-sys-fork-8d548555bd511146/out" "-L" "/opt/rustwide/rustup-home/toolchains/nightly-2024-10-28-x86_64-unknown-linux-gnu/lib/rustlib/x86_64-unknown-linux-gnu/lib" "-o" "/opt/rustwide/target/debug/deps/fasthash_fork-e13bec66ed998521" "-Wl,--gc-sections" "-pie" "-Wl,-z,relro,-z,now" "-nodefaultlibs"
[INFO] [stdout]   = note: rust-lld: error: undefined symbol: SpookyHasherNew()
[INFO] [stdout]           >>> referenced by spooky.rs:282 (src/spooky.rs:282)
[INFO] [stdout]           >>>               /opt/rustwide/target/debug/deps/fasthash_fork-e13bec66ed998521.fasthash_fork.ac72a37cc9c3d9ec-cgu.6.rcgu.o:(core::hash::BuildHasher::hash_one::ha1cbcbb77f8eb2fa)
[INFO] [stdout]           >>> referenced by spooky.rs:282 (src/spooky.rs:282)
[INFO] [stdout]           >>>               /opt/rustwide/target/debug/deps/fasthash_fork-e13bec66ed998521.fasthash_fork.ac72a37cc9c3d9ec-cgu.5.rcgu.o:(core::hash::BuildHasher::hash_one::h22b5ae3a33dd72ff)
[INFO] [stdout]           
[INFO] [stdout]           rust-lld: error: undefined symbol: SpookyHasherInit(void*, unsigned long long, unsigned long long)
[INFO] [stdout]           >>> referenced by spooky.rs:284 (src/spooky.rs:284)
[INFO] [stdout]           >>>               /opt/rustwide/target/debug/deps/fasthash_fork-e13bec66ed998521.fasthash_fork.ac72a37cc9c3d9ec-cgu.6.rcgu.o:(core::hash::BuildHasher::hash_one::ha1cbcbb77f8eb2fa)
[INFO] [stdout]           >>> referenced by spooky.rs:284 (src/spooky.rs:284)
[INFO] [stdout]           >>>               /opt/rustwide/target/debug/deps/fasthash_fork-e13bec66ed998521.fasthash_fork.ac72a37cc9c3d9ec-cgu.5.rcgu.o:(core::hash::BuildHasher::hash_one::h22b5ae3a33dd72ff)
[INFO] [stdout]           
[INFO] [stdout]           rust-lld: error: undefined symbol: SpookyHasherFinal(void*, unsigned long long*, unsigned long long*)
[INFO] [stdout]           >>> referenced by spooky.rs:268 (src/spooky.rs:268)
[INFO] [stdout]           >>>               /opt/rustwide/target/debug/deps/fasthash_fork-e13bec66ed998521.fasthash_fork.ac72a37cc9c3d9ec-cgu.6.rcgu.o:(core::hash::BuildHasher::hash_one::ha1cbcbb77f8eb2fa)
[INFO] [stdout]           >>> referenced by spooky.rs:268 (src/spooky.rs:268)
[INFO] [stdout]           >>>               /opt/rustwide/target/debug/deps/fasthash_fork-e13bec66ed998521.fasthash_fork.ac72a37cc9c3d9ec-cgu.5.rcgu.o:(core::hash::BuildHasher::hash_one::h22b5ae3a33dd72ff)
[INFO] [stdout]           
[INFO] [stdout]           rust-lld: error: undefined symbol: SpookyHasherUpdate(void*, void const*, unsigned long)
[INFO] [stdout]           >>> referenced by spooky.rs:252 (src/spooky.rs:252)
[INFO] [stdout]           >>>               /opt/rustwide/target/debug/deps/fasthash_fork-e13bec66ed998521.fasthash_fork.ac72a37cc9c3d9ec-cgu.6.rcgu.o:(core::hash::Hasher::write_u32::ha73b59effaeeb038)
[INFO] [stdout]           
[INFO] [stdout]           rust-lld: error: undefined symbol: SpookyHasherHash(void const*, unsigned long, unsigned long long*, unsigned long long*)
[INFO] [stdout]           >>> referenced by spooky.rs:79 (src/spooky.rs:79)
[INFO] [stdout]           >>>               /opt/rustwide/target/debug/deps/fasthash_fork-e13bec66ed998521.fasthash_fork.ac72a37cc9c3d9ec-cgu.6.rcgu.o:(fasthash_fork::hasher::FastHash::hash::h0838699a0b5a067f)
[INFO] [stdout]           >>> referenced by spooky.rs:134 (src/spooky.rs:134)
[INFO] [stdout]           >>>               /opt/rustwide/target/debug/deps/fasthash_fork-e13bec66ed998521.fasthash_fork.ac72a37cc9c3d9ec-cgu.6.rcgu.o:(fasthash_fork::hasher::FastHash::hash::hd7287296a3621954)
[INFO] [stdout]           >>> referenced by spooky.rs:79 (src/spooky.rs:79)
[INFO] [stdout]           >>>               /opt/rustwide/target/debug/deps/fasthash_fork-e13bec66ed998521.fasthash_fork.ac72a37cc9c3d9ec-cgu.6.rcgu.o:(_$LT$fasthash_fork..spooky..Hasher32$u20$as$u20$fasthash_fork..hasher..TrivialHasher$GT$::finalize::_$u7b$$u7b$closure$u7d$$u7d$::h9d480ea03217530d)
[INFO] [stdout]           >>> referenced 1 more times
[INFO] [stdout]           
[INFO] [stdout]           rust-lld: error: undefined symbol: MurmurHash2(void const*, int, unsigned int)
[INFO] [stdout]           >>> referenced by murmur2.rs:94 (src/murmur2.rs:94)
[INFO] [stdout]           >>>               /opt/rustwide/target/debug/deps/fasthash_fork-e13bec66ed998521.fasthash_fork.ac72a37cc9c3d9ec-cgu.6.rcgu.o:(fasthash_fork::hasher::FastHash::hash::h1675bd9a6821d798)
[INFO] [stdout]           >>> referenced by murmur2.rs:94 (src/murmur2.rs:94)
[INFO] [stdout]           >>>               /opt/rustwide/target/debug/deps/fasthash_fork-e13bec66ed998521.fasthash_fork.ac72a37cc9c3d9ec-cgu.6.rcgu.o:(_$LT$fasthash_fork..murmur2..Hasher32$u20$as$u20$fasthash_fork..hasher..TrivialHasher$GT$::finalize::_$u7b$$u7b$closure$u7d$$u7d$::h82223d778dbecda5)
[INFO] [stdout]           
[INFO] [stdout]           rust-lld: error: undefined symbol: MurmurHash2A(void const*, int, unsigned int)
[INFO] [stdout]           >>> referenced by murmur2.rs:143 (src/murmur2.rs:143)
[INFO] [stdout]           >>>               /opt/rustwide/target/debug/deps/fasthash_fork-e13bec66ed998521.fasthash_fork.ac72a37cc9c3d9ec-cgu.6.rcgu.o:(fasthash_fork::hasher::FastHash::hash::h27190ac6173e818b)
[INFO] [stdout]           >>> referenced by murmur2.rs:143 (src/murmur2.rs:143)
[INFO] [stdout]           >>>               /opt/rustwide/target/debug/deps/fasthash_fork-e13bec66ed998521.fasthash_fork.ac72a37cc9c3d9ec-cgu.6.rcgu.o:(_$LT$fasthash_fork..murmur2..Hasher32A$u20$as$u20$fasthash_fork..hasher..TrivialHasher$GT$::finalize::_$u7b$$u7b$closure$u7d$$u7d$::h67702c7303b5b844)
[INFO] [stdout]           
[INFO] [stdout]           rust-lld: error: undefined symbol: MurmurHash64A(void const*, int, unsigned long long)
[INFO] [stdout]           >>> referenced by murmur2.rs:293 (src/murmur2.rs:293)
[INFO] [stdout]           >>>               /opt/rustwide/target/debug/deps/fasthash_fork-e13bec66ed998521.fasthash_fork.ac72a37cc9c3d9ec-cgu.6.rcgu.o:(fasthash_fork::hasher::FastHash::hash::h6e7139a56147f091)
[INFO] [stdout]           >>> referenced by murmur2.rs:293 (src/murmur2.rs:293)
[INFO] [stdout]           >>>               /opt/rustwide/target/debug/deps/fasthash_fork-e13bec66ed998521.fasthash_fork.ac72a37cc9c3d9ec-cgu.6.rcgu.o:(_$LT$fasthash_fork..murmur2..Hasher64_x64$u20$as$u20$fasthash_fork..hasher..TrivialHasher$GT$::finalize::_$u7b$$u7b$closure$u7d$$u7d$::h2be5f2bf58f52548)
[INFO] [stdout]           
[INFO] [stdout]           rust-lld: error: undefined symbol: MurmurHashAligned2(void const*, int, unsigned int)
[INFO] [stdout]           >>> referenced by murmur2.rs:241 (src/murmur2.rs:241)
[INFO] [stdout]           >>>               /opt/rustwide/target/debug/deps/fasthash_fork-e13bec66ed998521.fasthash_fork.ac72a37cc9c3d9ec-cgu.6.rcgu.o:(fasthash_fork::hasher::FastHash::hash::h824853055c8f7d5a)
[INFO] [stdout]           >>> referenced by murmur2.rs:241 (src/murmur2.rs:241)
[INFO] [stdout]           >>>               /opt/rustwide/target/debug/deps/fasthash_fork-e13bec66ed998521.fasthash_fork.ac72a37cc9c3d9ec-cgu.6.rcgu.o:(_$LT$fasthash_fork..murmur2..Hasher32Aligned$u20$as$u20$fasthash_fork..hasher..TrivialHasher$GT$::finalize::_$u7b$$u7b$closure$u7d$$u7d$::h399a65e8ab84508d)
[INFO] [stdout]           
[INFO] [stdout]           rust-lld: error: undefined symbol: MurmurHashNeutral2(void const*, int, unsigned int)
[INFO] [stdout]           >>> referenced by murmur2.rs:192 (src/murmur2.rs:192)
[INFO] [stdout]           >>>               /opt/rustwide/target/debug/deps/fasthash_fork-e13bec66ed998521.fasthash_fork.ac72a37cc9c3d9ec-cgu.6.rcgu.o:(fasthash_fork::hasher::FastHash::hash::ha387a90c55861038)
[INFO] [stdout]           >>> referenced by murmur2.rs:192 (src/murmur2.rs:192)
[INFO] [stdout]           >>>               /opt/rustwide/target/debug/deps/fasthash_fork-e13bec66ed998521.fasthash_fork.ac72a37cc9c3d9ec-cgu.6.rcgu.o:(_$LT$fasthash_fork..murmur2..Hasher32Neutral$u20$as$u20$fasthash_fork..hasher..TrivialHasher$GT$::finalize::_$u7b$$u7b$closure$u7d$$u7d$::h48930d77999bbad2)
[INFO] [stdout]           
[INFO] [stdout]           rust-lld: error: undefined symbol: MurmurHash64B(void const*, int, unsigned long long)
[INFO] [stdout]           >>> referenced by murmur2.rs:345 (src/murmur2.rs:345)
[INFO] [stdout]           >>>               /opt/rustwide/target/debug/deps/fasthash_fork-e13bec66ed998521.fasthash_fork.ac72a37cc9c3d9ec-cgu.6.rcgu.o:(fasthash_fork::hasher::FastHash::hash::hd9817c39a37f22b6)
[INFO] [stdout]           >>> referenced by murmur2.rs:345 (src/murmur2.rs:345)
[INFO] [stdout]           >>>               /opt/rustwide/target/debug/deps/fasthash_fork-e13bec66ed998521.fasthash_fork.ac72a37cc9c3d9ec-cgu.6.rcgu.o:(_$LT$fasthash_fork..murmur2..Hasher64_x86$u20$as$u20$fasthash_fork..hasher..TrivialHasher$GT$::finalize::_$u7b$$u7b$closure$u7d$$u7d$::h1b1730c0adc23306)
[INFO] [stdout]           
[INFO] [stdout]           rust-lld: error: undefined symbol: mum_hash_(void const*, unsigned long, unsigned long long)
[INFO] [stdout]           >>> referenced by mum.rs:83 (src/mum.rs:83)
[INFO] [stdout]           >>>               /opt/rustwide/target/debug/deps/fasthash_fork-e13bec66ed998521.fasthash_fork.ac72a37cc9c3d9ec-cgu.5.rcgu.o:(fasthash_fork::hasher::FastHash::hash::h0c42f581f8a60475)
[INFO] [stdout]           >>> referenced by mum.rs:83 (src/mum.rs:83)
[INFO] [stdout]           >>>               /opt/rustwide/target/debug/deps/fasthash_fork-e13bec66ed998521.fasthash_fork.ac72a37cc9c3d9ec-cgu.5.rcgu.o:(_$LT$fasthash_fork..mum..Hasher64$u20$as$u20$fasthash_fork..hasher..TrivialHasher$GT$::finalize::_$u7b$$u7b$closure$u7d$$u7d$::h98266921231156ee)
[INFO] [stdout]           
[INFO] [stdout]           rust-lld: error: undefined symbol: MurmurHash3_x86_32(void const*, int, unsigned int, void*)
[INFO] [stdout]           >>> referenced by murmur3.rs:62 (src/murmur3.rs:62)
[INFO] [stdout]           >>>               /opt/rustwide/target/debug/deps/fasthash_fork-e13bec66ed998521.fasthash_fork.ac72a37cc9c3d9ec-cgu.5.rcgu.o:(fasthash_fork::hasher::FastHash::hash::h17f5f6f05feecb41)
[INFO] [stdout]           >>> referenced by murmur3.rs:62 (src/murmur3.rs:62)
[INFO] [stdout]           >>>               /opt/rustwide/target/debug/deps/fasthash_fork-e13bec66ed998521.fasthash_fork.ac72a37cc9c3d9ec-cgu.5.rcgu.o:(_$LT$fasthash_fork..murmur3..Hasher32$u20$as$u20$fasthash_fork..hasher..TrivialHasher$GT$::finalize::_$u7b$$u7b$closure$u7d$$u7d$::hb4152b8b56ca80fa)
[INFO] [stdout]           
[INFO] [stdout]           rust-lld: error: undefined symbol: MurmurHash3_x86_128(void const*, int, unsigned int, void*)
[INFO] [stdout]           >>> referenced by murmur3.rs:125 (src/murmur3.rs:125)
[INFO] [stdout]           >>>               /opt/rustwide/target/debug/deps/fasthash_fork-e13bec66ed998521.fasthash_fork.ac72a37cc9c3d9ec-cgu.5.rcgu.o:(fasthash_fork::hasher::FastHash::hash::hc017f41831bac2e7)
[INFO] [stdout]           >>> referenced by murmur3.rs:125 (src/murmur3.rs:125)
[INFO] [stdout]           >>>               /opt/rustwide/target/debug/deps/fasthash_fork-e13bec66ed998521.fasthash_fork.ac72a37cc9c3d9ec-cgu.5.rcgu.o:(_$LT$fasthash_fork..murmur3..Hasher128_x86$u20$as$u20$fasthash_fork..hasher..TrivialHasher$GT$::finalize::_$u7b$$u7b$closure$u7d$$u7d$::h591da123f659e5e5)
[INFO] [stdout]           
[INFO] [stdout]           rust-lld: error: undefined symbol: MurmurHash3_x64_128(void const*, int, unsigned int, void*)
[INFO] [stdout]           >>> referenced by murmur3.rs:188 (src/murmur3.rs:188)
[INFO] [stdout]           >>>               /opt/rustwide/target/debug/deps/fasthash_fork-e13bec66ed998521.fasthash_fork.ac72a37cc9c3d9ec-cgu.5.rcgu.o:(fasthash_fork::hasher::FastHash::hash::heaeb68b246c812e9)
[INFO] [stdout]           >>> referenced by murmur3.rs:188 (src/murmur3.rs:188)
[INFO] [stdout]           >>>               /opt/rustwide/target/debug/deps/fasthash_fork-e13bec66ed998521.fasthash_fork.ac72a37cc9c3d9ec-cgu.5.rcgu.o:(_$LT$fasthash_fork..murmur3..Hasher128_x64$u20$as$u20$fasthash_fork..hasher..TrivialHasher$GT$::finalize::_$u7b$$u7b$closure$u7d$$u7d$::h84b1dcd82f65acbe)
[INFO] [stdout]           
[INFO] [stdout]           rust-lld: error: undefined symbol: farmhash_fingerprint_uint64(unsigned long long)
[INFO] [stdout]           >>> referenced by farm.rs:441 (src/farm.rs:441)
[INFO] [stdout]           >>>               /opt/rustwide/target/debug/deps/fasthash_fork-e13bec66ed998521.fasthash_fork.ac72a37cc9c3d9ec-cgu.5.rcgu.o:(fasthash_fork::farm::tests::test_fingerprint::h55eed469a20c3cb2)
[INFO] [stdout]           
[INFO] [stdout]           rust-lld: error: undefined symbol: farmhash_fingerprint_uint128(uint128_c_t)
[INFO] [stdout]           >>> referenced by farm.rs:448 (src/farm.rs:448)
[INFO] [stdout]           >>>               /opt/rustwide/target/debug/deps/fasthash_fork-e13bec66ed998521.fasthash_fork.ac72a37cc9c3d9ec-cgu.5.rcgu.o:(fasthash_fork::farm::tests::test_fingerprint::h55eed469a20c3cb2)
[INFO] [stdout]           
[INFO] [stdout]           rust-lld: error: undefined symbol: SpookyHasherFree(void*)
[INFO] [stdout]           >>> referenced by spooky.rs:239 (src/spooky.rs:239)
[INFO] [stdout]           >>>               /opt/rustwide/target/debug/deps/fasthash_fork-e13bec66ed998521.fasthash_fork.ac72a37cc9c3d9ec-cgu.4.rcgu.o:(core::ptr::drop_in_place$LT$fasthash_fork..spooky..Hasher128$GT$::h822212dc048324f8)
[INFO] [stdout]           
[INFO] [stdout]           rust-lld: error: undefined symbol: metrohash64_2(unsigned char const*, unsigned long long, unsigned int, unsigned char*)
[INFO] [stdout]           >>> referenced by metro.rs:125 (src/metro.rs:125)
[INFO] [stdout]           >>>               /opt/rustwide/target/debug/deps/fasthash_fork-e13bec66ed998521.fasthash_fork.ac72a37cc9c3d9ec-cgu.4.rcgu.o:(fasthash_fork::hasher::FastHash::hash::h1f43c6b75795142e)
[INFO] [stdout]           >>> referenced by metro.rs:125 (src/metro.rs:125)
[INFO] [stdout]           >>>               /opt/rustwide/target/debug/deps/fasthash_fork-e13bec66ed998521.fasthash_fork.ac72a37cc9c3d9ec-cgu.4.rcgu.o:(_$LT$fasthash_fork..metro..Hasher64_2$u20$as$u20$fasthash_fork..hasher..TrivialHasher$GT$::finalize::_$u7b$$u7b$closure$u7d$$u7d$::h97455020805c8874)
[INFO] [stdout]           
[INFO] [stdout]           rust-lld: error: undefined symbol: metrohash128crc_1(unsigned char const*, unsigned long long, unsigned int, unsigned char*)
[INFO] [stdout]           >>> referenced by metro.rs:433 (src/metro.rs:433)
[INFO] [stdout]           >>>               /opt/rustwide/target/debug/deps/fasthash_fork-e13bec66ed998521.fasthash_fork.ac72a37cc9c3d9ec-cgu.4.rcgu.o:(fasthash_fork::hasher::FastHash::hash::h25b2bb6c86bbe051)
[INFO] [stdout]           >>> referenced by metro.rs:433 (src/metro.rs:433)
[INFO] [stdout]           >>>               /opt/rustwide/target/debug/deps/fasthash_fork-e13bec66ed998521.fasthash_fork.ac72a37cc9c3d9ec-cgu.4.rcgu.o:(_$LT$fasthash_fork..metro..crc..Hasher128_1$u20$as$u20$fasthash_fork..hasher..TrivialHasher$GT$::finalize::_$u7b$$u7b$closure$u7d$$u7d$::h9187980fac92dae3)
[INFO] [stdout]           
[INFO] [stdout]           rust-lld: error: too many errors emitted, stopping now (use --error-limit=0 to see all errors)
[INFO] [stdout]           collect2: error: ld returned 1 exit status
[INFO] [stdout]           
[INFO] [stdout] 
[INFO] [stdout] 
[INFO] [stderr] error: could not compile `fasthash-fork` (lib test) due to 1 previous error; 1 warning emitted
[INFO] running `Command { std: "docker" "inspect" "930b9d2f503c94514aa7ea415c14371a6f23d52ea64ca0dd54ea3db22c96f2c3", kill_on_drop: false }`
[INFO] running `Command { std: "docker" "rm" "-f" "930b9d2f503c94514aa7ea415c14371a6f23d52ea64ca0dd54ea3db22c96f2c3", kill_on_drop: false }`
[INFO] [stdout] 930b9d2f503c94514aa7ea415c14371a6f23d52ea64ca0dd54ea3db22c96f2c3
