[INFO] fetching crate examples 0.4.0...
[INFO] testing examples-0.4.0 against nightly-2024-10-28+rustflags=-Zrandomize-layout for randomize-layout
[INFO] extracting crate examples 0.4.0 into /workspace/builds/worker-6-tc2/source
[INFO] validating manifest of crates.io crate examples 0.4.0 on toolchain nightly-2024-10-28
[INFO] running `Command { std: CARGO_HOME="/workspace/cargo-home" RUSTUP_HOME="/workspace/rustup-home" "/workspace/cargo-home/bin/cargo" "+nightly-2024-10-28" "metadata" "--manifest-path" "Cargo.toml" "--no-deps", kill_on_drop: false }`
[INFO] started tweaking crates.io crate examples 0.4.0
[INFO] removed 0 missing examples
[INFO] finished tweaking crates.io crate examples 0.4.0
[INFO] tweaked toml for crates.io crate examples 0.4.0 written to /workspace/builds/worker-6-tc2/source/Cargo.toml
[INFO] crate crates.io crate examples 0.4.0 already has a lockfile, it will not be regenerated
[INFO] running `Command { std: CARGO_HOME="/workspace/cargo-home" RUSTUP_HOME="/workspace/rustup-home" "/workspace/cargo-home/bin/cargo" "+nightly-2024-10-28" "fetch" "--manifest-path" "Cargo.toml", kill_on_drop: false }`
[INFO] running `Command { std: "docker" "create" "-v" "/var/lib/crater-agent-workspace/builds/worker-6-tc2/target:/opt/rustwide/target:rw,Z" "-v" "/var/lib/crater-agent-workspace/builds/worker-6-tc2/source:/opt/rustwide/workdir:ro,Z" "-v" "/var/lib/crater-agent-workspace/cargo-home:/opt/rustwide/cargo-home:ro,Z" "-v" "/var/lib/crater-agent-workspace/rustup-home:/opt/rustwide/rustup-home:ro,Z" "-e" "SOURCE_DIR=/opt/rustwide/workdir" "-e" "CARGO_TARGET_DIR=/opt/rustwide/target" "-e" "CARGO_HOME=/opt/rustwide/cargo-home" "-e" "RUSTUP_HOME=/opt/rustwide/rustup-home" "-w" "/opt/rustwide/workdir" "-m" "1610612736" "--user" "0:0" "--network" "none" "ghcr.io/rust-lang/crates-build-env/linux@sha256:4a844ea9eb2546a2d2c7022eacef16ef2e8229c7fbb2c7d4d55a9ceca922f72d" "/opt/rustwide/cargo-home/bin/cargo" "+nightly-2024-10-28" "metadata" "--no-deps" "--format-version=1", kill_on_drop: false }`
[INFO] [stdout] 9ca96e4e44f9ec9bc493dd0072a0e77ff31558dac374b559239c7460c1c17183
[INFO] running `Command { std: "docker" "start" "-a" "9ca96e4e44f9ec9bc493dd0072a0e77ff31558dac374b559239c7460c1c17183", kill_on_drop: false }`
[INFO] running `Command { std: "docker" "inspect" "9ca96e4e44f9ec9bc493dd0072a0e77ff31558dac374b559239c7460c1c17183", kill_on_drop: false }`
[INFO] running `Command { std: "docker" "rm" "-f" "9ca96e4e44f9ec9bc493dd0072a0e77ff31558dac374b559239c7460c1c17183", kill_on_drop: false }`
[INFO] [stdout] 9ca96e4e44f9ec9bc493dd0072a0e77ff31558dac374b559239c7460c1c17183
[INFO] running `Command { std: "docker" "create" "-v" "/var/lib/crater-agent-workspace/builds/worker-6-tc2/target:/opt/rustwide/target:rw,Z" "-v" "/var/lib/crater-agent-workspace/builds/worker-6-tc2/source:/opt/rustwide/workdir:ro,Z" "-v" "/var/lib/crater-agent-workspace/cargo-home:/opt/rustwide/cargo-home:ro,Z" "-v" "/var/lib/crater-agent-workspace/rustup-home:/opt/rustwide/rustup-home:ro,Z" "-e" "SOURCE_DIR=/opt/rustwide/workdir" "-e" "CARGO_TARGET_DIR=/opt/rustwide/target" "-e" "CARGO_INCREMENTAL=0" "-e" "RUST_BACKTRACE=full" "-e" "RUSTFLAGS=--cap-lints=forbid -Zrandomize-layout" "-e" "RUSTDOCFLAGS=--cap-lints=forbid" "-e" "CARGO_HOME=/opt/rustwide/cargo-home" "-e" "RUSTUP_HOME=/opt/rustwide/rustup-home" "-w" "/opt/rustwide/workdir" "-m" "1610612736" "--user" "0:0" "--network" "none" "ghcr.io/rust-lang/crates-build-env/linux@sha256:4a844ea9eb2546a2d2c7022eacef16ef2e8229c7fbb2c7d4d55a9ceca922f72d" "/opt/rustwide/cargo-home/bin/cargo" "+nightly-2024-10-28" "build" "--frozen" "--message-format=json", kill_on_drop: false }`
[INFO] [stdout] 65065bfa82387b1b6ddab73c4bc77529de529e63689746ab28854eb6cbbddbd5
[INFO] running `Command { std: "docker" "start" "-a" "65065bfa82387b1b6ddab73c4bc77529de529e63689746ab28854eb6cbbddbd5", kill_on_drop: false }`
[INFO] [stderr]    Compiling examples v0.4.0 (/opt/rustwide/workdir)
[INFO] [stderr]     Finished `dev` profile [unoptimized + debuginfo] target(s) in 0.07s
[INFO] running `Command { std: "docker" "inspect" "65065bfa82387b1b6ddab73c4bc77529de529e63689746ab28854eb6cbbddbd5", kill_on_drop: false }`
[INFO] running `Command { std: "docker" "rm" "-f" "65065bfa82387b1b6ddab73c4bc77529de529e63689746ab28854eb6cbbddbd5", kill_on_drop: false }`
[INFO] [stdout] 65065bfa82387b1b6ddab73c4bc77529de529e63689746ab28854eb6cbbddbd5
[INFO] running `Command { std: "docker" "create" "-v" "/var/lib/crater-agent-workspace/builds/worker-6-tc2/target:/opt/rustwide/target:rw,Z" "-v" "/var/lib/crater-agent-workspace/builds/worker-6-tc2/source:/opt/rustwide/workdir:ro,Z" "-v" "/var/lib/crater-agent-workspace/cargo-home:/opt/rustwide/cargo-home:ro,Z" "-v" "/var/lib/crater-agent-workspace/rustup-home:/opt/rustwide/rustup-home:ro,Z" "-e" "SOURCE_DIR=/opt/rustwide/workdir" "-e" "CARGO_TARGET_DIR=/opt/rustwide/target" "-e" "CARGO_INCREMENTAL=0" "-e" "RUST_BACKTRACE=full" "-e" "RUSTFLAGS=--cap-lints=forbid -Zrandomize-layout" "-e" "RUSTDOCFLAGS=--cap-lints=forbid" "-e" "CARGO_HOME=/opt/rustwide/cargo-home" "-e" "RUSTUP_HOME=/opt/rustwide/rustup-home" "-w" "/opt/rustwide/workdir" "-m" "1610612736" "--user" "0:0" "--network" "none" "ghcr.io/rust-lang/crates-build-env/linux@sha256:4a844ea9eb2546a2d2c7022eacef16ef2e8229c7fbb2c7d4d55a9ceca922f72d" "/opt/rustwide/cargo-home/bin/cargo" "+nightly-2024-10-28" "test" "--frozen" "--no-run" "--message-format=json", kill_on_drop: false }`
[INFO] [stdout] 6215cb413dd63e272ffbcdb10cf66f876919f1444443d5799a2a1294425c703e
[INFO] running `Command { std: "docker" "start" "-a" "6215cb413dd63e272ffbcdb10cf66f876919f1444443d5799a2a1294425c703e", kill_on_drop: false }`
[INFO] [stderr]    Compiling libc v0.2.107
[INFO] [stderr]    Compiling proc-macro2 v1.0.32
[INFO] [stderr]    Compiling unicode-xid v0.2.2
[INFO] [stderr]    Compiling syn v1.0.81
[INFO] [stderr]    Compiling autocfg v1.0.1
[INFO] [stderr]    Compiling typenum v1.15.0
[INFO] [stderr]    Compiling generic-array v0.14.5
[INFO] [stderr]    Compiling memchr v2.4.1
[INFO] [stderr]    Compiling subtle v2.4.1
[INFO] [stderr]    Compiling once_cell v1.8.0
[INFO] [stderr]    Compiling log v0.4.14
[INFO] [stderr]    Compiling cc v1.0.72
[INFO] [stderr]    Compiling pin-project-lite v0.2.7
[INFO] [stderr]    Compiling parking_lot_core v0.8.5
[INFO] [stderr]    Compiling instant v0.1.12
[INFO] [stderr]    Compiling bytes v1.1.0
[INFO] [stderr]    Compiling smallvec v1.7.0
[INFO] [stderr]    Compiling scopeguard v1.1.0
[INFO] [stderr]    Compiling quote v1.0.10
[INFO] [stderr]    Compiling lock_api v0.4.5
[INFO] [stderr]    Compiling memoffset v0.6.5
[INFO] [stderr]    Compiling num-traits v0.2.14
[INFO] [stderr]    Compiling ppv-lite86 v0.2.15
[INFO] [stderr]    Compiling num-integer v0.1.44
[INFO] [stderr]    Compiling async-trait v0.1.52
[INFO] [stderr]    Compiling opaque-debug v0.3.0
[INFO] [stderr]    Compiling webrtc-util v0.5.3
[INFO] [stderr]    Compiling ipnet v2.3.1
[INFO] [stderr]    Compiling num-bigint v0.4.3
[INFO] [stderr]    Compiling ring v0.16.20
[INFO] [stderr]    Compiling ryu v1.0.5
[INFO] [stderr]    Compiling digest v0.9.0
[INFO] [stderr]    Compiling cpufeatures v0.2.1
[INFO] [stderr]    Compiling untrusted v0.7.1
[INFO] [stderr]    Compiling radium v0.5.3
[INFO] [stderr]    Compiling getrandom v0.2.3
[INFO] [stderr]    Compiling num_cpus v1.13.0
[INFO] [stderr]    Compiling rand_core v0.6.3
[INFO] [stderr]    Compiling parking_lot v0.11.2
[INFO] [stderr]    Compiling mio v0.7.14
[INFO] [stderr]    Compiling signal-hook-registry v1.4.0
[INFO] [stderr]    Compiling rand_chacha v0.3.1
[INFO] [stderr]    Compiling nix v0.23.1
[INFO] [stderr]    Compiling rand v0.8.4
[INFO] [stderr]    Compiling getrandom v0.1.16
[INFO] [stderr]    Compiling rand_core v0.5.1
[INFO] [stderr]    Compiling universal-hash v0.4.1
[INFO] [stderr]    Compiling lexical-core v0.7.6
[INFO] [stderr]    Compiling base64 v0.13.0
[INFO] [stderr]    Compiling nom v7.1.0
[INFO] [stderr]    Compiling nom v6.1.2
[INFO] [stderr]    Compiling arrayvec v0.5.2
[INFO] [stderr]    Compiling tinyvec_macros v0.1.0
[INFO] [stderr]    Compiling bitvec v0.19.6
[INFO] [stderr]    Compiling tinyvec v1.5.1
[INFO] [stderr]    Compiling cipher v0.2.5
[INFO] [stderr]    Compiling minimal-lexical v0.2.1
[INFO] [stderr]    Compiling radium v0.3.0
[INFO] [stderr]    Compiling matches v0.1.9
[INFO] [stderr]    Compiling bitvec v0.18.5
[INFO] [stderr]    Compiling unicode-normalization v0.1.19
[INFO] [stderr]    Compiling time v0.1.44
[INFO] [stderr]    Compiling synstructure v0.12.6
[INFO] [stderr]    Compiling darling_core v0.12.4
[INFO] [stderr]    Compiling crypto-common v0.1.1
[INFO] [stderr]    Compiling block-buffer v0.9.0
[INFO] [stderr]    Compiling block-buffer v0.10.0
[INFO] [stderr]    Compiling byteorder v1.4.3
[INFO] [stderr]    Compiling crc-catalog v1.1.1
[INFO] [stderr]    Compiling serde_derive v1.0.133
[INFO] [stderr]    Compiling const-oid v0.4.5
[INFO] [stderr]    Compiling unicode-bidi v0.3.7
[INFO] [stderr]    Compiling futures-core v0.3.17
[INFO] [stderr]    Compiling rusticata-macros v4.0.0
[INFO] [stderr]    Compiling form_urlencoded v1.0.1
[INFO] [stderr]    Compiling der v0.1.0
[INFO] [stderr]    Compiling crc v2.1.0
[INFO] [stderr]    Compiling idna v0.2.3
[INFO] [stderr]    Compiling digest v0.10.1
[INFO] [stderr]    Compiling ff v0.8.0
[INFO] [stderr]    Compiling thiserror-impl v1.0.30
[INFO] [stderr]    Compiling tokio-macros v1.7.0
[INFO] [stderr]    Compiling zeroize_derive v1.3.1
[INFO] [stderr]    Compiling der-oid-macro v0.5.0
[INFO] [stderr]    Compiling chrono v0.4.19
[INFO] [stderr]    Compiling tokio v1.15.0
[INFO] [stderr]    Compiling zeroize v1.3.0
[INFO] [stderr]    Compiling cipher v0.3.0
[INFO] [stderr]    Compiling oid-registry v0.2.0
[INFO] [stderr]    Compiling darling_macro v0.12.4
[INFO] [stderr]    Compiling serde v1.0.133
[INFO] [stderr]    Compiling der-oid-macro v0.4.0
[INFO] [stderr]    Compiling rusticata-macros v3.2.0
[INFO] [stderr]    Compiling der-parser v6.0.0
[INFO] [stderr]    Compiling url v2.2.2
[INFO] [stderr]    Compiling thiserror v1.0.30
[INFO] [stderr]    Compiling darling v0.12.4
[INFO] [stderr]    Compiling derive_builder_core v0.10.2
[INFO] [stderr]    Compiling pkcs8 v0.3.3
[INFO] [stderr]    Compiling group v0.8.0
[INFO] [stderr]    Compiling polyval v0.5.3
[INFO] [stderr]    Compiling crypto-mac v0.10.1
[INFO] [stderr]    Compiling indexmap v1.7.0
[INFO] [stderr]    Compiling oid-registry v0.1.5
[INFO] [stderr]    Compiling cpuid-bool v0.2.0
[INFO] [stderr]    Compiling rustversion v1.0.6
[INFO] [stderr]    Compiling data-encoding v2.3.2
[INFO] [stderr]    Compiling futures-task v0.3.17
[INFO] [stderr]    Compiling derive_builder_macro v0.10.2
[INFO] [stderr]    Compiling polyval v0.4.5
[INFO] [stderr]    Compiling hmac v0.10.1
[INFO] [stderr]    Compiling ghash v0.4.4
[INFO] [stderr]    Compiling der-parser v5.1.2
[INFO] [stderr]    Compiling elliptic-curve v0.8.5
[INFO] [stderr]    Compiling aes v0.7.5
[INFO] [stderr]    Compiling ctr v0.8.0
[INFO] [stderr]    Compiling md-5 v0.10.0
[INFO] [stderr]    Compiling sha-1 v0.9.8
[INFO] [stderr]    Compiling aes-soft v0.6.4
[INFO] [stderr]    Compiling signature v1.2.2
[INFO] [stderr]    Compiling aead v0.4.3
[INFO] [stderr]    Compiling socket2 v0.4.2
[INFO] [stderr]    Compiling aead v0.3.2
[INFO] [stderr]    Compiling crypto-mac v0.11.1
[INFO] [stderr]    Compiling substring v1.4.5
[INFO] [stderr]    Compiling futures-util v0.3.17
[INFO] [stderr]    Compiling hashbrown v0.11.2
[INFO] [stderr]    Compiling itoa v0.4.8
[INFO] [stderr]    Compiling atomic-waker v1.0.0
[INFO] [stderr]    Compiling waitgroup v0.1.2
[INFO] [stderr]    Compiling http v0.2.5
[INFO] [stderr]    Compiling hmac v0.11.0
[INFO] [stderr]    Compiling aes v0.6.0
[INFO] [stderr]    Compiling aes-gcm v0.9.4
[INFO] [stderr]    Compiling ecdsa v0.10.2
[INFO] [stderr]    Compiling x509-parser v0.12.0
[INFO] [stderr]    Compiling derive_builder v0.10.2
[INFO] [stderr]    Compiling ghash v0.3.1
[INFO] [stderr]    Compiling yasna v0.4.0
[INFO] [stderr]    Compiling curve25519-dalek v3.2.0
[INFO] [stderr]    Compiling sha2 v0.9.9
[INFO] [stderr]    Compiling webpki v0.21.4
[INFO] [stderr]    Compiling sct v0.6.1
[INFO] [stderr]    Compiling ctr v0.6.0
[INFO] [stderr]    Compiling pem v1.0.2
[INFO] [stderr]    Compiling aho-corasick v0.7.18
[INFO] [stderr]    Compiling rtp v0.6.5
[INFO] [stderr]    Compiling rtcp v0.6.5
[INFO] [stderr]    Compiling stun v0.4.2
[INFO] [stderr]    Compiling tracing-core v0.1.21
[INFO] [stderr]    Compiling regex-syntax v0.6.25
[INFO] [stderr]    Compiling block-padding v0.2.1
[INFO] [stderr]    Compiling httparse v1.5.1
[INFO] [stderr]    Compiling serde_json v1.0.75
[INFO] [stderr]    Compiling futures-channel v0.3.17
[INFO] [stderr]    Compiling futures-sink v0.3.17
[INFO] [stderr]    Compiling tokio-util v0.6.9
[INFO] [stderr]    Compiling block-modes v0.7.0
[INFO] [stderr]    Compiling tracing v0.1.29
[INFO] [stderr]    Compiling bincode v1.3.3
[INFO] [stderr]    Compiling turn v0.5.3
[INFO] [stderr]    Compiling regex v1.5.4
[INFO] [stderr]    Compiling webrtc-srtp v0.8.9
[INFO] [stderr]    Compiling webrtc-sctp v0.4.3
[INFO] [stderr]    Compiling webrtc-mdns v0.4.2
[INFO] [stderr]    Compiling rcgen v0.8.14
[INFO] [stderr]    Compiling aes-gcm v0.8.0
[INFO] [stderr]    Compiling rustls v0.19.1
[INFO] [stderr]    Compiling x509-parser v0.9.2
[INFO] [stderr]    Compiling x25519-dalek v1.2.0
[INFO] [stderr]    Compiling p256 v0.7.3
[INFO] [stderr]    Compiling ccm v0.3.0
[INFO] [stderr]    Compiling displaydoc v0.2.3
[INFO] [stderr]    Compiling uuid v0.8.2
[INFO] [stderr]    Compiling atty v0.2.14
[INFO] [stderr]    Compiling termcolor v1.1.2
[INFO] [stderr]    Compiling slab v0.4.5
[INFO] [stderr]    Compiling try-lock v0.2.3
[INFO] [stderr]    Compiling anyhow v1.0.52
[INFO] [stderr]    Compiling itoa v1.0.1
[INFO] [stderr]    Compiling want v0.3.0
[INFO] [stderr]    Compiling webrtc-ice v0.6.5
[INFO] [stderr]    Compiling webrtc-media v0.4.5
[INFO] [stderr]    Compiling h2 v0.3.10
[INFO] [stderr]    Compiling webrtc-data v0.3.3
[INFO] [stderr]    Compiling sdp v0.5.1
[INFO] [stderr]    Compiling interceptor v0.7.6
[INFO] [stderr]    Compiling http-body v0.4.4
[INFO] [stderr]    Compiling sha2 v0.10.1
[INFO] [stderr]    Compiling os_str_bytes v6.0.0
[INFO] [stderr]    Compiling textwrap v0.14.2
[INFO] [stderr]    Compiling httpdate v1.0.1
[INFO] [stderr]    Compiling tower-service v0.3.1
[INFO] [stderr]    Compiling humantime v2.1.0
[INFO] [stderr]    Compiling clap v3.0.8
[INFO] [stderr]    Compiling env_logger v0.9.0
[INFO] [stderr]    Compiling webrtc-dtls v0.5.2
[INFO] [stderr]    Compiling hyper v0.14.16
[INFO] [stderr]    Compiling webrtc v0.4.0
[INFO] [stderr]    Compiling examples v0.4.0 (/opt/rustwide/workdir)
[INFO] [stdout] error[E0433]: failed to resolve: use of undeclared crate or module `signal`
[INFO] [stdout]    --> examples/swap-tracks/swap-tracks.rs:127:16
[INFO] [stdout]     |
[INFO] [stdout] 127 |     let line = signal::must_read_stdin()?;
[INFO] [stdout]     |                ^^^^^^ use of undeclared crate or module `signal`
[INFO] [stdout] 
[INFO] [stdout] 
[INFO] [stdout] error[E0433]: failed to resolve: use of undeclared crate or module `signal`
[INFO] [stdout]    --> examples/simulcast/simulcast.rs:148:16
[INFO] [stdout]     |
[INFO] [stdout] 148 |     let line = signal::must_read_stdin()?;
[INFO] [stdout]     |                ^^^^^^ use of undeclared crate or module `signal`
[INFO] [stdout] 
[INFO] [stdout] 
[INFO] [stdout] error[E0433]: failed to resolve: use of undeclared crate or module `signal`
[INFO] [stdout]    --> examples/reflect/reflect.rs:191:16
[INFO] [stdout]     |
[INFO] [stdout] 191 |     let line = signal::must_read_stdin()?;
[INFO] [stdout]     |                ^^^^^^ use of undeclared crate or module `signal`
[INFO] [stdout] 
[INFO] [stdout] 
[INFO] [stdout] error[E0433]: failed to resolve: use of undeclared crate or module `signal`
[INFO] [stdout]    --> examples/data-channels-detach-create/data-channels-detach-create.rs:179:19
[INFO] [stdout]     |
[INFO] [stdout] 179 |         let b64 = signal::encode(&json_str);
[INFO] [stdout]     |                   ^^^^^^ use of undeclared crate or module `signal`
[INFO] [stdout] 
[INFO] [stdout] 
[INFO] [stdout] error[E0433]: failed to resolve: use of undeclared crate or module `signal`
[INFO] [stdout]    --> examples/save-to-disk-h264/save-to-disk-h264.rs:279:16
[INFO] [stdout]     |
[INFO] [stdout] 279 |     let line = signal::must_read_stdin()?;
[INFO] [stdout]     |                ^^^^^^ use of undeclared crate or module `signal`
[INFO] [stdout] 
[INFO] [stdout] 
[INFO] [stdout] error[E0433]: failed to resolve: use of undeclared crate or module `signal`
[INFO] [stdout]    --> examples/save-to-disk-vpx/save-to-disk-vpx.rs:304:16
[INFO] [stdout]     |
[INFO] [stdout] 304 |     let line = signal::must_read_stdin()?;
[INFO] [stdout]     |                ^^^^^^ use of undeclared crate or module `signal`
[INFO] [stdout] 
[INFO] [stdout] 
[INFO] [stdout] error[E0433]: failed to resolve: use of undeclared crate or module `signal`
[INFO] [stdout]    --> examples/ortc/ortc.rs:172:15
[INFO] [stdout]     |
[INFO] [stdout] 172 |     let b64 = signal::encode(&json_str);
[INFO] [stdout]     |               ^^^^^^
[INFO] [stdout]     |               |
[INFO] [stdout]     |               use of undeclared crate or module `signal`
[INFO] [stdout]     |               help: a struct with a similar name exists (notice the capitalization): `Signal`
[INFO] [stdout] 
[INFO] [stdout] 
[INFO] [stdout] error[E0433]: failed to resolve: use of undeclared crate or module `signal`
[INFO] [stdout]    --> examples/swap-tracks/swap-tracks.rs:128:21
[INFO] [stdout]     |
[INFO] [stdout] 128 |     let desc_data = signal::decode(line.as_str())?;
[INFO] [stdout]     |                     ^^^^^^ use of undeclared crate or module `signal`
[INFO] [stdout] 
[INFO] [stdout] 
[INFO] [stdout] error[E0433]: failed to resolve: use of undeclared crate or module `signal`
[INFO] [stdout]    --> examples/reflect/reflect.rs:192:21
[INFO] [stdout]     |
[INFO] [stdout] 192 |     let desc_data = signal::decode(line.as_str())?;
[INFO] [stdout]     |                     ^^^^^^ use of undeclared crate or module `signal`
[INFO] [stdout] 
[INFO] [stdout] 
[INFO] [stdout] error[E0433]: failed to resolve: use of undeclared crate or module `signal`
[INFO] [stdout]    --> examples/simulcast/simulcast.rs:149:21
[INFO] [stdout]     |
[INFO] [stdout] 149 |     let desc_data = signal::decode(line.as_str())?;
[INFO] [stdout]     |                     ^^^^^^ use of undeclared crate or module `signal`
[INFO] [stdout] 
[INFO] [stdout] 
[INFO] [stdout] error[E0433]: failed to resolve: use of undeclared crate or module `signal`
[INFO] [stdout]    --> examples/save-to-disk-h264/save-to-disk-h264.rs:280:21
[INFO] [stdout]     |
[INFO] [stdout] 280 |     let desc_data = signal::decode(line.as_str())?;
[INFO] [stdout]     |                     ^^^^^^ use of undeclared crate or module `signal`
[INFO] [stdout] 
[INFO] [stdout] 
[INFO] [stdout] error[E0433]: failed to resolve: use of undeclared crate or module `signal`
[INFO] [stdout]    --> examples/save-to-disk-vpx/save-to-disk-vpx.rs:305:21
[INFO] [stdout]     |
[INFO] [stdout] 305 |     let desc_data = signal::decode(line.as_str())?;
[INFO] [stdout]     |                     ^^^^^^ use of undeclared crate or module `signal`
[INFO] [stdout] 
[INFO] [stdout] 
[INFO] [stdout] error[E0433]: failed to resolve: use of undeclared crate or module `signal`
[INFO] [stdout]    --> examples/save-to-disk-h264/save-to-disk-h264.rs:303:19
[INFO] [stdout]     |
[INFO] [stdout] 303 |         let b64 = signal::encode(&json_str);
[INFO] [stdout]     |                   ^^^^^^ use of undeclared crate or module `signal`
[INFO] [stdout] 
[INFO] [stdout] 
[INFO] [stdout] error[E0433]: failed to resolve: use of undeclared crate or module `signal`
[INFO] [stdout]    --> examples/data-channels-detach-create/data-channels-detach-create.rs:186:16
[INFO] [stdout]     |
[INFO] [stdout] 186 |     let line = signal::must_read_stdin()?;
[INFO] [stdout]     |                ^^^^^^ use of undeclared crate or module `signal`
[INFO] [stdout] 
[INFO] [stdout] 
[INFO] [stdout] error[E0433]: failed to resolve: use of undeclared crate or module `signal`
[INFO] [stdout]    --> examples/data-channels-detach-create/data-channels-detach-create.rs:187:21
[INFO] [stdout]     |
[INFO] [stdout] 187 |     let desc_data = signal::decode(line.as_str())?;
[INFO] [stdout]     |                     ^^^^^^ use of undeclared crate or module `signal`
[INFO] [stdout] 
[INFO] [stdout] 
[INFO] [stdout] error[E0433]: failed to resolve: use of undeclared crate or module `signal`
[INFO] [stdout]    --> examples/save-to-disk-vpx/save-to-disk-vpx.rs:328:19
[INFO] [stdout]     |
[INFO] [stdout] 328 |         let b64 = signal::encode(&json_str);
[INFO] [stdout]     |                   ^^^^^^ use of undeclared crate or module `signal`
[INFO] [stdout] 
[INFO] [stdout] 
[INFO] [stdout] error[E0433]: failed to resolve: use of undeclared crate or module `signal`
[INFO] [stdout]    --> examples/ortc/ortc.rs:175:16
[INFO] [stdout]     |
[INFO] [stdout] 175 |     let line = signal::must_read_stdin()?;
[INFO] [stdout]     |                ^^^^^^
[INFO] [stdout]     |                |
[INFO] [stdout]     |                use of undeclared crate or module `signal`
[INFO] [stdout]     |                help: a struct with a similar name exists (notice the capitalization): `Signal`
[INFO] [stdout] 
[INFO] [stdout] 
[INFO] [stdout] error[E0433]: failed to resolve: use of undeclared crate or module `signal`
[INFO] [stdout]    --> examples/ortc/ortc.rs:176:20
[INFO] [stdout]     |
[INFO] [stdout] 176 |     let json_str = signal::decode(line.as_str())?;
[INFO] [stdout]     |                    ^^^^^^
[INFO] [stdout]     |                    |
[INFO] [stdout]     |                    use of undeclared crate or module `signal`
[INFO] [stdout]     |                    help: a struct with a similar name exists (notice the capitalization): `Signal`
[INFO] [stdout] 
[INFO] [stdout] 
[INFO] [stdout] error[E0433]: failed to resolve: use of undeclared crate or module `signal`
[INFO] [stdout]    --> examples/simulcast/simulcast.rs:258:19
[INFO] [stdout]     |
[INFO] [stdout] 258 |         let b64 = signal::encode(&json_str);
[INFO] [stdout]     |                   ^^^^^^ use of undeclared crate or module `signal`
[INFO] [stdout] 
[INFO] [stdout] 
[INFO] [stdout] error[E0433]: failed to resolve: use of undeclared crate or module `signal`
[INFO] [stdout]    --> examples/swap-tracks/swap-tracks.rs:251:19
[INFO] [stdout]     |
[INFO] [stdout] 251 |         let b64 = signal::encode(&json_str);
[INFO] [stdout]     |                   ^^^^^^ use of undeclared crate or module `signal`
[INFO] [stdout] 
[INFO] [stdout] 
[INFO] [stdout] error[E0433]: failed to resolve: use of undeclared crate or module `signal`
[INFO] [stdout]    --> examples/reflect/reflect.rs:309:19
[INFO] [stdout]     |
[INFO] [stdout] 309 |         let b64 = signal::encode(&json_str);
[INFO] [stdout]     |                   ^^^^^^ use of undeclared crate or module `signal`
[INFO] [stdout] 
[INFO] [stdout] 
[INFO] [stdout] For more information about this error, try `rustc --explain E0433`.
[INFO] [stdout] 
[INFO] [stdout] For more information about this error, try `rustc --explain E0433`.
[INFO] [stdout] 
[INFO] [stdout] For more information about this error, try `rustc --explain E0433`.
[INFO] [stdout] 
[INFO] [stdout] For more information about this error, try `rustc --explain E0433`.
[INFO] [stdout] 
[INFO] [stderr] error: could not compile `examples` (example "save-to-disk-vpx") due to 3 previous errors
[INFO] [stderr] warning: build failed, waiting for other jobs to finish...
[INFO] [stderr] error: could not compile `examples` (example "save-to-disk-h264") due to 3 previous errors
[INFO] [stderr] error: could not compile `examples` (example "simulcast") due to 3 previous errors
[INFO] [stderr] error: could not compile `examples` (example "data-channels-detach-create") due to 3 previous errors
[INFO] [stdout] For more information about this error, try `rustc --explain E0433`.
[INFO] [stdout] 
[INFO] [stderr] error: could not compile `examples` (example "reflect") due to 3 previous errors
[INFO] [stdout] For more information about this error, try `rustc --explain E0433`.
[INFO] [stdout] 
[INFO] [stderr] error: could not compile `examples` (example "swap-tracks") due to 3 previous errors
[INFO] [stdout] For more information about this error, try `rustc --explain E0433`.
[INFO] [stdout] 
[INFO] [stderr] error: could not compile `examples` (example "ortc") due to 3 previous errors
[INFO] running `Command { std: "docker" "inspect" "6215cb413dd63e272ffbcdb10cf66f876919f1444443d5799a2a1294425c703e", kill_on_drop: false }`
[INFO] running `Command { std: "docker" "rm" "-f" "6215cb413dd63e272ffbcdb10cf66f876919f1444443d5799a2a1294425c703e", kill_on_drop: false }`
[INFO] [stdout] 6215cb413dd63e272ffbcdb10cf66f876919f1444443d5799a2a1294425c703e
