[INFO] fetching crate everscale-asm 0.0.9...
[INFO] testing everscale-asm-0.0.9 against nightly-2024-10-28+rustflags=-Zrandomize-layout for randomize-layout
[INFO] extracting crate everscale-asm 0.0.9 into /workspace/builds/worker-0-tc2/source
[INFO] validating manifest of crates.io crate everscale-asm 0.0.9 on toolchain nightly-2024-10-28
[INFO] running `Command { std: CARGO_HOME="/workspace/cargo-home" RUSTUP_HOME="/workspace/rustup-home" "/workspace/cargo-home/bin/cargo" "+nightly-2024-10-28" "metadata" "--manifest-path" "Cargo.toml" "--no-deps", kill_on_drop: false }`
[INFO] started tweaking crates.io crate everscale-asm 0.0.9
[INFO] finished tweaking crates.io crate everscale-asm 0.0.9
[INFO] tweaked toml for crates.io crate everscale-asm 0.0.9 written to /workspace/builds/worker-0-tc2/source/Cargo.toml
[INFO] running `Command { std: CARGO_HOME="/workspace/cargo-home" RUSTUP_HOME="/workspace/rustup-home" "/workspace/cargo-home/bin/cargo" "+nightly-2024-10-28" "generate-lockfile" "--manifest-path" "Cargo.toml", kill_on_drop: false }`
[INFO] [stderr]     Updating crates.io index
[INFO] [stderr]      Locking 85 packages to latest compatible versions
[INFO] running `Command { std: CARGO_HOME="/workspace/cargo-home" RUSTUP_HOME="/workspace/rustup-home" "/workspace/cargo-home/bin/cargo" "+nightly-2024-10-28" "fetch" "--manifest-path" "Cargo.toml", kill_on_drop: false }`
[INFO] running `Command { std: "docker" "create" "-v" "/var/lib/crater-agent-workspace/builds/worker-0-tc2/target:/opt/rustwide/target:rw,Z" "-v" "/var/lib/crater-agent-workspace/builds/worker-0-tc2/source:/opt/rustwide/workdir:ro,Z" "-v" "/var/lib/crater-agent-workspace/cargo-home:/opt/rustwide/cargo-home:ro,Z" "-v" "/var/lib/crater-agent-workspace/rustup-home:/opt/rustwide/rustup-home:ro,Z" "-e" "SOURCE_DIR=/opt/rustwide/workdir" "-e" "CARGO_TARGET_DIR=/opt/rustwide/target" "-e" "CARGO_HOME=/opt/rustwide/cargo-home" "-e" "RUSTUP_HOME=/opt/rustwide/rustup-home" "-w" "/opt/rustwide/workdir" "-m" "1610612736" "--user" "0:0" "--network" "none" "ghcr.io/rust-lang/crates-build-env/linux@sha256:4a844ea9eb2546a2d2c7022eacef16ef2e8229c7fbb2c7d4d55a9ceca922f72d" "/opt/rustwide/cargo-home/bin/cargo" "+nightly-2024-10-28" "metadata" "--no-deps" "--format-version=1", kill_on_drop: false }`
[INFO] [stdout] 4e489417c685119f7a742af7730239ae102e594163c4ec8eb3bbc8d6da6e46c6
[INFO] running `Command { std: "docker" "start" "-a" "4e489417c685119f7a742af7730239ae102e594163c4ec8eb3bbc8d6da6e46c6", kill_on_drop: false }`
[INFO] running `Command { std: "docker" "inspect" "4e489417c685119f7a742af7730239ae102e594163c4ec8eb3bbc8d6da6e46c6", kill_on_drop: false }`
[INFO] running `Command { std: "docker" "rm" "-f" "4e489417c685119f7a742af7730239ae102e594163c4ec8eb3bbc8d6da6e46c6", kill_on_drop: false }`
[INFO] [stdout] 4e489417c685119f7a742af7730239ae102e594163c4ec8eb3bbc8d6da6e46c6
[INFO] running `Command { std: "docker" "create" "-v" "/var/lib/crater-agent-workspace/builds/worker-0-tc2/target:/opt/rustwide/target:rw,Z" "-v" "/var/lib/crater-agent-workspace/builds/worker-0-tc2/source:/opt/rustwide/workdir:ro,Z" "-v" "/var/lib/crater-agent-workspace/cargo-home:/opt/rustwide/cargo-home:ro,Z" "-v" "/var/lib/crater-agent-workspace/rustup-home:/opt/rustwide/rustup-home:ro,Z" "-e" "SOURCE_DIR=/opt/rustwide/workdir" "-e" "CARGO_TARGET_DIR=/opt/rustwide/target" "-e" "CARGO_INCREMENTAL=0" "-e" "RUST_BACKTRACE=full" "-e" "RUSTFLAGS=--cap-lints=forbid -Zrandomize-layout" "-e" "RUSTDOCFLAGS=--cap-lints=forbid" "-e" "CARGO_HOME=/opt/rustwide/cargo-home" "-e" "RUSTUP_HOME=/opt/rustwide/rustup-home" "-w" "/opt/rustwide/workdir" "-m" "1610612736" "--user" "0:0" "--network" "none" "ghcr.io/rust-lang/crates-build-env/linux@sha256:4a844ea9eb2546a2d2c7022eacef16ef2e8229c7fbb2c7d4d55a9ceca922f72d" "/opt/rustwide/cargo-home/bin/cargo" "+nightly-2024-10-28" "build" "--frozen" "--message-format=json", kill_on_drop: false }`
[INFO] [stdout] 5787c42fdc91eeeac55e725dba079c99e0511ec7320bd1ce8e0cc45b53624fe0
[INFO] running `Command { std: "docker" "start" "-a" "5787c42fdc91eeeac55e725dba079c99e0511ec7320bd1ce8e0cc45b53624fe0", kill_on_drop: false }`
[INFO] [stderr]    Compiling unicode-ident v1.0.13
[INFO] [stderr]    Compiling ucd-trie v0.1.7
[INFO] [stderr]    Compiling memchr v2.7.4
[INFO] [stderr]    Compiling once_cell v1.20.2
[INFO] [stderr]    Compiling crc-catalog v2.4.0
[INFO] [stderr]    Compiling rustc-hash v1.1.0
[INFO] [stderr]    Compiling ahash v0.8.11
[INFO] [stderr]    Compiling psm v0.1.23
[INFO] [stderr]    Compiling num-traits v0.2.19
[INFO] [stderr]    Compiling stacker v0.1.17
[INFO] [stderr]    Compiling smallvec v1.13.2
[INFO] [stderr]    Compiling curve25519-dalek v4.1.3
[INFO] [stderr]    Compiling crc32c v0.6.8
[INFO] [stderr]    Compiling allocator-api2 v0.2.18
[INFO] [stderr]    Compiling chumsky v1.0.0-alpha.7
[INFO] [stderr]    Compiling crc v3.2.1
[INFO] [stderr]    Compiling proc-macro2 v1.0.89
[INFO] [stderr]    Compiling sdd v3.0.4
[INFO] [stderr]    Compiling hex v0.4.3
[INFO] [stderr]    Compiling bitflags v2.6.0
[INFO] [stderr]    Compiling either v1.13.0
[INFO] [stderr]    Compiling scc v2.2.4
[INFO] [stderr]    Compiling quote v1.0.37
[INFO] [stderr]    Compiling syn v2.0.86
[INFO] [stderr]    Compiling num-integer v0.1.46
[INFO] [stderr]    Compiling num-bigint v0.4.6
[INFO] [stderr]    Compiling thiserror-impl v1.0.66
[INFO] [stderr]    Compiling zerocopy-derive v0.7.35
[INFO] [stderr]    Compiling curve25519-dalek-derive v0.1.1
[INFO] [stderr]    Compiling serde_derive v1.0.214
[INFO] [stderr]    Compiling everscale-types-proc v0.1.4
[INFO] [stderr]    Compiling zerocopy v0.7.35
[INFO] [stderr]    Compiling thiserror v1.0.66
[INFO] [stderr]    Compiling pest v2.7.14
[INFO] [stderr]    Compiling ppv-lite86 v0.2.20
[INFO] [stderr]    Compiling hashbrown v0.14.5
[INFO] [stderr]    Compiling rand_chacha v0.3.1
[INFO] [stderr]    Compiling rand v0.8.5
[INFO] [stderr]    Compiling serde v1.0.214
[INFO] [stderr]    Compiling pest_meta v2.7.14
[INFO] [stderr]    Compiling pest_generator v2.7.14
[INFO] [stderr]    Compiling pest_derive v2.7.14
[INFO] [stderr]    Compiling tl-scheme v0.2.1
[INFO] [stderr]    Compiling tl-proto-proc v0.4.7
[INFO] [stderr]    Compiling tl-proto v0.4.10
[INFO] [stderr]    Compiling everscale-crypto v0.2.1
[INFO] [stderr]    Compiling everscale-types v0.1.0
[INFO] [stderr]    Compiling everscale-asm v0.0.9 (/opt/rustwide/workdir)
[INFO] [stdout] error[E0599]: no method named `spare_bits_capacity` found for reference `&everscale_types::cell::CellBuilder` in the current scope
[INFO] [stdout]   --> src/asm/opcodes.rs:84:33
[INFO] [stdout]    |
[INFO] [stdout] 84 |             Some(last) => (last.spare_bits_capacity(), last.spare_refs_capacity()),
[INFO] [stdout]    |                                 ^^^^^^^^^^^^^^^^^^^
[INFO] [stdout]    |
[INFO] [stdout] help: there is a method `spare_capacity` with a similar name
[INFO] [stdout]    |
[INFO] [stdout] 84 |             Some(last) => (last.spare_capacity(), last.spare_refs_capacity()),
[INFO] [stdout]    |                                 ~~~~~~~~~~~~~~
[INFO] [stdout] 
[INFO] [stdout] 
[INFO] [stdout] error[E0599]: no method named `spare_refs_capacity` found for reference `&everscale_types::cell::CellBuilder` in the current scope
[INFO] [stdout]   --> src/asm/opcodes.rs:84:61
[INFO] [stdout]    |
[INFO] [stdout] 84 |             Some(last) => (last.spare_bits_capacity(), last.spare_refs_capacity()),
[INFO] [stdout]    |                                                             ^^^^^^^^^^^^^^^^^^^
[INFO] [stdout]    |
[INFO] [stdout] help: there is a method `spare_capacity` with a similar name
[INFO] [stdout]    |
[INFO] [stdout] 84 |             Some(last) => (last.spare_bits_capacity(), last.spare_capacity()),
[INFO] [stdout]    |                                                             ~~~~~~~~~~~~~~
[INFO] [stdout] 
[INFO] [stdout] 
[INFO] [stdout] error[E0599]: no method named `bit_len` found for struct `everscale_types::cell::CellBuilder` in the current scope
[INFO] [stdout]   --> src/asm/opcodes.rs:97:44
[INFO] [stdout]    |
[INFO] [stdout] 97 |                 if last.has_capacity(child.bit_len(), child.reference_count()) {
[INFO] [stdout]    |                                            ^^^^^^^ private field, not a method
[INFO] [stdout] 
[INFO] [stdout] 
[INFO] [stdout] error[E0599]: no method named `reference_count` found for struct `everscale_types::cell::CellBuilder` in the current scope
[INFO] [stdout]   --> src/asm/opcodes.rs:97:61
[INFO] [stdout]    |
[INFO] [stdout] 97 |                 if last.has_capacity(child.bit_len(), child.reference_count()) {
[INFO] [stdout]    |                                                             ^^^^^^^^^^^^^^^
[INFO] [stdout]    |
[INFO] [stdout] help: there is a method `references` with a similar name
[INFO] [stdout]    |
[INFO] [stdout] 97 |                 if last.has_capacity(child.bit_len(), child.references()) {
[INFO] [stdout]    |                                                             ~~~~~~~~~~
[INFO] [stdout] 
[INFO] [stdout] 
[INFO] [stdout] For more information about this error, try `rustc --explain E0599`.
[INFO] [stdout] 
[INFO] [stderr] error: could not compile `everscale-asm` (lib) due to 4 previous errors
[INFO] running `Command { std: "docker" "inspect" "5787c42fdc91eeeac55e725dba079c99e0511ec7320bd1ce8e0cc45b53624fe0", kill_on_drop: false }`
[INFO] running `Command { std: "docker" "rm" "-f" "5787c42fdc91eeeac55e725dba079c99e0511ec7320bd1ce8e0cc45b53624fe0", kill_on_drop: false }`
[INFO] [stdout] 5787c42fdc91eeeac55e725dba079c99e0511ec7320bd1ce8e0cc45b53624fe0
