[INFO] fetching crate ether-rpc 0.1.0...
[INFO] testing ether-rpc-0.1.0 against nightly-2024-10-28+rustflags=-Zrandomize-layout for randomize-layout
[INFO] extracting crate ether-rpc 0.1.0 into /workspace/builds/worker-7-tc2/source
[INFO] validating manifest of crates.io crate ether-rpc 0.1.0 on toolchain nightly-2024-10-28
[INFO] running `Command { std: CARGO_HOME="/workspace/cargo-home" RUSTUP_HOME="/workspace/rustup-home" "/workspace/cargo-home/bin/cargo" "+nightly-2024-10-28" "metadata" "--manifest-path" "Cargo.toml" "--no-deps", kill_on_drop: false }`
[INFO] started tweaking crates.io crate ether-rpc 0.1.0
[INFO] finished tweaking crates.io crate ether-rpc 0.1.0
[INFO] tweaked toml for crates.io crate ether-rpc 0.1.0 written to /workspace/builds/worker-7-tc2/source/Cargo.toml
[INFO] running `Command { std: CARGO_HOME="/workspace/cargo-home" RUSTUP_HOME="/workspace/rustup-home" "/workspace/cargo-home/bin/cargo" "+nightly-2024-10-28" "generate-lockfile" "--manifest-path" "Cargo.toml", kill_on_drop: false }`
[INFO] [stderr]     Updating crates.io index
[INFO] [stderr]      Locking 89 packages to latest compatible versions
[INFO] running `Command { std: CARGO_HOME="/workspace/cargo-home" RUSTUP_HOME="/workspace/rustup-home" "/workspace/cargo-home/bin/cargo" "+nightly-2024-10-28" "fetch" "--manifest-path" "Cargo.toml", kill_on_drop: false }`
[INFO] running `Command { std: "docker" "create" "-v" "/var/lib/crater-agent-workspace/builds/worker-7-tc2/target:/opt/rustwide/target:rw,Z" "-v" "/var/lib/crater-agent-workspace/builds/worker-7-tc2/source:/opt/rustwide/workdir:ro,Z" "-v" "/var/lib/crater-agent-workspace/cargo-home:/opt/rustwide/cargo-home:ro,Z" "-v" "/var/lib/crater-agent-workspace/rustup-home:/opt/rustwide/rustup-home:ro,Z" "-e" "SOURCE_DIR=/opt/rustwide/workdir" "-e" "CARGO_TARGET_DIR=/opt/rustwide/target" "-e" "CARGO_HOME=/opt/rustwide/cargo-home" "-e" "RUSTUP_HOME=/opt/rustwide/rustup-home" "-w" "/opt/rustwide/workdir" "-m" "1610612736" "--user" "0:0" "--network" "none" "ghcr.io/rust-lang/crates-build-env/linux@sha256:4a844ea9eb2546a2d2c7022eacef16ef2e8229c7fbb2c7d4d55a9ceca922f72d" "/opt/rustwide/cargo-home/bin/cargo" "+nightly-2024-10-28" "metadata" "--no-deps" "--format-version=1", kill_on_drop: false }`
[INFO] [stdout] 5e8ff803edc19e683644be8e5e26a1fda20c8a7c03cc588708452de19c95456b
[INFO] running `Command { std: "docker" "start" "-a" "5e8ff803edc19e683644be8e5e26a1fda20c8a7c03cc588708452de19c95456b", kill_on_drop: false }`
[INFO] running `Command { std: "docker" "inspect" "5e8ff803edc19e683644be8e5e26a1fda20c8a7c03cc588708452de19c95456b", kill_on_drop: false }`
[INFO] running `Command { std: "docker" "rm" "-f" "5e8ff803edc19e683644be8e5e26a1fda20c8a7c03cc588708452de19c95456b", kill_on_drop: false }`
[INFO] [stdout] 5e8ff803edc19e683644be8e5e26a1fda20c8a7c03cc588708452de19c95456b
[INFO] running `Command { std: "docker" "create" "-v" "/var/lib/crater-agent-workspace/builds/worker-7-tc2/target:/opt/rustwide/target:rw,Z" "-v" "/var/lib/crater-agent-workspace/builds/worker-7-tc2/source:/opt/rustwide/workdir:ro,Z" "-v" "/var/lib/crater-agent-workspace/cargo-home:/opt/rustwide/cargo-home:ro,Z" "-v" "/var/lib/crater-agent-workspace/rustup-home:/opt/rustwide/rustup-home:ro,Z" "-e" "SOURCE_DIR=/opt/rustwide/workdir" "-e" "CARGO_TARGET_DIR=/opt/rustwide/target" "-e" "CARGO_INCREMENTAL=0" "-e" "RUST_BACKTRACE=full" "-e" "RUSTFLAGS=--cap-lints=forbid -Zrandomize-layout" "-e" "RUSTDOCFLAGS=--cap-lints=forbid" "-e" "CARGO_HOME=/opt/rustwide/cargo-home" "-e" "RUSTUP_HOME=/opt/rustwide/rustup-home" "-w" "/opt/rustwide/workdir" "-m" "1610612736" "--user" "0:0" "--network" "none" "ghcr.io/rust-lang/crates-build-env/linux@sha256:4a844ea9eb2546a2d2c7022eacef16ef2e8229c7fbb2c7d4d55a9ceca922f72d" "/opt/rustwide/cargo-home/bin/cargo" "+nightly-2024-10-28" "build" "--frozen" "--message-format=json", kill_on_drop: false }`
[INFO] [stdout] 5b15fa12cb28b206cc817a11ce4c86f80bea1db111499f49c874c93b13647bda
[INFO] running `Command { std: "docker" "start" "-a" "5b15fa12cb28b206cc817a11ce4c86f80bea1db111499f49c874c93b13647bda", kill_on_drop: false }`
[INFO] [stderr]    Compiling vcpkg v0.2.15
[INFO] [stderr]    Compiling windows_x86_64_gnu v0.52.6
[INFO] [stderr]    Compiling tinyvec_macros v0.1.1
[INFO] [stderr]    Compiling openssl v0.10.68
[INFO] [stderr]    Compiling rustls-pki-types v1.10.0
[INFO] [stderr]    Compiling foreign-types-shared v0.1.1
[INFO] [stderr]    Compiling untrusted v0.9.0
[INFO] [stderr]    Compiling cc v1.1.31
[INFO] [stderr]    Compiling generic-array v0.14.7
[INFO] [stderr]    Compiling spin v0.9.8
[INFO] [stderr]    Compiling rustls v0.23.16
[INFO] [stderr]    Compiling native-tls v0.2.12
[INFO] [stderr]    Compiling unicode-bidi v0.3.17
[INFO] [stderr]    Compiling getrandom v0.2.15
[INFO] [stderr]    Compiling windows-interface v0.58.0
[INFO] [stderr]    Compiling windows-implement v0.58.0
[INFO] [stderr]    Compiling tinyvec v1.8.0
[INFO] [stderr]    Compiling foreign-types v0.3.2
[INFO] [stderr]    Compiling openssl-macros v0.1.1
[INFO] [stderr]    Compiling bitflags v2.6.0
[INFO] [stderr]    Compiling thiserror-impl v1.0.66
[INFO] [stderr]    Compiling form_urlencoded v1.2.1
[INFO] [stderr]    Compiling openssl-probe v0.1.5
[INFO] [stderr]    Compiling winapi v0.3.9
[INFO] [stderr]    Compiling windows-targets v0.52.6
[INFO] [stderr]    Compiling subtle v2.6.1
[INFO] [stderr]    Compiling windows-result v0.2.0
[INFO] [stderr]    Compiling zeroize v1.8.1
[INFO] [stderr]    Compiling flate2 v1.0.34
[INFO] [stderr]    Compiling bitflags v1.3.2
[INFO] [stderr]    Compiling cpufeatures v0.2.14
[INFO] [stderr]    Compiling windows-strings v0.1.0
[INFO] [stderr]    Compiling webpki-roots v0.26.6
[INFO] [stderr]    Compiling utfx v0.1.0
[INFO] [stderr]    Compiling windows-core v0.58.0
[INFO] [stderr]    Compiling crypto-common v0.1.6
[INFO] [stderr]    Compiling inout v0.1.3
[INFO] [stderr]    Compiling cipher v0.4.4
[INFO] [stderr]    Compiling unicode-normalization v0.1.24
[INFO] [stderr]    Compiling thiserror v1.0.66
[INFO] [stderr]    Compiling windows v0.58.0
[INFO] [stderr]    Compiling registry v1.3.0
[INFO] [stderr]    Compiling openssl-sys v0.9.104
[INFO] [stderr]    Compiling ring v0.17.8
[INFO] [stderr]    Compiling aes v0.8.4
[INFO] [stderr]    Compiling cfb-mode v0.8.2
[INFO] [stderr]    Compiling idna v0.5.0
[INFO] [stderr]    Compiling url v2.5.2
[INFO] [stderr]    Compiling rustls-webpki v0.102.8
[INFO] [stderr]    Compiling ureq v2.10.1
[INFO] [stderr]    Compiling ether-rpc v0.1.0 (/opt/rustwide/workdir)
[INFO] [stdout] error[E0433]: failed to resolve: could not find `shared` in `winapi`
[INFO] [stdout]  --> src/register.rs:5:5
[INFO] [stdout]   |
[INFO] [stdout] 5 |     shared::minwindef::MAX_PATH,
[INFO] [stdout]   |     ^^^^^^ could not find `shared` in `winapi`
[INFO] [stdout] 
[INFO] [stdout] 
[INFO] [stdout] error[E0433]: failed to resolve: could not find `um` in `winapi`
[INFO] [stdout]  --> src/register.rs:6:5
[INFO] [stdout]   |
[INFO] [stdout] 6 |     um::shlobj::{SHGetFolderPathW, CSIDL_FLAG_CREATE, CSIDL_LOCAL_APPDATA},
[INFO] [stdout]   |     ^^ could not find `um` in `winapi`
[INFO] [stdout] 
[INFO] [stdout] 
[INFO] [stdout] error[E0432]: unresolved imports `registry::Hive`, `registry::Security`
[INFO] [stdout]  --> src/register.rs:1:16
[INFO] [stdout]   |
[INFO] [stdout] 1 | use registry::{Hive::CurrentUser, Security};
[INFO] [stdout]   |                ^^^^               ^^^^^^^^ no `Security` in the root
[INFO] [stdout]   |                |
[INFO] [stdout]   |                could not find `Hive` in `registry`
[INFO] [stdout] 
[INFO] [stdout] 
[INFO] [stdout] error[E0433]: failed to resolve: could not find `Data` in `registry`
[INFO] [stdout]   --> src/register.rs:44:67
[INFO] [stdout]    |
[INFO] [stdout] 44 |             let _ = key.set_value(constants::RPC_NAME, &registry::Data::String(s));
[INFO] [stdout]    |                                                                   ^^^^ could not find `Data` in `registry`
[INFO] [stdout] 
[INFO] [stdout] 
[INFO] [stdout] Some errors have detailed explanations: E0432, E0433.
[INFO] [stdout] 
[INFO] [stdout] For more information about an error, try `rustc --explain E0432`.
[INFO] [stdout] 
[INFO] [stderr] error: could not compile `ether-rpc` (lib) due to 4 previous errors
[INFO] [stderr] warning: build failed, waiting for other jobs to finish...
[INFO] running `Command { std: "docker" "inspect" "5b15fa12cb28b206cc817a11ce4c86f80bea1db111499f49c874c93b13647bda", kill_on_drop: false }`
[INFO] running `Command { std: "docker" "rm" "-f" "5b15fa12cb28b206cc817a11ce4c86f80bea1db111499f49c874c93b13647bda", kill_on_drop: false }`
[INFO] [stdout] 5b15fa12cb28b206cc817a11ce4c86f80bea1db111499f49c874c93b13647bda
