[INFO] fetching crate esp-ieee802154 0.3.1...
[INFO] testing esp-ieee802154-0.3.1 against nightly-2024-10-28 for randomize-layout
[INFO] extracting crate esp-ieee802154 0.3.1 into /workspace/builds/worker-1-tc1/source
[INFO] validating manifest of crates.io crate esp-ieee802154 0.3.1 on toolchain nightly-2024-10-28
[INFO] running `Command { std: CARGO_HOME="/workspace/cargo-home" RUSTUP_HOME="/workspace/rustup-home" "/workspace/cargo-home/bin/cargo" "+nightly-2024-10-28" "metadata" "--manifest-path" "Cargo.toml" "--no-deps", kill_on_drop: false }`
[INFO] started tweaking crates.io crate esp-ieee802154 0.3.1
[INFO] finished tweaking crates.io crate esp-ieee802154 0.3.1
[INFO] tweaked toml for crates.io crate esp-ieee802154 0.3.1 written to /workspace/builds/worker-1-tc1/source/Cargo.toml
[INFO] running `Command { std: CARGO_HOME="/workspace/cargo-home" RUSTUP_HOME="/workspace/rustup-home" "/workspace/cargo-home/bin/cargo" "+nightly-2024-10-28" "generate-lockfile" "--manifest-path" "Cargo.toml", kill_on_drop: false }`
[INFO] [stderr]     Updating crates.io index
[INFO] [stderr]      Locking 125 packages to latest compatible versions
[INFO] [stderr]       Adding subtle v2.4.1 (available: v2.6.1)
[INFO] running `Command { std: CARGO_HOME="/workspace/cargo-home" RUSTUP_HOME="/workspace/rustup-home" "/workspace/cargo-home/bin/cargo" "+nightly-2024-10-28" "fetch" "--manifest-path" "Cargo.toml", kill_on_drop: false }`
[INFO] [stderr]  Downloading crates ...
[INFO] [stderr]   Downloaded ieee802154 v0.6.1
[INFO] [stderr]   Downloaded hash32-derive v0.1.1
[INFO] [stderr]   Downloaded xtensa-lx-rt-proc-macros v0.2.2
[INFO] [stderr]   Downloaded esp-build v0.1.0
[INFO] [stderr]   Downloaded esp-config v0.1.0
[INFO] [stderr]   Downloaded esp-metadata v0.4.0
[INFO] [stderr]   Downloaded riscv-rt-macros v0.2.2
[INFO] [stderr]   Downloaded esp-riscv-rt v0.9.0
[INFO] [stderr]   Downloaded xtensa-lx-rt v0.17.1
[INFO] [stderr]   Downloaded bitfield v0.16.1
[INFO] [stderr]   Downloaded embassy-sync v0.6.0
[INFO] [stderr]   Downloaded minijinja v2.4.0
[INFO] [stderr]   Downloaded delegate v0.12.0
[INFO] [stderr]   Downloaded esp-hal-procmacros v0.14.0
[INFO] [stderr]   Downloaded ccm v0.4.4
[INFO] [stderr]   Downloaded esp32h2 v0.12.0
[INFO] [stderr]   Downloaded esp32c6 v0.16.0
[INFO] [stderr]   Downloaded esp-hal v0.21.1
[INFO] [stderr]   Downloaded esp-wifi-sys v0.6.0
[INFO] running `Command { std: "docker" "create" "-v" "/var/lib/crater-agent-workspace/builds/worker-1-tc1/target:/opt/rustwide/target:rw,Z" "-v" "/var/lib/crater-agent-workspace/builds/worker-1-tc1/source:/opt/rustwide/workdir:ro,Z" "-v" "/var/lib/crater-agent-workspace/cargo-home:/opt/rustwide/cargo-home:ro,Z" "-v" "/var/lib/crater-agent-workspace/rustup-home:/opt/rustwide/rustup-home:ro,Z" "-e" "SOURCE_DIR=/opt/rustwide/workdir" "-e" "CARGO_TARGET_DIR=/opt/rustwide/target" "-e" "CARGO_HOME=/opt/rustwide/cargo-home" "-e" "RUSTUP_HOME=/opt/rustwide/rustup-home" "-w" "/opt/rustwide/workdir" "-m" "1610612736" "--user" "0:0" "--network" "none" "ghcr.io/rust-lang/crates-build-env/linux@sha256:4a844ea9eb2546a2d2c7022eacef16ef2e8229c7fbb2c7d4d55a9ceca922f72d" "/opt/rustwide/cargo-home/bin/cargo" "+nightly-2024-10-28" "metadata" "--no-deps" "--format-version=1", kill_on_drop: false }`
[INFO] [stdout] 46a694e016c8cc76ca47adf33d9e178c77b95fffc9cef057c5b5f88735710523
[INFO] running `Command { std: "docker" "start" "-a" "46a694e016c8cc76ca47adf33d9e178c77b95fffc9cef057c5b5f88735710523", kill_on_drop: false }`
[INFO] running `Command { std: "docker" "inspect" "46a694e016c8cc76ca47adf33d9e178c77b95fffc9cef057c5b5f88735710523", kill_on_drop: false }`
[INFO] running `Command { std: "docker" "rm" "-f" "46a694e016c8cc76ca47adf33d9e178c77b95fffc9cef057c5b5f88735710523", kill_on_drop: false }`
[INFO] [stdout] 46a694e016c8cc76ca47adf33d9e178c77b95fffc9cef057c5b5f88735710523
[INFO] running `Command { std: "docker" "create" "-v" "/var/lib/crater-agent-workspace/builds/worker-1-tc1/target:/opt/rustwide/target:rw,Z" "-v" "/var/lib/crater-agent-workspace/builds/worker-1-tc1/source:/opt/rustwide/workdir:ro,Z" "-v" "/var/lib/crater-agent-workspace/cargo-home:/opt/rustwide/cargo-home:ro,Z" "-v" "/var/lib/crater-agent-workspace/rustup-home:/opt/rustwide/rustup-home:ro,Z" "-e" "SOURCE_DIR=/opt/rustwide/workdir" "-e" "CARGO_TARGET_DIR=/opt/rustwide/target" "-e" "CARGO_INCREMENTAL=0" "-e" "RUST_BACKTRACE=full" "-e" "RUSTFLAGS=--cap-lints=forbid" "-e" "RUSTDOCFLAGS=--cap-lints=forbid" "-e" "CARGO_HOME=/opt/rustwide/cargo-home" "-e" "RUSTUP_HOME=/opt/rustwide/rustup-home" "-w" "/opt/rustwide/workdir" "-m" "1610612736" "--user" "0:0" "--network" "none" "ghcr.io/rust-lang/crates-build-env/linux@sha256:4a844ea9eb2546a2d2c7022eacef16ef2e8229c7fbb2c7d4d55a9ceca922f72d" "/opt/rustwide/cargo-home/bin/cargo" "+nightly-2024-10-28" "build" "--frozen" "--message-format=json", kill_on_drop: false }`
[INFO] [stdout] 20785fdb69a578768a18b6bdf45ba327522b06e25e4d13ae72a26f08efc21272
[INFO] running `Command { std: "docker" "start" "-a" "20785fdb69a578768a18b6bdf45ba327522b06e25e4d13ae72a26f08efc21272", kill_on_drop: false }`
[INFO] [stderr]    Compiling anyhow v1.0.92
[INFO] [stderr]    Compiling serde v1.0.214
[INFO] [stderr]    Compiling fnv v1.0.7
[INFO] [stderr]    Compiling strsim v0.11.1
[INFO] [stderr]    Compiling ident_case v1.0.1
[INFO] [stderr]    Compiling byteorder v1.5.0
[INFO] [stderr]    Compiling termcolor v1.4.1
[INFO] [stderr]    Compiling equivalent v1.0.1
[INFO] [stderr]    Compiling num-traits v0.2.19
[INFO] [stderr]    Compiling heapless v0.8.0
[INFO] [stderr]    Compiling litrs v0.4.1
[INFO] [stderr]    Compiling winnow v0.6.20
[INFO] [stderr]    Compiling syn v2.0.86
[INFO] [stderr]    Compiling embedded-io-async v0.6.1
[INFO] [stderr]    Compiling toml_datetime v0.6.8
[INFO] [stderr]    Compiling cipher v0.3.0
[INFO] [stderr]    Compiling indexmap v2.6.0
[INFO] [stderr]    Compiling proc-macro-error-attr2 v2.0.0
[INFO] [stderr]    Compiling portable-atomic v1.9.0
[INFO] [stderr]    Compiling hash32 v0.3.1
[INFO] [stderr]    Compiling embedded-hal v1.0.0
[INFO] [stderr]    Compiling embassy-sync v0.6.0
[INFO] [stderr]    Compiling futures-task v0.3.31
[INFO] [stderr]    Compiling embedded-hal-async v1.0.0
[INFO] [stderr]    Compiling futures-core v0.3.31
[INFO] [stderr]    Compiling embedded-io v0.6.1
[INFO] [stderr]    Compiling futures-util v0.3.31
[INFO] [stderr]    Compiling ctr v0.8.0
[INFO] [stderr]    Compiling syn v1.0.109
[INFO] [stderr]    Compiling aead v0.4.3
[INFO] [stderr]    Compiling nb v0.1.3
[INFO] [stderr]    Compiling critical-section v1.2.0
[INFO] [stderr]    Compiling gcd v2.3.0
[INFO] [stderr]    Compiling subtle v2.4.1
[INFO] [stderr]    Compiling embedded-hal v0.2.7
[INFO] [stderr]    Compiling embedded-hal-nb v1.0.0
[INFO] [stderr]    Compiling fugit v0.3.7
[INFO] [stderr]    Compiling hash32 v0.2.1
[INFO] [stderr]    Compiling ccm v0.4.4
[INFO] [stderr]    Compiling embedded-can v0.4.1
[INFO] [stderr]    Compiling esp-ieee802154 v0.3.1 (/opt/rustwide/workdir)
[INFO] [stderr]    Compiling document-features v0.2.10
[INFO] [stderr]    Compiling bitfield v0.16.1
[INFO] [stderr]    Compiling ufmt-write v0.1.0
[INFO] [stderr]    Compiling bitflags v2.6.0
[INFO] [stderr]    Compiling esp-wifi-sys v0.6.0
[INFO] [stderr]    Compiling bytemuck v1.19.0
[INFO] [stderr]    Compiling rand_core v0.6.4
[INFO] [stderr]    Compiling embassy-futures v0.1.1
[INFO] [stderr]    Compiling byte v0.2.7
[INFO] [stdout] error[E0583]: file not found for module `include`
[INFO] [stdout]   --> /opt/rustwide/cargo-home/registry/src/index.crates.io-6f17d22bba15001f/esp-wifi-sys-0.6.0/src/lib.rs:16:1
[INFO] [stdout]    |
[INFO] [stdout] 16 | pub mod include;
[INFO] [stdout]    | ^^^^^^^^^^^^^^^^
[INFO] [stdout]    |
[INFO] [stdout]    = help: to create the module `include`, create file "/opt/rustwide/cargo-home/registry/src/index.crates.io-6f17d22bba15001f/esp-wifi-sys-0.6.0/src/include.rs" or "/opt/rustwide/cargo-home/registry/src/index.crates.io-6f17d22bba15001f/esp-wifi-sys-0.6.0/src/include/mod.rs"
[INFO] [stdout]    = note: if there is a `mod include` elsewhere in the crate already, import it with `use crate::...` instead
[INFO] [stdout] 
[INFO] [stdout] 
[INFO] [stdout] error[E0412]: cannot find type `VaargType` in this scope
[INFO] [stdout]   --> /opt/rustwide/cargo-home/registry/src/index.crates.io-6f17d22bba15001f/esp-wifi-sys-0.6.0/src/lib.rs:74:63
[INFO] [stdout]    |
[INFO] [stdout] 74 |     pub unsafe extern "C" fn rtc_printf(_s: *const u8, _args: VaargType) {}
[INFO] [stdout]    |                                                               ^^^^^^^^^ not found in this scope
[INFO] [stdout] 
[INFO] [stdout] 
[INFO] [stdout] error[E0412]: cannot find type `VaargType` in this scope
[INFO] [stdout]   --> /opt/rustwide/cargo-home/registry/src/index.crates.io-6f17d22bba15001f/esp-wifi-sys-0.6.0/src/lib.rs:77:63
[INFO] [stdout]    |
[INFO] [stdout] 77 |     pub unsafe extern "C" fn phy_printf(_s: *const u8, _args: VaargType) {}
[INFO] [stdout]    |                                                               ^^^^^^^^^ not found in this scope
[INFO] [stdout] 
[INFO] [stdout] 
[INFO] [stdout] error[E0412]: cannot find type `VaargType` in this scope
[INFO] [stdout]   --> /opt/rustwide/cargo-home/registry/src/index.crates.io-6f17d22bba15001f/esp-wifi-sys-0.6.0/src/lib.rs:80:67
[INFO] [stdout]    |
[INFO] [stdout] 80 |     pub unsafe extern "C" fn coexist_printf(_s: *const u8, _args: VaargType) {}
[INFO] [stdout]    |                                                                   ^^^^^^^^^ not found in this scope
[INFO] [stdout] 
[INFO] [stdout] 
[INFO] [stdout] error[E0412]: cannot find type `VaargType` in this scope
[INFO] [stdout]   --> /opt/rustwide/cargo-home/registry/src/index.crates.io-6f17d22bba15001f/esp-wifi-sys-0.6.0/src/lib.rs:83:68
[INFO] [stdout]    |
[INFO] [stdout] 83 |     pub unsafe extern "C" fn net80211_printf(_s: *const u8, _args: VaargType) {}
[INFO] [stdout]    |                                                                    ^^^^^^^^^ not found in this scope
[INFO] [stdout] 
[INFO] [stdout] 
[INFO] [stdout] error[E0412]: cannot find type `VaargType` in this scope
[INFO] [stdout]   --> /opt/rustwide/cargo-home/registry/src/index.crates.io-6f17d22bba15001f/esp-wifi-sys-0.6.0/src/lib.rs:86:62
[INFO] [stdout]    |
[INFO] [stdout] 86 |     pub unsafe extern "C" fn pp_printf(_s: *const u8, _args: VaargType) {}
[INFO] [stdout]    |                                                              ^^^^^^^^^ not found in this scope
[INFO] [stdout] 
[INFO] [stdout] 
[INFO] [stdout] error[E0412]: cannot find type `VaargType` in this scope
[INFO] [stdout]   --> /opt/rustwide/cargo-home/registry/src/index.crates.io-6f17d22bba15001f/esp-wifi-sys-0.6.0/src/lib.rs:89:80
[INFO] [stdout]    |
[INFO] [stdout] 89 |     pub unsafe extern "C" fn syslog(_priority: u32, _format: *const u8, _args: VaargType) {}
[INFO] [stdout]    |                                                                                ^^^^^^^^^ not found in this scope
[INFO] [stdout] 
[INFO] [stdout] 
[INFO] [stdout] Some errors have detailed explanations: E0412, E0583.
[INFO] [stdout] 
[INFO] [stdout] For more information about an error, try `rustc --explain E0412`.
[INFO] [stdout] 
[INFO] [stderr] error: could not compile `esp-wifi-sys` (lib) due to 7 previous errors
[INFO] [stderr] warning: build failed, waiting for other jobs to finish...
[INFO] running `Command { std: "docker" "inspect" "20785fdb69a578768a18b6bdf45ba327522b06e25e4d13ae72a26f08efc21272", kill_on_drop: false }`
[INFO] running `Command { std: "docker" "rm" "-f" "20785fdb69a578768a18b6bdf45ba327522b06e25e4d13ae72a26f08efc21272", kill_on_drop: false }`
[INFO] [stdout] 20785fdb69a578768a18b6bdf45ba327522b06e25e4d13ae72a26f08efc21272
